85.212.161.10 - - [04/Dec/2005:08:22:09 -0800] "GET /movies/Arctic%20Darkness%208v8%20movie%20Healer%20PoV.rar HTTP/1.1" 200 143808790
82.198.63.107 - - [04/Dec/2005:08:22:46 -0800] "GET /movies2/Absorbx_Gareth.zip HTTP/1.1" 200 21578
81.185.100.46 - - [04/Dec/2005:08:23:12 -0800] "GET /movies/8v22.zip HTTP/1.1" 200 23913463
83.177.238.103 - - [04/Dec/2005:08:24:54 -0800] "GET /movies2/legio_3.zip HTTP/1.1" 200 264228
81.62.237.194 - - [04/Dec/2005:08:24:57 -0800] "GET /movies/Chirel-Alb-Broc.zip HTTP/1.1" 200 99919
81.62.237.194 - - [04/Dec/2005:08:25:23 -0800] "GET /movies/Deepfatt.zip HTTP/1.1" 200 8657551
86.194.91.14 - - [04/Dec/2005:08:26:18 -0800] "GET /movies/1NightofOdyssey.zip HTTP/1.1" 200 57228486
84.121.106.207 - - [04/Dec/2005:08:26:25 -0800] "GET /movies/Twitch.zip HTTP/1.1" 200 24539284
84.121.106.207 - - [04/Dec/2005:08:26:26 -0800] "GET /movies/Zeltax.zip HTTP/1.1" 200 25056680
88.130.101.56 - - [04/Dec/2005:08:28:42 -0800] "GET /favicon.ico HTTP/1.1" 404 283
88.130.101.56 - - [04/Dec/2005:08:28:48 -0800] "GET /movies/baldir_jiv.zip HTTP/1.1" 200 124550
88.130.101.56 - - [04/Dec/2005:08:29:46 -0800] "GET /movies/VTS_01_1.zip HTTP/1.1" 200 109096
213.123.199.98 - - [04/Dec/2005:08:30:49 -0800] "GET /movies/dizzy_smallpvp.zip HTTP/1.1" 200 64520676
83.198.217.150 - - [04/Dec/2005:08:31:11 -0800] "GET /movies2/forItawithlove.zip HTTP/1.1" 206 25172521
83.226.176.219 - - [04/Dec/2005:08:31:20 -0800] "GET /movies2/soylcamlanndeux.zip HTTP/1.1" 200 237749956
84.60.135.113 - - [04/Dec/2005:08:31:26 -0800] "GET /movies/NS.zip HTTP/1.1" 200 316884137
83.202.12.71 - - [04/Dec/2005:08:31:36 -0800] "GET /movies/uveaforfun.rar HTTP/1.1" 200 29281830
83.198.217.150 - - [04/Dec/2005:08:31:40 -0800] "GET /movies2/forItawithlove.zip HTTP/1.1" 206 25172521
83.198.217.150 - - [04/Dec/2005:08:32:05 -0800] "GET /movies2/forItawithlove.zip HTTP/1.1" 206 25172521
83.198.217.150 - - [04/Dec/2005:08:32:15 -0800] "GET /movies2/forItawithlove.zip HTTP/1.1" 206 25172519
80.63.65.102 - - [04/Dec/2005:08:32:26 -0800] "GET /movies2/sepp_0001.zip HTTP/1.1" 200 18144822
68.47.169.233 - - [04/Dec/2005:08:33:04 -0800] "GET /movies2/sepp_0001.zip HTTP/1.1" 200 18144822
83.192.17.36 - - [04/Dec/2005:08:33:12 -0800] "GET /movies/uveaforfun.rar HTTP/1.1" 200 29281830
213.199.78.43 - - [04/Dec/2005:08:33:17 -0800] "GET /movies2/Magicguru2.zip HTTP/1.1" 200 96021121
84.140.178.142 - - [04/Dec/2005:08:33:32 -0800] "GET /movies/AMAYA_200605-040705_FINAL.rar HTTP/1.1" 200 444540412
82.135.85.142 - - [04/Dec/2005:08:34:05 -0800] "GET /movies/Xora_MeleeRanger.zip HTTP/1.1" 206 21357761
82.135.85.142 - - [04/Dec/2005:08:34:09 -0800] "GET /movies/Xora_MeleeRanger.zip HTTP/1.1" 206 21359194
82.135.85.142 - - [04/Dec/2005:08:34:24 -0800] "GET /movies/Xora_MeleeRanger.zip HTTP/1.1" 206 21359194
83.177.238.103 - - [04/Dec/2005:08:34:32 -0800] "GET /movies2/legio_3.zip HTTP/1.1" 200 8408140
82.135.85.142 - - [04/Dec/2005:08:34:34 -0800] "GET /movies/Xora_MeleeRanger.zip HTTP/1.1" 206 22305438
70.180.55.95 - - [04/Dec/2005:08:35:10 -0800] "GET /movies2/Gimp_and_Run_DivX.zip HTTP/1.1" 200 120258322
83.226.176.219 - - [04/Dec/2005:08:35:31 -0800] "GET /movies/AdayinEmain.zip HTTP/1.1" 200 19604138
84.5.225.44 - - [04/Dec/2005:08:35:38 -0800] "GET /movies/assassination.zip HTTP/1.1" 200 18027711
84.5.225.44 - - [04/Dec/2005:08:35:40 -0800] "GET /movies2/Aedhas_SB_Ector_NF_01_01.zip HTTP/1.1" 200 15600680
82.135.85.142 - - [04/Dec/2005:08:36:05 -0800] "GET /movies/Xora_BowSpec.zip HTTP/1.1" 200 15518
84.134.159.52 - - [04/Dec/2005:08:36:17 -0800] "GET /movies/Tolvo%20PvP%20Video.zip HTTP/1.1" 200 8878136
82.135.85.142 - - [04/Dec/2005:08:36:21 -0800] "GET /movies/renamed_Rangers%20are%20Overpowered%20Xora%20Vol3.zip HTTP/1.1" 200 15518
213.196.243.110 - - [04/Dec/2005:08:37:37 -0800] "GET /movies/phylstar.zip HTTP/1.1" 200 113436806
209.89.249.224 - - [04/Dec/2005:08:38:01 -0800] "GET /movies/Ampz%20Mordred-1.zip HTTP/1.1" 200 122337763
80.137.220.135 - - [04/Dec/2005:08:38:40 -0800] "GET /movies/Judei.zip HTTP/1.1" 200 276704
80.137.220.135 - - [04/Dec/2005:08:38:48 -0800] "GET /movies/Judei.zip HTTP/1.1" 200 133262
80.137.220.135 - - [04/Dec/2005:08:39:32 -0800] "GET /movies/Judei.zip HTTP/1.1" 200 1036100
86.105.209.156 - - [04/Dec/2005:08:40:43 -0800] "GET /movies/Chaotic%20and%20friends_0001.rar HTTP/1.1" 206 70069
83.91.36.125 - - [04/Dec/2005:08:41:00 -0800] "GET /movies/8v22.zip HTTP/1.1" 200 3442359
87.122.54.7 - - [04/Dec/2005:08:41:05 -0800] "HEAD /movies/ACL%204.zip HTTP/1.1" 200 0
86.105.209.156 - - [04/Dec/2005:08:41:11 -0800] "GET /movies/Chaotic%20and%20friends_0001.rar HTTP/1.1" 206 511404
87.122.54.7 - - [04/Dec/2005:08:41:13 -0800] "GET /movies/ACL%204.zip HTTP/1.1" 200 226190
87.122.54.7 - - [04/Dec/2005:08:41:29 -0800] "GET /movies/ACL%204.zip HTTP/1.1" 200 16915064
80.143.114.51 - - [04/Dec/2005:08:42:46 -0800] "GET /movies2/HunterGroupPvP.zip HTTP/1.1" 206 12577
84.5.225.44 - - [04/Dec/2005:08:43:01 -0800] "GET /movies2/Aedhas_SB_Ector_NF_01_01.zip HTTP/1.1" 206 543136
84.59.62.245 - - [04/Dec/2005:08:43:14 -0800] "GET /movies/fotm2.zip HTTP/1.1" 200 87449468
80.63.65.102 - - [04/Dec/2005:08:43:51 -0800] "GET /movies2/Goodbye%20daoc_0001.zip HTTP/1.1" 200 43371980
213.47.153.65 - - [04/Dec/2005:08:44:57 -0800] "GET /movies/gogo%20druids_0001.zip HTTP/1.1" 200 101671305
213.47.153.65 - - [04/Dec/2005:08:44:58 -0800] "GET /movies/14-june.rar HTTP/1.1" 200 36183
87.122.54.7 - - [04/Dec/2005:08:46:07 -0800] "GET /movies/ACL%204.zip HTTP/1.1" 200 580996
80.141.214.163 - - [04/Dec/2005:08:47:19 -0800] "GET /movies2/WaffenbundTheMovie.zip HTTP/1.1" 200 53531678
80.141.214.163 - - [04/Dec/2005:08:47:19 -0800] "GET /movies2/Camlann%20Shadow%20Zone.zip HTTP/1.1" 200 58629279
80.143.119.220 - - [04/Dec/2005:08:47:29 -0800] "GET /movies2/Kevalan_PvP_2.zip HTTP/1.1" 206 45599872
84.189.154.144 - - [04/Dec/2005:08:50:53 -0800] "GET /movies2/Camlann%20Shadow%20Zone.zip HTTP/1.1" 200 797264
80.228.78.216 - - [04/Dec/2005:08:50:57 -0800] "GET /movies/Frozensolid%20The%20Movie.zip HTTP/1.1" 200 21572904
213.47.153.65 - - [04/Dec/2005:08:51:09 -0800] "GET /movies/Deathwstyle.zip HTTP/1.1" 200 106474129
213.47.153.65 - - [04/Dec/2005:08:51:10 -0800] "GET /movies2/caerleon.zip HTTP/1.1" 200 35932
84.144.74.189 - - [04/Dec/2005:08:51:28 -0800] "GET /movies2/Cilivielmovie5.zip HTTP/1.1" 200 368652
84.146.100.241 - - [04/Dec/2005:08:51:47 -0800] "GET /movies/Allexiel%20-%20Solo%20Reaver.zip HTTP/1.1" 200 12387
84.146.100.241 - - [04/Dec/2005:08:51:48 -0800] "GET /movies/Allexiel%20-%20Solo%20Reaver.zip HTTP/1.1" 200 12387
84.146.100.241 - - [04/Dec/2005:08:51:49 -0800] "GET /movies/Allexiel%20-%20Solo%20Reaver.zip HTTP/1.1" 200 12387
84.146.100.241 - - [04/Dec/2005:08:51:51 -0800] "GET /movies/Allexiel%20-%20Solo%20Reaver.zip HTTP/1.1" 200 12387
84.146.100.241 - - [04/Dec/2005:08:51:53 -0800] "GET /movies/Allexiel%20-%20Solo%20Reaver.zip HTTP/1.1" 200 12387
84.146.100.241 - - [04/Dec/2005:08:51:55 -0800] "GET /movies/Allexiel%20-%20Solo%20Reaver.zip HTTP/1.1" 200 12387
84.146.100.241 - - [04/Dec/2005:08:51:56 -0800] "GET /movies/Allexiel%20-%20Solo%20Reaver.zip HTTP/1.1" 200 12387
84.146.100.241 - - [04/Dec/2005:08:51:57 -0800] "GET /movies/Allexiel%20-%20Solo%20Reaver.zip HTTP/1.1" 200 12387
84.146.100.241 - - [04/Dec/2005:08:51:58 -0800] "GET /movies/Allexiel%20-%20Solo%20Reaver.zip HTTP/1.1" 200 12387
84.146.100.241 - - [04/Dec/2005:08:52:01 -0800] "GET /movies/Allexiel%20-%20Solo%20Reaver.zip HTTP/1.1" 200 12387
84.146.100.241 - - [04/Dec/2005:08:52:02 -0800] "GET /movies/Allexiel%20-%20Solo%20Reaver.zip HTTP/1.1" 200 12387
84.146.100.241 - - [04/Dec/2005:08:52:03 -0800] "GET /movies/Allexiel%20-%20Solo%20Reaver.zip HTTP/1.1" 200 12387
84.146.100.241 - - [04/Dec/2005:08:52:04 -0800] "GET /movies/Allexiel%20-%20Solo%20Reaver.zip HTTP/1.1" 200 12387
84.146.100.241 - - [04/Dec/2005:08:52:05 -0800] "GET /movies/Allexiel%20-%20Solo%20Reaver.zip HTTP/1.1" 200 12387
84.146.100.241 - - [04/Dec/2005:08:52:06 -0800] "GET /movies/Allexiel%20-%20Solo%20Reaver.zip HTTP/1.1" 200 12387
84.146.100.241 - - [04/Dec/2005:08:52:08 -0800] "GET /movies/Allexiel%20-%20Solo%20Reaver.zip HTTP/1.1" 200 12387
84.146.100.241 - - [04/Dec/2005:08:52:09 -0800] "GET /movies/Allexiel%20-%20Solo%20Reaver.zip HTTP/1.1" 200 12387
84.146.100.241 - - [04/Dec/2005:08:52:10 -0800] "GET /movies/Allexiel%20-%20Solo%20Reaver.zip HTTP/1.1" 200 12387
84.146.100.241 - - [04/Dec/2005:08:52:11 -0800] "GET /movies/Allexiel%20-%20Solo%20Reaver.zip HTTP/1.1" 200 12387
84.146.100.241 - - [04/Dec/2005:08:52:14 -0800] "GET /movies/Allexiel%20-%20Solo%20Reaver.zip HTTP/1.1" 200 12387
84.146.100.241 - - [04/Dec/2005:08:52:16 -0800] "GET /movies/Allexiel%20-%20Solo%20Reaver.zip HTTP/1.1" 200 12387
84.146.100.241 - - [04/Dec/2005:08:52:22 -0800] "GET /movies/Allexiel%20-%20Solo%20Reaver.zip HTTP/1.1" 200 132460
82.61.14.12 - - [04/Dec/2005:08:54:46 -0800] "GET /movies/MyTheurgMovie.zip HTTP/1.1" 200 76779717
84.162.119.199 - - [04/Dec/2005:08:55:01 -0800] "GET /movies2/Camlann%20Shadow%20Zone.zip HTTP/1.1" 200 141905700
87.123.107.109 - - [04/Dec/2005:08:55:43 -0800] "GET /movies/malkovok1.zip HTTP/1.1" 200 170627808
81.173.227.210 - - [04/Dec/2005:08:56:01 -0800] "GET /movies2/renamed_Raabes%20First.zip HTTP/1.1" 200 4425375
81.173.227.210 - - [04/Dec/2005:08:56:02 -0800] "GET /movies2/raabes%20abschiedsvid.zip HTTP/1.1" 200 5136548
84.191.45.185 - - [04/Dec/2005:08:56:10 -0800] "GET /movies2/Camlann%20Shadow%20Zone.zip HTTP/1.1" 200 85971999
84.191.45.185 - - [04/Dec/2005:08:56:12 -0800] "GET /movies/baldir_jiv.zip HTTP/1.1" 200 71039738
212.202.56.63 - - [04/Dec/2005:08:56:13 -0800] "GET /movies/cgrvr.rar HTTP/1.1" 200 134292823
85.74.30.243 - - [04/Dec/2005:08:57:12 -0800] "GET /movies/Albion-igraine%20!.zip HTTP/1.1" 200 45774496
82.135.85.142 - - [04/Dec/2005:08:58:32 -0800] "GET /movies/Xora_BowSpec.zip HTTP/1.1" 206 34768472
82.135.85.142 - - [04/Dec/2005:08:58:38 -0800] "GET /movies/Xora_BowSpec.zip HTTP/1.1" 206 34774238
82.135.85.142 - - [04/Dec/2005:08:58:38 -0800] "GET /movies/Xora_BowSpec.zip HTTP/1.1" 206 34769911
82.135.85.142 - - [04/Dec/2005:08:59:02 -0800] "GET /movies/Xora_BowSpec.zip HTTP/1.1" 206 34769440
84.186.33.103 - - [04/Dec/2005:08:59:11 -0800] "GET /movies2/CCCPlamorak.zip HTTP/1.1" 200 211205543
84.162.119.199 - - [04/Dec/2005:08:59:17 -0800] "GET /movies2/WaffenbundTheMovie.zip HTTP/1.1" 200 147905760
82.135.85.142 - - [04/Dec/2005:08:59:27 -0800] "GET /movies/Xora_BowSpec.zip HTTP/1.1" 206 1579442
80.137.220.135 - - [04/Dec/2005:08:59:52 -0800] "GET /movies/monstera.zip HTTP/1.1" 200 214268
80.137.220.135 - - [04/Dec/2005:09:00:01 -0800] "GET /movies/Gevner.rar HTTP/1.1" 200 31008284
213.196.243.110 - - [04/Dec/2005:09:00:17 -0800] "GET /movies/MauveMinstrel.zip HTTP/1.1" 200 163501464
213.199.78.43 - - [04/Dec/2005:09:00:42 -0800] "GET /movies2/Camlann%20Shadow%20Zone.zip HTTP/1.1" 200 141905700
24.197.117.144 - - [04/Dec/2005:09:01:43 -0800] "GET /movies/Elfichtersx2.zip HTTP/1.1" 200 105217595
24.197.117.144 - - [04/Dec/2005:09:02:31 -0800] "GET /movies2/AitealDorcha.zip HTTP/1.1" 200 119086776
82.135.85.142 - - [04/Dec/2005:09:03:17 -0800] "GET /movies2/Cilivielmovie5.zip HTTP/1.1" 206 69350071
84.146.100.241 - - [04/Dec/2005:09:03:24 -0800] "GET /movies/Allexiel%20-%20Solo%20Reaver.zip HTTP/1.1" 200 12387
84.146.100.241 - - [04/Dec/2005:09:03:27 -0800] "GET /movies/Allexiel%20-%20Solo%20Reaver.zip HTTP/1.1" 200 12387
84.146.100.241 - - [04/Dec/2005:09:03:28 -0800] "GET /movies/Allexiel%20-%20Solo%20Reaver.zip HTTP/1.1" 200 12387
84.146.100.241 - - [04/Dec/2005:09:03:32 -0800] "GET /movies/Allexiel%20-%20Solo%20Reaver.zip HTTP/1.1" 200 12387
84.146.100.241 - - [04/Dec/2005:09:03:34 -0800] "GET /movies/Allexiel%20-%20Solo%20Reaver.zip HTTP/1.1" 200 12387
84.146.100.241 - - [04/Dec/2005:09:03:34 -0800] "GET /movies/Allexiel%20-%20Solo%20Reaver.zip HTTP/1.1" 200 12387
84.146.100.241 - - [04/Dec/2005:09:03:35 -0800] "GET /movies/Allexiel%20-%20Solo%20Reaver.zip HTTP/1.1" 200 12387
62.101.126.217 - - [04/Dec/2005:09:03:36 -0800] "GET /movies2/nov15.zip HTTP/1.1" 200 65379
84.146.100.241 - - [04/Dec/2005:09:03:37 -0800] "GET /movies/Allexiel%20-%20Solo%20Reaver.zip HTTP/1.1" 200 12387
62.101.126.217 - - [04/Dec/2005:09:03:38 -0800] "GET /movies2/nov15.zip HTTP/1.1" 206 21560
84.146.100.241 - - [04/Dec/2005:09:03:38 -0800] "GET /movies/Allexiel%20-%20Solo%20Reaver.zip HTTP/1.1" 200 12387
84.146.100.241 - - [04/Dec/2005:09:03:39 -0800] "GET /movies/Allexiel%20-%20Solo%20Reaver.zip HTTP/1.1" 200 12387
212.143.22.168 - - [04/Dec/2005:09:03:39 -0800] "GET /movies2/nov15.zip HTTP/1.1" 206 18640
82.135.85.142 - - [04/Dec/2005:09:03:40 -0800] "GET /movies2/Cilivielmovie5.zip HTTP/1.1" 206 69349824
84.146.100.241 - - [04/Dec/2005:09:03:42 -0800] "GET /movies/Allexiel%20-%20Solo%20Reaver.zip HTTP/1.1" 200 12387
84.146.100.241 - - [04/Dec/2005:09:03:45 -0800] "GET /movies/Allexiel%20-%20Solo%20Reaver.zip HTTP/1.1" 200 12387
84.146.100.241 - - [04/Dec/2005:09:03:46 -0800] "GET /movies/Allexiel%20-%20Solo%20Reaver.zip HTTP/1.1" 200 12387
84.146.100.241 - - [04/Dec/2005:09:03:47 -0800] "GET /movies/Allexiel%20-%20Solo%20Reaver.zip HTTP/1.1" 200 12387
84.25.85.162 - - [04/Dec/2005:09:03:48 -0800] "GET /movies2/sepp_0001.zip HTTP/1.1" 206 17183
82.135.85.142 - - [04/Dec/2005:09:03:49 -0800] "GET /movies2/Cilivielmovie5.zip HTTP/1.1" 206 69350078
212.143.22.168 - - [04/Dec/2005:09:03:50 -0800] "GET /movies2/sepp_0001.zip HTTP/1.1" 206 18643
84.146.100.241 - - [04/Dec/2005:09:03:51 -0800] "GET /movies/Allexiel%20-%20Solo%20Reaver.zip HTTP/1.1" 200 12387
84.146.100.241 - - [04/Dec/2005:09:03:53 -0800] "GET /movies/Allexiel%20-%20Solo%20Reaver.zip HTTP/1.1" 200 12387
84.146.100.241 - - [04/Dec/2005:09:03:54 -0800] "GET /movies/Allexiel%20-%20Solo%20Reaver.zip HTTP/1.1" 200 12387
84.146.100.241 - - [04/Dec/2005:09:03:55 -0800] "GET /movies/Allexiel%20-%20Solo%20Reaver.zip HTTP/1.1" 200 12387
84.146.100.241 - - [04/Dec/2005:09:03:58 -0800] "GET /movies/Allexiel%20-%20Solo%20Reaver.zip HTTP/1.1" 200 12387
84.146.100.241 - - [04/Dec/2005:09:03:59 -0800] "GET /movies/Allexiel%20-%20Solo%20Reaver.zip HTTP/1.1" 200 12387
84.25.85.162 - - [04/Dec/2005:09:04:01 -0800] "GET /movies2/sepp_0001.zip HTTP/1.1" 200 1393980
84.146.100.241 - - [04/Dec/2005:09:04:01 -0800] "GET /movies/Allexiel%20-%20Solo%20Reaver.zip HTTP/1.1" 200 12387
84.146.100.241 - - [04/Dec/2005:09:04:03 -0800] "GET /movies/Allexiel%20-%20Solo%20Reaver.zip HTTP/1.1" 200 12387
84.146.100.241 - - [04/Dec/2005:09:04:09 -0800] "GET /movies/Allexiel%20-%20Solo%20Reaver.zip HTTP/1.1" 200 12387
84.146.100.241 - - [04/Dec/2005:09:04:11 -0800] "GET /movies/Allexiel%20-%20Solo%20Reaver.zip HTTP/1.1" 200 12387
84.146.100.241 - - [04/Dec/2005:09:04:13 -0800] "GET /movies/Allexiel%20-%20Solo%20Reaver.zip HTTP/1.1" 200 12387
84.146.100.241 - - [04/Dec/2005:09:04:26 -0800] "GET /movies/Allexiel%20-%20Solo%20Reaver.zip HTTP/1.1" 200 12387
82.135.85.142 - - [04/Dec/2005:09:04:29 -0800] "GET /movies2/Cilivielmovie5.zip HTTP/1.1" 206 69350070
84.146.100.241 - - [04/Dec/2005:09:04:31 -0800] "GET /movies/Allexiel%20-%20Solo%20Reaver.zip HTTP/1.1" 200 12387
62.101.126.217 - - [04/Dec/2005:09:04:57 -0800] "GET /movies2/Hib%20Merlin%20PuG.zip HTTP/1.1" 200 21579
62.101.126.217 - - [04/Dec/2005:09:04:58 -0800] "GET /movies2/Hib%20Merlin%20PuG.zip HTTP/1.1" 206 21560
84.146.100.241 - - [04/Dec/2005:09:05:01 -0800] "GET /movies/Allexiel%20-%20Solo%20Reaver.zip HTTP/1.1" 200 12387
84.146.100.241 - - [04/Dec/2005:09:05:02 -0800] "GET /movies/Allexiel%20-%20Solo%20Reaver.zip HTTP/1.1" 200 12387
84.146.100.241 - - [04/Dec/2005:09:05:04 -0800] "GET /movies/Allexiel%20-%20Solo%20Reaver.zip HTTP/1.1" 200 12387
84.146.100.241 - - [04/Dec/2005:09:05:06 -0800] "GET /movies/Allexiel%20-%20Solo%20Reaver.zip HTTP/1.1" 200 12387
84.146.100.241 - - [04/Dec/2005:09:05:08 -0800] "GET /movies/Allexiel%20-%20Solo%20Reaver.zip HTTP/1.1" 200 12387
84.146.100.241 - - [04/Dec/2005:09:05:09 -0800] "GET /movies/Allexiel%20-%20Solo%20Reaver.zip HTTP/1.1" 200 12387
87.0.204.229 - - [04/Dec/2005:09:05:11 -0800] "GET /favicon.ico HTTP/1.1" 404 283
84.146.100.241 - - [04/Dec/2005:09:05:12 -0800] "GET /movies/Allexiel%20-%20Solo%20Reaver.zip HTTP/1.1" 200 12387
82.135.85.142 - - [04/Dec/2005:09:05:17 -0800] "GET /movies2/Cilivielmovie5.zip HTTP/1.1" 206 3151298
84.146.100.241 - - [04/Dec/2005:09:05:19 -0800] "GET /movies/Allexiel%20-%20Solo%20Reaver.zip HTTP/1.1" 200 49099
84.146.100.241 - - [04/Dec/2005:09:05:20 -0800] "GET /movies/Allexiel%20-%20Solo%20Reaver.zip HTTP/1.1" 206 46888
84.146.100.241 - - [04/Dec/2005:09:05:22 -0800] "GET /movies/Allexiel%20-%20Solo%20Reaver.zip HTTP/1.1" 200 12387
84.146.100.241 - - [04/Dec/2005:09:05:25 -0800] "GET /movies/Allexiel%20-%20Solo%20Reaver.zip HTTP/1.1" 200 12387
81.173.227.210 - - [04/Dec/2005:09:05:25 -0800] "GET /movies2/renamed_Raabes%20First.zip HTTP/1.1" 200 2707764
81.173.227.210 - - [04/Dec/2005:09:05:26 -0800] "GET /movies2/raabes%20abschiedsvid.zip HTTP/1.1" 200 2708280
84.146.100.241 - - [04/Dec/2005:09:05:27 -0800] "GET /movies/Allexiel%20-%20Solo%20Reaver.zip HTTP/1.1" 200 12387
84.146.100.241 - - [04/Dec/2005:09:05:31 -0800] "GET /movies/Allexiel%20-%20Solo%20Reaver.zip HTTP/1.1" 200 22271
210.206.191.154 - - [04/Dec/2005:09:06:46 -0800] "GET /movies/RECUT.zip HTTP/1.1" 200 293256744
83.226.176.219 - - [04/Dec/2005:09:08:10 -0800] "GET /movies2/Klockedmord.zip HTTP/1.1" 200 99613152
83.192.17.36 - - [04/Dec/2005:09:09:05 -0800] "GET /movies/Dixminutes.rar HTTP/1.1" 200 83273724
139.174.241.75 - - [04/Dec/2005:09:09:16 -0800] "GET /movies2/amaya2_healplz.zip HTTP/1.1" 200 11790638
84.25.85.162 - - [04/Dec/2005:09:09:57 -0800] "GET /movies2/sepp_0001.zip HTTP/1.1" 206 4536207
84.25.85.162 - - [04/Dec/2005:09:10:15 -0800] "GET /movies2/sepp_0001.zip HTTP/1.1" 206 4536206
216.201.32.60 - - [04/Dec/2005:09:10:21 -0800] "GET /movies/minstreldude.zip HTTP/1.1" 206 16818044
84.25.85.162 - - [04/Dec/2005:09:11:00 -0800] "GET /movies2/sepp_0001.zip HTTP/1.1" 206 4536206
84.25.85.162 - - [04/Dec/2005:09:11:00 -0800] "GET /movies2/sepp_0001.zip HTTP/1.1" 206 4536206
213.47.153.65 - - [04/Dec/2005:09:11:03 -0800] "GET /movies/buncha_cab_lil_drood.zip HTTP/1.1" 200 142057089
213.47.153.65 - - [04/Dec/2005:09:11:04 -0800] "GET /movies/gogo%20druids_0001.zip HTTP/1.1" 200 49072
24.42.35.136 - - [04/Dec/2005:09:11:06 -0800] "GET /movies/8v8%20Versus.zip HTTP/1.1" 200 110779410
213.47.153.65 - - [04/Dec/2005:09:11:30 -0800] "GET /movies/14-june.rar HTTP/1.1" 200 228902
83.192.17.36 - - [04/Dec/2005:09:11:57 -0800] "GET /movies2/TheMakingOfAChampion.zip HTTP/1.1" 200 97052106
80.143.114.51 - - [04/Dec/2005:09:12:50 -0800] "GET /movies2/Kevalan_PvP_2.zip HTTP/1.1" 206 19901405
62.117.26.7 - - [04/Dec/2005:09:12:59 -0800] "GET /movies2/Camlann%20Shadow%20Zone.zip HTTP/1.1" 206 72561468
81.62.237.194 - - [04/Dec/2005:09:13:41 -0800] "GET /movies/Chirel-Alb-Broc.zip HTTP/1.1" 200 47962498
86.194.91.14 - - [04/Dec/2005:09:14:05 -0800] "GET /movies/baldir_jiv.zip HTTP/1.1" 200 190803947
84.58.205.253 - - [04/Dec/2005:09:14:10 -0800] "GET /movies2/legio_4.zip HTTP/1.1" 200 532469697
80.63.65.102 - - [04/Dec/2005:09:14:23 -0800] "GET /movies/CelticFistHQ.zip HTTP/1.1" 200 50775074
81.49.208.127 - - [04/Dec/2005:09:14:37 -0800] "GET /movies2/sepp_0001.zip HTTP/1.1" 200 18144822
82.55.114.192 - - [04/Dec/2005:09:15:16 -0800] "GET /movies/eclipsedeira.zip HTTP/1.1" 200 1314160
82.61.144.203 - - [04/Dec/2005:09:15:45 -0800] "GET /movies2/legio_3.zip HTTP/1.1" 206 12621
82.61.144.203 - - [04/Dec/2005:09:15:46 -0800] "GET /movies2/legio_3.zip HTTP/1.1" 206 32773
82.61.144.203 - - [04/Dec/2005:09:15:46 -0800] "GET /movies2/legio_3.zip HTTP/1.1" 206 37536
82.61.144.203 - - [04/Dec/2005:09:15:50 -0800] "GET /movies2/legio_3.zip HTTP/1.1" 206 76416
82.61.144.203 - - [04/Dec/2005:09:16:03 -0800] "GET /movies2/legio_3.zip HTTP/1.1" 206 249216
82.61.144.203 - - [04/Dec/2005:09:16:03 -0800] "GET /movies2/legio_3.zip HTTP/1.1" 206 171936
82.61.144.203 - - [04/Dec/2005:09:16:03 -0800] "GET /movies2/legio_3.zip HTTP/1.1" 206 154176
82.61.144.203 - - [04/Dec/2005:09:16:03 -0800] "GET /movies2/legio_3.zip HTTP/1.1" 206 67332
70.125.58.102 - - [04/Dec/2005:09:16:50 -0800] "GET /movies2/sepp_0001.zip HTTP/1.1" 200 18144822
84.134.230.15 - - [04/Dec/2005:09:17:03 -0800] "GET /movies2/TDK3.zip HTTP/1.1" 206 49759196
24.197.117.144 - - [04/Dec/2005:09:17:40 -0800] "GET /movies2/what's%20zephyr.zip HTTP/1.1" 200 4294588
84.185.236.21 - - [04/Dec/2005:09:17:48 -0800] "GET /movies2/CCCPlamorak.zip HTTP/1.1" 200 413192
84.5.225.44 - - [04/Dec/2005:09:18:42 -0800] "GET /movies/assassination.zip HTTP/1.1" 200 64798271
84.134.230.15 - - [04/Dec/2005:09:19:01 -0800] "GET /movies2/TDK3.zip HTTP/1.1" 206 1845776
84.134.230.15 - - [04/Dec/2005:09:19:03 -0800] "GET /movies2/TDK3.zip HTTP/1.1" 206 48765895
84.134.230.15 - - [04/Dec/2005:09:19:09 -0800] "GET /movies2/TDK3.zip HTTP/1.1" 206 49876228
84.134.230.15 - - [04/Dec/2005:09:19:12 -0800] "GET /movies2/TDK3.zip HTTP/1.1" 206 50392444
84.134.230.15 - - [04/Dec/2005:09:19:14 -0800] "GET /movies2/TDK3.zip HTTP/1.1" 206 129356
84.134.230.15 - - [04/Dec/2005:09:19:14 -0800] "GET /movies2/TDK3.zip HTTP/1.1" 206 51033580
84.134.230.15 - - [04/Dec/2005:09:19:14 -0800] "GET /movies2/TDK3.zip HTTP/1.1" 206 202208
84.134.230.15 - - [04/Dec/2005:09:19:15 -0800] "GET /movies2/TDK3.zip HTTP/1.1" 206 75128
84.134.230.15 - - [04/Dec/2005:09:19:15 -0800] "GET /movies2/TDK3.zip HTTP/1.1" 206 63191
210.206.191.154 - - [04/Dec/2005:09:21:18 -0800] "GET /movies/Not%20Afraid%20to%20Die.zip HTTP/1.1" 200 323187103
80.143.114.51 - - [04/Dec/2005:09:21:30 -0800] "GET /movies2/HunterGroupPvP.zip HTTP/1.1" 206 7261537
24.197.117.144 - - [04/Dec/2005:09:21:35 -0800] "GET /movies/Not%20Afraid%20to%20Die.zip HTTP/1.1" 200 112176
84.134.230.15 - - [04/Dec/2005:09:21:41 -0800] "GET /movies2/TDK3.zip HTTP/1.1" 206 319976
82.135.85.142 - - [04/Dec/2005:09:22:24 -0800] "GET /movies/renamed_Rangers%20are%20Overpowered%20Xora%20Vol3.zip HTTP/1.1" 206 28206398
87.122.54.7 - - [04/Dec/2005:09:22:35 -0800] "GET /movies/ACL%204.zip HTTP/1.1" 206 54257492
82.135.85.142 - - [04/Dec/2005:09:22:39 -0800] "GET /movies/renamed_Rangers%20are%20Overpowered%20Xora%20Vol3.zip HTTP/1.1" 206 28204952
82.135.85.142 - - [04/Dec/2005:09:22:49 -0800] "GET /movies/renamed_Rangers%20are%20Overpowered%20Xora%20Vol3.zip HTTP/1.1" 206 28207832
82.135.85.142 - - [04/Dec/2005:09:23:06 -0800] "GET /movies/renamed_Rangers%20are%20Overpowered%20Xora%20Vol3.zip HTTP/1.1" 206 28202072
82.135.85.142 - - [04/Dec/2005:09:23:17 -0800] "GET /movies/renamed_Rangers%20are%20Overpowered%20Xora%20Vol3.zip HTTP/1.1" 206 1281118
62.101.126.217 - - [04/Dec/2005:09:23:30 -0800] "GET /movies2/nov15.zip HTTP/1.1" 206 19691424
81.39.71.187 - - [04/Dec/2005:09:23:42 -0800] "GET /movies/AMAYA_200605-040705_FINAL.rar HTTP/1.1" 200 151504
81.39.71.187 - - [04/Dec/2005:09:23:44 -0800] "GET /movies/AMAYA_200605-040705_FINAL.rar HTTP/1.1" 206 34663
172.211.57.112 - - [04/Dec/2005:09:23:59 -0800] "GET /movies2/legio_4.zip HTTP/1.1" 206 18786798
81.39.71.187 - - [04/Dec/2005:09:24:06 -0800] "GET /movies/LMAOrak.zip HTTP/1.1" 200 17879
212.143.22.168 - - [04/Dec/2005:09:24:07 -0800] "GET /movies/LMAOrak.zip HTTP/1.1" 206 12802
81.39.71.187 - - [04/Dec/2005:09:24:08 -0800] "GET /movies/LMAOrak.zip HTTP/1.1" 206 20662
81.39.71.187 - - [04/Dec/2005:09:24:46 -0800] "GET /movies/ageofpower.zip HTTP/1.1" 200 20679
81.39.71.187 - - [04/Dec/2005:09:24:47 -0800] "GET /movies/ageofpower.zip HTTP/1.1" 206 34662
81.39.71.187 - - [04/Dec/2005:09:25:08 -0800] "GET /movies/AllSix.zip HTTP/1.1" 200 17879
81.39.71.187 - - [04/Dec/2005:09:25:09 -0800] "GET /movies/AllSix.zip HTTP/1.1" 206 27662
172.211.57.112 - - [04/Dec/2005:09:26:12 -0800] "GET /movies2/legio_4.zip HTTP/1.1" 206 20371271
172.211.57.112 - - [04/Dec/2005:09:26:22 -0800] "GET /movies2/legio_4.zip HTTP/1.1" 206 20250231
172.211.57.112 - - [04/Dec/2005:09:27:22 -0800] "GET /movies2/legio_4.zip HTTP/1.1" 206 20930535
61.214.154.60 - - [04/Dec/2005:09:27:42 -0800] "GET /movies2/sepp_0001.zip HTTP/1.1" 200 18144822
84.186.33.103 - - [04/Dec/2005:09:28:09 -0800] "GET /movies/Tzimizepugs1.zip HTTP/1.1" 200 117648091
81.39.71.187 - - [04/Dec/2005:09:29:07 -0800] "GET /movies/AMAYA_200605-040705_FINAL.rar HTTP/1.1" 206 236488
81.39.71.187 - - [04/Dec/2005:09:29:11 -0800] "GET /movies/AMAYA_200605-040705_FINAL.rar HTTP/1.1" 206 184744
81.39.71.187 - - [04/Dec/2005:09:29:12 -0800] "GET /movies/AMAYA_200605-040705_FINAL.rar HTTP/1.1" 206 160655
81.39.71.187 - - [04/Dec/2005:09:29:13 -0800] "GET /movies/AMAYA_200605-040705_FINAL.rar HTTP/1.1" 206 145255
85.81.51.56 - - [04/Dec/2005:09:30:18 -0800] "GET /movies/Salonice.zip HTTP/1.1" 200 1694716
83.157.86.173 - - [04/Dec/2005:09:30:29 -0800] "GET /movies/uveaforfun.rar HTTP/1.1" 200 29281830
84.57.23.83 - - [04/Dec/2005:09:30:54 -0800] "GET /movies/GladricSoloRvrMovie3.zip HTTP/1.1" 200 201119338
220.146.178.201 - - [04/Dec/2005:09:31:01 -0800] "GET /movies/Rufeekie%20Project%201.zip HTTP/1.1" 200 11427626
81.39.71.187 - - [04/Dec/2005:09:33:03 -0800] "GET /movies/LMAOrak.zip HTTP/1.1" 206 8518005
80.109.224.102 - - [04/Dec/2005:09:33:09 -0800] "GET /movies/Baenok_Solo.zip HTTP/1.1" 200 91139849
81.39.71.187 - - [04/Dec/2005:09:33:10 -0800] "GET /movies/LMAOrak.zip HTTP/1.1" 206 8518005
81.39.71.187 - - [04/Dec/2005:09:33:19 -0800] "GET /movies/LMAOrak.zip HTTP/1.1" 206 8518005
81.39.71.187 - - [04/Dec/2005:09:33:27 -0800] "GET /movies/LMAOrak.zip HTTP/1.1" 206 8518005
83.192.17.36 - - [04/Dec/2005:09:33:39 -0800] "GET /movies/soylcamlann.zip HTTP/1.1" 200 157666434
80.145.97.73 - - [04/Dec/2005:09:34:20 -0800] "GET /movies/ValiantGlory.zip HTTP/1.1" 200 44551204
84.5.225.44 - - [04/Dec/2005:09:36:05 -0800] "GET /movies2/Aedhas_SB_Ector_NF_01_01.zip HTTP/1.1" 206 94005510
70.125.58.102 - - [04/Dec/2005:09:36:18 -0800] "GET /movies2/Gimp_and_Run_DivX.zip HTTP/1.1" 200 120258322
84.112.7.72 - - [04/Dec/2005:09:37:04 -0800] "GET /movies/ThaneVid2_by_Iator.zip HTTP/1.1" 206 81411
84.112.7.72 - - [04/Dec/2005:09:37:04 -0800] "GET /movies/ThaneVid2_by_Iator.zip HTTP/1.1" 206 71944
84.112.7.72 - - [04/Dec/2005:09:37:04 -0800] "GET /movies/ThaneVid2_by_Iator.zip HTTP/1.1" 206 127748
84.112.7.72 - - [04/Dec/2005:09:37:05 -0800] "GET /movies/ThaneVid2_by_Iator.zip HTTP/1.1" 206 131050
84.112.7.72 - - [04/Dec/2005:09:37:10 -0800] "GET /movies/ThaneVid2_by_Iator.zip HTTP/1.1" 206 30313
84.154.130.180 - - [04/Dec/2005:09:39:03 -0800] "GET /favicon.ico HTTP/1.1" 404 283
166.102.93.35 - - [04/Dec/2005:09:39:13 -0800] "GET /movies/Gevner.rar HTTP/1.1" 200 40408944
213.47.153.65 - - [04/Dec/2005:09:39:16 -0800] "GET /movies2/Addiction%20-%20Not%20Uber%20Yet.zip HTTP/1.1" 200 190042682
213.47.153.65 - - [04/Dec/2005:09:39:18 -0800] "GET /movies/In_Root.rar HTTP/1.1" 200 36184
82.61.14.12 - - [04/Dec/2005:09:39:25 -0800] "GET /movies2/Rush-Devon.zip HTTP/1.1" 200 107346179
84.154.130.180 - - [04/Dec/2005:09:39:38 -0800] "GET /movies2/Raila%20Memorial%20good.zip HTTP/1.1" 200 593548
84.154.130.180 - - [04/Dec/2005:09:39:52 -0800] "GET /movies2/Raila%20Memorial%20good.zip HTTP/1.1" 206 51892
84.154.130.180 - - [04/Dec/2005:09:39:57 -0800] "GET /movies2/Raila%20Memorial%20good.zip HTTP/1.1" 206 22852
84.154.130.180 - - [04/Dec/2005:09:40:13 -0800] "GET /movies2/Raila%20Memorial%20good.zip HTTP/1.1" 206 176928
84.144.74.189 - - [04/Dec/2005:09:40:16 -0800] "GET /movies2/A%20Mostly%20Solo%20Shade.zip HTTP/1.1" 200 61602614
84.56.98.6 - - [04/Dec/2005:09:40:33 -0800] "GET /movies/ValiantGlory.zip HTTP/1.1" 200 219007828
80.109.224.102 - - [04/Dec/2005:09:40:49 -0800] "GET /movies/Gauthier.zip HTTP/1.1" 200 112418034
62.101.126.217 - - [04/Dec/2005:09:41:43 -0800] "GET /movies2/Hib%20Merlin%20PuG.zip HTTP/1.1" 206 36613147
83.226.176.219 - - [04/Dec/2005:09:41:52 -0800] "GET /movies/AdNBombSquad-.zip HTTP/1.1" 200 106777054
81.39.71.187 - - [04/Dec/2005:09:41:53 -0800] "GET /movies/AMAYA_200605-040705_FINAL.rar HTTP/1.1" 206 190058
81.39.71.187 - - [04/Dec/2005:09:41:53 -0800] "GET /movies/AMAYA_200605-040705_FINAL.rar HTTP/1.1" 206 180255
81.39.71.187 - - [04/Dec/2005:09:41:53 -0800] "GET /movies/AMAYA_200605-040705_FINAL.rar HTTP/1.1" 206 205455
81.39.71.187 - - [04/Dec/2005:09:41:55 -0800] "GET /movies/AMAYA_200605-040705_FINAL.rar HTTP/1.1" 206 163455
62.101.126.217 - - [04/Dec/2005:09:42:06 -0800] "GET /movies2/Hib%20Merlin%20PuG.zip HTTP/1.1" 206 36613147
213.47.153.65 - - [04/Dec/2005:09:42:53 -0800] "GET /movies/In_Root.rar HTTP/1.1" 200 181874517
213.47.153.65 - - [04/Dec/2005:09:42:54 -0800] "GET /movies2/caerleon.zip HTTP/1.1" 200 35932
84.100.211.243 - - [04/Dec/2005:09:42:58 -0800] "GET /movies/Megalodon%20Raid.zip HTTP/1.1" 200 18144003
62.101.126.217 - - [04/Dec/2005:09:43:05 -0800] "GET /movies2/nov15.zip HTTP/1.1" 206 39385544
62.101.126.217 - - [04/Dec/2005:09:43:25 -0800] "GET /movies2/nov15.zip HTTP/1.1" 206 39385532
62.101.126.217 - - [04/Dec/2005:09:43:58 -0800] "GET /movies2/nov15.zip HTTP/1.1" 206 39385544
62.101.126.217 - - [04/Dec/2005:09:44:31 -0800] "GET /movies2/nov15.zip HTTP/1.1" 206 19730620
62.101.126.217 - - [04/Dec/2005:09:45:07 -0800] "GET /movies2/Hib%20Merlin%20PuG.zip HTTP/1.1" 206 36613147
62.101.126.217 - - [04/Dec/2005:09:45:24 -0800] "GET /movies2/Hib%20Merlin%20PuG.zip HTTP/1.1" 206 36613134
62.101.126.217 - - [04/Dec/2005:09:45:48 -0800] "GET /movies2/Hib%20Merlin%20PuG.zip HTTP/1.1" 206 36442714
62.101.126.217 - - [04/Dec/2005:09:45:50 -0800] "GET /movies2/nov15.zip HTTP/1.1" 206 37659644
24.42.35.136 - - [04/Dec/2005:09:46:34 -0800] "GET /movies2/Addiction%20-%20Not%20Uber%20Yet.zip HTTP/1.1" 200 190042682
87.0.238.153 - - [04/Dec/2005:09:47:08 -0800] "GET /movies2/TdkBomB2.zip HTTP/1.1" 200 169357489
84.185.236.21 - - [04/Dec/2005:09:47:39 -0800] "GET /movies2/CCCPlamorak.zip HTTP/1.1" 206 26920696
84.134.207.159 - - [04/Dec/2005:09:47:52 -0800] "GET /movies/ValiantGlory.zip HTTP/1.1" 200 142928
84.185.236.21 - - [04/Dec/2005:09:47:52 -0800] "GET /movies2/CCCPlamorak.zip HTTP/1.1" 206 567300
84.185.236.21 - - [04/Dec/2005:09:47:58 -0800] "GET /movies2/CCCPlamorak.zip HTTP/1.1" 206 28731072
84.185.236.21 - - [04/Dec/2005:09:47:58 -0800] "GET /movies2/CCCPlamorak.zip HTTP/1.1" 206 27766204
84.185.236.21 - - [04/Dec/2005:09:48:09 -0800] "GET /movies2/CCCPlamorak.zip HTTP/1.1" 200 29686772
82.55.114.192 - - [04/Dec/2005:09:50:45 -0800] "GET /movies/Video%20BT.zip HTTP/1.1" 200 29904164
84.238.3.19 - - [04/Dec/2005:09:51:31 -0800] "GET /movies/14-june.rar HTTP/1.1" 200 349482509
24.160.127.191 - - [04/Dec/2005:09:51:51 -0800] "GET /movies/Skullrulez.zip HTTP/1.1" 200 221544556
81.10.224.254 - - [04/Dec/2005:09:53:15 -0800] "GET /movies2/Cilivielmovie5.zip HTTP/1.1" 200 139735316
87.78.35.53 - - [04/Dec/2005:09:54:36 -0800] "GET /movies2/A_Saracen's_Tale.zip HTTP/1.1" 200 2770095
87.78.35.53 - - [04/Dec/2005:09:55:27 -0800] "GET /movies/Alb-Merlin.zip HTTP/1.1" 200 209804
84.5.225.44 - - [04/Dec/2005:09:57:10 -0800] "GET /favicon.ico HTTP/1.1" 404 283
212.80.232.34 - - [04/Dec/2005:09:57:33 -0800] "GET /movies/Alte%20Feind.zip HTTP/1.1" 200 414317
83.192.17.36 - - [04/Dec/2005:09:57:55 -0800] "GET /movies2/Aedhas_SB_Ector_NF_03_01.zip HTTP/1.1" 200 91126455
84.100.211.243 - - [04/Dec/2005:09:58:33 -0800] "GET /movies/Ozur_0001.zip HTTP/1.1" 200 47213596
83.201.129.111 - - [04/Dec/2005:09:58:34 -0800] "GET /movies2/legio_3.zip HTTP/1.1" 200 695840
87.122.52.240 - - [04/Dec/2005:09:59:15 -0800] "GET /movies2/WaffenbundTheMovie.zip HTTP/1.0" 206 126475554
87.122.52.240 - - [04/Dec/2005:09:59:27 -0800] "GET /movies2/WaffenbundTheMovie.zip HTTP/1.0" 206 126530722
87.122.52.240 - - [04/Dec/2005:09:59:35 -0800] "GET /movies2/WaffenbundTheMovie.zip HTTP/1.0" 206 126524933
84.112.7.72 - - [04/Dec/2005:09:59:53 -0800] "GET /movies/cgrvr.rar HTTP/1.1" 206 22831201
84.112.7.72 - - [04/Dec/2005:10:00:07 -0800] "GET /movies/cgrvr.rar HTTP/1.1" 206 22988772
84.112.7.72 - - [04/Dec/2005:10:00:09 -0800] "GET /movies/cgrvr.rar HTTP/1.1" 206 22973960
84.112.7.72 - - [04/Dec/2005:10:00:09 -0800] "GET /movies/cgrvr.rar HTTP/1.1" 206 585117
84.112.7.72 - - [04/Dec/2005:10:00:09 -0800] "GET /movies/cgrvr.rar HTTP/1.1" 206 56597
84.112.7.72 - - [04/Dec/2005:10:00:10 -0800] "GET /movies/cgrvr.rar HTTP/1.1" 206 12798
84.112.7.72 - - [04/Dec/2005:10:00:10 -0800] "GET /movies/cgrvr.rar HTTP/1.1" 206 12798
84.112.7.72 - - [04/Dec/2005:10:00:10 -0800] "GET /movies/cgrvr.rar HTTP/1.1" 206 25938
84.112.7.72 - - [04/Dec/2005:10:00:10 -0800] "GET /movies/cgrvr.rar HTTP/1.1" 206 47838
84.112.7.72 - - [04/Dec/2005:10:00:10 -0800] "GET /movies/cgrvr.rar HTTP/1.1" 206 22580488
84.99.39.27 - - [04/Dec/2005:10:00:45 -0800] "GET /movies/TW-NFEpisodeOne.zip HTTP/1.1" 200 24156372
84.174.207.47 - - [04/Dec/2005:10:00:56 -0800] "GET /movies/Ciliviemovie2.zip HTTP/1.1" 200 51822385
65.40.202.132 - - [04/Dec/2005:10:01:03 -0800] "GET /movies/Elfichtersx2.zip HTTP/1.1" 200 105217595
80.137.209.162 - - [04/Dec/2005:10:02:16 -0800] "GET /movies/SavageTheMovie.zip HTTP/1.1" 200 113344
72.240.109.117 - - [04/Dec/2005:10:02:35 -0800] "GET /movies/MalignLance.zip HTTP/1.1" 200 10893020
24.178.138.90 - - [04/Dec/2005:10:04:45 -0800] "GET /movies2/Gimp_and_Run_DivX.zip HTTP/1.1" 200 120258322
84.112.7.72 - - [04/Dec/2005:10:05:10 -0800] "GET /movies/cgrvr.rar HTTP/1.1" 206 22378812
193.143.201.113 - - [04/Dec/2005:10:06:18 -0800] "GET /favicon.ico HTTP/1.1" 404 283
193.143.201.113 - - [04/Dec/2005:10:06:31 -0800] "GET /movies/holydot2.zip HTTP/1.1" 200 424537
84.167.73.228 - - [04/Dec/2005:10:07:19 -0800] "GET /movies/TDKBoldJihad.zip HTTP/1.1" 200 191668203
81.39.71.187 - - [04/Dec/2005:10:07:51 -0800] "GET /movies/ageofpower.zip HTTP/1.1" 206 18801998
81.39.71.187 - - [04/Dec/2005:10:07:52 -0800] "GET /movies/ageofpower.zip HTTP/1.1" 206 18801996
81.39.71.187 - - [04/Dec/2005:10:07:53 -0800] "GET /movies/ageofpower.zip HTTP/1.1" 206 18801998
81.39.71.187 - - [04/Dec/2005:10:07:59 -0800] "GET /movies/ageofpower.zip HTTP/1.1" 206 18801998
84.190.167.20 - - [04/Dec/2005:10:08:20 -0800] "GET /movies/HoA%20Adrenaline.zip HTTP/1.1" 200 121646
84.190.167.20 - - [04/Dec/2005:10:08:39 -0800] "GET /movies/HoA%20Adrenaline.zip HTTP/1.1" 200 21458
24.8.213.122 - - [04/Dec/2005:10:09:07 -0800] "GET /movies/05-04-16.zip HTTP/1.1" 200 275696
24.47.61.98 - - [04/Dec/2005:10:09:16 -0800] "GET /movies/MXOKANJO.zip HTTP/1.1" 200 21300265
82.124.50.34 - - [04/Dec/2005:10:09:46 -0800] "HEAD /movies/Achtungbaby.zip HTTP/1.1" 200 0
62.214.245.181 - - [04/Dec/2005:10:09:59 -0800] "GET /movies/NS.zip HTTP/1.1" 200 1009856
62.214.245.181 - - [04/Dec/2005:10:10:11 -0800] "GET /movies/hibgath.zip HTTP/1.1" 200 6948951
82.124.50.34 - - [04/Dec/2005:10:10:15 -0800] "GET /movies/Achtungbaby.zip HTTP/1.1" 200 1050264
62.214.245.181 - - [04/Dec/2005:10:10:16 -0800] "GET /movies/cary.zip HTTP/1.1" 200 142904
84.189.223.48 - - [04/Dec/2005:10:10:25 -0800] "GET /movies2/Gimp_and_Run_DivX.zip HTTP/1.1" 200 96348124
84.189.223.48 - - [04/Dec/2005:10:11:47 -0800] "GET /movies2/Gimp_and_Run_DivX.zip HTTP/1.1" 200 997308
84.154.130.180 - - [04/Dec/2005:10:11:56 -0800] "GET /movies2/Raila%20Memorial%20good.zip HTTP/1.1" 206 23972188
81.249.108.163 - - [04/Dec/2005:10:12:16 -0800] "GET /movies/Achtungbaby.zip HTTP/1.1" 200 59898956
88.130.101.56 - - [04/Dec/2005:10:12:47 -0800] "GET /movies/Alcegi.zip HTTP/1.1" 200 94306170
24.218.152.191 - - [04/Dec/2005:10:13:38 -0800] "GET /movies2/macathoMovie.zip HTTP/1.1" 200 1718172
213.140.21.237 - - [04/Dec/2005:10:13:45 -0800] "GET /movies2/legio_4.zip HTTP/1.1" 200 7474878
213.140.21.237 - - [04/Dec/2005:10:13:45 -0800] "GET /movies2/legio_3.zip HTTP/1.1" 200 7453292
83.192.17.36 - - [04/Dec/2005:10:13:49 -0800] "GET /movies2/ReturnWMV.zip HTTP/1.1" 200 42182557
83.177.238.103 - - [04/Dec/2005:10:14:19 -0800] "GET /movies2/legio_4.zip HTTP/1.1" 200 391584
62.34.106.46 - - [04/Dec/2005:10:14:49 -0800] "GET /movies/desolate%20april%201.zip HTTP/1.1" 200 114551252
213.47.153.65 - - [04/Dec/2005:10:15:37 -0800] "GET /movies/Gank%20Vid%203%20-%20A%20Night%20of%208v8%20PuG%20v%20PuG%20on%20Tristan%20267mb.zip HTTP/1.1" 200 252350264
24.218.152.191 - - [04/Dec/2005:10:15:49 -0800] "GET /movies2/macathoMovie.zip HTTP/1.1" 200 9062100
84.141.199.165 - - [04/Dec/2005:10:16:58 -0800] "GET /movies/Commruned_0001.zip HTTP/1.1" 200 13399742
80.135.229.14 - - [04/Dec/2005:10:17:26 -0800] "GET /movies2/TDK3.zip HTTP/1.1" 200 384870067
80.144.111.243 - - [04/Dec/2005:10:18:05 -0800] "GET /movies2/WaffenbundTheMovie.zip HTTP/1.1" 200 63829292
195.22.79.116 - - [04/Dec/2005:10:18:25 -0800] "GET /movies/Xro-Vid.zip HTTP/1.1" 200 1738696
209.204.177.119 - - [04/Dec/2005:10:18:47 -0800] "GET /movies2/piffufinal.zip HTTP/1.1" 200 123730380
80.63.65.102 - - [04/Dec/2005:10:19:39 -0800] "GET /movies/SavageTheMovie.zip HTTP/1.1" 200 164705202
84.141.199.165 - - [04/Dec/2005:10:19:50 -0800] "GET /movies/Commruned_0001.zip HTTP/1.1" 200 4945450
81.39.71.187 - - [04/Dec/2005:10:21:36 -0800] "GET /movies/AllSix.zip HTTP/1.1" 206 7468258
81.39.71.187 - - [04/Dec/2005:10:21:38 -0800] "GET /movies/AllSix.zip HTTP/1.1" 206 7468258
81.39.71.187 - - [04/Dec/2005:10:21:40 -0800] "GET /movies/AllSix.zip HTTP/1.1" 206 7468258
81.39.71.187 - - [04/Dec/2005:10:21:42 -0800] "GET /movies/AllSix.zip HTTP/1.1" 206 7468260
84.112.7.72 - - [04/Dec/2005:10:22:00 -0800] "GET /movies/ThaneVid2_by_Iator.zip HTTP/1.1" 206 61151936
84.218.55.35 - - [04/Dec/2005:10:22:02 -0800] "GET /movies2/Camlann%20Shadow%20Zone.zip HTTP/1.1" 200 141905700
84.112.7.72 - - [04/Dec/2005:10:22:05 -0800] "GET /movies/ThaneVid2_by_Iator.zip HTTP/1.1" 206 61247576
84.112.7.72 - - [04/Dec/2005:10:22:06 -0800] "GET /movies/ThaneVid2_by_Iator.zip HTTP/1.1" 206 61192483
84.112.7.72 - - [04/Dec/2005:10:22:15 -0800] "GET /movies/ThaneVid2_by_Iator.zip HTTP/1.1" 206 493131
84.112.7.72 - - [04/Dec/2005:10:22:15 -0800] "GET /movies/ThaneVid2_by_Iator.zip HTTP/1.1" 206 60432608
84.112.7.72 - - [04/Dec/2005:10:22:16 -0800] "GET /movies/ThaneVid2_by_Iator.zip HTTP/1.1" 206 198211
84.112.7.72 - - [04/Dec/2005:10:22:16 -0800] "GET /movies/ThaneVid2_by_Iator.zip HTTP/1.1" 206 53671
84.112.7.72 - - [04/Dec/2005:10:22:16 -0800] "GET /movies/ThaneVid2_by_Iator.zip HTTP/1.1" 206 60971
84.112.7.72 - - [04/Dec/2005:10:22:16 -0800] "GET /movies/ThaneVid2_by_Iator.zip HTTP/1.1" 206 15711
84.112.7.72 - - [04/Dec/2005:10:22:16 -0800] "GET /movies/ThaneVid2_by_Iator.zip HTTP/1.1" 206 15711
84.112.7.72 - - [04/Dec/2005:10:22:16 -0800] "GET /movies/ThaneVid2_by_Iator.zip HTTP/1.1" 206 55131
84.112.7.72 - - [04/Dec/2005:10:22:17 -0800] "GET /movies/ThaneVid2_by_Iator.zip HTTP/1.1" 206 617416
84.112.7.72 - - [04/Dec/2005:10:22:17 -0800] "GET /movies/ThaneVid2_by_Iator.zip HTTP/1.1" 206 60289704
83.156.215.162 - - [04/Dec/2005:10:22:48 -0800] "GET /movies/PronwanIII.zip HTTP/1.1" 200 30029992
80.135.229.14 - - [04/Dec/2005:10:23:57 -0800] "GET /movies/Jahshua1.zip HTTP/1.1" 200 41464443
84.174.26.35 - - [04/Dec/2005:10:24:19 -0800] "HEAD /movies/HeretankVideo1.zip HTTP/1.1" 200 0
24.160.127.191 - - [04/Dec/2005:10:24:55 -0800] "GET /movies/darklegion_hq.zip HTTP/1.1" 200 396526000
84.174.26.35 - - [04/Dec/2005:10:25:00 -0800] "GET /movies/HeretankVideo1.zip HTTP/1.1" 200 173527
212.80.232.34 - - [04/Dec/2005:10:25:12 -0800] "GET /movies/ReleasE.zip HTTP/1.1" 200 18126304
60.41.166.173 - - [04/Dec/2005:10:25:27 -0800] "GET /movies/Warrior%20in%20BG.zip HTTP/1.1" 200 41435610
84.157.211.209 - - [04/Dec/2005:10:25:36 -0800] "GET /movies/Deception6.zip HTTP/1.1" 200 213983121
69.168.205.126 - - [04/Dec/2005:10:26:26 -0800] "GET /movies2/sepp_0001.zip HTTP/1.1" 200 1869568
69.168.205.126 - - [04/Dec/2005:10:26:35 -0800] "GET /movies2/sepp_0001.zip HTTP/1.1" 200 285428
84.5.225.44 - - [04/Dec/2005:10:27:10 -0800] "GET /movies2/Aerdi.zip HTTP/1.1" 200 40237747
84.63.44.55 - - [04/Dec/2005:10:28:46 -0800] "GET /movies2/Camlann%20Shadow%20Zone.zip HTTP/1.1" 200 297759
85.74.30.243 - - [04/Dec/2005:10:29:37 -0800] "GET /movies/All_Her_Chambers.zip HTTP/1.1" 200 195049040
213.199.78.43 - - [04/Dec/2005:10:29:48 -0800] "GET /movies2/Goldencam.rar HTTP/1.1" 200 266654160
81.240.223.233 - - [04/Dec/2005:10:30:08 -0800] "GET /movies2/legio_4.zip HTTP/1.1" 200 507878
211.247.171.13 - - [04/Dec/2005:10:30:28 -0800] "GET /movies2/SpeedMouse.zip HTTP/1.1" 200 322985571
84.143.208.246 - - [04/Dec/2005:10:30:52 -0800] "GET /movies/2toTango_divx2.zip HTTP/1.1" 200 28334134
84.143.208.246 - - [04/Dec/2005:10:30:53 -0800] "GET /movies/AChampsLife3high.zip HTTP/1.1" 200 27852650
209.204.177.119 - - [04/Dec/2005:10:32:56 -0800] "GET /movies2/nov15.zip HTTP/1.1" 200 196927704
213.36.109.242 - - [04/Dec/2005:10:33:11 -0800] "GET /movies/cgrvr.rar HTTP/1.1" 206 5070239
213.36.109.242 - - [04/Dec/2005:10:33:14 -0800] "GET /movies/cgrvr.rar HTTP/1.1" 206 4899419
213.36.109.242 - - [04/Dec/2005:10:33:14 -0800] "GET /movies/cgrvr.rar HTTP/1.1" 206 4744657
213.36.109.242 - - [04/Dec/2005:10:33:18 -0800] "GET /movies/cgrvr.rar HTTP/1.1" 206 4751958
84.167.73.228 - - [04/Dec/2005:10:33:59 -0800] "GET /movies/Nosgoth_Untouchabel.zip HTTP/1.1" 200 9582679
62.214.245.181 - - [04/Dec/2005:10:34:15 -0800] "GET /movies/Yla-AViewToAKill.zip HTTP/1.1" 200 23205070
68.234.70.69 - - [04/Dec/2005:10:34:20 -0800] "GET /movies2/sepp_0001.zip HTTP/1.1" 200 18144822
24.160.127.191 - - [04/Dec/2005:10:35:58 -0800] "GET /movies2/FUN.zip HTTP/1.1" 200 412093813
82.72.45.14 - - [04/Dec/2005:10:37:45 -0800] "GET /favicon.ico HTTP/1.1" 404 283
213.47.153.65 - - [04/Dec/2005:10:38:42 -0800] "GET /movies/Gank%20Vid%203%20-%20A%20Night%20of%208v8%20PuG%20v%20PuG%20on%20Tristan%20267mb.zip HTTP/1.1" 206 26727331
66.31.162.78 - - [04/Dec/2005:10:39:15 -0800] "GET /movies/AmishParadise.zip HTTP/1.1" 200 43025780
24.47.61.98 - - [04/Dec/2005:10:39:39 -0800] "GET /movies2/A%20Day%20in%20a%20Bard's%20Life%20-%20The%20Bard's%20Tale%20IV.zip HTTP/1.1" 200 125418395
84.98.67.98 - - [04/Dec/2005:10:40:32 -0800] "GET /movies/Zeltax.zip HTTP/1.1" 200 125120
84.98.67.98 - - [04/Dec/2005:10:40:56 -0800] "GET /movies/Zeltax.zip HTTP/1.1" 200 14079
82.123.134.160 - - [04/Dec/2005:10:42:06 -0800] "GET /movies2/legio_3.zip HTTP/1.1" 200 495668
150.208.201.193 - - [04/Dec/2005:10:43:46 -0800] "GET /movies2/sepp_0001.zip HTTP/1.1" 200 4973288
87.0.238.153 - - [04/Dec/2005:10:44:32 -0800] "GET /movies2/Incoming.zip HTTP/1.1" 200 236315213
86.56.0.173 - - [04/Dec/2005:10:44:50 -0800] "GET /movies2/rvr.zip HTTP/1.1" 200 8416900
86.196.193.60 - - [04/Dec/2005:10:45:03 -0800] "GET /movies2/Swichx.zip HTTP/1.1" 200 251784234
24.243.171.133 - - [04/Dec/2005:10:45:49 -0800] "GET /movies2/sepp_0001.zip HTTP/1.1" 200 18144822
195.22.79.116 - - [04/Dec/2005:10:47:32 -0800] "GET /movies/minstreldude.zip HTTP/1.1" 200 34590888
82.72.45.14 - - [04/Dec/2005:10:48:29 -0800] "GET /movies2/sepp_0001.zip HTTP/1.1" 200 18144822
67.8.44.63 - - [04/Dec/2005:10:48:53 -0800] "GET /movies/Alb-Merlin.zip HTTP/1.1" 200 110362111
84.56.48.145 - - [04/Dec/2005:10:49:31 -0800] "GET /movies/AMAYA_200605-040705_FINAL.rar HTTP/1.1" 200 85736382
70.174.9.228 - - [04/Dec/2005:10:49:54 -0800] "GET /movies2/sepp_0001.zip HTTP/1.1" 200 18144822
68.47.169.233 - - [04/Dec/2005:10:50:22 -0800] "GET /movies2/Camlann%20Shadow%20Zone.zip HTTP/1.1" 200 141905700
84.190.167.20 - - [04/Dec/2005:10:51:04 -0800] "GET /movies/HoA%20Adrenaline.zip HTTP/1.1" 206 63062192
84.190.167.20 - - [04/Dec/2005:10:51:09 -0800] "GET /movies/HoA%20Adrenaline.zip HTTP/1.1" 206 63095924
68.47.169.233 - - [04/Dec/2005:10:51:15 -0800] "GET /movies/soylcamlann.zip HTTP/1.1" 200 157666434
24.250.5.135 - - [04/Dec/2005:10:52:05 -0800] "GET /movies2/sepp_0001.zip HTTP/1.1" 200 18144822
84.190.167.20 - - [04/Dec/2005:10:52:56 -0800] "GET /movies/HoA%20Adrenaline.zip HTTP/1.1" 206 63070876
24.8.213.122 - - [04/Dec/2005:10:53:03 -0800] "GET /movies2/sepp_0001.zip HTTP/1.1" 200 18144822
213.47.153.65 - - [04/Dec/2005:10:53:26 -0800] "GET /movies/Musha-Dori7.zip HTTP/1.1" 200 146085739
84.152.110.9 - - [04/Dec/2005:10:53:49 -0800] "GET /movies2/Daily_RvR-2.zip HTTP/1.1" 200 567038
85.178.181.58 - - [04/Dec/2005:10:54:08 -0800] "GET /movies2/legio_4.zip HTTP/1.1" 200 2973892
84.190.167.20 - - [04/Dec/2005:10:54:56 -0800] "GET /movies/HoA%20Adrenaline.zip HTTP/1.1" 206 65878959
24.243.171.133 - - [04/Dec/2005:10:55:08 -0800] "GET /movies2/Raila%20Memorial%20good.zip HTTP/1.1" 200 24692536
217.189.81.32 - - [04/Dec/2005:10:57:52 -0800] "GET /movies/cary.zip HTTP/1.1" 200 873368
85.178.181.58 - - [04/Dec/2005:10:58:08 -0800] "GET /movies/blood1.zip HTTP/1.1" 200 11068792
65.40.202.132 - - [04/Dec/2005:10:59:16 -0800] "GET /movies/Rakshah%20Solo%20PvP%201.zip HTTP/1.1" 200 62699388
84.5.225.44 - - [04/Dec/2005:10:59:58 -0800] "GET /movies2/Aedhas_SB_Ector_NF_03_01.zip HTTP/1.1" 200 91126455
80.137.220.135 - - [04/Dec/2005:11:00:04 -0800] "GET /movies/monstera.zip HTTP/1.1" 200 148000450
87.0.204.229 - - [04/Dec/2005:11:00:53 -0800] "GET /movies/MalignLance.zip HTTP/1.1" 200 116652565
193.253.199.50 - - [04/Dec/2005:11:01:53 -0800] "GET /movies2/WaffenbundTheMovie.zip HTTP/1.1" 200 379691340
85.178.181.58 - - [04/Dec/2005:11:03:13 -0800] "GET /movies2/Shen-an-Calhar.zip HTTP/1.1" 200 781048
84.222.176.248 - - [04/Dec/2005:11:03:14 -0800] "GET /movies/DP4ever.zip HTTP/1.1" 200 339176043
24.218.152.191 - - [04/Dec/2005:11:05:42 -0800] "GET /movies2/macathoMovie.zip HTTP/1.1" 200 237996682
24.160.127.191 - - [04/Dec/2005:11:05:54 -0800] "GET /movies2/FR4.zip HTTP/1.1" 200 529555850
84.189.223.48 - - [04/Dec/2005:11:06:35 -0800] "GET /movies2/Gimp_and_Run_DivX.zip HTTP/1.1" 200 69272820
24.16.197.109 - - [04/Dec/2005:11:07:22 -0800] "GET /movies2/rylau3.zip HTTP/1.1" 200 202733626
84.189.223.100 - - [04/Dec/2005:11:07:38 -0800] "GET /movies2/Gimp_and_Run_DivX.zip HTTP/1.1" 200 2568372
213.47.153.65 - - [04/Dec/2005:11:08:01 -0800] "GET /movies/RvRwithRush.zip HTTP/1.1" 200 207005265
213.47.153.65 - - [04/Dec/2005:11:08:03 -0800] "GET /movies/Gank%20Vid%203%20-%20A%20Night%20of%208v8%20PuG%20v%20PuG%20on%20Tristan%20267mb.zip HTTP/1.1" 200 36178
82.250.23.18 - - [04/Dec/2005:11:08:16 -0800] "GET /movies/AMAYA_200605-040705_FINAL.rar HTTP/1.1" 200 63897394
24.8.213.122 - - [04/Dec/2005:11:09:28 -0800] "GET /movies/Another%20Contender.zip HTTP/1.1" 200 237151043
71.65.76.77 - - [04/Dec/2005:11:11:27 -0800] "GET /movies/Reaver_Bomb_small2.zip HTTP/1.1" 200 45504414
24.243.171.133 - - [04/Dec/2005:11:12:20 -0800] "GET /movies2/Camlann%20Shadow%20Zone.zip HTTP/1.1" 200 141905700
83.201.129.111 - - [04/Dec/2005:11:13:09 -0800] "GET /favicon.ico HTTP/1.1" 404 283
82.198.63.107 - - [04/Dec/2005:11:13:09 -0800] "GET /movies2/Absorbx_Gareth.zip HTTP/1.1" 200 259353344
83.201.129.111 - - [04/Dec/2005:11:13:25 -0800] "GET /movies/Tournoi%20NRvsVIPvsUseless.zip HTTP/1.1" 200 236354
24.165.44.112 - - [04/Dec/2005:11:15:02 -0800] "GET /movies2/sepp_0001.zip HTTP/1.1" 200 18144822
213.47.153.65 - - [04/Dec/2005:11:15:43 -0800] "GET /movies2/caerleon.zip HTTP/1.1" 200 219466777
84.160.90.123 - - [04/Dec/2005:11:16:24 -0800] "GET /movies/Achtung%20Baby%20II%20-%20March%201.zip HTTP/1.1" 200 117307261
195.22.79.116 - - [04/Dec/2005:11:16:25 -0800] "GET /movies/OctosGareth1.zip HTTP/1.1" 200 77980569
80.99.107.186 - - [04/Dec/2005:11:17:43 -0800] "GET /movies/TaurenPath.zip HTTP/1.1" 200 47154422
68.45.71.184 - - [04/Dec/2005:11:18:03 -0800] "GET /movies2/TdkBomB2.zip HTTP/1.1" 200 169357489
62.214.245.181 - - [04/Dec/2005:11:18:23 -0800] "GET /movies/AYS3.zip HTTP/1.1" 200 146329
24.71.223.140 - - [04/Dec/2005:11:18:36 -0800] "GET /movies2/WaffenbundTheMovie.zip HTTP/1.1" 200 379691340
84.5.225.44 - - [04/Dec/2005:11:19:10 -0800] "GET /movies/animus-julae.zip HTTP/1.1" 200 111075738
86.196.193.60 - - [04/Dec/2005:11:19:52 -0800] "GET /movies/originalganksta.zip HTTP/1.1" 200 66713934
69.165.97.115 - - [04/Dec/2005:11:20:30 -0800] "GET /movies/05-04-16.zip HTTP/1.1" 200 60998
83.201.129.111 - - [04/Dec/2005:11:20:51 -0800] "GET /favicon.ico HTTP/1.1" 404 283
80.58.5.237 - - [04/Dec/2005:11:20:53 -0800] "GET /movies/YummiesDuoVideo.zip HTTP/1.1" 200 6017192
84.151.117.44 - - [04/Dec/2005:11:22:01 -0800] "GET /movies/cgrvr.rar HTTP/1.1" 200 22952876
85.98.108.149 - - [04/Dec/2005:11:22:48 -0800] "GET /movies2/CCCPlamorak.zip HTTP/1.0" 200 211205543
213.47.153.65 - - [04/Dec/2005:11:23:11 -0800] "GET /movies/14-june.rar HTTP/1.1" 200 349482509
213.47.153.65 - - [04/Dec/2005:11:23:13 -0800] "GET /movies2/caerleon.zip HTTP/1.1" 200 36180
81.86.150.251 - - [04/Dec/2005:11:23:44 -0800] "GET /movies/Godmode3.zip HTTP/1.1" 200 94185049
81.208.83.210 - - [04/Dec/2005:11:24:41 -0800] "GET /movies2/legio_4.zip HTTP/1.1" 200 188758698
85.165.175.51 - - [04/Dec/2005:11:24:51 -0800] "GET /movies2/ValiantGlory2.zip HTTP/1.1" 200 18466208
85.165.175.51 - - [04/Dec/2005:11:24:55 -0800] "GET /movies2/A_Saracen's_Tale.zip HTTP/1.1" 200 21671728
68.83.131.221 - - [04/Dec/2005:11:25:48 -0800] "GET /movies/buncha_cab_lil_drood.zip HTTP/1.1" 200 142057089
84.147.82.106 - - [04/Dec/2005:11:26:25 -0800] "GET /movies/ValiantGlory.zip HTTP/1.1" 200 219007828
84.174.207.47 - - [04/Dec/2005:11:26:37 -0800] "GET /movies/Illusb_RR7_Shadowblade_Movie_1_1500k.rar HTTP/1.1" 200 140025920
83.152.125.125 - - [04/Dec/2005:11:28:05 -0800] "GET /movies/PronwanIII.zip HTTP/1.1" 200 81978844
84.61.32.220 - - [04/Dec/2005:11:28:11 -0800] "GET /movies2/rylau3.zip HTTP/1.1" 200 202733626
83.205.3.193 - - [04/Dec/2005:11:29:31 -0800] "GET /movies/PD%20leirvik.zip HTTP/1.1" 200 12909357
82.49.203.72 - - [04/Dec/2005:11:29:55 -0800] "GET /movies/sw33t.zip HTTP/1.1" 200 266535457
80.143.207.164 - - [04/Dec/2005:11:31:20 -0800] "GET /movies2/Zwerge.zip HTTP/1.1" 200 52692766
12.217.52.72 - - [04/Dec/2005:11:31:21 -0800] "GET /movies2/Raila%20Memorial%20good.zip HTTP/1.1" 200 24692536
