83.195.84.232 - - [02/Dec/2005:16:51:15 -0800] "GET /movies2/WaffenbundTheMovie.zip HTTP/1.1" 200 2062004
83.195.84.232 - - [02/Dec/2005:16:51:15 -0800] "GET /movies2/Camlann%20Shadow%20Zone.zip HTTP/1.1" 200 465772
83.195.84.232 - - [02/Dec/2005:16:51:41 -0800] "HEAD /movies2/Camlann%20Shadow%20Zone.zip HTTP/1.1" 200 0
83.195.84.232 - - [02/Dec/2005:16:51:42 -0800] "HEAD /movies2/WaffenbundTheMovie.zip HTTP/1.1" 200 0
83.195.84.232 - - [02/Dec/2005:16:51:48 -0800] "GET /movies2/WaffenbundTheMovie.zip HTTP/1.1" 200 1011916
83.195.84.232 - - [02/Dec/2005:16:51:50 -0800] "GET /movies2/Camlann%20Shadow%20Zone.zip HTTP/1.1" 200 118632
84.190.177.193 - - [02/Dec/2005:16:51:51 -0800] "GET /movies2/sepp_0001.zip HTTP/1.1" 200 18400
212.195.175.65 - - [02/Dec/2005:16:52:30 -0800] "GET /movies/Paladin.zip HTTP/1.1" 200 24185627
84.190.177.193 - - [02/Dec/2005:16:52:48 -0800] "GET /movies2/sepp_0001.zip HTTP/1.1" 200 2521632
84.190.177.193 - - [02/Dec/2005:16:52:48 -0800] "GET /movies2/sepp_0001.zip HTTP/1.1" 206 1785440
84.190.177.193 - - [02/Dec/2005:16:52:48 -0800] "GET /movies2/sepp_0001.zip HTTP/1.1" 206 1684640
84.190.177.193 - - [02/Dec/2005:16:52:48 -0800] "GET /movies2/sepp_0001.zip HTTP/1.1" 206 1587939
209.3.152.35 - - [02/Dec/2005:16:53:35 -0800] "GET /movies/BladeshadeVol.2.zip HTTP/1.1" 200 163276
66.253.189.217 - - [02/Dec/2005:16:53:42 -0800] "GET /movies/Godmode.zip HTTP/1.1" 200 33683328
84.190.177.193 - - [02/Dec/2005:16:53:45 -0800] "GET /movies2/sepp_0001.zip HTTP/1.1" 206 2883370
84.190.177.193 - - [02/Dec/2005:16:54:00 -0800] "GET /movies2/sepp_0001.zip HTTP/1.1" 206 2116419
84.190.177.193 - - [02/Dec/2005:16:54:01 -0800] "GET /movies2/sepp_0001.zip HTTP/1.1" 206 2528384
84.190.177.193 - - [02/Dec/2005:16:54:22 -0800] "GET /movies2/sepp_0001.zip HTTP/1.1" 206 2845059
84.190.177.193 - - [02/Dec/2005:16:54:24 -0800] "GET /movies2/sepp_0001.zip HTTP/1.1" 206 588581
65.24.123.20 - - [02/Dec/2005:16:54:36 -0800] "GET /movies2/WaffenbundTheMovie.zip HTTP/1.1" 200 379691340
134.53.169.188 - - [02/Dec/2005:16:54:39 -0800] "GET /movies/dirty%20dancing%20in%20ascalon.zip HTTP/1.1" 200 26428292
134.53.169.188 - - [02/Dec/2005:16:54:59 -0800] "GET /movies2/RPPVPVideo.wmv HTTP/1.1" 404 294
134.53.169.188 - - [02/Dec/2005:16:55:10 -0800] "GET /movies2/RPPVPVideo.wmv HTTP/1.1" 404 294
82.83.41.61 - - [02/Dec/2005:16:55:44 -0800] "GET /movies/LixaMLF.v3.zip HTTP/1.1" 200 373216
87.2.65.205 - - [02/Dec/2005:16:55:52 -0800] "GET /movies2/macathoMovie.zip HTTP/1.1" 200 237996682
209.3.152.35 - - [02/Dec/2005:16:56:28 -0800] "GET /movies/BladeshadeVol.2.zip HTTP/1.1" 200 90356
172.211.206.203 - - [02/Dec/2005:16:57:03 -0800] "GET /movies/NS.zip HTTP/1.1" 206 1573168
172.211.206.203 - - [02/Dec/2005:16:57:03 -0800] "GET /movies/NS.zip HTTP/1.1" 206 1084894
172.211.206.203 - - [02/Dec/2005:16:57:03 -0800] "GET /movies/NS.zip HTTP/1.1" 206 1511632
172.211.206.203 - - [02/Dec/2005:16:57:03 -0800] "GET /movies/NS.zip HTTP/1.1" 206 982893
84.168.176.54 - - [02/Dec/2005:16:58:21 -0800] "GET /movies/Betty.zip HTTP/1.1" 206 35097363
84.168.176.54 - - [02/Dec/2005:16:58:23 -0800] "GET /movies2/amaya2_healplz.zip HTTP/1.1" 206 35686871
62.143.132.150 - - [02/Dec/2005:16:58:24 -0800] "GET /movies2/sepp_0001.zip HTTP/1.1" 200 18144822
84.168.176.54 - - [02/Dec/2005:16:58:25 -0800] "GET /movies2/maelstrom_cluster1.zip HTTP/1.1" 200 57429182
84.168.176.54 - - [02/Dec/2005:16:58:26 -0800] "GET /movies/EpicEpeenEpisode.zip HTTP/1.1" 200 57375458
82.83.41.61 - - [02/Dec/2005:16:58:44 -0800] "GET /movies/indi_bia.zip HTTP/1.1" 200 106078
217.17.22.6 - - [02/Dec/2005:16:59:15 -0800] "GET /movies2/Aedhas_SB_Ector_NF_01_01.zip HTTP/1.1" 200 110118834
86.194.185.146 - - [02/Dec/2005:16:59:52 -0800] "GET /movies2/CloakedkillerTheCritblade.zip HTTP/1.1" 200 32505708
82.83.41.61 - - [02/Dec/2005:17:00:40 -0800] "GET /movies/indi_bia.zip HTTP/1.1" 206 2695304
61.117.55.115 - - [02/Dec/2005:17:01:47 -0800] "GET /favicon.ico HTTP/1.1" 404 283
80.171.14.114 - - [02/Dec/2005:17:02:12 -0800] "GET /movies2/WaffenbundTheMovie.zip HTTP/1.1" 200 35350
194.255.6.42 - - [02/Dec/2005:17:03:07 -0800] "GET /favicon.ico HTTP/1.1" 404 283
194.255.6.42 - - [02/Dec/2005:17:03:16 -0800] "GET /movies/NE%20DF%20last.zip HTTP/1.1" 200 125228
83.156.105.226 - - [02/Dec/2005:17:03:16 -0800] "GET /movies/Elfichtersx2.zip HTTP/1.1" 200 10011784
80.137.220.16 - - [02/Dec/2005:17:03:18 -0800] "GET /movies2/Thid_inf_backslashrude.zip HTTP/1.1" 200 10564552
66.253.189.217 - - [02/Dec/2005:17:03:24 -0800] "GET /movies/Keylo-28-3-05.zip HTTP/1.1" 200 44148206
82.59.190.98 - - [02/Dec/2005:17:04:14 -0800] "GET /movies/Silverfist%20Brigade%20RangersShades%20Vol%202%20Remix.zip HTTP/1.1" 206 46638327
82.59.190.98 - - [02/Dec/2005:17:04:28 -0800] "GET /movies/Silverfist%20Brigade%20RangersShades%20Vol%202%20Remix.zip HTTP/1.1" 206 46638323
212.214.253.111 - - [02/Dec/2005:17:04:30 -0800] "GET /movies/lamorak%20druid.zip HTTP/1.1" 206 224100906
82.59.190.98 - - [02/Dec/2005:17:05:00 -0800] "GET /movies/Silverfist%20Brigade%20RangersShades%20Vol%202%20Remix.zip HTTP/1.1" 206 46638327
62.47.150.29 - - [02/Dec/2005:17:05:02 -0800] "GET /movies/Illusb_RR7_Shadowblade_Movie_1_1500k.rar HTTP/1.1" 200 204528169
84.182.195.212 - - [02/Dec/2005:17:05:21 -0800] "GET /movies/Arcane_duo3.zip HTTP/1.1" 200 65512778
82.59.190.98 - - [02/Dec/2005:17:05:25 -0800] "GET /movies/Silverfist%20Brigade%20RangersShades%20Vol%202%20Remix.zip HTTP/1.1" 206 46638327
213.39.157.10 - - [02/Dec/2005:17:05:35 -0800] "GET /movies/cgrvr.rar HTTP/1.1" 200 134292823
84.140.236.242 - - [02/Dec/2005:17:06:34 -0800] "GET /movies/A%20Life%20in%20Danger.zip HTTP/1.1" 206 46402290
213.182.113.75 - - [02/Dec/2005:17:06:47 -0800] "GET /favicon.ico HTTP/1.1" 404 283
84.140.236.242 - - [02/Dec/2005:17:07:17 -0800] "GET /movies/A%20Life%20in%20Danger.zip HTTP/1.1" 206 44378300
84.140.236.242 - - [02/Dec/2005:17:07:17 -0800] "GET /movies/A%20Life%20in%20Danger.zip HTTP/1.1" 206 1081414
83.195.84.232 - - [02/Dec/2005:17:08:40 -0800] "GET /movies2/Camlann%20Shadow%20Zone.zip HTTP/1.1" 206 18212308
83.195.84.232 - - [02/Dec/2005:17:08:40 -0800] "HEAD /movies2/WaffenbundTheMovie.zip HTTP/1.1" 200 0
83.195.84.232 - - [02/Dec/2005:17:09:05 -0800] "GET /movies2/WaffenbundTheMovie.zip HTTP/1.1" 200 837676
83.195.84.232 - - [02/Dec/2005:17:09:05 -0800] "HEAD /movies2/Camlann%20Shadow%20Zone.zip HTTP/1.1" 200 0
83.195.84.232 - - [02/Dec/2005:17:09:08 -0800] "GET /movies2/Camlann%20Shadow%20Zone.zip HTTP/1.1" 200 72280
70.251.239.108 - - [02/Dec/2005:17:09:18 -0800] "GET /movies2/rvr1.zip HTTP/1.1" 200 25816940
83.195.84.232 - - [02/Dec/2005:17:09:23 -0800] "GET /movies/Alte%20Feind.zip HTTP/1.1" 200 140521
81.139.191.135 - - [02/Dec/2005:17:10:31 -0800] "GET /movies/Reckless2.zip HTTP/1.1" 200 97436322
83.195.84.232 - - [02/Dec/2005:17:11:15 -0800] "GET /movies2/WaffenbundTheMovie.zip HTTP/1.1" 206 13175320
84.131.58.26 - - [02/Dec/2005:17:11:16 -0800] "GET /movies/Zeltax.zip HTTP/1.1" 200 300639
207.215.188.180 - - [02/Dec/2005:17:11:28 -0800] "GET /movies2/Camlann%20Shadow%20Zone.zip HTTP/1.1" 200 36348879
71.252.64.8 - - [02/Dec/2005:17:12:02 -0800] "GET /movies/IamScaar.zip HTTP/1.1" 200 32106368
83.195.84.232 - - [02/Dec/2005:17:12:17 -0800] "HEAD /movies2/Camlann%20Shadow%20Zone.zip HTTP/1.1" 200 0
138.237.172.43 - - [02/Dec/2005:17:12:40 -0800] "GET /movies/PuG1Final.zip HTTP/1.1" 200 137628227
84.141.79.223 - - [02/Dec/2005:17:13:59 -0800] "GET /favicon.ico HTTP/1.1" 404 283
84.190.177.193 - - [02/Dec/2005:17:14:04 -0800] "GET /movies/GladricSoloRvrMovie4.zip HTTP/1.1" 200 12638
84.190.177.193 - - [02/Dec/2005:17:14:19 -0800] "GET /movies/SavageTheMovie.zip HTTP/1.1" 200 18398
82.248.98.153 - - [02/Dec/2005:17:14:37 -0800] "GET /movies2/Goldencam.rar HTTP/1.1" 200 1548440
84.190.177.193 - - [02/Dec/2005:17:14:46 -0800] "GET /movies/snarfsoloingNF_0001.zip HTTP/1.1" 200 18399
83.226.179.108 - - [02/Dec/2005:17:14:52 -0800] "GET /movies2/sepp_0001.zip HTTP/1.1" 200 18144822
80.171.14.114 - - [02/Dec/2005:17:15:00 -0800] "GET /movies2/Camlann%20Shadow%20Zone.zip HTTP/1.1" 200 16073444
80.171.14.114 - - [02/Dec/2005:17:15:02 -0800] "GET /movies2/sepp_0001.zip HTTP/1.1" 200 18019688
80.171.14.114 - - [02/Dec/2005:17:15:03 -0800] "GET /movies2/WaffenbundTheMovie.zip HTTP/1.1" 200 16798446
80.171.14.114 - - [02/Dec/2005:17:15:06 -0800] "GET /movies2/sepp_0001.zip HTTP/1.1" 206 217058
86.193.139.230 - - [02/Dec/2005:17:15:13 -0800] "GET /movies2/CloakedkillerTheCritblade.zip HTTP/1.1" 200 8663168
84.182.195.212 - - [02/Dec/2005:17:15:16 -0800] "GET /movies2/Lemiis_guide_to_Tanking_part_1.zip HTTP/1.1" 200 83359680
68.253.113.58 - - [02/Dec/2005:17:15:44 -0800] "GET /movies/Ciliviel's%20Fourth.zip HTTP/1.1" 200 29152224
68.253.113.58 - - [02/Dec/2005:17:15:44 -0800] "GET /movies2/Cilivielmovie5.zip HTTP/1.1" 200 29735880
82.122.51.14 - - [02/Dec/2005:17:16:33 -0800] "GET /movies2/Camlann%20Shadow%20Zone.zip HTTP/1.1" 200 37639
82.122.51.14 - - [02/Dec/2005:17:17:07 -0800] "GET /movies2/sepp_0001.zip HTTP/1.1" 200 37640
84.190.177.193 - - [02/Dec/2005:17:17:09 -0800] "GET /movies/RidlinTeeka.zip HTTP/1.1" 200 18398
83.195.84.232 - - [02/Dec/2005:17:17:24 -0800] "GET /movies2/Camlann%20Shadow%20Zone.zip HTTP/1.1" 200 8125784
84.190.177.193 - - [02/Dec/2005:17:17:26 -0800] "GET /movies/NS.zip HTTP/1.1" 200 18397
84.131.58.26 - - [02/Dec/2005:17:17:43 -0800] "GET /movies/Zeltax.zip HTTP/1.1" 206 3787392
84.190.177.193 - - [02/Dec/2005:17:18:29 -0800] "GET /favicon.ico HTTP/1.1" 404 283
84.190.177.193 - - [02/Dec/2005:17:18:30 -0800] "GET /movies/Ciliviel's%20Fourth.zip HTTP/1.1" 200 21277
84.190.177.193 - - [02/Dec/2005:17:18:42 -0800] "GET /movies/HoAAdren2.zip HTTP/1.1" 200 18398
69.245.154.236 - - [02/Dec/2005:17:18:43 -0800] "GET /movies/reavervid.rar HTTP/1.1" 200 90697525
84.190.177.193 - - [02/Dec/2005:17:19:02 -0800] "GET /movies/GladricSoloRvrMovie3.zip HTTP/1.1" 200 18398
82.248.98.153 - - [02/Dec/2005:17:19:29 -0800] "GET / HTTP/1.1" 200 7
84.190.177.193 - - [02/Dec/2005:17:19:52 -0800] "GET /movies/HoAAdren2.zip HTTP/1.1" 206 155140
82.248.98.153 - - [02/Dec/2005:17:19:58 -0800] "GET /Goldencam.rar HTTP/1.1" 404 285
83.156.105.226 - - [02/Dec/2005:17:20:12 -0800] "GET /movies/kikoo.zip HTTP/1.1" 200 23219419
84.131.58.26 - - [02/Dec/2005:17:21:36 -0800] "GET /movies/Zeltax.zip HTTP/1.1" 206 10936448
80.171.14.114 - - [02/Dec/2005:17:21:51 -0800] "GET /movies2/WaffenbundTheMovie.zip HTTP/1.1" 206 9354056
80.171.14.114 - - [02/Dec/2005:17:21:53 -0800] "GET /movies2/Camlann%20Shadow%20Zone.zip HTTP/1.1" 206 8908964
84.131.58.26 - - [02/Dec/2005:17:22:08 -0800] "GET /movies/Zeltax.zip HTTP/1.1" 206 10937280
81.244.230.15 - - [02/Dec/2005:17:22:27 -0800] "GET /movies/cgrvr.rar HTTP/1.1" 200 134292823
84.131.58.26 - - [02/Dec/2005:17:22:49 -0800] "GET /movies/Zeltax.zip HTTP/1.1" 206 10931136
84.131.58.26 - - [02/Dec/2005:17:22:59 -0800] "GET /movies/Zeltax.zip HTTP/1.1" 206 10003335
84.131.58.26 - - [02/Dec/2005:17:23:02 -0800] "GET /movies/Zeltax.zip HTTP/1.1" 200 11008517
84.131.58.26 - - [02/Dec/2005:17:23:10 -0800] "GET /movies/Zeltax.zip HTTP/1.1" 206 5519616
84.131.58.26 - - [02/Dec/2005:17:23:17 -0800] "GET /movies/Zeltax.zip HTTP/1.1" 206 1668439
84.131.58.26 - - [02/Dec/2005:17:23:17 -0800] "GET /movies/Zeltax.zip HTTP/1.1" 206 9568320
84.131.58.26 - - [02/Dec/2005:17:23:19 -0800] "GET /movies/Zeltax.zip HTTP/1.1" 206 383136
84.131.58.26 - - [02/Dec/2005:17:23:22 -0800] "GET /movies/Zeltax.zip HTTP/1.1" 206 617856
84.131.58.26 - - [02/Dec/2005:17:23:23 -0800] "GET /movies/Zeltax.zip HTTP/1.1" 206 10936896
84.131.58.26 - - [02/Dec/2005:17:23:23 -0800] "GET /movies/Zeltax.zip HTTP/1.1" 206 10376295
84.131.58.26 - - [02/Dec/2005:17:23:25 -0800] "GET /movies/Zeltax.zip HTTP/1.1" 206 381696
84.131.58.26 - - [02/Dec/2005:17:23:30 -0800] "GET /movies/Zeltax.zip HTTP/1.1" 206 945824
84.131.58.26 - - [02/Dec/2005:17:23:31 -0800] "GET /movies/Zeltax.zip HTTP/1.1" 206 714176
207.196.163.5 - - [02/Dec/2005:17:24:03 -0800] "GET /movies2/Solo%20Hero%202.zip HTTP/1.1" 200 1606972
82.122.51.14 - - [02/Dec/2005:17:24:14 -0800] "GET /movies2/Camlann%20Shadow%20Zone.zip HTTP/1.1" 200 3851236
82.122.51.14 - - [02/Dec/2005:17:24:14 -0800] "GET /movies2/Camlann%20Shadow%20Zone.zip HTTP/1.1" 206 3676036
82.122.51.14 - - [02/Dec/2005:17:24:14 -0800] "GET /movies2/Camlann%20Shadow%20Zone.zip HTTP/1.1" 206 3513835
82.122.51.14 - - [02/Dec/2005:17:24:14 -0800] "GET /movies2/Camlann%20Shadow%20Zone.zip HTTP/1.1" 206 3253955
82.122.51.14 - - [02/Dec/2005:17:24:14 -0800] "GET /movies2/Camlann%20Shadow%20Zone.zip HTTP/1.1" 206 3573836
69.245.154.236 - - [02/Dec/2005:17:24:58 -0800] "GET /movies2/Avalon%20Needs%20More%20Solo%20Tanks.zip HTTP/1.1" 200 111020541
82.122.51.14 - - [02/Dec/2005:17:24:59 -0800] "GET /movies2/sepp_0001.zip HTTP/1.1" 206 4536206
82.122.51.14 - - [02/Dec/2005:17:25:44 -0800] "GET /movies2/sepp_0001.zip HTTP/1.1" 206 4572476
82.122.51.14 - - [02/Dec/2005:17:26:22 -0800] "GET /movies2/sepp_0001.zip HTTP/1.1" 206 656756
82.122.51.14 - - [02/Dec/2005:17:26:23 -0800] "GET /movies2/sepp_0001.zip HTTP/1.1" 206 669896
82.122.51.14 - - [02/Dec/2005:17:26:28 -0800] "GET /movies2/sepp_0001.zip HTTP/1.1" 206 697636
82.122.51.14 - - [02/Dec/2005:17:26:32 -0800] "GET /movies2/sepp_0001.zip HTTP/1.1" 206 646536
82.122.51.14 - - [02/Dec/2005:17:26:32 -0800] "GET /movies2/sepp_0001.zip HTTP/1.1" 200 4644492
82.122.51.14 - - [02/Dec/2005:17:26:39 -0800] "GET /movies2/sepp_0001.zip HTTP/1.1" 206 675599
82.122.51.14 - - [02/Dec/2005:17:27:00 -0800] "GET /movies2/sepp_0001.zip HTTP/1.1" 206 498939
82.122.51.14 - - [02/Dec/2005:17:27:13 -0800] "GET /movies2/sepp_0001.zip HTTP/1.1" 206 834552
69.168.195.50 - - [02/Dec/2005:17:27:21 -0800] "GET /movies2/sepp_0001.zip HTTP/1.1" 200 18144822
66.229.49.81 - - [02/Dec/2005:17:27:32 -0800] "GET /movies2/Raila%20Memorial%20good.zip HTTP/1.1" 200 91660
66.229.49.81 - - [02/Dec/2005:17:27:39 -0800] "GET /movies2/Raila%20Memorial%20good.zip HTTP/1.1" 200 46400
138.237.172.43 - - [02/Dec/2005:17:28:16 -0800] "GET /movies/Reckless2.zip HTTP/1.1" 200 97436322
66.229.49.81 - - [02/Dec/2005:17:28:19 -0800] "GET /movies2/WaffenbundTheMovie.zip HTTP/1.1" 200 46398
66.229.49.81 - - [02/Dec/2005:17:28:21 -0800] "GET /movies2/WaffenbundTheMovie.zip HTTP/1.0" 200 27456
66.229.49.81 - - [02/Dec/2005:17:28:23 -0800] "GET /movies2/Raila%20Memorial%20good.zip HTTP/1.0" 206 3509924
66.229.49.81 - - [02/Dec/2005:17:28:23 -0800] "GET /movies2/Raila%20Memorial%20good.zip HTTP/1.0" 206 2575352
66.229.49.81 - - [02/Dec/2005:17:28:24 -0800] "GET /movies2/Raila%20Memorial%20good.zip HTTP/1.0" 206 2620127
66.229.49.81 - - [02/Dec/2005:17:28:29 -0800] "GET /movies2/Raila%20Memorial%20good.zip HTTP/1.0" 206 2324608
66.229.49.81 - - [02/Dec/2005:17:28:30 -0800] "GET /movies2/Raila%20Memorial%20good.zip HTTP/1.0" 206 466944
66.229.49.81 - - [02/Dec/2005:17:28:31 -0800] "GET /movies2/Raila%20Memorial%20good.zip HTTP/1.0" 206 2611420
66.229.49.81 - - [02/Dec/2005:17:28:31 -0800] "GET /movies2/Raila%20Memorial%20good.zip HTTP/1.0" 206 3509696
66.229.49.81 - - [02/Dec/2005:17:28:32 -0800] "GET /movies2/Raila%20Memorial%20good.zip HTTP/1.0" 206 2410348
66.229.49.81 - - [02/Dec/2005:17:28:32 -0800] "GET /movies2/Raila%20Memorial%20good.zip HTTP/1.0" 200 3770692
66.229.49.81 - - [02/Dec/2005:17:28:32 -0800] "GET /movies2/Raila%20Memorial%20good.zip HTTP/1.0" 206 130912
66.229.49.81 - - [02/Dec/2005:17:28:32 -0800] "GET /movies2/Raila%20Memorial%20good.zip HTTP/1.0" 206 113716
66.229.49.81 - - [02/Dec/2005:17:28:32 -0800] "GET /movies2/Raila%20Memorial%20good.zip HTTP/1.0" 206 183796
66.229.49.81 - - [02/Dec/2005:17:28:32 -0800] "GET /movies2/Raila%20Memorial%20good.zip HTTP/1.0" 206 432400
66.229.49.81 - - [02/Dec/2005:17:28:32 -0800] "GET /movies2/Raila%20Memorial%20good.zip HTTP/1.0" 206 90032
66.229.49.81 - - [02/Dec/2005:17:28:33 -0800] "GET /movies2/Raila%20Memorial%20good.zip HTTP/1.0" 206 390468
217.17.22.6 - - [02/Dec/2005:17:28:44 -0800] "GET /movies/Part%202%20-%20Fear%20Of%20The%20Dark.zip HTTP/1.1" 200 139364158
66.229.49.81 - - [02/Dec/2005:17:29:12 -0800] "GET /movies2/Camlann%20Shadow%20Zone.zip HTTP/1.1" 200 28879
66.229.49.81 - - [02/Dec/2005:17:29:30 -0800] "GET /movies2/sepp_0001.zip HTTP/1.1" 200 28880
66.253.189.217 - - [02/Dec/2005:17:29:31 -0800] "GET /movies/AdNBombSquad-.zip HTTP/1.1" 200 106777054
66.229.49.81 - - [02/Dec/2005:17:29:36 -0800] "GET /movies2/Camlann%20Shadow%20Zone.zip HTTP/1.0" 206 826916
66.229.49.81 - - [02/Dec/2005:17:29:36 -0800] "GET /movies2/Camlann%20Shadow%20Zone.zip HTTP/1.0" 206 789596
66.229.49.81 - - [02/Dec/2005:17:29:36 -0800] "GET /movies2/Camlann%20Shadow%20Zone.zip HTTP/1.0" 200 907632
66.229.49.81 - - [02/Dec/2005:17:29:36 -0800] "GET /movies2/Camlann%20Shadow%20Zone.zip HTTP/1.0" 206 382173
66.229.49.81 - - [02/Dec/2005:17:29:36 -0800] "GET /movies2/Camlann%20Shadow%20Zone.zip HTTP/1.0" 206 681332
66.229.49.81 - - [02/Dec/2005:17:29:36 -0800] "GET /movies2/Camlann%20Shadow%20Zone.zip HTTP/1.0" 206 790832
66.229.49.81 - - [02/Dec/2005:17:29:36 -0800] "GET /movies2/Camlann%20Shadow%20Zone.zip HTTP/1.0" 206 687172
66.229.49.81 - - [02/Dec/2005:17:29:36 -0800] "GET /movies2/sepp_0001.zip HTTP/1.0" 503 382
66.229.49.81 - - [02/Dec/2005:17:29:42 -0800] "GET /movies2/Camlann%20Shadow%20Zone.zip HTTP/1.0" 206 441404
66.229.49.81 - - [02/Dec/2005:17:30:24 -0800] "GET /movies2/sepp_0001.zip HTTP/1.0" 200 2368140
66.229.49.81 - - [02/Dec/2005:17:30:34 -0800] "GET /movies2/sepp_0001.zip HTTP/1.0" 206 2309377
66.229.49.81 - - [02/Dec/2005:17:30:39 -0800] "GET /movies2/sepp_0001.zip HTTP/1.0" 206 2186592
66.229.49.81 - - [02/Dec/2005:17:30:39 -0800] "GET /movies2/sepp_0001.zip HTTP/1.0" 206 228164
66.229.49.81 - - [02/Dec/2005:17:30:41 -0800] "GET /movies2/sepp_0001.zip HTTP/1.0" 206 108983
66.229.49.81 - - [02/Dec/2005:17:30:41 -0800] "GET /movies2/sepp_0001.zip HTTP/1.0" 206 94412
66.229.49.81 - - [02/Dec/2005:17:30:42 -0800] "GET /movies2/sepp_0001.zip HTTP/1.0" 206 474816
66.229.49.81 - - [02/Dec/2005:17:30:43 -0800] "GET /movies2/sepp_0001.zip HTTP/1.0" 206 2252072
66.229.49.81 - - [02/Dec/2005:17:30:43 -0800] "GET /movies2/sepp_0001.zip HTTP/1.0" 206 2031977
66.229.49.81 - - [02/Dec/2005:17:30:43 -0800] "GET /movies2/sepp_0001.zip HTTP/1.0" 206 70728
66.229.49.81 - - [02/Dec/2005:17:30:43 -0800] "GET /movies2/sepp_0001.zip HTTP/1.0" 206 41997
66.229.49.81 - - [02/Dec/2005:17:30:43 -0800] "GET /movies2/sepp_0001.zip HTTP/1.0" 206 2121420
66.229.49.81 - - [02/Dec/2005:17:30:43 -0800] "GET /movies2/sepp_0001.zip HTTP/1.0" 206 2269284
66.229.49.81 - - [02/Dec/2005:17:30:44 -0800] "GET /movies2/sepp_0001.zip HTTP/1.0" 206 1931092
24.15.117.45 - - [02/Dec/2005:17:31:07 -0800] "GET /movies2/sepp_0001.zip HTTP/1.1" 200 59540
24.15.117.45 - - [02/Dec/2005:17:31:37 -0800] "GET /movies2/WaffenbundTheMovie.zip HTTP/1.1" 200 17198
24.185.224.55 - - [02/Dec/2005:17:31:40 -0800] "GET /movies2/sepp_0001.zip HTTP/1.1" 200 18144822
24.15.117.45 - - [02/Dec/2005:17:31:41 -0800] "GET /movies/AYS2.zip HTTP/1.1" 206 6729620
24.15.117.45 - - [02/Dec/2005:17:31:59 -0800] "GET /movies/AYS2.zip HTTP/1.1" 206 5715460
24.15.117.45 - - [02/Dec/2005:17:32:05 -0800] "GET /movies/AYS2.zip HTTP/1.1" 206 6434604
24.15.117.45 - - [02/Dec/2005:17:32:10 -0800] "GET /movies2/WaffenbundTheMovie.zip HTTP/1.1" 206 18598
84.131.58.26 - - [02/Dec/2005:17:32:12 -0800] "GET /movies/ThaneVid2_by_Iator.zip HTTP/1.1" 200 230496
24.15.117.45 - - [02/Dec/2005:17:32:13 -0800] "GET /movies/AYS2.zip HTTP/1.1" 206 5907564
24.15.117.45 - - [02/Dec/2005:17:32:28 -0800] "GET /movies2/sepp_0001.zip HTTP/1.1" 206 2350356
24.15.117.45 - - [02/Dec/2005:17:32:28 -0800] "GET /movies2/sepp_0001.zip HTTP/1.1" 206 1744192
24.15.117.45 - - [02/Dec/2005:17:32:28 -0800] "GET /movies2/sepp_0001.zip HTTP/1.1" 206 1747516
24.15.117.45 - - [02/Dec/2005:17:32:30 -0800] "GET /movies2/sepp_0001.zip HTTP/1.1" 206 1688732
24.15.117.45 - - [02/Dec/2005:17:32:50 -0800] "GET /movies2/WaffenbundTheMovie.zip HTTP/1.1" 206 98898
67.187.114.185 - - [02/Dec/2005:17:32:52 -0800] "GET /movies/NSmovie2.zip HTTP/1.1" 200 121206350
68.62.100.39 - - [02/Dec/2005:17:34:16 -0800] "GET /movies2/sepp_0001.zip HTTP/1.1" 200 616924
87.231.18.222 - - [02/Dec/2005:17:35:52 -0800] "GET /movies2/sepp_0001.zip HTTP/1.1" 200 18144822
24.15.117.45 - - [02/Dec/2005:17:36:18 -0800] "GET /movies2/sepp_0001.zip HTTP/1.1" 206 4048442
24.171.45.187 - - [02/Dec/2005:17:36:27 -0800] "GET /movies2/WaffenbundTheMovie.zip HTTP/1.1" 200 379691340
24.15.117.45 - - [02/Dec/2005:17:36:43 -0800] "GET /movies2/sepp_0001.zip HTTP/1.1" 206 3943137
24.15.117.45 - - [02/Dec/2005:17:37:00 -0800] "GET /movies2/sepp_0001.zip HTTP/1.1" 206 3890080
24.15.117.45 - - [02/Dec/2005:17:37:04 -0800] "GET /movies2/sepp_0001.zip HTTP/1.1" 206 4057732
24.15.117.45 - - [02/Dec/2005:17:37:06 -0800] "GET /movies2/sepp_0001.zip HTTP/1.1" 206 234736
24.15.117.45 - - [02/Dec/2005:17:37:10 -0800] "GET /movies2/WaffenbundTheMovie.zip HTTP/1.1" 206 5635356
62.35.232.230 - - [02/Dec/2005:17:37:19 -0800] "GET /movies2/legio_4.zip HTTP/1.1" 200 438048
66.229.49.81 - - [02/Dec/2005:17:37:20 -0800] "GET /movies2/WaffenbundTheMovie.zip HTTP/1.0" 206 24281972
66.229.49.81 - - [02/Dec/2005:17:37:20 -0800] "GET /movies2/WaffenbundTheMovie.zip HTTP/1.0" 206 22399012
66.229.49.81 - - [02/Dec/2005:17:37:20 -0800] "GET /movies2/WaffenbundTheMovie.zip HTTP/1.0" 206 21636548
66.229.49.81 - - [02/Dec/2005:17:37:20 -0800] "GET /movies2/WaffenbundTheMovie.zip HTTP/1.0" 206 24899048
66.229.49.81 - - [02/Dec/2005:17:37:20 -0800] "GET /movies2/WaffenbundTheMovie.zip HTTP/1.0" 206 21096512
66.229.49.81 - - [02/Dec/2005:17:37:20 -0800] "GET /movies2/WaffenbundTheMovie.zip HTTP/1.0" 206 25044920
66.229.49.81 - - [02/Dec/2005:17:37:20 -0800] "GET /movies2/WaffenbundTheMovie.zip HTTP/1.0" 206 20532952
66.229.49.81 - - [02/Dec/2005:17:37:20 -0800] "GET /movies2/WaffenbundTheMovie.zip HTTP/1.0" 206 22828232
24.15.117.45 - - [02/Dec/2005:17:37:36 -0800] "GET /movies2/WaffenbundTheMovie.zip HTTP/1.1" 206 5216896
24.15.117.45 - - [02/Dec/2005:17:38:04 -0800] "GET /movies2/WaffenbundTheMovie.zip HTTP/1.1" 206 5653036
24.15.117.45 - - [02/Dec/2005:17:38:24 -0800] "GET /movies2/WaffenbundTheMovie.zip HTTP/1.1" 206 4665636
84.190.177.193 - - [02/Dec/2005:17:40:53 -0800] "GET /movies/snarfsoloingNF_0001.zip HTTP/1.1" 200 14528224
84.190.177.193 - - [02/Dec/2005:17:41:12 -0800] "GET /movies/snarfsoloingNF_0001.zip HTTP/1.1" 206 14534688
88.134.47.172 - - [02/Dec/2005:17:41:13 -0800] "GET /movies/sw33t.zip HTTP/1.1" 206 226101321
84.190.177.193 - - [02/Dec/2005:17:41:14 -0800] "GET /movies/snarfsoloingNF_0001.zip HTTP/1.1" 206 14033984
84.190.177.193 - - [02/Dec/2005:17:41:16 -0800] "GET /movies/snarfsoloingNF_0001.zip HTTP/1.1" 206 14489849
84.190.177.193 - - [02/Dec/2005:17:41:22 -0800] "GET /movies/snarfsoloingNF_0001.zip HTTP/1.1" 206 563776
82.248.98.153 - - [02/Dec/2005:17:42:41 -0800] "GET /movies2/Goldencam.rar HTTP/1.1" 200 20408032
66.229.49.81 - - [02/Dec/2005:17:43:07 -0800] "GET /movies2/Camlann%20Shadow%20Zone.zip HTTP/1.0" 206 17217292
84.162.223.99 - - [02/Dec/2005:17:43:15 -0800] "GET /movies2/Camlann%20Shadow%20Zone.zip HTTP/1.1" 200 392770
66.229.49.81 - - [02/Dec/2005:17:43:30 -0800] "GET /movies2/Camlann%20Shadow%20Zone.zip HTTP/1.0" 206 17224592
66.229.49.81 - - [02/Dec/2005:17:43:31 -0800] "GET /movies2/Camlann%20Shadow%20Zone.zip HTTP/1.0" 206 16956840
66.229.49.81 - - [02/Dec/2005:17:43:33 -0800] "GET /movies2/Camlann%20Shadow%20Zone.zip HTTP/1.0" 206 16907356
66.229.49.81 - - [02/Dec/2005:17:43:34 -0800] "GET /movies2/Camlann%20Shadow%20Zone.zip HTTP/1.0" 206 17122820
66.229.49.81 - - [02/Dec/2005:17:43:40 -0800] "GET /movies2/Camlann%20Shadow%20Zone.zip HTTP/1.0" 206 466853
66.229.49.81 - - [02/Dec/2005:17:43:42 -0800] "GET /movies2/Camlann%20Shadow%20Zone.zip HTTP/1.0" 206 1528520
66.229.49.81 - - [02/Dec/2005:17:43:43 -0800] "GET /movies2/Camlann%20Shadow%20Zone.zip HTTP/1.0" 206 543604
66.229.49.81 - - [02/Dec/2005:17:43:43 -0800] "GET /movies2/Camlann%20Shadow%20Zone.zip HTTP/1.0" 206 210671
66.229.49.81 - - [02/Dec/2005:17:43:44 -0800] "GET /movies2/Camlann%20Shadow%20Zone.zip HTTP/1.0" 206 17002768
66.229.49.81 - - [02/Dec/2005:17:43:44 -0800] "GET /movies2/Camlann%20Shadow%20Zone.zip HTTP/1.0" 206 15922000
66.229.49.81 - - [02/Dec/2005:17:43:45 -0800] "GET /movies2/Camlann%20Shadow%20Zone.zip HTTP/1.0" 206 96014
66.229.49.81 - - [02/Dec/2005:17:43:45 -0800] "GET /movies2/Camlann%20Shadow%20Zone.zip HTTP/1.0" 206 112073
66.229.49.81 - - [02/Dec/2005:17:43:45 -0800] "GET /movies2/Camlann%20Shadow%20Zone.zip HTTP/1.0" 206 110613
66.229.49.81 - - [02/Dec/2005:17:43:45 -0800] "GET /movies2/Camlann%20Shadow%20Zone.zip HTTP/1.0" 206 49293
66.229.49.81 - - [02/Dec/2005:17:43:45 -0800] "GET /movies2/Camlann%20Shadow%20Zone.zip HTTP/1.0" 206 15446504
66.229.49.81 - - [02/Dec/2005:17:43:47 -0800] "GET /movies2/Camlann%20Shadow%20Zone.zip HTTP/1.0" 206 171384
84.131.58.26 - - [02/Dec/2005:17:44:18 -0800] "GET /movies/ThaneVid2_by_Iator.zip HTTP/1.1" 200 6282496
84.131.58.26 - - [02/Dec/2005:17:44:18 -0800] "GET /movies/ThaneVid2_by_Iator.zip HTTP/1.1" 206 6353984
84.131.58.26 - - [02/Dec/2005:17:44:18 -0800] "GET /movies/ThaneVid2_by_Iator.zip HTTP/1.1" 206 6151136
84.131.58.26 - - [02/Dec/2005:17:44:18 -0800] "GET /movies/ThaneVid2_by_Iator.zip HTTP/1.1" 206 4881696
84.131.58.26 - - [02/Dec/2005:17:44:18 -0800] "GET /movies/ThaneVid2_by_Iator.zip HTTP/1.1" 206 6230531
84.131.58.26 - - [02/Dec/2005:17:44:18 -0800] "GET /movies/ThaneVid2_by_Iator.zip HTTP/1.1" 206 6443650
84.131.58.26 - - [02/Dec/2005:17:44:18 -0800] "GET /movies/ThaneVid2_by_Iator.zip HTTP/1.1" 206 5958976
84.131.58.26 - - [02/Dec/2005:17:44:21 -0800] "GET /movies/ThaneVid2_by_Iator.zip HTTP/1.1" 206 5350691
84.190.177.193 - - [02/Dec/2005:17:44:30 -0800] "GET /movies/GladricSoloRvrMovie4.zip HTTP/1.1" 200 47113344
84.131.58.26 - - [02/Dec/2005:17:44:33 -0800] "GET /movies/ThaneVid2_by_Iator.zip HTTP/1.1" 206 6009216
138.237.172.43 - - [02/Dec/2005:17:45:26 -0800] "GET /movies/random_grpa_of_dhoom.zip HTTP/1.1" 200 289164451
84.190.177.193 - - [02/Dec/2005:17:45:43 -0800] "GET /movies/GladricSoloRvrMovie4.zip HTTP/1.1" 206 45190752
84.190.177.193 - - [02/Dec/2005:17:45:43 -0800] "GET /movies/GladricSoloRvrMovie4.zip HTTP/1.1" 206 1998304
84.190.177.193 - - [02/Dec/2005:17:46:01 -0800] "GET /movies/GladricSoloRvrMovie4.zip HTTP/1.1" 206 546624
84.190.177.193 - - [02/Dec/2005:17:46:01 -0800] "GET /movies/GladricSoloRvrMovie4.zip HTTP/1.1" 206 47054292
84.190.177.193 - - [02/Dec/2005:17:46:05 -0800] "GET /movies/GladricSoloRvrMovie4.zip HTTP/1.1" 206 46559936
84.131.58.26 - - [02/Dec/2005:17:46:39 -0800] "GET /movies/ThaneVid2_by_Iator.zip HTTP/1.1" 206 41411
195.135.171.210 - - [02/Dec/2005:17:47:22 -0800] "GET /movies2/maelstrom_cluster1.zip HTTP/1.1" 200 239118
68.253.192.15 - - [02/Dec/2005:17:48:40 -0800] "GET /movies/AMAYA_200605-040705_FINAL.rar HTTP/1.1" 200 47845908
84.131.58.26 - - [02/Dec/2005:17:48:42 -0800] "GET /movies/ThaneVid2_by_Iator.zip HTTP/1.1" 206 293412
84.140.247.49 - - [02/Dec/2005:17:48:59 -0800] "GET /movies/Shadowkuri.zip HTTP/1.1" 200 376748
81.169.147.22 - - [02/Dec/2005:17:49:36 -0800] "GET /movies/AMAYA_200605-040705_FINAL.rar HTTP/1.0" 200 1382872
82.122.51.14 - - [02/Dec/2005:17:49:37 -0800] "GET /movies2/Camlann%20Shadow%20Zone.zip HTTP/1.1" 206 14123796
82.59.190.98 - - [02/Dec/2005:17:49:45 -0800] "GET /movies/Instinct.rar HTTP/1.1" 200 15655
82.59.190.98 - - [02/Dec/2005:17:49:46 -0800] "GET /movies/Instinct.rar HTTP/1.1" 206 21444
84.163.243.234 - - [02/Dec/2005:17:49:52 -0800] "GET /favicon.ico HTTP/1.1" 404 283
82.122.51.14 - - [02/Dec/2005:17:50:01 -0800] "GET /movies2/Camlann%20Shadow%20Zone.zip HTTP/1.1" 206 14228916
68.207.151.39 - - [02/Dec/2005:17:50:06 -0800] "GET /movies/Alpha%20RVR%20Compilation.zip HTTP/1.1" 200 144153004
84.131.58.26 - - [02/Dec/2005:17:50:30 -0800] "GET /movies/ThaneVid2_by_Iator.zip HTTP/1.1" 206 960131
4.36.129.2 - - [02/Dec/2005:17:51:00 -0800] "GET /movies/FC%20Tank%20Video%202.ace HTTP/1.1" 200 71516827
66.229.49.81 - - [02/Dec/2005:17:51:26 -0800] "GET /movies2/WaffenbundTheMovie.zip HTTP/1.0" 206 22231665
66.229.49.81 - - [02/Dec/2005:17:52:00 -0800] "GET /movies2/WaffenbundTheMovie.zip HTTP/1.0" 206 23421252
82.122.51.14 - - [02/Dec/2005:17:52:14 -0800] "GET /movies2/Camlann%20Shadow%20Zone.zip HTTP/1.1" 206 16160496
66.229.49.81 - - [02/Dec/2005:17:52:23 -0800] "GET /movies2/WaffenbundTheMovie.zip HTTP/1.0" 206 22753392
66.229.49.81 - - [02/Dec/2005:17:52:27 -0800] "GET /movies2/WaffenbundTheMovie.zip HTTP/1.0" 206 3059556
66.229.49.81 - - [02/Dec/2005:17:52:37 -0800] "GET /movies2/WaffenbundTheMovie.zip HTTP/1.0" 206 22552576
66.229.49.81 - - [02/Dec/2005:17:52:42 -0800] "GET /movies2/WaffenbundTheMovie.zip HTTP/1.0" 206 23871088
66.229.49.81 - - [02/Dec/2005:17:52:43 -0800] "GET /movies2/WaffenbundTheMovie.zip HTTP/1.0" 206 25534984
66.229.49.81 - - [02/Dec/2005:17:52:46 -0800] "GET /movies2/WaffenbundTheMovie.zip HTTP/1.0" 206 367571
66.229.49.81 - - [02/Dec/2005:17:52:48 -0800] "GET /movies2/WaffenbundTheMovie.zip HTTP/1.0" 206 948584
66.229.49.81 - - [02/Dec/2005:17:52:49 -0800] "GET /movies2/WaffenbundTheMovie.zip HTTP/1.0" 206 156380
66.229.49.81 - - [02/Dec/2005:17:52:50 -0800] "GET /movies2/WaffenbundTheMovie.zip HTTP/1.0" 206 182172
66.229.49.81 - - [02/Dec/2005:17:52:50 -0800] "GET /movies2/WaffenbundTheMovie.zip HTTP/1.0" 206 24441364
66.229.49.81 - - [02/Dec/2005:17:52:50 -0800] "GET /movies2/WaffenbundTheMovie.zip HTTP/1.0" 206 2111444
66.229.49.81 - - [02/Dec/2005:17:52:50 -0800] "GET /movies2/WaffenbundTheMovie.zip HTTP/1.0" 206 301408
66.229.49.81 - - [02/Dec/2005:17:52:50 -0800] "GET /movies2/WaffenbundTheMovie.zip HTTP/1.0" 206 24968948
66.229.49.81 - - [02/Dec/2005:17:52:51 -0800] "GET /movies2/WaffenbundTheMovie.zip HTTP/1.0" 206 288732
66.229.49.81 - - [02/Dec/2005:17:52:51 -0800] "GET /movies2/WaffenbundTheMovie.zip HTTP/1.0" 206 85792
66.229.49.81 - - [02/Dec/2005:17:52:52 -0800] "GET /movies2/WaffenbundTheMovie.zip HTTP/1.0" 206 47368
66.229.49.81 - - [02/Dec/2005:17:53:11 -0800] "GET /movies2/WaffenbundTheMovie.zip HTTP/1.0" 206 447872
82.122.51.14 - - [02/Dec/2005:17:53:22 -0800] "GET /movies2/Camlann%20Shadow%20Zone.zip HTTP/1.1" 206 16160355
70.251.239.108 - - [02/Dec/2005:17:53:23 -0800] "GET /movies/RvL_Vol_2.zip HTTP/1.1" 200 156180250
66.253.189.217 - - [02/Dec/2005:17:54:12 -0800] "GET /movies/heya.zip HTTP/1.1" 200 85178084
84.131.58.26 - - [02/Dec/2005:17:54:21 -0800] "GET /movies/ThaneVid2_by_Iator.zip HTTP/1.1" 206 2611680
70.146.81.225 - - [02/Dec/2005:17:55:09 -0800] "GET /movies2/WaffenbundTheMovie.zip HTTP/1.1" 200 38743804
24.15.117.45 - - [02/Dec/2005:17:55:12 -0800] "GET /movies2/WaffenbundTheMovie.zip HTTP/1.1" 206 8276496
82.48.83.119 - - [02/Dec/2005:17:55:18 -0800] "GET /movies2/maelstrom_cluster1.zip HTTP/1.1" 206 49338560
24.15.117.45 - - [02/Dec/2005:17:55:19 -0800] "GET /movies2/WaffenbundTheMovie.zip HTTP/1.1" 206 6927296
84.61.125.229 - - [02/Dec/2005:17:55:35 -0800] "GET /movies2/sepp_0001.zip HTTP/1.1" 200 18144822
82.48.83.119 - - [02/Dec/2005:17:55:53 -0800] "GET /movies2/maelstrom_cluster1.zip HTTP/1.1" 206 49338560
82.48.83.119 - - [02/Dec/2005:17:55:54 -0800] "GET /movies2/maelstrom_cluster1.zip HTTP/1.1" 206 49338560
24.42.35.136 - - [02/Dec/2005:17:56:25 -0800] "GET /movies/OoSGareth.zip HTTP/1.1" 200 198212148
81.165.135.138 - - [02/Dec/2005:17:56:41 -0800] "GET /movies/PuG2final.zip HTTP/1.1" 200 1998820
82.48.83.119 - - [02/Dec/2005:17:56:43 -0800] "GET /movies2/maelstrom_cluster1.zip HTTP/1.1" 206 49338560
71.241.13.149 - - [02/Dec/2005:17:57:22 -0800] "GET /movies2/Obso.zip HTTP/1.1" 200 39919100
82.48.83.119 - - [02/Dec/2005:17:57:24 -0800] "GET /movies2/maelstrom_cluster1.zip HTTP/1.1" 206 49338551
82.122.51.14 - - [02/Dec/2005:17:57:34 -0800] "GET /movies2/Camlann%20Shadow%20Zone.zip HTTP/1.1" 206 4623576
217.17.22.6 - - [02/Dec/2005:17:57:34 -0800] "GET /movies/DoubleTrouble.zip HTTP/1.1" 200 165314597
68.102.247.35 - - [02/Dec/2005:17:58:23 -0800] "GET /movies/Trinnara_Valkyrie_of_Percival.zip HTTP/1.1" 200 50674257
24.42.35.136 - - [02/Dec/2005:17:58:41 -0800] "GET /movies2/CloakedkillerTheCritblade.zip HTTP/1.1" 200 172368713
82.122.51.14 - - [02/Dec/2005:17:58:55 -0800] "GET /movies2/Camlann%20Shadow%20Zone.zip HTTP/1.1" 206 4451296
82.122.51.14 - - [02/Dec/2005:17:59:06 -0800] "GET /movies2/Camlann%20Shadow%20Zone.zip HTTP/1.1" 206 734296
82.122.51.14 - - [02/Dec/2005:17:59:17 -0800] "GET /movies2/Camlann%20Shadow%20Zone.zip HTTP/1.1" 206 2669955
82.122.51.14 - - [02/Dec/2005:17:59:25 -0800] "GET /movies2/Camlann%20Shadow%20Zone.zip HTTP/1.1" 206 332472
82.122.51.14 - - [02/Dec/2005:17:59:28 -0800] "GET /movies2/Camlann%20Shadow%20Zone.zip HTTP/1.1" 206 3452656
82.122.51.14 - - [02/Dec/2005:17:59:33 -0800] "GET /movies2/Camlann%20Shadow%20Zone.zip HTTP/1.1" 206 4582235
82.122.51.14 - - [02/Dec/2005:17:59:34 -0800] "GET /movies2/Camlann%20Shadow%20Zone.zip HTTP/1.1" 206 18449776
82.122.51.14 - - [02/Dec/2005:17:59:36 -0800] "GET /movies2/Camlann%20Shadow%20Zone.zip HTTP/1.1" 206 19839696
82.122.51.14 - - [02/Dec/2005:17:59:37 -0800] "GET /movies2/Camlann%20Shadow%20Zone.zip HTTP/1.1" 206 4811916
84.190.177.193 - - [02/Dec/2005:17:59:38 -0800] "GET /movies/SavageTheMovie.zip HTTP/1.1" 206 41176301
207.196.163.5 - - [02/Dec/2005:17:59:41 -0800] "GET /movies/WTB%20Skill.zip HTTP/1.1" 200 63826172
84.190.177.193 - - [02/Dec/2005:17:59:56 -0800] "GET /movies/SavageTheMovie.zip HTTP/1.1" 206 41211072
82.227.154.186 - - [02/Dec/2005:17:59:56 -0800] "GET /movies2/Hib%20Merlin%20PuG.zip HTTP/1.1" 200 506299
71.241.13.149 - - [02/Dec/2005:17:59:59 -0800] "GET /movies2/Obso.zip HTTP/1.1" 200 1853772
84.190.177.193 - - [02/Dec/2005:18:00:02 -0800] "GET /movies/SavageTheMovie.zip HTTP/1.1" 206 41221184
84.190.177.193 - - [02/Dec/2005:18:00:06 -0800] "GET /movies/SavageTheMovie.zip HTTP/1.1" 200 40434368
210.206.191.154 - - [02/Dec/2005:18:00:09 -0800] "GET /movies/Shadowkuri.zip HTTP/1.1" 200 125099903
84.190.177.193 - - [02/Dec/2005:18:00:12 -0800] "GET /movies/SavageTheMovie.zip HTTP/1.1" 206 864992
71.241.13.149 - - [02/Dec/2005:18:00:54 -0800] "GET /movies2/FR5.zip HTTP/1.1" 200 1045118
24.15.117.45 - - [02/Dec/2005:18:00:58 -0800] "GET /movies2/WaffenbundTheMovie.zip HTTP/1.1" 206 8800636
24.15.117.45 - - [02/Dec/2005:18:01:07 -0800] "GET /movies2/WaffenbundTheMovie.zip HTTP/1.1" 206 6761016
24.15.117.45 - - [02/Dec/2005:18:01:24 -0800] "GET /movies2/WaffenbundTheMovie.zip HTTP/1.1" 206 17099192
88.134.47.172 - - [02/Dec/2005:18:01:37 -0800] "GET /movies2/ValiantGlory2.zip HTTP/1.1" 206 245048834
210.206.191.154 - - [02/Dec/2005:18:02:20 -0800] "GET /movies/blackfalcon.zip HTTP/1.1" 200 121797644
68.184.90.146 - - [02/Dec/2005:18:02:48 -0800] "GET /movies2/Camlann%20Shadow%20Zone.zip HTTP/1.1" 200 141905700
80.218.37.212 - - [02/Dec/2005:18:03:12 -0800] "GET /movies/Saves%20the%20Day.zip HTTP/1.1" 200 82531407
83.156.105.226 - - [02/Dec/2005:18:03:18 -0800] "GET /movies/NS.zip HTTP/1.1" 200 50918532
83.202.241.90 - - [02/Dec/2005:18:04:04 -0800] "GET /movies/NS.zip HTTP/1.1" 200 1721856
84.140.236.242 - - [02/Dec/2005:18:04:13 -0800] "GET /movies2/Obso.zip HTTP/1.1" 206 286868
84.140.236.242 - - [02/Dec/2005:18:04:13 -0800] "GET /movies2/Obso.zip HTTP/1.1" 206 285717
84.140.236.242 - - [02/Dec/2005:18:04:13 -0800] "GET /movies2/Obso.zip HTTP/1.1" 206 54837056
24.15.117.45 - - [02/Dec/2005:18:04:42 -0800] "GET /movies2/WaffenbundTheMovie.zip HTTP/1.1" 206 15163231
84.190.177.193 - - [02/Dec/2005:18:05:08 -0800] "GET /movies/GladricSoloRvrMovie3.zip HTTP/1.1" 206 50347200
84.190.177.193 - - [02/Dec/2005:18:05:16 -0800] "GET /movies/GladricSoloRvrMovie3.zip HTTP/1.1" 206 50279835
138.163.0.41 - - [02/Dec/2005:18:05:21 -0800] "GET /movies2/Aerdi.zip HTTP/1.0" 200 40237747
84.190.177.193 - - [02/Dec/2005:18:05:30 -0800] "GET /movies/GladricSoloRvrMovie3.zip HTTP/1.1" 206 747776
84.190.177.193 - - [02/Dec/2005:18:05:34 -0800] "GET /movies/GladricSoloRvrMovie3.zip HTTP/1.1" 200 50342144
84.190.177.193 - - [02/Dec/2005:18:05:34 -0800] "GET /movies/GladricSoloRvrMovie3.zip HTTP/1.1" 206 49630656
24.52.96.223 - - [02/Dec/2005:18:05:36 -0800] "GET /movies2/Gimp_and_Run_DivX.zip HTTP/1.1" 200 120258322
151.203.76.126 - - [02/Dec/2005:18:06:10 -0800] "GET /favicon.ico HTTP/1.1" 404 283
82.227.154.186 - - [02/Dec/2005:18:06:35 -0800] "GET /movies2/Hib%20Merlin%20PuG.zip HTTP/1.1" 200 371979
83.202.241.90 - - [02/Dec/2005:18:06:48 -0800] "GET /movies2/WaffenbundTheMovie.zip HTTP/1.1" 200 72796
82.227.154.186 - - [02/Dec/2005:18:07:24 -0800] "GET /movies2/Goldencam.rar HTTP/1.1" 200 186564
84.141.79.223 - - [02/Dec/2005:18:07:33 -0800] "GET /movies2/renamed_daoc.TR.tape-2.ausschnitte.ace HTTP/1.1" 200 86895906
86.194.185.227 - - [02/Dec/2005:18:07:48 -0800] "GET /movies2/CloakedkillerTheCritblade.zip HTTP/1.1" 200 7000732
84.190.177.193 - - [02/Dec/2005:18:09:41 -0800] "GET /movies/RidlinTeeka.zip HTTP/1.1" 206 59618290
84.190.177.193 - - [02/Dec/2005:18:09:43 -0800] "GET /movies/RidlinTeeka.zip HTTP/1.1" 200 59664416
84.190.177.193 - - [02/Dec/2005:18:09:50 -0800] "GET /movies/RidlinTeeka.zip HTTP/1.1" 206 440672
138.163.0.38 - - [02/Dec/2005:18:09:55 -0800] "GET /movies2/Excido%20Movie.zip HTTP/1.0" 200 38693821
84.190.177.193 - - [02/Dec/2005:18:09:56 -0800] "GET /movies/RidlinTeeka.zip HTTP/1.1" 206 59327744
84.190.177.193 - - [02/Dec/2005:18:10:04 -0800] "GET /movies/RidlinTeeka.zip HTTP/1.1" 206 59139584
84.190.177.193 - - [02/Dec/2005:18:10:06 -0800] "GET /movies/RidlinTeeka.zip HTTP/1.1" 206 592895
84.140.247.49 - - [02/Dec/2005:18:11:19 -0800] "GET /movies/AMAYA_200605-040705_FINAL.rar HTTP/1.1" 200 238316
66.253.189.217 - - [02/Dec/2005:18:11:28 -0800] "GET /movies/Anightshade-TrueStoryofaGarroteSpammer.zip HTTP/1.1" 200 114507470
87.231.18.222 - - [02/Dec/2005:18:13:50 -0800] "GET /movies2/angathid.zip HTTP/1.1" 200 17044244
83.154.95.180 - - [02/Dec/2005:18:17:12 -0800] "GET /movies2/3021.zip HTTP/1.1" 200 69262
68.62.100.39 - - [02/Dec/2005:18:17:23 -0800] "GET /movies/painfoolmovie.zip HTTP/1.1" 200 80207704
138.237.172.43 - - [02/Dec/2005:18:17:30 -0800] "GET /movies2/November.zip HTTP/1.1" 200 174875294
83.154.95.180 - - [02/Dec/2005:18:17:48 -0800] "GET /movies/Twitch.zip HTTP/1.1" 200 46968
84.190.177.193 - - [02/Dec/2005:18:17:56 -0800] "GET /movies/NS.zip HTTP/1.1" 200 79319264
84.140.236.242 - - [02/Dec/2005:18:18:31 -0800] "GET /movies/soylcamlann.zip HTTP/1.1" 206 14215904
83.156.105.226 - - [02/Dec/2005:18:18:39 -0800] "GET /movies/RidlinTeeka.zip HTTP/1.1" 200 25037032
84.190.177.193 - - [02/Dec/2005:18:19:14 -0800] "GET /movies/Ciliviel's%20Fourth.zip HTTP/1.1" 206 80317088
62.20.182.245 - - [02/Dec/2005:18:19:36 -0800] "GET /movies2/Camlann%20Shadow%20Zone.zip HTTP/1.1" 200 141905700
84.190.177.193 - - [02/Dec/2005:18:20:01 -0800] "GET /movies/NS.zip HTTP/1.1" 206 2369888
84.190.177.193 - - [02/Dec/2005:18:20:01 -0800] "GET /movies/NS.zip HTTP/1.1" 206 79297952
84.190.177.193 - - [02/Dec/2005:18:20:07 -0800] "GET /movies/Ciliviel's%20Fourth.zip HTTP/1.1" 206 1896512
84.190.177.193 - - [02/Dec/2005:18:20:07 -0800] "GET /movies/NS.zip HTTP/1.1" 206 76882880
84.190.177.193 - - [02/Dec/2005:18:20:12 -0800] "GET /movies/NS.zip HTTP/1.1" 206 493604
84.190.177.193 - - [02/Dec/2005:18:20:19 -0800] "GET /movies/Ciliviel's%20Fourth.zip HTTP/1.1" 206 80234655
84.190.177.193 - - [02/Dec/2005:18:20:22 -0800] "GET /movies/NS.zip HTTP/1.1" 206 77857533
84.190.177.193 - - [02/Dec/2005:18:20:25 -0800] "GET /movies/Ciliviel's%20Fourth.zip HTTP/1.1" 206 78453536
84.190.177.193 - - [02/Dec/2005:18:20:26 -0800] "GET /movies/NS.zip HTTP/1.1" 206 468192
84.190.177.193 - - [02/Dec/2005:18:20:30 -0800] "GET /movies/NS.zip HTTP/1.1" 206 508064
84.190.177.193 - - [02/Dec/2005:18:20:41 -0800] "GET /movies/Ciliviel's%20Fourth.zip HTTP/1.1" 206 536734
84.190.177.193 - - [02/Dec/2005:18:20:46 -0800] "GET /movies/Ciliviel's%20Fourth.zip HTTP/1.1" 206 662144
84.190.177.193 - - [02/Dec/2005:18:20:47 -0800] "GET /movies/Ciliviel's%20Fourth.zip HTTP/1.1" 200 79189728
84.140.236.242 - - [02/Dec/2005:18:20:52 -0800] "GET /movies/soylcamlann.zip HTTP/1.1" 206 15943874
83.153.61.96 - - [02/Dec/2005:18:21:42 -0800] "GET /movies/Daily_RvR.zip HTTP/1.1" 200 262410777
80.171.92.134 - - [02/Dec/2005:18:22:13 -0800] "GET /movies2/Cilivielmovie5.zip HTTP/1.1" 200 280459714
84.171.207.224 - - [02/Dec/2005:18:22:55 -0800] "GET /movies2/Obso.zip HTTP/1.1" 200 109229556
84.140.236.242 - - [02/Dec/2005:18:23:00 -0800] "GET /movies2/Obso.zip HTTP/1.1" 206 18169244
84.131.58.26 - - [02/Dec/2005:18:23:06 -0800] "GET /movies/ThaneVid2_by_Iator.zip HTTP/1.1" 206 27989024
84.140.236.242 - - [02/Dec/2005:18:23:08 -0800] "GET /movies2/Obso.zip HTTP/1.1" 206 17641172
86.195.36.109 - - [02/Dec/2005:18:23:11 -0800] "GET /movies/AYS1.zip HTTP/1.1" 200 194855374
24.15.117.45 - - [02/Dec/2005:18:23:13 -0800] "GET /movies2/WaffenbundTheMovie.zip HTTP/1.1" 206 50769796
84.190.177.193 - - [02/Dec/2005:18:23:32 -0800] "GET /movies/HoAAdren2.zip HTTP/1.1" 206 83791721
84.131.58.26 - - [02/Dec/2005:18:23:32 -0800] "GET /movies/ThaneVid2_by_Iator.zip HTTP/1.1" 206 28074624
84.131.58.26 - - [02/Dec/2005:18:23:48 -0800] "GET /movies/ThaneVid2_by_Iator.zip HTTP/1.1" 206 28268291
84.57.0.186 - - [02/Dec/2005:18:23:49 -0800] "GET /movies2/sepp_0001.zip HTTP/1.1" 200 18144822
24.15.117.45 - - [02/Dec/2005:18:23:52 -0800] "GET /movies2/WaffenbundTheMovie.zip HTTP/1.1" 206 49657392
84.190.177.193 - - [02/Dec/2005:18:23:55 -0800] "GET /movies/HoAAdren2.zip HTTP/1.1" 206 83861504
84.190.177.193 - - [02/Dec/2005:18:23:58 -0800] "GET /movies/HoAAdren2.zip HTTP/1.1" 206 83861152
84.190.177.193 - - [02/Dec/2005:18:24:04 -0800] "GET /movies/HoAAdren2.zip HTTP/1.1" 200 83109760
84.131.58.26 - - [02/Dec/2005:18:24:06 -0800] "GET /movies/ThaneVid2_by_Iator.zip HTTP/1.1" 206 28191872
84.190.177.193 - - [02/Dec/2005:18:24:08 -0800] "GET /movies/HoAAdren2.zip HTTP/1.1" 206 808894
84.140.236.242 - - [02/Dec/2005:18:24:09 -0800] "GET /movies2/Obso.zip HTTP/1.1" 206 18158936
84.140.236.242 - - [02/Dec/2005:18:24:21 -0800] "GET /movies/soylcamlann.zip HTTP/1.1" 206 7130443
84.131.58.26 - - [02/Dec/2005:18:24:28 -0800] "GET /movies/ThaneVid2_by_Iator.zip HTTP/1.1" 206 28453056
84.131.58.26 - - [02/Dec/2005:18:24:33 -0800] "GET /movies/ThaneVid2_by_Iator.zip HTTP/1.1" 206 27382691
84.131.58.26 - - [02/Dec/2005:18:24:33 -0800] "GET /movies/ThaneVid2_by_Iator.zip HTTP/1.1" 206 26476736
83.204.103.152 - - [02/Dec/2005:18:24:38 -0800] "GET /movies/Ciliviel's%20Fourth.zip HTTP/1.1" 206 190640240
84.131.58.26 - - [02/Dec/2005:18:24:41 -0800] "GET /movies/ThaneVid2_by_Iator.zip HTTP/1.1" 206 2371648
84.131.58.26 - - [02/Dec/2005:18:24:43 -0800] "GET /movies/ThaneVid2_by_Iator.zip HTTP/1.1" 206 25067171
84.140.236.242 - - [02/Dec/2005:18:24:45 -0800] "GET /movies/soylcamlann.zip HTTP/1.1" 206 120508112
84.131.58.26 - - [02/Dec/2005:18:24:47 -0800] "GET /movies/ThaneVid2_by_Iator.zip HTTP/1.1" 206 878496
84.131.58.26 - - [02/Dec/2005:18:24:48 -0800] "GET /movies/ThaneVid2_by_Iator.zip HTTP/1.1" 206 26253732
84.131.58.26 - - [02/Dec/2005:18:24:48 -0800] "GET /movies/ThaneVid2_by_Iator.zip HTTP/1.1" 206 384800
84.131.58.26 - - [02/Dec/2005:18:24:50 -0800] "GET /movies/ThaneVid2_by_Iator.zip HTTP/1.1" 206 254531
84.131.58.26 - - [02/Dec/2005:18:24:51 -0800] "GET /movies/ThaneVid2_by_Iator.zip HTTP/1.1" 206 1029661
84.131.58.26 - - [02/Dec/2005:18:24:52 -0800] "GET /movies/ThaneVid2_by_Iator.zip HTTP/1.1" 206 1463136
83.202.241.90 - - [02/Dec/2005:18:24:54 -0800] "GET /movies2/Raila%20Memorial%20good.zip HTTP/1.1" 200 24692536
66.253.189.217 - - [02/Dec/2005:18:25:05 -0800] "GET /movies/Godmode.zip HTTP/1.1" 200 88228116
138.237.172.43 - - [02/Dec/2005:18:25:20 -0800] "GET /movies/Only%20in%20Thidranki%202.0.zip HTTP/1.1" 200 186343087
82.59.190.98 - - [02/Dec/2005:18:25:57 -0800] "GET /movies/Instinct.rar HTTP/1.1" 206 35634993
82.83.41.61 - - [02/Dec/2005:18:26:30 -0800] "GET /movies/LixaMLF.v3.zip HTTP/1.1" 206 105439904
82.59.190.98 - - [02/Dec/2005:18:26:32 -0800] "GET /movies/Instinct.rar HTTP/1.1" 206 35634993
82.59.190.98 - - [02/Dec/2005:18:26:34 -0800] "GET /movies/Instinct.rar HTTP/1.1" 206 35634993
24.15.117.45 - - [02/Dec/2005:18:26:43 -0800] "GET /movies2/Raila%20Memorial%20good.zip HTTP/1.1" 200 37640
82.83.41.61 - - [02/Dec/2005:18:26:59 -0800] "GET /movies/LixaMLF.v3.zip HTTP/1.1" 206 43481254
82.59.190.98 - - [02/Dec/2005:18:27:22 -0800] "GET /movies/Instinct.rar HTTP/1.1" 206 35634992
24.15.117.45 - - [02/Dec/2005:18:27:40 -0800] "GET /movies2/WaffenbundTheMovie.zip HTTP/1.1" 206 49773980
24.15.117.45 - - [02/Dec/2005:18:27:40 -0800] "GET /movies2/WaffenbundTheMovie.zip HTTP/1.1" 206 49562291
84.56.24.210 - - [02/Dec/2005:18:29:07 -0800] "GET /movies2/Addiction%20-%20Not%20Uber%20Yet.zip HTTP/1.1" 200 190042682
24.15.117.45 - - [02/Dec/2005:18:30:28 -0800] "GET /movies2/Raila%20Memorial%20good.zip HTTP/1.1" 206 6143355
24.15.117.45 - - [02/Dec/2005:18:30:33 -0800] "GET /movies2/Raila%20Memorial%20good.zip HTTP/1.1" 206 6141902
24.15.117.45 - - [02/Dec/2005:18:30:34 -0800] "GET /movies2/Raila%20Memorial%20good.zip HTTP/1.1" 206 5312616
24.15.117.45 - - [02/Dec/2005:18:30:36 -0800] "GET /movies2/Raila%20Memorial%20good.zip HTTP/1.1" 206 6381232
24.15.117.45 - - [02/Dec/2005:18:30:41 -0800] "GET /movies2/Raila%20Memorial%20good.zip HTTP/1.1" 206 595355
24.15.117.45 - - [02/Dec/2005:18:30:43 -0800] "GET /movies2/Raila%20Memorial%20good.zip HTTP/1.1" 206 320875
24.15.117.45 - - [02/Dec/2005:18:30:43 -0800] "GET /movies2/WaffenbundTheMovie.zip HTTP/1.1" 206 13547092
24.15.117.45 - - [02/Dec/2005:18:30:43 -0800] "GET /movies2/WaffenbundTheMovie.zip HTTP/1.1" 206 11700556
24.15.117.45 - - [02/Dec/2005:18:30:43 -0800] "GET /movies2/WaffenbundTheMovie.zip HTTP/1.1" 206 12191964
24.15.117.45 - - [02/Dec/2005:18:30:43 -0800] "GET /movies2/WaffenbundTheMovie.zip HTTP/1.1" 206 9921830
82.233.238.111 - - [02/Dec/2005:18:31:11 -0800] "GET /movies/AChampsLife3high.zip HTTP/1.1" 206 177712249
84.140.247.49 - - [02/Dec/2005:18:31:24 -0800] "GET /movies/OoSGareth.zip HTTP/1.1" 200 11177772
84.57.0.186 - - [02/Dec/2005:18:31:57 -0800] "GET /movies2/Camlann%20Shadow%20Zone.zip HTTP/1.1" 200 29545754
84.60.187.63 - - [02/Dec/2005:18:34:32 -0800] "GET /movies2/sepp_0001.zip HTTP/1.1" 200 18144822
84.57.0.186 - - [02/Dec/2005:18:34:37 -0800] "GET /movies2/Camlann%20Shadow%20Zone.zip HTTP/1.1" 206 4090026
84.57.0.186 - - [02/Dec/2005:18:34:54 -0800] "GET /movies2/Camlann%20Shadow%20Zone.zip HTTP/1.1" 206 4103044
24.15.117.45 - - [02/Dec/2005:18:34:58 -0800] "GET /movies2/WaffenbundTheMovie.zip HTTP/1.1" 206 10100276
24.15.117.45 - - [02/Dec/2005:18:35:03 -0800] "GET /movies2/WaffenbundTheMovie.zip HTTP/1.1" 206 9413750
24.15.117.45 - - [02/Dec/2005:18:35:09 -0800] "GET /movies2/WaffenbundTheMovie.zip HTTP/1.1" 206 9975850
24.15.117.45 - - [02/Dec/2005:18:35:39 -0800] "GET /movies2/WaffenbundTheMovie.zip HTTP/1.1" 206 11535131
84.57.0.186 - - [02/Dec/2005:18:35:56 -0800] "GET /movies2/Camlann%20Shadow%20Zone.zip HTTP/1.1" 206 2136216
24.15.117.45 - - [02/Dec/2005:18:36:01 -0800] "GET /movies2/WaffenbundTheMovie.zip HTTP/1.1" 206 4322708
24.15.117.45 - - [02/Dec/2005:18:36:05 -0800] "GET /movies2/WaffenbundTheMovie.zip HTTP/1.1" 206 4266268
84.57.0.186 - - [02/Dec/2005:18:36:13 -0800] "GET /movies2/Camlann%20Shadow%20Zone.zip HTTP/1.1" 206 1910192
84.57.0.186 - - [02/Dec/2005:18:36:16 -0800] "GET /movies2/Camlann%20Shadow%20Zone.zip HTTP/1.1" 206 7647066
84.57.0.186 - - [02/Dec/2005:18:36:23 -0800] "GET /movies2/Camlann%20Shadow%20Zone.zip HTTP/1.1" 200 8689784
84.57.0.186 - - [02/Dec/2005:18:36:37 -0800] "GET /movies2/Camlann%20Shadow%20Zone.zip HTTP/1.1" 206 1180814
84.57.0.186 - - [02/Dec/2005:18:36:41 -0800] "GET /movies2/Camlann%20Shadow%20Zone.zip HTTP/1.1" 206 896138
84.57.0.186 - - [02/Dec/2005:18:36:41 -0800] "GET /movies2/Camlann%20Shadow%20Zone.zip HTTP/1.1" 206 6984608
84.57.0.186 - - [02/Dec/2005:18:36:45 -0800] "GET /movies2/Camlann%20Shadow%20Zone.zip HTTP/1.1" 206 446148
84.57.0.186 - - [02/Dec/2005:18:36:46 -0800] "GET /movies2/Camlann%20Shadow%20Zone.zip HTTP/1.1" 206 836741
84.57.0.186 - - [02/Dec/2005:18:36:46 -0800] "GET /movies2/Camlann%20Shadow%20Zone.zip HTTP/1.1" 206 774534
84.57.0.186 - - [02/Dec/2005:18:36:47 -0800] "GET /movies2/Camlann%20Shadow%20Zone.zip HTTP/1.1" 206 8669590
84.57.0.186 - - [02/Dec/2005:18:36:47 -0800] "GET /movies2/Camlann%20Shadow%20Zone.zip HTTP/1.1" 206 7313946
84.57.0.186 - - [02/Dec/2005:18:36:49 -0800] "GET /movies2/Camlann%20Shadow%20Zone.zip HTTP/1.1" 206 316060
84.57.0.186 - - [02/Dec/2005:18:36:50 -0800] "GET /movies2/Camlann%20Shadow%20Zone.zip HTTP/1.1" 206 8575102
84.57.0.186 - - [02/Dec/2005:18:36:50 -0800] "GET /movies2/Camlann%20Shadow%20Zone.zip HTTP/1.1" 206 10095562
84.57.0.186 - - [02/Dec/2005:18:36:51 -0800] "GET /movies2/Camlann%20Shadow%20Zone.zip HTTP/1.1" 206 8123630
84.57.0.186 - - [02/Dec/2005:18:36:59 -0800] "GET /movies2/Camlann%20Shadow%20Zone.zip HTTP/1.1" 206 9397462
84.57.0.186 - - [02/Dec/2005:18:36:59 -0800] "GET /movies2/Camlann%20Shadow%20Zone.zip HTTP/1.1" 206 7386936
84.57.0.186 - - [02/Dec/2005:18:37:01 -0800] "GET /movies2/Camlann%20Shadow%20Zone.zip HTTP/1.1" 206 9305740
84.57.0.186 - - [02/Dec/2005:18:37:03 -0800] "GET /movies2/Camlann%20Shadow%20Zone.zip HTTP/1.1" 206 500124
84.57.0.186 - - [02/Dec/2005:18:37:03 -0800] "GET /movies2/Camlann%20Shadow%20Zone.zip HTTP/1.1" 206 8753290
84.57.0.186 - - [02/Dec/2005:18:37:05 -0800] "GET /movies2/Camlann%20Shadow%20Zone.zip HTTP/1.1" 206 404057
84.57.0.186 - - [02/Dec/2005:18:37:05 -0800] "GET /movies2/Camlann%20Shadow%20Zone.zip HTTP/1.1" 206 8531788
84.57.0.186 - - [02/Dec/2005:18:37:06 -0800] "GET /movies2/Camlann%20Shadow%20Zone.zip HTTP/1.1" 206 7967543
