67.163.168.97 - - [30/Nov/2005:21:55:16 -0800] "GET /movies/mga_warlockkill.zip HTTP/1.0" 206 12796
67.163.168.97 - - [30/Nov/2005:21:55:16 -0800] "GET /movies/mga_warlockkill.zip HTTP/1.0" 206 1142032
67.163.168.97 - - [30/Nov/2005:21:55:16 -0800] "GET /movies/mga_warlockkill.zip HTTP/1.0" 206 326876
67.163.168.97 - - [30/Nov/2005:21:55:16 -0800] "GET /movies/mga_warlockkill.zip HTTP/1.0" 206 177776
67.163.168.97 - - [30/Nov/2005:21:55:16 -0800] "GET /movies/mga_warlockkill.zip HTTP/1.0" 206 206504
67.163.168.97 - - [30/Nov/2005:21:55:16 -0800] "GET /movies/mga_warlockkill.zip HTTP/1.0" 206 678412
67.163.168.97 - - [30/Nov/2005:21:55:16 -0800] "GET /movies/mga_warlockkill.zip HTTP/1.0" 206 1495600
67.163.168.97 - - [30/Nov/2005:21:55:16 -0800] "GET /movies/mga_warlockkill.zip HTTP/1.0" 206 180632
67.163.168.97 - - [30/Nov/2005:21:55:16 -0800] "GET /movies/mga_warlockkill.zip HTTP/1.0" 206 117916
67.163.168.97 - - [30/Nov/2005:21:55:16 -0800] "GET /movies/mga_warlockkill.zip HTTP/1.0" 206 138356
67.163.168.97 - - [30/Nov/2005:21:55:16 -0800] "GET /movies/mga_warlockkill.zip HTTP/1.0" 503 382
67.163.168.97 - - [30/Nov/2005:21:55:16 -0800] "GET /movies/mga_warlockkill.zip HTTP/1.0" 503 382
67.163.168.97 - - [30/Nov/2005:21:55:16 -0800] "GET /movies/mga_warlockkill.zip HTTP/1.0" 206 973320
67.163.168.97 - - [30/Nov/2005:21:55:16 -0800] "GET /movies/mga_warlockkill.zip HTTP/1.0" 503 382
67.163.168.97 - - [30/Nov/2005:21:55:17 -0800] "GET /movies/mga_warlockkill.zip HTTP/1.0" 206 160255
67.163.168.97 - - [30/Nov/2005:21:55:17 -0800] "GET /movies/mga_warlockkill.zip HTTP/1.0" 206 185012
67.163.168.97 - - [30/Nov/2005:21:55:17 -0800] "GET /movies/mga_warlockkill.zip HTTP/1.0" 206 827568
67.163.168.97 - - [30/Nov/2005:21:55:17 -0800] "GET /movies/mga_warlockkill.zip HTTP/1.0" 206 235868
67.163.168.97 - - [30/Nov/2005:21:55:17 -0800] "GET /movies/mga_warlockkill.zip HTTP/1.0" 206 85796
67.163.168.97 - - [30/Nov/2005:21:55:17 -0800] "GET /movies/mga_warlockkill.zip HTTP/1.0" 206 933908
67.163.168.97 - - [30/Nov/2005:21:55:17 -0800] "GET /movies/mga_warlockkill.zip HTTP/1.0" 206 2412476
67.163.168.97 - - [30/Nov/2005:21:55:17 -0800] "GET /movies/mga_warlockkill.zip HTTP/1.0" 206 185256
67.163.168.97 - - [30/Nov/2005:21:55:17 -0800] "GET /movies/mga_warlockkill.zip HTTP/1.0" 503 382
67.163.168.97 - - [30/Nov/2005:21:55:17 -0800] "GET /movies/mga_warlockkill.zip HTTP/1.0" 206 238708
67.163.168.97 - - [30/Nov/2005:21:55:17 -0800] "GET /movies/mga_warlockkill.zip HTTP/1.0" 503 382
67.163.168.97 - - [30/Nov/2005:21:55:17 -0800] "GET /movies/mga_warlockkill.zip HTTP/1.0" 503 382
67.163.168.97 - - [30/Nov/2005:21:55:17 -0800] "GET /movies/mga_warlockkill.zip HTTP/1.0" 503 382
67.163.168.97 - - [30/Nov/2005:21:55:17 -0800] "GET /movies/mga_warlockkill.zip HTTP/1.0" 503 382
67.163.168.97 - - [30/Nov/2005:21:55:17 -0800] "GET /movies/mga_warlockkill.zip HTTP/1.0" 503 382
67.163.168.97 - - [30/Nov/2005:21:55:17 -0800] "GET /movies/mga_warlockkill.zip HTTP/1.0" 206 34695
67.163.168.97 - - [30/Nov/2005:21:55:17 -0800] "GET /movies/mga_warlockkill.zip HTTP/1.0" 206 34695
67.163.168.97 - - [30/Nov/2005:21:55:17 -0800] "GET /movies/mga_warlockkill.zip HTTP/1.0" 206 34695
67.163.168.97 - - [30/Nov/2005:21:55:17 -0800] "GET /movies/mga_warlockkill.zip HTTP/1.0" 206 2397792
67.163.168.97 - - [30/Nov/2005:21:55:17 -0800] "GET /movies/mga_warlockkill.zip HTTP/1.0" 503 382
67.163.168.97 - - [30/Nov/2005:21:55:17 -0800] "GET /movies/mga_warlockkill.zip HTTP/1.0" 206 1147056
67.163.168.97 - - [30/Nov/2005:21:55:17 -0800] "GET /movies/mga_warlockkill.zip HTTP/1.0" 206 115176
67.163.168.97 - - [30/Nov/2005:21:55:18 -0800] "GET /movies/mga_warlockkill.zip HTTP/1.0" 206 896436
67.163.168.97 - - [30/Nov/2005:21:55:18 -0800] "GET /movies/mga_warlockkill.zip HTTP/1.0" 206 57912
67.163.168.97 - - [30/Nov/2005:21:55:18 -0800] "GET /movies/mga_warlockkill.zip HTTP/1.0" 206 55135
67.163.168.97 - - [30/Nov/2005:21:55:18 -0800] "GET /movies/mga_warlockkill.zip HTTP/1.0" 206 840056
67.163.168.97 - - [30/Nov/2005:21:55:18 -0800] "GET /movies/mga_warlockkill.zip HTTP/1.0" 206 165464
67.163.168.97 - - [30/Nov/2005:21:55:18 -0800] "GET /movies/mga_warlockkill.zip HTTP/1.0" 206 56595
67.163.168.97 - - [30/Nov/2005:21:55:19 -0800] "GET /movies/mga_warlockkill.zip HTTP/1.0" 200 2480920
67.163.168.97 - - [30/Nov/2005:21:55:19 -0800] "GET /movies/mga_warlockkill.zip HTTP/1.0" 206 12795
67.10.77.60 - - [30/Nov/2005:21:55:20 -0800] "GET /movies/pvpvid2_Ikaros_Nedom.zip HTTP/1.1" 200 78186148
82.236.160.38 - - [30/Nov/2005:21:55:38 -0800] "GET /movies2/legio_4.zip HTTP/1.1" 206 27391
82.236.160.38 - - [30/Nov/2005:21:55:38 -0800] "GET /movies2/legio_4.zip HTTP/1.1" 206 15711
67.163.168.97 - - [30/Nov/2005:21:55:39 -0800] "GET /movies/WarlockVid.zip HTTP/1.0" 206 759996
67.163.168.97 - - [30/Nov/2005:21:55:39 -0800] "GET /movies/WarlockVid.zip HTTP/1.0" 206 798848
67.163.168.97 - - [30/Nov/2005:21:55:40 -0800] "GET /movies/WarlockVid.zip HTTP/1.0" 206 720896
67.163.168.97 - - [30/Nov/2005:21:55:40 -0800] "GET /movies/WarlockVid.zip HTTP/1.0" 206 874364
67.163.168.97 - - [30/Nov/2005:21:55:41 -0800] "GET /movies/WarlockVid.zip HTTP/1.0" 206 593640
67.163.168.97 - - [30/Nov/2005:21:55:41 -0800] "GET /movies/WarlockVid.zip HTTP/1.0" 206 1391124
67.163.168.97 - - [30/Nov/2005:21:55:41 -0800] "GET /movies/WarlockVid.zip HTTP/1.0" 206 1082240
67.163.168.97 - - [30/Nov/2005:21:55:41 -0800] "GET /movies/WarlockVid.zip HTTP/1.0" 206 1180804
67.163.168.97 - - [30/Nov/2005:21:55:41 -0800] "GET /movies/WarlockVid.zip HTTP/1.0" 206 818876
67.163.168.97 - - [30/Nov/2005:21:55:41 -0800] "GET /movies/WarlockVid.zip HTTP/1.0" 206 986132
67.163.168.97 - - [30/Nov/2005:21:55:41 -0800] "GET /movies/WarlockVid.zip HTTP/1.0" 206 891244
67.163.168.97 - - [30/Nov/2005:21:55:42 -0800] "GET /movies/WarlockVid.zip HTTP/1.0" 206 1040636
67.163.168.97 - - [30/Nov/2005:21:55:42 -0800] "GET /movies/WarlockVid.zip HTTP/1.0" 206 495660
67.163.168.97 - - [30/Nov/2005:21:55:42 -0800] "GET /movies/WarlockVid.zip HTTP/1.0" 206 992312
67.163.168.97 - - [30/Nov/2005:21:55:42 -0800] "GET /movies/WarlockVid.zip HTTP/1.0" 206 145916
67.163.168.97 - - [30/Nov/2005:21:55:42 -0800] "GET /movies/WarlockVid.zip HTTP/1.0" 206 139816
67.163.168.97 - - [30/Nov/2005:21:55:42 -0800] "GET /movies/WarlockVid.zip HTTP/1.0" 206 12796
67.163.168.97 - - [30/Nov/2005:21:55:43 -0800] "GET /movies/WarlockVid.zip HTTP/1.0" 206 148512
67.163.168.97 - - [30/Nov/2005:21:55:43 -0800] "GET /movies/WarlockVid.zip HTTP/1.0" 206 446508
67.163.168.97 - - [30/Nov/2005:21:55:43 -0800] "GET /movies/WarlockVid.zip HTTP/1.0" 206 229380
67.163.168.97 - - [30/Nov/2005:21:55:43 -0800] "GET /movies/WarlockVid.zip HTTP/1.0" 206 220944
67.163.168.97 - - [30/Nov/2005:21:55:43 -0800] "GET /movies/WarlockVid.zip HTTP/1.0" 206 286320
67.163.168.97 - - [30/Nov/2005:21:55:43 -0800] "GET /movies/WarlockVid.zip HTTP/1.0" 206 350804
67.163.168.97 - - [30/Nov/2005:21:55:43 -0800] "GET /movies/WarlockVid.zip HTTP/1.0" 206 91636
67.163.168.97 - - [30/Nov/2005:21:55:43 -0800] "GET /movies/WarlockVid.zip HTTP/1.0" 503 382
67.163.168.97 - - [30/Nov/2005:21:55:43 -0800] "GET /movies/WarlockVid.zip HTTP/1.0" 503 382
67.163.168.97 - - [30/Nov/2005:21:55:43 -0800] "GET /movies/WarlockVid.zip HTTP/1.0" 503 382
67.163.168.97 - - [30/Nov/2005:21:55:43 -0800] "GET /movies/WarlockVid.zip HTTP/1.0" 503 382
67.163.168.97 - - [30/Nov/2005:21:55:43 -0800] "GET /movies/WarlockVid.zip HTTP/1.0" 206 322088
67.163.168.97 - - [30/Nov/2005:21:55:43 -0800] "GET /movies/WarlockVid.zip HTTP/1.0" 206 82164
67.163.168.97 - - [30/Nov/2005:21:55:43 -0800] "GET /movies/WarlockVid.zip HTTP/1.0" 503 382
67.163.168.97 - - [30/Nov/2005:21:55:43 -0800] "GET /movies/WarlockVid.zip HTTP/1.0" 206 53676
67.163.168.97 - - [30/Nov/2005:21:55:43 -0800] "GET /movies/WarlockVid.zip HTTP/1.0" 206 183712
67.163.168.97 - - [30/Nov/2005:21:55:44 -0800] "GET /movies/WarlockVid.zip HTTP/1.0" 206 63896
67.163.168.97 - - [30/Nov/2005:21:55:44 -0800] "GET /movies/WarlockVid.zip HTTP/1.0" 206 41996
67.163.168.97 - - [30/Nov/2005:21:55:44 -0800] "GET /movies/WarlockVid.zip HTTP/1.0" 206 350880
67.163.168.97 - - [30/Nov/2005:21:55:44 -0800] "GET /movies/WarlockVid.zip HTTP/1.0" 206 310896
67.163.168.97 - - [30/Nov/2005:21:55:44 -0800] "GET /movies/WarlockVid.zip HTTP/1.0" 206 421612
67.163.168.97 - - [30/Nov/2005:21:55:44 -0800] "GET /movies/WarlockVid.zip HTTP/1.0" 206 361736
67.163.168.97 - - [30/Nov/2005:21:55:44 -0800] "GET /movies/WarlockVid.zip HTTP/1.0" 206 1307832
67.163.168.97 - - [30/Nov/2005:21:55:44 -0800] "GET /movies/WarlockVid.zip HTTP/1.0" 503 382
67.163.168.97 - - [30/Nov/2005:21:55:44 -0800] "GET /movies/WarlockVid.zip HTTP/1.0" 206 41996
67.163.168.97 - - [30/Nov/2005:21:55:44 -0800] "GET /movies/WarlockVid.zip HTTP/1.0" 206 730880
67.163.168.97 - - [30/Nov/2005:21:55:44 -0800] "GET /movies/WarlockVid.zip HTTP/1.0" 206 1350080
67.163.168.97 - - [30/Nov/2005:21:55:44 -0800] "GET /movies/WarlockVid.zip HTTP/1.0" 206 55560
67.163.168.97 - - [30/Nov/2005:21:55:44 -0800] "GET /movies/WarlockVid.zip HTTP/1.0" 206 246004
67.163.168.97 - - [30/Nov/2005:21:55:44 -0800] "GET /movies/WarlockVid.zip HTTP/1.0" 206 115256
67.163.168.97 - - [30/Nov/2005:21:55:44 -0800] "GET /movies/WarlockVid.zip HTTP/1.0" 206 41528
67.163.168.97 - - [30/Nov/2005:21:55:44 -0800] "GET /movies/WarlockVid.zip HTTP/1.0" 206 33236
67.163.168.97 - - [30/Nov/2005:21:55:44 -0800] "GET /movies/WarlockVid.zip HTTP/1.0" 206 162544
67.163.168.97 - - [30/Nov/2005:21:55:45 -0800] "GET /movies/WarlockVid.zip HTTP/1.0" 206 47836
67.163.168.97 - - [30/Nov/2005:21:55:45 -0800] "GET /movies/WarlockVid.zip HTTP/1.0" 206 12795
67.163.168.97 - - [30/Nov/2005:21:55:46 -0800] "GET /movies/WarlockVid.zip HTTP/1.0" 200 2615728
67.163.168.97 - - [30/Nov/2005:21:55:46 -0800] "GET /movies/WarlockVid.zip HTTP/1.0" 206 12796
82.236.160.38 - - [30/Nov/2005:21:56:13 -0800] "GET /movies2/legio_4.zip HTTP/1.1" 206 21552
69.14.226.156 - - [30/Nov/2005:21:56:57 -0800] "GET /movies/larax2.zip HTTP/1.1" 200 219177840
213.140.19.118 - - [30/Nov/2005:21:57:01 -0800] "GET /movies2/renamed_daoc.TR.tape-2.ausschnitte.ace HTTP/1.1" 200 497692
68.198.171.58 - - [30/Nov/2005:21:57:25 -0800] "GET /movies2/Purified.zip HTTP/1.1" 200 160426511
82.236.160.38 - - [30/Nov/2005:21:57:51 -0800] "GET /movies2/legio_4.zip HTTP/1.1" 206 15712
82.236.160.38 - - [30/Nov/2005:21:58:59 -0800] "GET /movies2/legio_4.zip HTTP/1.1" 206 21551
82.236.160.38 - - [30/Nov/2005:21:59:32 -0800] "GET /movies2/legio_4.zip HTTP/1.1" 206 15712
24.201.43.173 - - [30/Nov/2005:22:00:03 -0800] "GET /movies/FincloveKeelin.zip HTTP/1.1" 200 9933371
24.201.43.173 - - [30/Nov/2005:22:00:57 -0800] "GET /movies/HexruneMord.zip HTTP/1.1" 200 16204319
82.236.160.38 - - [30/Nov/2005:22:01:15 -0800] "GET /movies2/legio_4.zip HTTP/1.1" 206 24472
24.201.43.173 - - [30/Nov/2005:22:01:33 -0800] "GET /movies/WarlockVid.zip HTTP/1.1" 200 22035343
70.179.151.86 - - [30/Nov/2005:22:02:06 -0800] "GET /movies2/mof2.zip HTTP/1.1" 200 166356
82.236.160.38 - - [30/Nov/2005:22:02:52 -0800] "GET /movies2/legio_4.zip HTTP/1.1" 206 17171
82.236.160.38 - - [30/Nov/2005:22:02:56 -0800] "GET /movies2/legio_4.zip HTTP/1.1" 206 12791
82.236.160.38 - - [30/Nov/2005:22:03:28 -0800] "GET /movies2/legio_4.zip HTTP/1.1" 206 15712
82.124.65.162 - - [30/Nov/2005:22:03:36 -0800] "GET /movies/Rangers-Life.zip HTTP/1.1" 200 76173104
82.236.160.38 - - [30/Nov/2005:22:04:33 -0800] "GET /movies2/legio_4.zip HTTP/1.1" 206 15711
82.236.160.38 - - [30/Nov/2005:22:05:10 -0800] "GET /movies2/legio_4.zip HTTP/1.1" 206 14252
70.181.22.43 - - [30/Nov/2005:22:05:11 -0800] "GET /movies2/Purified.zip HTTP/1.1" 200 71825348
24.201.217.169 - - [30/Nov/2005:22:05:12 -0800] "GET /movies/Toceps%20Hizero.zip HTTP/1.1" 200 41108024
82.236.160.38 - - [30/Nov/2005:22:05:44 -0800] "GET /movies2/legio_4.zip HTTP/1.1" 206 277052
82.236.160.38 - - [30/Nov/2005:22:06:17 -0800] "GET /movies2/legio_4.zip HTTP/1.1" 206 12791
82.236.160.38 - - [30/Nov/2005:22:06:23 -0800] "GET /movies2/legio_4.zip HTTP/1.1" 206 128131
24.201.43.173 - - [30/Nov/2005:22:06:45 -0800] "GET /movies/Zeltax.zip HTTP/1.1" 200 98146138
24.159.57.27 - - [30/Nov/2005:22:08:19 -0800] "GET /movies/1-alb-wanshee.zip HTTP/1.1" 200 238710805
82.236.160.38 - - [30/Nov/2005:22:09:01 -0800] "GET /movies2/legio_4.zip HTTP/1.1" 206 45884328
82.236.160.38 - - [30/Nov/2005:22:09:10 -0800] "GET /movies2/legio_4.zip HTTP/1.1" 206 52893712
82.236.160.38 - - [30/Nov/2005:22:09:11 -0800] "GET /movies2/legio_4.zip HTTP/1.1" 206 2143060
70.179.159.109 - - [30/Nov/2005:22:10:59 -0800] "GET /movies2/mof2.zip HTTP/1.1" 200 19685144
213.140.19.118 - - [30/Nov/2005:22:13:03 -0800] "GET /movies2/renamed_daoc.TR.tape-2.ausschnitte.ace HTTP/1.1" 200 86895906
213.140.19.118 - - [30/Nov/2005:22:14:46 -0800] "GET /movies2/renamed_daoc.TR.tape-2.ausschnitte.ace HTTP/1.1" 200 820196
213.140.19.118 - - [30/Nov/2005:22:16:18 -0800] "GET /movies2/renamed_daoc.TR.tape-2.ausschnitte.ace HTTP/1.1" 200 100416
213.140.19.118 - - [30/Nov/2005:22:17:29 -0800] "GET /movies2/renamed_daoc.TR.tape-2.ausschnitte.ace HTTP/1.1" 200 6047708
66.130.103.177 - - [30/Nov/2005:22:17:44 -0800] "GET /movies/Zeltax.zip HTTP/1.1" 200 98146138
213.140.19.118 - - [30/Nov/2005:22:18:05 -0800] "GET /movies2/renamed_daoc.TR.tape-2.ausschnitte.ace HTTP/1.1" 200 227436
24.159.57.27 - - [30/Nov/2005:22:20:07 -0800] "GET /movies2/Wanshee-2.zip HTTP/1.1" 200 354829798
85.124.103.98 - - [30/Nov/2005:22:21:18 -0800] "GET /movies/All_Her_Chambers.zip HTTP/1.1" 200 247555314
150.250.207.228 - - [30/Nov/2005:22:21:54 -0800] "GET /favicon.ico HTTP/1.1" 404 283
67.183.152.21 - - [30/Nov/2005:22:23:30 -0800] "GET /movies2/rvr.zip HTTP/1.1" 200 327301124
24.245.7.42 - - [30/Nov/2005:22:23:55 -0800] "GET /movies2/Obso.zip HTTP/1.1" 200 109229556
24.14.83.127 - - [30/Nov/2005:22:24:05 -0800] "GET /movies2/3021.zip HTTP/1.1" 200 2969342
67.182.15.200 - - [30/Nov/2005:22:24:24 -0800] "GET /movies/Maelstrom2.zip HTTP/1.1" 200 162334799
24.14.83.127 - - [30/Nov/2005:22:25:46 -0800] "GET /movies/19_vs_1_Lava_Pack.zip HTTP/1.1" 404 300
24.14.83.127 - - [30/Nov/2005:22:25:46 -0800] "GET /favicon.ico HTTP/1.1" 404 283
67.182.15.200 - - [30/Nov/2005:22:25:54 -0800] "GET /movies/mga_warlockkill.zip HTTP/1.1" 200 39641323
67.182.15.200 - - [30/Nov/2005:22:26:31 -0800] "GET /movies/Against%20All%20Odds%20-%20Polv4g.zip HTTP/1.1" 200 30310399
24.14.83.127 - - [30/Nov/2005:22:26:48 -0800] "GET /movies/thegift.zip HTTP/1.1" 200 20769915
71.135.60.124 - - [30/Nov/2005:22:27:21 -0800] "GET /favicon.ico HTTP/1.1" 404 283
64.193.211.97 - - [30/Nov/2005:22:27:59 -0800] "GET /movies2/renamed_Kippo2.zip HTTP/1.1" 200 136238530
80.58.47.42 - - [30/Nov/2005:22:28:47 -0800] "GET /movies/renamed_WeatheredSoloMovie1.rar HTTP/1.0" 206 187054481
66.68.109.244 - - [30/Nov/2005:22:30:01 -0800] "GET /movies2/macathoMovie.zip HTTP/1.1" 200 237996682
67.182.15.200 - - [30/Nov/2005:22:32:13 -0800] "GET /movies/Nukey_v1.zip HTTP/1.1" 200 164036993
67.182.15.200 - - [30/Nov/2005:22:32:31 -0800] "GET /movies/Seven%20in%20one%20blow.zip HTTP/1.1" 200 16228285
12.221.233.60 - - [30/Nov/2005:22:34:11 -0800] "GET /movies/Maelstrom2.zip HTTP/1.1" 200 162334799
208.27.124.183 - - [30/Nov/2005:22:37:49 -0800] "GET /movies/SmallPwn2.zip HTTP/1.1" 200 97527822
71.241.13.149 - - [30/Nov/2005:22:38:34 -0800] "GET /movies2/maelstrom_cluster1.zip HTTP/1.1" 200 345369905
69.145.113.127 - - [30/Nov/2005:22:40:40 -0800] "GET /favicon.ico HTTP/1.1" 404 283
221.186.164.158 - - [30/Nov/2005:22:41:53 -0800] "GET /movies2/macathoMovie.zip HTTP/1.1" 200 237996682
71.135.60.124 - - [30/Nov/2005:22:44:59 -0800] "GET /movies2/Purified.zip HTTP/1.1" 200 160426511
69.145.113.127 - - [30/Nov/2005:22:45:08 -0800] "GET /movies/Painfool2ndvideo1.zip HTTP/1.1" 200 100122157
66.68.109.244 - - [30/Nov/2005:22:51:23 -0800] "GET /movies2/maelstrom_cluster1.zip HTTP/1.1" 200 345369905
150.250.207.228 - - [30/Nov/2005:22:51:58 -0800] "GET /movies/trap-team.zip HTTP/1.1" 200 76482567
66.68.109.244 - - [30/Nov/2005:22:53:23 -0800] "GET /movies2/walkingissues-c.zip HTTP/1.1" 200 490841336
24.14.83.127 - - [30/Nov/2005:22:53:51 -0800] "GET /movies/BRvsRag.zip HTTP/1.1" 404 290
24.14.83.127 - - [30/Nov/2005:22:53:51 -0800] "GET /favicon.ico HTTP/1.1" 404 283
24.14.83.127 - - [30/Nov/2005:22:53:58 -0800] "GET /movies/BD%20vs%20Ragnaros.avi HTTP/1.1" 404 297
24.14.83.127 - - [30/Nov/2005:22:53:58 -0800] "GET /favicon.ico HTTP/1.1" 404 283
59.134.223.34 - - [30/Nov/2005:22:55:06 -0800] "GET /movies/LixaMLF.v3.zip HTTP/1.1" 200 148839493
24.14.83.127 - - [30/Nov/2005:22:55:52 -0800] "GET /movies/Bored.zip HTTP/1.1" 200 44792817
24.21.91.111 - - [30/Nov/2005:22:57:24 -0800] "GET /movies/ScoutHowToVideo.zip HTTP/1.1" 200 127992
24.21.91.111 - - [30/Nov/2005:22:57:25 -0800] "GET /movies/ScoutHowToVideo.zip HTTP/1.1" 200 136752
24.21.91.111 - - [30/Nov/2005:22:57:26 -0800] "GET /movies/ScoutHowToVideo.zip HTTP/1.1" 200 126532
193.175.15.234 - - [30/Nov/2005:22:57:45 -0800] "GET /movies2/nov15.zip HTTP/1.0" 200 196927704
24.250.190.66 - - [30/Nov/2005:22:58:49 -0800] "GET /movies/Infensus%20II.zip HTTP/1.1" 200 488263037
59.134.223.34 - - [30/Nov/2005:22:59:39 -0800] "GET /movies/LixaMLF.v4.zip HTTP/1.1" 200 178030300
70.122.93.145 - - [30/Nov/2005:23:01:36 -0800] "GET /movies/monsterz.zip HTTP/1.1" 200 84814262
24.21.91.111 - - [30/Nov/2005:23:01:39 -0800] "GET /movies/ScoutHowToVideo.zip HTTP/1.1" 200 111388658
70.122.93.145 - - [30/Nov/2005:23:02:02 -0800] "GET /movies/seyxfearless.zip HTTP/1.1" 200 125721081
24.21.91.111 - - [30/Nov/2005:23:12:29 -0800] "GET /movies2/raabes%20abschiedsvid.zip HTTP/1.1" 200 226185820
24.14.83.127 - - [30/Nov/2005:23:12:34 -0800] "GET /movies/Changed.zip HTTP/1.1" 200 141530045
193.175.15.234 - - [30/Nov/2005:23:15:57 -0800] "GET /movies2/Goldencam.rar HTTP/1.0" 200 266654160
68.45.232.218 - - [30/Nov/2005:23:17:28 -0800] "GET /movies2/SnipInsel2.zip HTTP/1.1" 200 169081383
70.122.93.145 - - [30/Nov/2005:23:19:19 -0800] "GET /movies/Solo_Warrior_Final.zip HTTP/1.1" 200 26574232
84.62.88.145 - - [30/Nov/2005:23:20:37 -0800] "GET /movies2/Raila%20Memorial%20good.zip HTTP/1.1" 200 24692536
66.177.96.9 - - [30/Nov/2005:23:21:20 -0800] "GET /movies2/Rush-Devon.zip HTTP/1.1" 200 187487255
59.134.223.34 - - [30/Nov/2005:23:22:17 -0800] "GET /movies/EvilAnkleBiter.zip HTTP/1.1" 200 97258733
70.122.93.145 - - [30/Nov/2005:23:23:17 -0800] "GET /movies/Cariina.zip HTTP/1.1" 200 68384466
84.62.88.145 - - [30/Nov/2005:23:25:31 -0800] "GET /movies2/tabula2.zip HTTP/1.1" 200 18735250
84.62.88.145 - - [30/Nov/2005:23:25:50 -0800] "GET /movies/HexruneMord2.zip HTTP/1.1" 200 11504596
24.14.83.127 - - [30/Nov/2005:23:25:53 -0800] "GET /movies/lucinia.zip HTTP/1.1" 200 54140069
82.83.130.122 - - [30/Nov/2005:23:25:59 -0800] "GET /movies/mof.zip HTTP/1.1" 200 335293262
70.122.93.145 - - [30/Nov/2005:23:27:09 -0800] "GET /movies/excal_vw.zip HTTP/1.1" 200 152350466
199.126.136.178 - - [30/Nov/2005:23:28:11 -0800] "GET /favicon.ico HTTP/1.1" 404 283
69.244.135.237 - - [30/Nov/2005:23:28:11 -0800] "GET /movies2/Snarf4.zip HTTP/1.1" 200 88231405
84.62.88.145 - - [30/Nov/2005:23:28:32 -0800] "GET /movies2/renamed_daoc.TR.tape-2.ausschnitte.ace HTTP/1.1" 200 86895906
84.185.199.187 - - [30/Nov/2005:23:30:32 -0800] "GET /movies2/Raila%20Memorial%20good.zip HTTP/1.1" 200 24692536
87.123.194.105 - - [30/Nov/2005:23:31:27 -0800] "GET /movies2/Daily_RvR-2.zip HTTP/1.1" 200 320023076
199.126.136.178 - - [30/Nov/2005:23:31:54 -0800] "GET /movies/hibgath.zip HTTP/1.1" 200 57689712
24.14.83.127 - - [30/Nov/2005:23:31:57 -0800] "GET /movies/murder.rar HTTP/1.1" 200 31517296
24.21.91.111 - - [30/Nov/2005:23:32:45 -0800] "GET /movies/silentduo.zip HTTP/1.1" 200 49769497
84.185.199.187 - - [30/Nov/2005:23:32:56 -0800] "GET /movies2/Raila%20Memorial%20good.zip HTTP/1.1" 304 -
129.19.103.56 - - [30/Nov/2005:23:33:08 -0800] "GET /movies/LittleHo2.zip HTTP/1.1" 200 96797266
12.208.128.184 - - [30/Nov/2005:23:34:30 -0800] "GET /favicon.ico HTTP/1.1" 404 283
69.162.83.133 - - [30/Nov/2005:23:35:50 -0800] "GET /movies2/Raila%20Memorial%20good.zip HTTP/1.1" 200 24692536
84.154.97.150 - - [30/Nov/2005:23:37:29 -0800] "GET /favicon.ico HTTP/1.1" 404 283
24.21.91.111 - - [30/Nov/2005:23:38:39 -0800] "GET /movies/Krystie.zip HTTP/1.1" 200 67209268
84.230.233.25 - - [30/Nov/2005:23:40:22 -0800] "GET /movies/renamed_DWAzos-PreCatacombs.zip HTTP/1.1" 200 732664
84.230.233.25 - - [30/Nov/2005:23:40:29 -0800] "GET /movies/renamed_DWAzos-PreCatacombs.zip HTTP/1.1" 200 419424
84.230.233.25 - - [30/Nov/2005:23:40:54 -0800] "GET /movies/Beyond%20All%20Recognition.zip HTTP/1.1" 200 576372
69.162.83.133 - - [30/Nov/2005:23:42:52 -0800] "GET /movies/minstreldude.zip HTTP/1.1" 200 34590888
24.21.112.118 - - [30/Nov/2005:23:44:56 -0800] "GET /movies/silentduo.zip HTTP/1.1" 200 49769497
24.21.112.118 - - [30/Nov/2005:23:48:03 -0800] "GET /movies/silentduo.zip HTTP/1.1" 200 101879
24.91.247.140 - - [30/Nov/2005:23:49:28 -0800] "GET /movies/ScoutHowToVideo.zip HTTP/1.1" 200 111388658
69.162.83.133 - - [30/Nov/2005:23:52:02 -0800] "GET /movies2/Absorbx_Gareth.zip HTTP/1.1" 200 342536526
12.208.128.184 - - [30/Nov/2005:23:52:38 -0800] "GET /movies/cgrvr.rar HTTP/1.1" 200 134292823
24.21.112.118 - - [30/Nov/2005:23:53:34 -0800] "GET /movies/silentduo.zip HTTP/1.1" 200 3716980
83.112.172.80 - - [30/Nov/2005:23:54:17 -0800] "GET /movies/Horderaid.zip HTTP/1.1" 200 276100
83.112.172.80 - - [30/Nov/2005:23:54:18 -0800] "GET /movies/Horderaid.zip HTTP/1.1" 200 59940
83.112.172.80 - - [30/Nov/2005:23:54:31 -0800] "GET /movies/Horderaid.zip HTTP/1.0" 200 90924
83.112.172.80 - - [30/Nov/2005:23:54:54 -0800] "GET /movies/RegimeTownTakeover.zip HTTP/1.1" 200 54668
24.21.112.118 - - [30/Nov/2005:23:55:09 -0800] "GET /movies/silentduo.zip HTTP/1.1" 206 49683678
83.112.172.80 - - [30/Nov/2005:23:55:18 -0800] "GET /movies/Brain%20Damage%20PvP.zip HTTP/1.1" 200 31799
83.112.172.80 - - [30/Nov/2005:23:55:42 -0800] "GET /movies/nns.zip HTTP/1.1" 200 31798
83.112.172.80 - - [30/Nov/2005:23:56:10 -0800] "GET /movies/Rakshah%20Solo%20PvP%201.zip HTTP/1.1" 200 25959
12.208.128.184 - - [30/Nov/2005:23:56:18 -0800] "GET /movies/ReleasE.zip HTTP/1.1" 200 177775714
83.112.172.80 - - [30/Nov/2005:23:56:34 -0800] "GET /movies/UDsolo.rar HTTP/1.1" 200 25964
83.112.172.80 - - [30/Nov/2005:23:56:59 -0800] "GET /movies/2shamvp.zip HTTP/1.1" 200 25959
220.125.114.168 - - [30/Nov/2005:23:57:15 -0800] "GET /movies2/Raila%20Memorial%20good.zip HTTP/1.1" 200 24692536
83.112.172.80 - - [30/Nov/2005:23:57:31 -0800] "GET /movies/Living%20on%20the%20Edge.zip HTTP/1.1" 200 28879
83.112.172.80 - - [30/Nov/2005:23:57:37 -0800] "GET /movies/Twitch.zip HTTP/1.1" 200 25958
83.112.172.80 - - [30/Nov/2005:23:58:06 -0800] "GET /movies/Tarren%20Mill%20Dust.zip HTTP/1.1" 200 25959
24.151.211.163 - - [30/Nov/2005:23:58:18 -0800] "GET /movies2/FUN.zip HTTP/1.1" 200 412093813
24.91.247.140 - - [30/Nov/2005:23:59:27 -0800] "GET /movies/Snipvid2full.zip HTTP/1.1" 200 191263607
83.112.172.80 - - [01/Dec/2005:00:01:34 -0800] "GET /movies/Horderaid.zip HTTP/1.0" 206 2265024
220.125.114.168 - - [01/Dec/2005:00:01:47 -0800] "GET /movies2/Raila%20Memorial%20good.zip HTTP/1.1" 200 24692536
67.173.76.227 - - [01/Dec/2005:00:01:50 -0800] "GET /favicon.ico HTTP/1.1" 404 283
69.34.131.226 - - [01/Dec/2005:00:02:17 -0800] "GET /movies/For%20Science%20-%20Tower%20Camping%20101.zip HTTP/1.1" 200 139842910
83.112.172.80 - - [01/Dec/2005:00:02:39 -0800] "GET /movies/Horderaid.zip HTTP/1.0" 206 1976028
83.112.172.80 - - [01/Dec/2005:00:02:44 -0800] "GET /movies/Horderaid.zip HTTP/1.0" 206 1910795
70.104.16.36 - - [01/Dec/2005:00:02:46 -0800] "GET /movies/Deathwstyle.zip HTTP/1.1" 200 106474129
69.34.131.226 - - [01/Dec/2005:00:02:56 -0800] "GET /movies/For%20Science%20-%20Tower%20Camping%20101.zip HTTP/1.1" 200 139842910
82.227.4.1 - - [01/Dec/2005:00:03:50 -0800] "GET /movies2/Goldencam.rar HTTP/1.1" 200 501664
83.112.172.80 - - [01/Dec/2005:00:03:55 -0800] "GET /movies/Horderaid.zip HTTP/1.0" 206 1907688
83.112.172.80 - - [01/Dec/2005:00:04:03 -0800] "GET /movies/Horderaid.zip HTTP/1.0" 206 2002300
83.112.172.80 - - [01/Dec/2005:00:04:39 -0800] "GET /movies/Horderaid.zip HTTP/1.0" 206 2886428
24.18.62.10 - - [01/Dec/2005:00:05:01 -0800] "GET /movies/The%20Soul%20Reaver.zip HTTP/1.1" 200 104792105
83.112.172.80 - - [01/Dec/2005:00:05:01 -0800] "GET /movies/Horderaid.zip HTTP/1.0" 206 1781252
132.170.45.23 - - [01/Dec/2005:00:05:02 -0800] "GET /movies2/Tears%20of%20Wrath.zip HTTP/1.1" 200 216447940
83.112.172.80 - - [01/Dec/2005:00:05:11 -0800] "GET /movies/Horderaid.zip HTTP/1.0" 206 1048028
82.234.241.52 - - [01/Dec/2005:00:05:16 -0800] "GET /movies2/legio_4.zip HTTP/1.1" 200 532469697
83.112.172.80 - - [01/Dec/2005:00:05:25 -0800] "GET /movies/Horderaid.zip HTTP/1.0" 206 1155508
83.112.172.80 - - [01/Dec/2005:00:06:50 -0800] "GET /movies/Horderaid.zip HTTP/1.0" 206 3879868
71.135.60.124 - - [01/Dec/2005:00:06:56 -0800] "GET /movies2/stigmata_october.zip HTTP/1.1" 200 374738522
83.112.172.80 - - [01/Dec/2005:00:06:57 -0800] "GET /movies/Horderaid.zip HTTP/1.0" 206 3701156
84.230.233.25 - - [01/Dec/2005:00:07:35 -0800] "GET /movies/renamed_DWAzos-PreCatacombs.zip HTTP/1.1" 200 143788592
83.112.172.80 - - [01/Dec/2005:00:08:03 -0800] "GET /movies/Horderaid.zip HTTP/1.0" 206 3762984
83.112.172.80 - - [01/Dec/2005:00:08:07 -0800] "GET /movies/Horderaid.zip HTTP/1.0" 206 494772
83.112.172.80 - - [01/Dec/2005:00:08:23 -0800] "GET /movies/Horderaid.zip HTTP/1.0" 206 199883
83.112.172.80 - - [01/Dec/2005:00:08:39 -0800] "GET /movies/Horderaid.zip HTTP/1.0" 200 3250108
71.135.60.124 - - [01/Dec/2005:00:10:39 -0800] "GET /movies2/stigmata_october.zip HTTP/1.1" 200 587844
84.154.97.150 - - [01/Dec/2005:00:10:41 -0800] "GET /movies/Maelstrom1.zip HTTP/1.1" 200 81878829
84.230.233.25 - - [01/Dec/2005:00:11:32 -0800] "GET /movies/Yzervision.zip HTTP/1.1" 200 156263247
84.179.207.137 - - [01/Dec/2005:00:11:33 -0800] "GET /movies/Sorcerer%20Vid.zip HTTP/1.1" 200 99661023
220.125.114.168 - - [01/Dec/2005:00:12:53 -0800] "GET /movies2/Gimp_and_Run_DivX.zip HTTP/1.1" 200 120258322
71.135.60.124 - - [01/Dec/2005:00:14:16 -0800] "GET /movies2/stigmata_october.zip HTTP/1.1" 206 1281900
24.231.219.87 - - [01/Dec/2005:00:18:10 -0800] "GET /movies2/Raila%20Memorial%20good.zip HTTP/1.1" 200 24692536
83.112.172.80 - - [01/Dec/2005:00:18:37 -0800] "GET /movies/Brain%20Damage%20PvP.zip HTTP/1.0" 206 5183128
66.41.214.243 - - [01/Dec/2005:00:19:04 -0800] "GET /movies/Ascendancy%20Healer%20Video.rar HTTP/1.1" 200 199685220
83.112.172.80 - - [01/Dec/2005:00:19:38 -0800] "GET /movies/Brain%20Damage%20PvP.zip HTTP/1.0" 206 4092292
66.251.25.179 - - [01/Dec/2005:00:19:39 -0800] "GET /movies2/stigmata_october.zip HTTP/1.1" 200 374738522
84.227.189.119 - - [01/Dec/2005:00:20:48 -0800] "GET /movies2/ValiantGlory2.zip HTTP/1.1" 200 148136
84.100.38.250 - - [01/Dec/2005:00:21:25 -0800] "HEAD /movies/dragon.zip HTTP/1.1" 200 0
84.227.189.119 - - [01/Dec/2005:00:21:32 -0800] "GET /movies2/ValiantGlory2.zip HTTP/1.1" 200 107176
83.112.172.80 - - [01/Dec/2005:00:21:46 -0800] "GET /movies/Brain%20Damage%20PvP.zip HTTP/1.0" 206 5017768
84.227.189.119 - - [01/Dec/2005:00:21:54 -0800] "GET /movies2/ValiantGlory2.zip HTTP/1.1" 200 139376
84.227.189.119 - - [01/Dec/2005:00:21:57 -0800] "GET /movies2/ValiantGlory2.zip HTTP/1.1" 200 100176
81.250.172.185 - - [01/Dec/2005:00:22:30 -0800] "GET /movies2/3021.zip HTTP/1.1" 200 375440
81.250.172.185 - - [01/Dec/2005:00:23:13 -0800] "GET /movies2/wsg_20-29.zip HTTP/1.1" 200 248076
81.250.172.185 - - [01/Dec/2005:00:23:28 -0800] "GET /movies2/wsg_20-29.zip HTTP/1.1" 200 104328
81.250.172.185 - - [01/Dec/2005:00:23:37 -0800] "GET /movies2/wsg_20-29.zip HTTP/1.1" 200 136272
81.250.172.185 - - [01/Dec/2005:00:23:48 -0800] "GET /movies2/3021.zip HTTP/1.1" 200 2969342
67.181.168.123 - - [01/Dec/2005:00:23:49 -0800] "GET /movies/LixaMLF.v4.zip HTTP/1.1" 200 90198
68.96.182.120 - - [01/Dec/2005:00:24:41 -0800] "GET /movies2/Raila%20Memorial%20good.zip HTTP/1.1" 200 24692536
67.190.189.162 - - [01/Dec/2005:00:24:54 -0800] "GET /movies/Meeting_Solo_Skald_Video1.rar HTTP/1.1" 200 184932
67.173.76.227 - - [01/Dec/2005:00:25:00 -0800] "GET /movies2/FUN.zip HTTP/1.1" 200 412093813
67.190.189.162 - - [01/Dec/2005:00:25:38 -0800] "GET /movies2/Raila%20Memorial%20good.zip HTTP/1.1" 200 24692536
83.112.172.80 - - [01/Dec/2005:00:26:58 -0800] "GET /movies/Brain%20Damage%20PvP.zip HTTP/1.0" 206 4246795
71.142.253.110 - - [01/Dec/2005:00:27:31 -0800] "GET /movies/gnomevasion2.zip HTTP/1.1" 200 23956042
85.68.28.254 - - [01/Dec/2005:00:28:46 -0800] "GET /movies2/45D.zip HTTP/1.1" 200 41268037
83.112.172.80 - - [01/Dec/2005:00:29:41 -0800] "GET /movies/Brain%20Damage%20PvP.zip HTTP/1.0" 206 2917720
70.104.16.36 - - [01/Dec/2005:00:29:56 -0800] "GET /movies2/Under%20Attack%20I.zip HTTP/1.1" 200 127786777
67.190.189.162 - - [01/Dec/2005:00:30:23 -0800] "GET /movies/Nerrfes%20take%202.zip HTTP/1.1" 200 57654754
82.83.130.122 - - [01/Dec/2005:00:32:23 -0800] "GET /movies2/mof2.zip HTTP/1.1" 200 312575126
83.103.41.210 - - [01/Dec/2005:00:33:01 -0800] "GET /movies2/renamed_daoc.TR.tape-2.ausschnitte.ace HTTP/1.1" 200 86895906
85.68.28.254 - - [01/Dec/2005:00:33:19 -0800] "GET /movies/HexruneMord2.zip HTTP/1.1" 200 11504596
71.241.13.149 - - [01/Dec/2005:00:33:41 -0800] "GET /movies2/macathoMovie.zip HTTP/1.1" 200 237996682
71.135.60.124 - - [01/Dec/2005:00:33:44 -0800] "GET /movies/RedMezz.zip HTTP/1.1" 200 164103698
83.112.172.80 - - [01/Dec/2005:00:34:05 -0800] "GET /movies/Brain%20Damage%20PvP.zip HTTP/1.0" 206 7303568
85.99.152.219 - - [01/Dec/2005:00:34:13 -0800] "GET /movies/Maladon%20Mezzwalker%20.rar HTTP/1.1" 200 84769642
83.112.172.80 - - [01/Dec/2005:00:35:23 -0800] "GET /movies/Brain%20Damage%20PvP.zip HTTP/1.0" 206 1928708
220.125.114.168 - - [01/Dec/2005:00:35:24 -0800] "GET /movies2/raabes%20abschiedsvid.zip HTTP/1.1" 200 226185820
83.112.172.80 - - [01/Dec/2005:00:35:37 -0800] "GET /movies/Brain%20Damage%20PvP.zip HTTP/1.0" 200 8986048
24.0.35.40 - - [01/Dec/2005:00:35:42 -0800] "GET /movies/RedMezz.zip HTTP/1.1" 200 164103698
85.68.28.254 - - [01/Dec/2005:00:36:11 -0800] "GET /movies/A_moment_of_peace_final.zip HTTP/1.1" 200 66326928
84.230.233.25 - - [01/Dec/2005:00:37:33 -0800] "GET /movies/renamed_DWAzos-PreCatacombs.zip HTTP/1.1" 200 143788592
201.154.173.14 - - [01/Dec/2005:00:38:23 -0800] "GET /movies/AmishParadise.zip HTTP/1.1" 200 43025780
84.177.117.251 - - [01/Dec/2005:00:39:19 -0800] "GET /movies/Incomparable.rar HTTP/1.1" 200 175212185
84.154.97.150 - - [01/Dec/2005:00:39:53 -0800] "GET /favicon.ico HTTP/1.1" 404 283
80.222.53.129 - - [01/Dec/2005:00:42:21 -0800] "GET /movies/Frozensolid%20The%20Movie.zip HTTP/1.1" 200 211139327
67.82.79.171 - - [01/Dec/2005:00:42:21 -0800] "GET /movies2/FUN.zip HTTP/1.1" 200 412093813
83.112.172.80 - - [01/Dec/2005:00:42:57 -0800] "GET /movies/RegimeTownTakeover.zip HTTP/1.0" 206 5891192
68.91.80.21 - - [01/Dec/2005:00:42:57 -0800] "GET /favicon.ico HTTP/1.1" 404 283
83.112.172.80 - - [01/Dec/2005:00:43:53 -0800] "GET /movies/RegimeTownTakeover.zip HTTP/1.0" 206 3527108
83.112.172.80 - - [01/Dec/2005:00:43:59 -0800] "GET /movies/RegimeTownTakeover.zip HTTP/1.0" 206 6253828
71.241.13.149 - - [01/Dec/2005:00:44:04 -0800] "GET /movies2/FR5.zip HTTP/1.1" 200 233495040
83.112.172.80 - - [01/Dec/2005:00:44:47 -0800] "GET /movies/RegimeTownTakeover.zip HTTP/1.0" 206 4579208
83.112.172.80 - - [01/Dec/2005:00:45:16 -0800] "GET /movies/RegimeTownTakeover.zip HTTP/1.0" 206 3817088
83.112.172.80 - - [01/Dec/2005:00:45:16 -0800] "GET /movies/RegimeTownTakeover.zip HTTP/1.0" 206 10801052
81.250.172.185 - - [01/Dec/2005:00:46:10 -0800] "GET /movies2/wsg_20-29.zip HTTP/1.1" 200 108745637
67.181.168.123 - - [01/Dec/2005:00:46:22 -0800] "GET /movies2/rvr.zip HTTP/1.1" 200 327301124
84.154.97.150 - - [01/Dec/2005:00:46:34 -0800] "GET /movies/Maelstrom2.zip HTTP/1.1" 200 162334799
83.112.172.80 - - [01/Dec/2005:00:47:38 -0800] "GET /movies/RegimeTownTakeover.zip HTTP/1.0" 206 8844680
83.112.172.80 - - [01/Dec/2005:00:48:03 -0800] "GET /movies/RegimeTownTakeover.zip HTTP/1.0" 206 12775648
67.181.168.123 - - [01/Dec/2005:00:48:27 -0800] "GET /movies2/maelstrom_cluster1.zip HTTP/1.1" 200 345369905
193.198.159.22 - - [01/Dec/2005:00:49:29 -0800] "GET /movies/holydot2.zip HTTP/1.1" 200 947208
83.112.172.80 - - [01/Dec/2005:00:49:46 -0800] "GET /movies/RegimeTownTakeover.zip HTTP/1.0" 206 2105247
193.198.159.22 - - [01/Dec/2005:00:49:51 -0800] "GET /movies/holydot2.zip HTTP/1.1" 200 120692
83.112.172.80 - - [01/Dec/2005:00:51:01 -0800] "GET /movies/RegimeTownTakeover.zip HTTP/1.0" 206 14620732
193.198.159.22 - - [01/Dec/2005:00:51:03 -0800] "GET /movies/holydot2.zip HTTP/1.1" 200 840228
67.181.168.123 - - [01/Dec/2005:00:51:07 -0800] "GET /movies2/Absorbx_Gareth.zip HTTP/1.1" 200 342536526
67.190.113.52 - - [01/Dec/2005:00:51:41 -0800] "GET /movies/Yla-AViewToAKill.zip HTTP/1.1" 200 11618900
67.190.113.52 - - [01/Dec/2005:00:52:08 -0800] "GET /movies/Yla-AViewToAKill.zip HTTP/1.1" 200 14290160
83.112.172.80 - - [01/Dec/2005:00:52:42 -0800] "GET /movies/RegimeTownTakeover.zip HTTP/1.0" 206 11278000
83.112.172.80 - - [01/Dec/2005:00:52:57 -0800] "GET /movies/RegimeTownTakeover.zip HTTP/1.0" 206 16427752
83.112.172.80 - - [01/Dec/2005:00:53:24 -0800] "GET /movies/RegimeTownTakeover.zip HTTP/1.0" 206 12281504
83.112.172.80 - - [01/Dec/2005:00:53:34 -0800] "GET /movies/RegimeTownTakeover.zip HTTP/1.0" 206 843132
211.108.94.29 - - [01/Dec/2005:00:53:35 -0800] "GET /movies/2%20Tage%20RVR%20-%20Logres%20Hib.zip HTTP/1.1" 200 36333229
83.112.172.80 - - [01/Dec/2005:00:53:51 -0800] "GET /movies/RegimeTownTakeover.zip HTTP/1.0" 206 693572
83.112.172.80 - - [01/Dec/2005:00:53:58 -0800] "GET /movies/RegimeTownTakeover.zip HTTP/1.0" 206 1503384
84.100.38.250 - - [01/Dec/2005:00:54:24 -0800] "GET /movies/dragon.zip HTTP/1.1" 200 76833311
143.93.164.10 - - [01/Dec/2005:00:54:26 -0800] "GET /movies2/Raila%20Memorial%20good.zip HTTP/1.1" 200 24692536
83.112.172.80 - - [01/Dec/2005:00:54:28 -0800] "GET /movies/RegimeTownTakeover.zip HTTP/1.0" 200 11224296
83.112.172.80 - - [01/Dec/2005:00:54:28 -0800] "GET /movies/RegimeTownTakeover.zip HTTP/1.0" 206 322313
83.112.172.80 - - [01/Dec/2005:00:55:21 -0800] "GET /movies/UDsolo.rar HTTP/1.0" 206 1982176
85.68.28.254 - - [01/Dec/2005:00:55:51 -0800] "GET /movies2/Defiance-v1.zip HTTP/1.1" 200 175348294
84.141.242.88 - - [01/Dec/2005:00:56:11 -0800] "GET /movies2/renamed_daoc.TR.tape-2.ausschnitte.ace HTTP/1.1" 200 86895906
84.230.233.25 - - [01/Dec/2005:00:57:02 -0800] "GET /movies/GladricSoloRvrMovie4.zip HTTP/1.1" 200 188217167
83.112.172.80 - - [01/Dec/2005:00:57:08 -0800] "GET /movies/UDsolo.rar HTTP/1.0" 206 1287498
83.112.172.80 - - [01/Dec/2005:00:57:15 -0800] "GET /movies/UDsolo.rar HTTP/1.0" 206 3386064
58.239.5.204 - - [01/Dec/2005:00:57:40 -0800] "GET /movies/sw33t.zip HTTP/1.1" 200 266535457
83.112.172.80 - - [01/Dec/2005:00:57:54 -0800] "GET /movies/UDsolo.rar HTTP/1.0" 206 3525648
83.112.172.80 - - [01/Dec/2005:00:58:03 -0800] "GET /movies/UDsolo.rar HTTP/1.0" 206 1324460
82.238.16.231 - - [01/Dec/2005:00:58:13 -0800] "GET /movies2/angathid.zip HTTP/1.1" 200 167290997
64.193.211.97 - - [01/Dec/2005:00:58:23 -0800] "GET /movies/Yla-AViewToAKill.zip HTTP/1.1" 200 428919
83.112.172.80 - - [01/Dec/2005:00:58:50 -0800] "GET /movies/UDsolo.rar HTTP/1.0" 206 337016
68.91.80.21 - - [01/Dec/2005:00:58:58 -0800] "GET /movies/Indecent%203.zip HTTP/1.1" 200 142715933
83.112.172.80 - - [01/Dec/2005:00:59:32 -0800] "GET /movies/UDsolo.rar HTTP/1.0" 206 1183648
24.196.166.26 - - [01/Dec/2005:00:59:32 -0800] "GET /movies2/Raila%20Memorial%20good.zip HTTP/1.1" 200 24692536
83.112.172.80 - - [01/Dec/2005:00:59:37 -0800] "GET /movies/UDsolo.rar HTTP/1.0" 200 3724476
83.112.172.80 - - [01/Dec/2005:00:59:41 -0800] "GET /movies/UDsolo.rar HTTP/1.0" 206 3558976
64.193.211.97 - - [01/Dec/2005:01:01:53 -0800] "GET /movies/Yla-AViewToAKill.zip HTTP/1.1" 200 23205070
85.68.28.254 - - [01/Dec/2005:01:02:09 -0800] "GET /movies/larax2.zip HTTP/1.1" 200 219177840
84.227.189.119 - - [01/Dec/2005:01:02:34 -0800] "GET /movies2/ValiantGlory2.zip HTTP/1.1" 200 285631566
68.96.182.120 - - [01/Dec/2005:01:03:50 -0800] "GET /movies/Butched.zip.zip HTTP/1.1" 200 137039858
24.141.36.255 - - [01/Dec/2005:01:04:41 -0800] "GET /movies2/Raila%20Memorial%20good.zip HTTP/1.1" 200 61000
86.196.98.32 - - [01/Dec/2005:01:05:34 -0800] "GET /movies/ValiantGlory.zip HTTP/1.1" 200 219007828
66.82.9.83 - - [01/Dec/2005:01:08:10 -0800] "GET /movies2/Aloca1.zip HTTP/1.1" 200 12858
66.82.9.83 - - [01/Dec/2005:01:09:49 -0800] "GET /movies2/Aloca1.zip HTTP/1.1" 200 6531372
64.193.211.97 - - [01/Dec/2005:01:10:18 -0800] "GET /movies/silentduo.zip HTTP/1.1" 200 49769497
70.104.16.36 - - [01/Dec/2005:01:10:54 -0800] "GET /movies2/Dhead-vid1.zip HTTP/1.1" 200 203850928
69.19.14.20 - - [01/Dec/2005:01:13:03 -0800] "GET /movies2/Aloca1.zip HTTP/1.1" 200 12858
65.31.10.105 - - [01/Dec/2005:01:15:13 -0800] "GET /movies/Sinshade2.zip HTTP/1.1" 200 61135429
24.196.133.140 - - [01/Dec/2005:01:16:12 -0800] "GET /movies/larax2.zip HTTP/1.1" 200 219177840
69.212.159.124 - - [01/Dec/2005:01:16:35 -0800] "GET /movies2/Raila%20Memorial%20good.zip HTTP/1.1" 200 24692536
69.19.14.20 - - [01/Dec/2005:01:18:00 -0800] "GET /movies2/Aloca1.zip HTTP/1.1" 206 23778271
65.31.10.105 - - [01/Dec/2005:01:18:20 -0800] "GET /movies/ok.zip HTTP/1.1" 200 23209021
81.139.191.135 - - [01/Dec/2005:01:19:58 -0800] "GET /movies2/Raila%20Memorial%20good.zip HTTP/1.1" 200 217220
65.34.70.18 - - [01/Dec/2005:01:21:39 -0800] "GET /movies2/Raila%20Memorial%20good.zip HTTP/1.1" 200 24692536
221.186.164.158 - - [01/Dec/2005:01:22:21 -0800] "GET /movies2/FUN.zip HTTP/1.1" 200 451312
220.145.155.127 - - [01/Dec/2005:01:22:27 -0800] "GET /movies/8v22.zip HTTP/1.1" 200 23913463
65.34.70.18 - - [01/Dec/2005:01:22:36 -0800] "GET /movies2/Aerdi.zip HTTP/1.1" 200 40237747
84.144.74.41 - - [01/Dec/2005:01:22:39 -0800] "GET /movies2/piffufinal.zip HTTP/1.1" 200 123730380
85.68.28.254 - - [01/Dec/2005:01:22:47 -0800] "GET /movies2/Chuva's%20video!.zip HTTP/1.1" 200 221172611
69.244.135.237 - - [01/Dec/2005:01:25:47 -0800] "GET /movies/SoloSavagePart3.zip HTTP/1.1" 200 875252
83.112.172.80 - - [01/Dec/2005:01:25:56 -0800] "GET /movies/Rakshah%20Solo%20PvP%201.zip HTTP/1.0" 206 9098066
83.112.172.80 - - [01/Dec/2005:01:27:05 -0800] "GET /movies/Rakshah%20Solo%20PvP%201.zip HTTP/1.0" 206 8840696
83.112.172.80 - - [01/Dec/2005:01:28:14 -0800] "GET /movies/Rakshah%20Solo%20PvP%201.zip HTTP/1.0" 206 8542216
69.19.14.20 - - [01/Dec/2005:01:29:25 -0800] "GET /movies/BladeshadeVol.2.zip HTTP/1.1" 200 12856
69.19.14.20 - - [01/Dec/2005:01:29:34 -0800] "GET /movies/BladeshadeVol.2.zip HTTP/1.1" 200 1304012
83.112.172.80 - - [01/Dec/2005:01:30:29 -0800] "GET /movies/Rakshah%20Solo%20PvP%201.zip HTTP/1.0" 200 15349628
83.112.172.80 - - [01/Dec/2005:01:30:30 -0800] "GET /movies/Rakshah%20Solo%20PvP%201.zip HTTP/1.0" 206 937396
69.19.14.20 - - [01/Dec/2005:01:30:31 -0800] "GET /movies/The%20fixed%20UBER%20movie.zip HTTP/1.1" 200 12857
69.244.135.237 - - [01/Dec/2005:01:30:45 -0800] "GET /movies/SoloSavagePart3.zip HTTP/1.1" 200 47173964
24.18.62.10 - - [01/Dec/2005:01:30:58 -0800] "GET /movies/mof.zip HTTP/1.1" 200 335293262
65.31.10.105 - - [01/Dec/2005:01:31:02 -0800] "GET /movies/Sinshade_The_Movie.rar HTTP/1.1" 200 520568
83.112.172.80 - - [01/Dec/2005:01:31:05 -0800] "GET /movies/Rakshah%20Solo%20PvP%201.zip HTTP/1.0" 206 8587375
83.112.172.80 - - [01/Dec/2005:01:31:08 -0800] "GET /movies/Rakshah%20Solo%20PvP%201.zip HTTP/1.0" 206 1283416
83.112.172.80 - - [01/Dec/2005:01:31:29 -0800] "GET /movies/Rakshah%20Solo%20PvP%201.zip HTTP/1.0" 206 303028
83.112.172.80 - - [01/Dec/2005:01:31:41 -0800] "GET /movies/Rakshah%20Solo%20PvP%201.zip HTTP/1.0" 206 9296360
83.112.172.80 - - [01/Dec/2005:01:32:09 -0800] "GET /movies/Rakshah%20Solo%20PvP%201.zip HTTP/1.0" 206 7979456
220.145.155.127 - - [01/Dec/2005:01:32:11 -0800] "GET /movies/Saves%20the%20Day.zip HTTP/1.1" 200 82531407
83.112.172.80 - - [01/Dec/2005:01:32:17 -0800] "GET /movies/Rakshah%20Solo%20PvP%201.zip HTTP/1.0" 206 12673592
65.34.70.18 - - [01/Dec/2005:01:33:25 -0800] "GET /movies2/Increased_Rage.zip HTTP/1.1" 200 25658693
64.193.211.97 - - [01/Dec/2005:01:34:16 -0800] "GET /movies/baldir_jiv.zip HTTP/1.1" 200 190803947
211.54.22.44 - - [01/Dec/2005:01:34:48 -0800] "GET /movies2/Raila%20Memorial%20good.zip HTTP/1.1" 200 24692536
83.177.199.98 - - [01/Dec/2005:01:35:28 -0800] "GET /movies2/legio_4.zip HTTP/1.1" 200 532469697
84.62.88.145 - - [01/Dec/2005:01:37:52 -0800] "GET /movies2/Ein%20Tag%20Dartmoor%20Hib.zip HTTP/1.1" 200 287965050
24.165.59.29 - - [01/Dec/2005:01:39:19 -0800] "GET /movies2/Raila%20Memorial%20good.zip HTTP/1.1" 200 24692536
70.181.199.124 - - [01/Dec/2005:01:39:36 -0800] "GET /movies2/Raila%20Memorial%20good.zip HTTP/1.1" 200 24692536
67.180.43.240 - - [01/Dec/2005:01:41:40 -0800] "GET /favicon.ico HTTP/1.1" 404 283
62.117.23.137 - - [01/Dec/2005:01:43:49 -0800] "GET /movies2/Raila%20Memorial%20good.zip HTTP/1.1" 200 24692536
211.54.22.44 - - [01/Dec/2005:01:43:57 -0800] "GET /movies2/Obso.zip HTTP/1.1" 200 109229556
211.108.94.29 - - [01/Dec/2005:01:44:33 -0800] "GET /movies/AMAYA_200605-040705_FINAL.rar HTTP/1.1" 200 444540412
69.19.14.20 - - [01/Dec/2005:01:45:00 -0800] "GET /movies/The%20fixed%20UBER%20movie.zip HTTP/1.1" 200 62980682
67.180.43.240 - - [01/Dec/2005:01:45:03 -0800] "GET /movies/SoloSavagePart3.zip HTTP/1.1" 200 47173964
67.180.43.240 - - [01/Dec/2005:01:47:14 -0800] "GET /movies2/Snarf4.zip HTTP/1.1" 200 88231405
71.138.158.61 - - [01/Dec/2005:01:50:12 -0800] "GET /favicon.ico HTTP/1.1" 404 283
71.138.158.61 - - [01/Dec/2005:01:50:41 -0800] "GET /movies/larax2.zip HTTP/1.1" 200 2110540
84.181.83.247 - - [01/Dec/2005:01:51:33 -0800] "GET /movies/Twitch.zip HTTP/1.1" 200 135218017
218.232.213.178 - - [01/Dec/2005:01:52:05 -0800] "GET /movies/orenishi2.zip HTTP/1.1" 200 33862046
195.93.60.143 - - [01/Dec/2005:01:53:54 -0800] "GET /movies/1NightofOdyssey.zip HTTP/1.0" 200 57228486
71.138.158.61 - - [01/Dec/2005:01:55:58 -0800] "GET /movies/HexruneMord2.zip HTTP/1.1" 200 11504596
85.68.28.254 - - [01/Dec/2005:01:57:46 -0800] "GET /movies2/Klockedmord.zip HTTP/1.1" 200 99613152
82.125.88.168 - - [01/Dec/2005:01:57:57 -0800] "GET /movies2/legio_4.zip HTTP/1.1" 200 532469697
86.136.63.15 - - [01/Dec/2005:01:58:25 -0800] "GET /favicon.ico HTTP/1.1" 404 283
217.210.240.193 - - [01/Dec/2005:01:58:40 -0800] "GET /movies2/Purified.zip HTTP/1.1" 200 160426511
218.232.213.178 - - [01/Dec/2005:01:58:47 -0800] "GET /movies/RvRwithRush.zip HTTP/1.1" 200 47846952
85.226.181.42 - - [01/Dec/2005:01:59:00 -0800] "GET /movies/NS.zip HTTP/1.1" 200 316884137
83.112.172.80 - - [01/Dec/2005:01:59:46 -0800] "GET /movies/Living%20on%20the%20Edge.zip HTTP/1.0" 206 8204548
84.181.83.247 - - [01/Dec/2005:02:00:08 -0800] "GET /movies/WarlockVid.zip HTTP/1.1" 200 22035343
80.135.211.113 - - [01/Dec/2005:02:00:15 -0800] "GET /movies/Eidleon%20RR8%20Reaver.zip HTTP/1.1" 200 116513792
83.112.172.80 - - [01/Dec/2005:02:01:49 -0800] "GET /movies/Living%20on%20the%20Edge.zip HTTP/1.0" 206 6807408
83.112.172.80 - - [01/Dec/2005:02:01:50 -0800] "GET /movies/Living%20on%20the%20Edge.zip HTTP/1.0" 206 1053308
85.68.28.254 - - [01/Dec/2005:02:01:57 -0800] "GET /movies/dizzy_smallpvp.zip HTTP/1.1" 200 128892283
83.112.172.80 - - [01/Dec/2005:02:02:31 -0800] "GET /movies/Living%20on%20the%20Edge.zip HTTP/1.0" 200 17106656
83.112.172.80 - - [01/Dec/2005:02:03:58 -0800] "GET /movies/Living%20on%20the%20Edge.zip HTTP/1.0" 206 7515736
150.108.232.32 - - [01/Dec/2005:02:04:13 -0800] "GET /movies/Reckless.zip HTTP/1.1" 200 131638683
84.154.97.150 - - [01/Dec/2005:02:04:16 -0800] "GET /movies/maelstrom3.zip HTTP/1.1" 200 267380357
83.112.172.80 - - [01/Dec/2005:02:04:17 -0800] "GET /movies/Living%20on%20the%20Edge.zip HTTP/1.0" 206 623554
58.239.5.204 - - [01/Dec/2005:02:04:59 -0800] "GET /movies/holydot2.zip HTTP/1.1" 200 374202537
66.188.72.176 - - [01/Dec/2005:02:05:19 -0800] "GET /movies/CelticFistHQ.zip HTTP/1.1" 200 281983072
83.112.172.80 - - [01/Dec/2005:02:05:46 -0800] "GET /movies/nns.zip HTTP/1.0" 206 9403060
220.145.155.127 - - [01/Dec/2005:02:08:01 -0800] "GET /movies/AYS2.zip HTTP/1.1" 200 227477415
69.161.64.214 - - [01/Dec/2005:02:08:03 -0800] "GET /favicon.ico HTTP/1.1" 404 283
216.201.32.70 - - [01/Dec/2005:02:09:24 -0800] "GET /movies2/song2.zip HTTP/1.1" 206 35645124
69.162.83.133 - - [01/Dec/2005:02:09:44 -0800] "GET /movies/Alcegi.zip HTTP/1.1" 200 94306170
220.145.155.127 - - [01/Dec/2005:02:10:00 -0800] "GET /movies/renamed_WeatheredSoloMovie1.rar HTTP/1.1" 200 224762301
24.18.162.201 - - [01/Dec/2005:02:10:04 -0800] "GET /movies/Ciliviel's%20Fourth.zip HTTP/1.1" 200 320938620
172.178.102.24 - - [01/Dec/2005:02:11:03 -0800] "GET /movies/ACL%204.zip HTTP/1.1" 200 363273861
213.45.35.130 - - [01/Dec/2005:02:11:12 -0800] "GET /movies2/Purified.zip HTTP/1.1" 200 160426511
84.154.97.150 - - [01/Dec/2005:02:12:29 -0800] "GET /movies/SF1Final.zip HTTP/1.1" 200 175598130
212.201.24.24 - - [01/Dec/2005:02:12:46 -0800] "GET /movies2/renamed_daoc.TR.tape-2.ausschnitte.ace HTTP/1.0" 200 86895906
213.39.130.111 - - [01/Dec/2005:02:13:49 -0800] "GET /movies2/Raila%20Memorial%20good.zip HTTP/1.1" 200 24692536
83.112.172.80 - - [01/Dec/2005:02:13:53 -0800] "GET /movies/nns.zip HTTP/1.0" 206 21454992
85.73.27.60 - - [01/Dec/2005:02:14:06 -0800] "GET /movies2/caerleon.zip HTTP/1.1" 200 3603456
69.212.159.124 - - [01/Dec/2005:02:15:01 -0800] "GET /movies2/FR3.zip HTTP/1.1" 200 534267871
84.101.209.248 - - [01/Dec/2005:02:15:52 -0800] "GET /movies/Blitzkrieg.zip HTTP/1.1" 200 47908004
81.255.229.6 - - [01/Dec/2005:02:16:08 -0800] "GET /movies/Das%20Trio%20I.zip HTTP/1.1" 200 43547513
84.178.95.242 - - [01/Dec/2005:02:16:57 -0800] "GET /movies/KervarrePerc.zip HTTP/1.1" 200 15650
84.178.95.242 - - [01/Dec/2005:02:16:58 -0800] "GET /movies/KervarrePerc.zip HTTP/1.1" 206 18535
86.196.98.32 - - [01/Dec/2005:02:17:20 -0800] "GET /movies2/ValiantGlory2.zip HTTP/1.1" 200 285631566
81.255.229.6 - - [01/Dec/2005:02:18:50 -0800] "GET /movies/SoloSavagePart3.zip HTTP/1.1" 200 47173964
71.138.158.61 - - [01/Dec/2005:02:19:07 -0800] "GET /movies/dizzy_smallpvp.zip HTTP/1.1" 200 128892283
83.112.172.80 - - [01/Dec/2005:02:19:13 -0800] "GET /movies/nns.zip HTTP/1.0" 206 9265624
24.13.32.135 - - [01/Dec/2005:02:19:14 -0800] "GET /movies2/Raila%20Memorial%20good.zip HTTP/1.1" 200 24692536
83.112.172.80 - - [01/Dec/2005:02:19:35 -0800] "GET /movies/nns.zip HTTP/1.0" 206 5681508
24.118.73.108 - - [01/Dec/2005:02:19:36 -0800] "GET /favicon.ico HTTP/1.1" 404 283
24.118.73.108 - - [01/Dec/2005:02:19:41 -0800] "GET /movies2/Raila%20Memorial%20good.zip HTTP/1.1" 200 3523556
62.143.132.150 - - [01/Dec/2005:02:20:00 -0800] "GET /movies2/Raila%20Memorial%20good.zip HTTP/1.1" 200 24692536
83.112.172.80 - - [01/Dec/2005:02:21:46 -0800] "GET /movies/nns.zip HTTP/1.0" 206 4977212
212.201.24.24 - - [01/Dec/2005:02:22:18 -0800] "GET /movies2/raabes%20abschiedsvid.zip HTTP/1.0" 200 145118936
83.112.172.80 - - [01/Dec/2005:02:22:59 -0800] "GET /movies/nns.zip HTTP/1.0" 206 16696724
83.112.172.80 - - [01/Dec/2005:02:23:35 -0800] "GET /movies/nns.zip HTTP/1.0" 206 12878312
81.255.229.6 - - [01/Dec/2005:02:23:39 -0800] "GET /movies/snarfsoloingNF_0001.zip HTTP/1.1" 200 57959396
83.112.172.80 - - [01/Dec/2005:02:25:20 -0800] "GET /movies/nns.zip HTTP/1.0" 206 19525080
83.112.172.80 - - [01/Dec/2005:02:25:32 -0800] "GET /movies/2shamvp.zip HTTP/1.0" 206 252496
83.112.172.80 - - [01/Dec/2005:02:25:43 -0800] "GET /movies/2shamvp.zip HTTP/1.0" 200 26232576
82.82.167.139 - - [01/Dec/2005:02:25:51 -0800] "GET /movies/Folksinger.zip HTTP/1.1" 200 45705848
83.112.172.80 - - [01/Dec/2005:02:25:57 -0800] "GET /movies/nns.zip HTTP/1.0" 206 6233740
80.135.211.113 - - [01/Dec/2005:02:26:05 -0800] "GET /movies2/TDK3.zip HTTP/1.1" 200 103520568
84.178.95.242 - - [01/Dec/2005:02:26:09 -0800] "GET /movies/KervarrePerc.zip HTTP/1.1" 206 26678767
84.178.95.242 - - [01/Dec/2005:02:26:11 -0800] "GET /movies/KervarrePerc.zip HTTP/1.1" 206 26678768
84.178.95.242 - - [01/Dec/2005:02:26:17 -0800] "GET /movies/KervarrePerc.zip HTTP/1.1" 206 26678768
83.112.172.80 - - [01/Dec/2005:02:26:22 -0800] "GET /movies/nns.zip HTTP/1.0" 206 2436392
84.178.95.242 - - [01/Dec/2005:02:26:24 -0800] "GET /movies/KervarrePerc.zip HTTP/1.1" 206 26678768
83.112.172.80 - - [01/Dec/2005:02:26:53 -0800] "GET /movies/nns.zip HTTP/1.0" 206 23589992
83.112.172.80 - - [01/Dec/2005:02:27:10 -0800] "GET /movies/nns.zip HTTP/1.0" 206 2057112
83.112.172.80 - - [01/Dec/2005:02:27:16 -0800] "GET /movies/nns.zip HTTP/1.0" 206 2573736
83.112.172.80 - - [01/Dec/2005:02:27:16 -0800] "GET /movies/nns.zip HTTP/1.0" 206 939576
83.112.172.80 - - [01/Dec/2005:02:27:18 -0800] "GET /movies/nns.zip HTTP/1.0" 200 34545780
83.112.172.80 - - [01/Dec/2005:02:27:39 -0800] "GET /movies/nns.zip HTTP/1.0" 206 28222248
83.112.172.80 - - [01/Dec/2005:02:27:59 -0800] "GET /movies/nns.zip HTTP/1.0" 206 401152
83.112.172.80 - - [01/Dec/2005:02:28:09 -0800] "GET /movies/nns.zip HTTP/1.0" 206 959380
67.77.76.203 - - [01/Dec/2005:02:28:09 -0800] "GET /movies/UO_feat_InExtremo_HerrMannelig.zip HTTP/1.1" 200 73795731
83.112.172.80 - - [01/Dec/2005:02:28:17 -0800] "GET /movies/nns.zip HTTP/1.0" 206 509192
86.136.63.15 - - [01/Dec/2005:02:29:01 -0800] "GET /movies/Illusb_RR7_Shadowblade_Movie_1_1500k.rar HTTP/1.1" 200 204528169
80.132.124.179 - - [01/Dec/2005:02:29:03 -0800] "GET /movies/Yzervision.zip HTTP/1.1" 200 156263247
83.112.172.80 - - [01/Dec/2005:02:29:37 -0800] "GET /movies/nns.zip HTTP/1.0" 206 218652
67.77.76.203 - - [01/Dec/2005:02:30:35 -0800] "GET /movies/WTB%20Skill.zip HTTP/1.1" 200 77275135
