69.140.123.142 - - [01/Dec/2005:16:07:59 -0800] "GET /movies2/renamed_Kippo2.zip HTTP/1.1" 200 136238530
172.207.194.236 - - [01/Dec/2005:16:08:27 -0800] "GET /movies/Levia.zip HTTP/1.1" 206 18655
67.10.147.245 - - [01/Dec/2005:16:08:43 -0800] "GET /movies/Asberic3.zip HTTP/1.1" 200 106425422
82.125.40.8 - - [01/Dec/2005:16:08:52 -0800] "GET /movies2/Goldencam.rar HTTP/1.1" 200 6960572
172.207.194.236 - - [01/Dec/2005:16:09:26 -0800] "GET /movies/Levia.zip HTTP/1.1" 206 34096
82.231.255.123 - - [01/Dec/2005:16:09:52 -0800] "GET /movies2/maelstrom_cluster1.zip HTTP/1.1" 200 345369905
24.14.83.127 - - [01/Dec/2005:16:10:14 -0800] "GET /movies2/Raila%20Memorial%20good.zip HTTP/1.1" 200 24692536
138.237.172.43 - - [01/Dec/2005:16:13:24 -0800] "GET /movies/AYS1.zip HTTP/1.1" 200 194855374
82.125.40.8 - - [01/Dec/2005:16:13:27 -0800] "GET /movies/AllexielBeonthel-NobodyLeft111.rar HTTP/1.1" 200 2714484
85.226.167.220 - - [01/Dec/2005:16:13:27 -0800] "GET /movies/Allexiel%20-%20Solo%20Reaver.zip HTTP/1.1" 200 973499
24.42.201.188 - - [01/Dec/2005:16:13:46 -0800] "GET /movies2/WaffenbundTheMovie.zip HTTP/1.1" 200 5273032
81.49.227.165 - - [01/Dec/2005:16:13:55 -0800] "GET /movies/AllexielBeonthel-NobodyLeft111.rar HTTP/1.1" 200 293933657
84.163.241.247 - - [01/Dec/2005:16:14:27 -0800] "GET /movies/hibgath.zip HTTP/1.1" 200 57689712
80.171.67.163 - - [01/Dec/2005:16:14:45 -0800] "GET /movies2/Absorbx_Gareth.zip HTTP/1.1" 200 192013472
68.253.192.15 - - [01/Dec/2005:16:15:17 -0800] "GET /movies2/WaffenbundTheMovie.zip HTTP/1.1" 200 86463720
84.58.40.254 - - [01/Dec/2005:16:16:19 -0800] "GET /movies2/Absorbx_Gareth.zip HTTP/1.1" 200 12746
84.58.40.254 - - [01/Dec/2005:16:16:21 -0800] "GET /movies2/Absorbx_Gareth.zip HTTP/1.1" 206 23361
172.207.194.236 - - [01/Dec/2005:16:16:21 -0800] "GET /movies/Levia.zip HTTP/1.1" 206 82574
84.58.40.254 - - [01/Dec/2005:16:16:42 -0800] "GET /movies2/Absorbx_Gareth.zip HTTP/1.1" 206 714480
84.58.40.254 - - [01/Dec/2005:16:16:42 -0800] "GET /movies2/Absorbx_Gareth.zip HTTP/1.1" 206 492620
84.58.40.254 - - [01/Dec/2005:16:16:42 -0800] "GET /movies2/Absorbx_Gareth.zip HTTP/1.1" 206 495848
84.58.40.254 - - [01/Dec/2005:16:16:42 -0800] "GET /movies2/Absorbx_Gareth.zip HTTP/1.1" 206 641852
84.58.40.254 - - [01/Dec/2005:16:16:42 -0800] "GET /movies2/Absorbx_Gareth.zip HTTP/1.1" 206 676303
84.58.40.254 - - [01/Dec/2005:16:16:42 -0800] "GET /movies2/Absorbx_Gareth.zip HTTP/1.1" 206 484232
84.58.40.254 - - [01/Dec/2005:16:16:42 -0800] "GET /movies2/Absorbx_Gareth.zip HTTP/1.1" 206 608456
71.193.209.42 - - [01/Dec/2005:16:16:49 -0800] "GET /movies2/Raila%20Memorial%20good.zip HTTP/1.1" 200 24692536
84.58.40.254 - - [01/Dec/2005:16:16:50 -0800] "GET /movies2/Absorbx_Gareth.zip HTTP/1.1" 200 12746
84.58.40.254 - - [01/Dec/2005:16:16:52 -0800] "GET /movies2/Absorbx_Gareth.zip HTTP/1.1" 206 23361
213.23.192.129 - - [01/Dec/2005:16:17:25 -0800] "GET /movies2/WaffenbundTheMovie.zip HTTP/1.1" 200 205492832
84.133.238.118 - - [01/Dec/2005:16:18:11 -0800] "GET /movies2/WaffenbundTheMovie.zip HTTP/1.1" 200 716424
84.217.83.122 - - [01/Dec/2005:16:18:22 -0800] "GET /movies2/kewle_fights.zip HTTP/1.1" 200 417960
84.133.238.118 - - [01/Dec/2005:16:18:58 -0800] "GET /movies2/WaffenbundTheMovie.zip HTTP/1.1" 200 1719776
84.58.40.254 - - [01/Dec/2005:16:19:28 -0800] "GET /movies2/Absorbx_Gareth.zip HTTP/1.1" 206 4257872
84.58.40.254 - - [01/Dec/2005:16:19:28 -0800] "GET /movies2/Absorbx_Gareth.zip HTTP/1.1" 206 4577312
84.58.40.254 - - [01/Dec/2005:16:19:28 -0800] "GET /movies2/Absorbx_Gareth.zip HTTP/1.1" 206 3777588
84.58.40.254 - - [01/Dec/2005:16:19:28 -0800] "GET /movies2/Absorbx_Gareth.zip HTTP/1.1" 206 4336280
84.58.40.254 - - [01/Dec/2005:16:19:28 -0800] "GET /movies2/Absorbx_Gareth.zip HTTP/1.1" 206 4406492
84.58.40.254 - - [01/Dec/2005:16:19:28 -0800] "GET /movies2/Absorbx_Gareth.zip HTTP/1.1" 206 4416655
84.58.40.254 - - [01/Dec/2005:16:19:28 -0800] "GET /movies2/Absorbx_Gareth.zip HTTP/1.1" 206 4726600
84.58.40.254 - - [01/Dec/2005:16:19:29 -0800] "GET /movies2/Absorbx_Gareth.zip HTTP/1.1" 206 4108804
84.58.207.236 - - [01/Dec/2005:16:19:51 -0800] "GET /movies2/todanceamongthedead_zilreed.zip HTTP/1.1" 200 36570613
216.201.32.90 - - [01/Dec/2005:16:20:01 -0800] "GET /movies2/song2.zip HTTP/1.1" 206 446433
84.170.114.107 - - [01/Dec/2005:16:20:17 -0800] "GET /movies2/WaffenbundTheMovie.zip HTTP/1.1" 200 379691340
82.239.128.149 - - [01/Dec/2005:16:20:19 -0800] "GET /movies/uveaforfun.rar HTTP/1.1" 200 29281830
80.171.120.84 - - [01/Dec/2005:16:21:10 -0800] "HEAD /movies/hibgath.zip HTTP/1.1" 200 0
82.36.191.232 - - [01/Dec/2005:16:21:10 -0800] "GET /movies/WoW_Time.zip HTTP/1.1" 200 58057348
65.95.238.253 - - [01/Dec/2005:16:21:11 -0800] "GET /movies2/stigmata_october.zip HTTP/1.1" 200 319332
138.237.172.43 - - [01/Dec/2005:16:21:22 -0800] "GET /movies/chosenguardians-01.zip HTTP/1.1" 200 247914786
84.58.40.254 - - [01/Dec/2005:16:21:43 -0800] "GET /movies2/Absorbx_Gareth.zip HTTP/1.1" 206 641455
84.59.38.179 - - [01/Dec/2005:16:21:47 -0800] "GET /movies2/EQ2%20-%20Look%20Over%20Here.zip HTTP/1.1" 200 43153296
141.24.42.34 - - [01/Dec/2005:16:22:06 -0800] "GET /movies2/WaffenbundTheMovie.zip HTTP/1.1" 206 17073644
67.187.114.185 - - [01/Dec/2005:16:22:36 -0800] "GET /movies/Paladium.zip HTTP/1.1" 200 84478877
213.65.245.132 - - [01/Dec/2005:16:22:42 -0800] "GET /movies/Brite2.zip HTTP/1.1" 200 15845059
84.167.104.72 - - [01/Dec/2005:16:23:10 -0800] "GET /movies/Untitled_00001.zip HTTP/1.1" 200 25177798
172.180.181.250 - - [01/Dec/2005:16:23:16 -0800] "GET /movies/Yla-AViewToAKill.zip HTTP/1.1" 200 20730972
84.144.62.191 - - [01/Dec/2005:16:23:22 -0800] "GET /movies2/Absorbx_Gareth.zip HTTP/1.1" 200 342536526
85.177.38.118 - - [01/Dec/2005:16:23:55 -0800] "GET /movies2/WaffenbundTheMovie.zip HTTP/1.1" 206 94959100
80.134.232.125 - - [01/Dec/2005:16:24:15 -0800] "GET /movies2/CloakedkillerTheCritblade.zip HTTP/1.1" 206 38970956
84.58.207.236 - - [01/Dec/2005:16:24:33 -0800] "GET /movies2/EQ2%20-%20Look%20Over%20Here.zip HTTP/1.1" 200 43153296
85.177.38.118 - - [01/Dec/2005:16:24:37 -0800] "GET /movies2/WaffenbundTheMovie.zip HTTP/1.1" 200 94999656
172.207.194.236 - - [01/Dec/2005:16:25:08 -0800] "GET /movies/Levia.zip HTTP/1.1" 206 154655
80.108.232.178 - - [01/Dec/2005:16:25:13 -0800] "GET /movies/Armsmen%20Are%20Gimp.zip HTTP/1.1" 200 310594776
217.187.55.120 - - [01/Dec/2005:16:25:20 -0800] "GET /movies/soylcamlann.zip HTTP/1.1" 200 157666434
85.177.38.118 - - [01/Dec/2005:16:25:24 -0800] "GET /movies2/WaffenbundTheMovie.zip HTTP/1.1" 206 93345440
85.177.38.118 - - [01/Dec/2005:16:25:36 -0800] "GET /movies2/WaffenbundTheMovie.zip HTTP/1.1" 206 1616550
85.177.38.118 - - [01/Dec/2005:16:25:58 -0800] "GET /movies2/WaffenbundTheMovie.zip HTTP/1.1" 206 604964
85.177.38.118 - - [01/Dec/2005:16:26:02 -0800] "GET /movies2/WaffenbundTheMovie.zip HTTP/1.1" 206 385780
85.177.38.118 - - [01/Dec/2005:16:26:03 -0800] "GET /movies2/WaffenbundTheMovie.zip HTTP/1.1" 206 89702620
85.177.38.118 - - [01/Dec/2005:16:26:05 -0800] "GET /movies2/WaffenbundTheMovie.zip HTTP/1.1" 206 3581697
85.177.38.118 - - [01/Dec/2005:16:26:10 -0800] "GET /movies2/WaffenbundTheMovie.zip HTTP/1.1" 206 819436
65.95.238.253 - - [01/Dec/2005:16:26:23 -0800] "GET /movies2/stigmata_october.zip HTTP/1.1" 200 1010896
82.122.193.2 - - [01/Dec/2005:16:26:38 -0800] "GET /movies2/legio_4.zip HTTP/1.1" 200 158201132
65.95.238.253 - - [01/Dec/2005:16:28:22 -0800] "GET /movies/AdayinEmain.zip HTTP/1.1" 200 3978268
84.145.230.22 - - [01/Dec/2005:16:29:11 -0800] "GET /movies/Warlocked.zip HTTP/1.1" 200 2113925
172.207.194.236 - - [01/Dec/2005:16:30:00 -0800] "GET /movies/Levia.zip HTTP/1.1" 206 326014
62.202.82.122 - - [01/Dec/2005:16:30:24 -0800] "GET /movies/BealithSoloVampMovie1.zip HTTP/1.1" 200 34235484
84.97.153.190 - - [01/Dec/2005:16:30:44 -0800] "GET /movies/Allexiel%20-%20Solo%20Reaver.zip HTTP/1.1" 200 31286559
86.133.247.208 - - [01/Dec/2005:16:31:02 -0800] "GET /movies/baldir_jiv.zip HTTP/1.1" 200 94578
86.133.247.208 - - [01/Dec/2005:16:31:16 -0800] "GET /movies/Achtung%20Baby%20II%20-%20March%201.zip HTTP/1.1" 200 46398
84.145.230.22 - - [01/Dec/2005:16:31:23 -0800] "GET /movies/FincloveKeelin.zip HTTP/1.1" 200 9933371
86.133.247.208 - - [01/Dec/2005:16:31:48 -0800] "GET /movies/CraigsFirstVid_0001.rar HTTP/1.1" 200 117944
80.58.38.234 - - [01/Dec/2005:16:31:53 -0800] "GET /movies/TW-NFEpisodeOne.zip HTTP/1.1" 200 85502676
209.12.35.211 - - [01/Dec/2005:16:32:48 -0800] "GET /movies/PaleFace2.zip HTTP/1.1" 200 177499567
82.120.53.22 - - [01/Dec/2005:16:33:22 -0800] "GET /favicon.ico HTTP/1.1" 404 283
86.133.247.208 - - [01/Dec/2005:16:33:45 -0800] "GET /movies/CraigsFirstVid_0001.rar HTTP/1.1" 200 3174352
67.187.114.185 - - [01/Dec/2005:16:33:47 -0800] "GET /movies/Paladin.zip HTTP/1.1" 200 24185627
84.97.153.190 - - [01/Dec/2005:16:34:21 -0800] "GET /movies/A%20little%20time%20with%20us.zip HTTP/1.1" 206 2356928
67.126.202.193 - - [01/Dec/2005:16:34:44 -0800] "GET /movies/HoA-Adrenaline3.zip HTTP/1.1" 200 43183609
81.230.210.164 - - [01/Dec/2005:16:36:51 -0800] "GET /movies/MalignLance.zip HTTP/1.1" 200 116652565
80.131.33.181 - - [01/Dec/2005:16:37:09 -0800] "GET /movies2/Gimp_and_Run_DivX.zip HTTP/1.1" 200 349784
84.145.230.22 - - [01/Dec/2005:16:37:11 -0800] "GET /movies/HexruneMord.zip HTTP/1.1" 200 16204319
69.143.147.100 - - [01/Dec/2005:16:38:16 -0800] "GET /movies/theterriblelie.zip HTTP/1.1" 200 6111807
83.115.1.75 - - [01/Dec/2005:16:38:22 -0800] "GET /movies/RitouzHQ.zip HTTP/1.1" 200 80611428
83.115.1.75 - - [01/Dec/2005:16:38:23 -0800] "GET /movies/pug_0001.zip HTTP/1.1" 200 83233028
67.187.114.185 - - [01/Dec/2005:16:39:30 -0800] "GET /movies/Orgetoroth.zip HTTP/1.1" 200 25617115
83.114.246.36 - - [01/Dec/2005:16:39:51 -0800] "GET /movies/Copy%20of%20DesoReloaded.zip HTTP/1.1" 200 344016129
134.147.31.250 - - [01/Dec/2005:16:43:01 -0800] "GET /movies/Valkyrie%20Video.zip HTTP/1.1" 200 348766280
69.143.147.100 - - [01/Dec/2005:16:43:09 -0800] "GET /movies/Indecent.zip HTTP/1.1" 200 6365232
84.139.109.192 - - [01/Dec/2005:16:43:25 -0800] "GET /movies2/November.zip HTTP/1.1" 200 174875294
84.174.236.55 - - [01/Dec/2005:16:44:12 -0800] "GET /movies/SmallPwn2.zip HTTP/1.1" 200 1167136
84.174.236.55 - - [01/Dec/2005:16:44:25 -0800] "GET /movies/SmallPwn2.zip HTTP/1.1" 200 87223
82.120.53.22 - - [01/Dec/2005:16:46:03 -0800] "GET /movies/WarlockVid.zip HTTP/1.1" 200 22035343
81.230.210.164 - - [01/Dec/2005:16:46:56 -0800] "GET /movies/For%20Science%20-%20Tower%20Camping%20101.zip HTTP/1.1" 200 139842910
84.145.230.22 - - [01/Dec/2005:16:47:22 -0800] "GET /movies2/Swichx.zip HTTP/1.1" 200 251784234
84.217.83.122 - - [01/Dec/2005:16:47:26 -0800] "GET /movies/Only%20Wizard%20Movie.zip HTTP/1.1" 200 31270056
84.217.83.122 - - [01/Dec/2005:16:47:44 -0800] "GET /movies/Frozen.zip HTTP/1.1" 200 30224616
84.217.83.122 - - [01/Dec/2005:16:47:45 -0800] "GET /movies2/A5D.zip HTTP/1.1" 200 147146152
80.58.35.107 - - [01/Dec/2005:16:48:02 -0800] "GET /movies2/WaffenbundTheMovie.zip HTTP/1.0" 200 106830
80.58.35.107 - - [01/Dec/2005:16:48:04 -0800] "GET /movies2/WaffenbundTheMovie.zip HTTP/1.1" 206 37326
62.202.82.122 - - [01/Dec/2005:16:48:44 -0800] "GET /movies/fotm2.zip HTTP/1.1" 200 69022744
67.187.114.185 - - [01/Dec/2005:16:48:56 -0800] "GET /movies/PawsRevenge.zip HTTP/1.1" 200 210248497
85.201.16.82 - - [01/Dec/2005:16:50:27 -0800] "GET /movies/hunterpullgoeswrong.zip HTTP/1.1" 404 302
67.187.114.185 - - [01/Dec/2005:16:50:41 -0800] "GET /movies/oor2.zip HTTP/1.1" 404 287
84.135.102.161 - - [01/Dec/2005:16:51:08 -0800] "GET /movies2/WaffenbundTheMovie.zip HTTP/1.1" 200 1578368
84.135.102.161 - - [01/Dec/2005:16:51:10 -0800] "GET /movies/Einherjar.zip HTTP/1.1" 200 481248
84.135.102.161 - - [01/Dec/2005:16:51:36 -0800] "GET /movies/Einherjar.zip HTTP/1.1" 200 1125759
83.155.172.233 - - [01/Dec/2005:16:51:51 -0800] "GET /movies2/what's%20zephyr.zip HTTP/1.1" 200 154340
83.155.172.233 - - [01/Dec/2005:16:52:02 -0800] "GET /movies2/what's%20zephyr.zip HTTP/1.1" 200 99079
84.133.238.118 - - [01/Dec/2005:16:52:07 -0800] "GET /movies2/WaffenbundTheMovie.zip HTTP/1.1" 200 75993652
83.155.172.233 - - [01/Dec/2005:16:52:13 -0800] "GET /movies2/what's%20zephyr.zip HTTP/1.1" 200 99079
83.155.172.233 - - [01/Dec/2005:16:52:25 -0800] "GET /movies2/what's%20zephyr.zip HTTP/1.1" 200 100499
84.60.51.5 - - [01/Dec/2005:16:52:28 -0800] "GET /movies2/Saifang3.zip HTTP/1.1" 200 190106173
81.10.220.40 - - [01/Dec/2005:16:52:37 -0800] "GET /movies/AllexielBeonthel-NobodyLeft111.rar HTTP/1.1" 200 156136
83.155.172.233 - - [01/Dec/2005:16:52:57 -0800] "GET /movies2/what's%20zephyr.zip HTTP/1.1" 200 128344
81.241.195.102 - - [01/Dec/2005:16:53:00 -0800] "GET /movies/The_New_Frontiers_Adventure.zip HTTP/1.1" 200 98959
84.133.238.118 - - [01/Dec/2005:16:53:05 -0800] "GET /movies2/WaffenbundTheMovie.zip HTTP/1.1" 206 75993428
84.133.238.118 - - [01/Dec/2005:16:53:08 -0800] "GET /movies2/WaffenbundTheMovie.zip HTTP/1.1" 206 76023080
84.133.238.118 - - [01/Dec/2005:16:53:29 -0800] "GET /movies2/WaffenbundTheMovie.zip HTTP/1.1" 206 1025439
83.155.172.233 - - [01/Dec/2005:16:53:35 -0800] "GET /movies2/what's%20zephyr.zip HTTP/1.1" 200 939719
84.133.238.118 - - [01/Dec/2005:16:53:39 -0800] "GET /movies2/WaffenbundTheMovie.zip HTTP/1.1" 206 2453564
84.133.238.118 - - [01/Dec/2005:16:53:52 -0800] "GET /movies2/WaffenbundTheMovie.zip HTTP/1.1" 206 71960332
84.133.238.118 - - [01/Dec/2005:16:53:54 -0800] "GET /movies2/WaffenbundTheMovie.zip HTTP/1.1" 206 602233
84.133.238.118 - - [01/Dec/2005:16:53:55 -0800] "GET /movies2/WaffenbundTheMovie.zip HTTP/1.1" 206 1514087
84.133.238.118 - - [01/Dec/2005:16:53:56 -0800] "GET /movies2/WaffenbundTheMovie.zip HTTP/1.1" 206 80963
84.133.238.118 - - [01/Dec/2005:16:53:56 -0800] "GET /movies2/WaffenbundTheMovie.zip HTTP/1.1" 206 73931256
84.133.238.118 - - [01/Dec/2005:16:53:56 -0800] "GET /movies2/WaffenbundTheMovie.zip HTTP/1.1" 206 59183
84.133.238.118 - - [01/Dec/2005:16:53:57 -0800] "GET /movies2/WaffenbundTheMovie.zip HTTP/1.1" 206 15623
84.133.238.118 - - [01/Dec/2005:16:53:57 -0800] "GET /movies2/WaffenbundTheMovie.zip HTTP/1.1" 206 430895
84.133.238.118 - - [01/Dec/2005:16:53:57 -0800] "GET /movies2/WaffenbundTheMovie.zip HTTP/1.1" 206 27239
84.133.238.118 - - [01/Dec/2005:16:53:57 -0800] "GET /movies2/WaffenbundTheMovie.zip HTTP/1.1" 206 37403
84.133.238.118 - - [01/Dec/2005:16:53:58 -0800] "GET /movies2/WaffenbundTheMovie.zip HTTP/1.1" 206 64991
81.241.195.102 - - [01/Dec/2005:16:54:26 -0800] "GET /movies/Shadowkuri.zip HTTP/1.1" 200 497538
65.184.44.25 - - [01/Dec/2005:16:55:39 -0800] "GET /movies2/ForHonor_CraftingWorlds.zip HTTP/1.1" 200 60314226
84.137.114.24 - - [01/Dec/2005:16:56:46 -0800] "GET /movies2/WaffenbundTheMovie.zip HTTP/1.1" 200 825628
83.205.95.61 - - [01/Dec/2005:16:57:33 -0800] "GET /movies/DP4ever.zip HTTP/1.1" 206 139743227
82.238.16.231 - - [01/Dec/2005:16:59:10 -0800] "GET /movies2/angathid.zip HTTP/1.1" 200 619264
80.171.120.84 - - [01/Dec/2005:17:02:06 -0800] "GET /movies/hibgath.zip HTTP/1.1" 200 57689712
195.14.205.113 - - [01/Dec/2005:17:02:45 -0800] "GET /favicon.ico HTTP/1.1" 404 283
81.10.220.40 - - [01/Dec/2005:17:02:56 -0800] "GET /movies/AllexielBeonthel-NobodyLeft111.rar HTTP/1.1" 200 293933657
80.141.69.73 - - [01/Dec/2005:17:03:00 -0800] "GET /movies2/WaffenbundTheMovie.zip HTTP/1.1" 200 1247356
194.185.151.171 - - [01/Dec/2005:17:03:33 -0800] "GET /movies/theurg2ndmovie.zip HTTP/1.1" 200 5136416
84.188.222.16 - - [01/Dec/2005:17:04:55 -0800] "GET /movies/TW-NFEpisodeOne.zip HTTP/1.1" 200 85502676
62.75.204.144 - - [01/Dec/2005:17:05:06 -0800] "GET /movies2/WaffenbundTheMovie.zip HTTP/1.0" 200 10457832
84.137.114.24 - - [01/Dec/2005:17:06:33 -0800] "GET /movies2/WaffenbundTheMovie.zip HTTP/1.1" 200 15410744
195.14.205.113 - - [01/Dec/2005:17:07:41 -0800] "GET /movies2/November.zip HTTP/1.1" 200 864312
195.14.205.113 - - [01/Dec/2005:17:07:43 -0800] "GET /movies/Kronos.zip HTTP/1.1" 200 7480504
84.137.114.24 - - [01/Dec/2005:17:08:38 -0800] "GET /movies2/WaffenbundTheMovie.zip HTTP/1.1" 200 96962
84.137.114.24 - - [01/Dec/2005:17:09:06 -0800] "GET /movies2/WaffenbundTheMovie.zip HTTP/1.1" 200 204410
195.14.205.113 - - [01/Dec/2005:17:09:18 -0800] "GET /movies2/Raila%20Memorial%20good.zip HTTP/1.1" 200 706680
67.187.114.185 - - [01/Dec/2005:17:09:32 -0800] "GET /movies/OoR1.zip HTTP/1.1" 200 82269700
84.185.216.245 - - [01/Dec/2005:17:09:59 -0800] "GET /movies2/Rush-Devon.zip HTTP/1.1" 206 19058108
84.185.216.245 - - [01/Dec/2005:17:10:02 -0800] "GET /movies/ThaneVid2_by_Iator.zip HTTP/1.1" 206 118464580
84.185.216.245 - - [01/Dec/2005:17:10:29 -0800] "GET /movies2/Rush-Devon.zip HTTP/1.1" 200 27009888
84.137.114.24 - - [01/Dec/2005:17:10:35 -0800] "GET /movies2/WaffenbundTheMovie.zip HTTP/1.1" 200 109616
86.199.131.207 - - [01/Dec/2005:17:11:49 -0800] "GET /movies2/legio_4.zip HTTP/1.1" 200 404669340
84.137.114.24 - - [01/Dec/2005:17:13:46 -0800] "GET /movies2/WaffenbundTheMovie.zip HTTP/1.1" 200 556724
216.201.32.90 - - [01/Dec/2005:17:14:07 -0800] "GET /movies2/song2.zip HTTP/1.1" 206 5873253
195.14.205.113 - - [01/Dec/2005:17:14:12 -0800] "GET /movies2/Raila%20Memorial%20good.zip HTTP/1.1" 206 5803928
195.14.205.113 - - [01/Dec/2005:17:14:15 -0800] "GET /movies2/Raila%20Memorial%20good.zip HTTP/1.1" 206 5787480
65.184.44.25 - - [01/Dec/2005:17:14:19 -0800] "GET /movies2/TheMakingOfAChampion.zip HTTP/1.1" 200 97052106
195.14.205.113 - - [01/Dec/2005:17:14:35 -0800] "GET /movies2/Raila%20Memorial%20good.zip HTTP/1.1" 206 6616076
195.14.205.113 - - [01/Dec/2005:17:14:38 -0800] "GET /movies2/Raila%20Memorial%20good.zip HTTP/1.1" 206 6584688
65.184.44.25 - - [01/Dec/2005:17:15:57 -0800] "GET /movies/mof.zip HTTP/1.1" 200 341317
84.185.191.175 - - [01/Dec/2005:17:16:39 -0800] "GET /movies2/legio_4.zip HTTP/1.1" 200 42479678
68.162.190.12 - - [01/Dec/2005:17:19:13 -0800] "GET /movies2/kewle_fights.zip HTTP/1.1" 200 106857759
84.149.50.6 - - [01/Dec/2005:17:19:28 -0800] "GET /movies/HoA-Adrenaline3.zip HTTP/1.1" 200 365903
172.211.115.199 - - [01/Dec/2005:17:19:37 -0800] "GET /movies/Yla-AViewToAKill.zip HTTP/1.1" 200 23205070
195.14.205.113 - - [01/Dec/2005:17:20:29 -0800] "GET /movies2/November.zip HTTP/1.1" 206 15457079
195.14.205.113 - - [01/Dec/2005:17:20:29 -0800] "GET /movies2/November.zip HTTP/1.1" 206 14377672
195.14.205.113 - - [01/Dec/2005:17:20:29 -0800] "GET /movies2/November.zip HTTP/1.1" 206 15169928
195.14.205.113 - - [01/Dec/2005:17:20:29 -0800] "GET /movies2/November.zip HTTP/1.1" 206 15851872
202.90.76.21 - - [01/Dec/2005:17:21:15 -0800] "GET /movies/Meeting_Solo_Skald_Video1.rar HTTP/1.1" 200 15611
202.90.76.21 - - [01/Dec/2005:17:22:28 -0800] "GET /movies/Meeting_Solo_Skald_Video1.rar HTTP/1.1" 200 183579
84.136.254.138 - - [01/Dec/2005:17:23:02 -0800] "GET /movies2/Raila%20Memorial%20good.zip HTTP/1.1" 200 128560
202.90.76.21 - - [01/Dec/2005:17:23:12 -0800] "GET /movies/Meeting_Solo_Skald_Video1.rar HTTP/1.1" 206 170484
202.90.76.21 - - [01/Dec/2005:17:23:25 -0800] "GET /movies/Meeting_Solo_Skald_Video1.rar HTTP/1.1" 206 285176
202.90.76.21 - - [01/Dec/2005:17:23:40 -0800] "GET /movies/Meeting_Solo_Skald_Video1.rar HTTP/1.1" 206 306597
80.145.229.11 - - [01/Dec/2005:17:24:37 -0800] "GET /movies2/renamed_daoc.TR.tape-2.ausschnitte.ace HTTP/1.1" 200 2087760
202.90.76.21 - - [01/Dec/2005:17:24:50 -0800] "GET /movies/Meeting_Solo_Skald_Video1.rar HTTP/1.1" 206 465875
85.140.89.176 - - [01/Dec/2005:17:24:50 -0800] "GET /movies2/WaffenbundTheMovie.zip HTTP/1.1" 200 67358
67.187.114.185 - - [01/Dec/2005:17:25:33 -0800] "GET /movies/OoR2.zip HTTP/1.1" 200 181576631
202.90.76.21 - - [01/Dec/2005:17:25:36 -0800] "GET /movies/Meeting_Solo_Skald_Video1.rar HTTP/1.1" 206 480360
85.140.89.176 - - [01/Dec/2005:17:25:41 -0800] "GET /movies2/Raila%20Memorial%20good.zip HTTP/1.1" 200 32800
202.90.76.21 - - [01/Dec/2005:17:25:48 -0800] "GET /movies/Meeting_Solo_Skald_Video1.rar HTTP/1.1" 206 597644
202.90.76.21 - - [01/Dec/2005:17:25:56 -0800] "GET /movies/Meeting_Solo_Skald_Video1.rar HTTP/1.1" 206 520901
81.216.199.86 - - [01/Dec/2005:17:26:11 -0800] "GET /movies2/Raila%20Memorial%20good.zip HTTP/1.1" 200 24692536
202.90.76.21 - - [01/Dec/2005:17:26:46 -0800] "GET /movies/Meeting_Solo_Skald_Video1.rar HTTP/1.1" 206 644240
202.90.76.21 - - [01/Dec/2005:17:26:47 -0800] "GET /movies/Meeting_Solo_Skald_Video1.rar HTTP/1.1" 206 481803
172.211.115.199 - - [01/Dec/2005:17:27:08 -0800] "GET /movies/UnikaOne%20-%20Oracle%20Vs%20LARFO.zip HTTP/1.1" 200 2172959
84.144.120.109 - - [01/Dec/2005:17:27:16 -0800] "GET /movies/soylcamlann.zip HTTP/1.1" 200 157666434
202.90.76.21 - - [01/Dec/2005:17:27:50 -0800] "GET /movies/Meeting_Solo_Skald_Video1.rar HTTP/1.1" 206 522568
202.90.76.21 - - [01/Dec/2005:17:28:47 -0800] "GET /movies/Meeting_Solo_Skald_Video1.rar HTTP/1.1" 206 658459
216.144.40.196 - - [01/Dec/2005:17:29:42 -0800] "GET /movies/Zeltax.zip HTTP/1.1" 200 98146138
84.134.233.23 - - [01/Dec/2005:17:30:06 -0800] "GET /movies2/Absorbx_Gareth.zip HTTP/1.1" 206 339752906
202.90.76.21 - - [01/Dec/2005:17:30:08 -0800] "GET /movies/Meeting_Solo_Skald_Video1.rar HTTP/1.1" 206 568683
82.67.50.57 - - [01/Dec/2005:17:30:25 -0800] "GET /movies2/WaffenbundTheMovie.zip HTTP/1.1" 200 184724552
80.145.229.11 - - [01/Dec/2005:17:31:13 -0800] "GET /movies2/WaffenbundTheMovie.zip HTTP/1.1" 200 7720156
202.90.76.21 - - [01/Dec/2005:17:31:42 -0800] "GET /movies/Meeting_Solo_Skald_Video1.rar HTTP/1.1" 206 634144
202.90.76.21 - - [01/Dec/2005:17:32:05 -0800] "GET /movies/Meeting_Solo_Skald_Video1.rar HTTP/1.1" 206 694661
202.90.76.21 - - [01/Dec/2005:17:32:07 -0800] "GET /movies/Meeting_Solo_Skald_Video1.rar HTTP/1.1" 206 766904
202.90.76.21 - - [01/Dec/2005:17:32:07 -0800] "GET /movies/Meeting_Solo_Skald_Video1.rar HTTP/1.1" 206 790229
202.90.76.21 - - [01/Dec/2005:17:32:22 -0800] "GET /movies/Meeting_Solo_Skald_Video1.rar HTTP/1.1" 206 396372
67.187.114.185 - - [01/Dec/2005:17:32:53 -0800] "GET /movies/NumaNumaReloaded.zip HTTP/1.1" 200 23888886
202.90.76.21 - - [01/Dec/2005:17:33:43 -0800] "GET /movies/Meeting_Solo_Skald_Video1.rar HTTP/1.1" 206 536827
202.90.76.21 - - [01/Dec/2005:17:33:46 -0800] "GET /movies/Meeting_Solo_Skald_Video1.rar HTTP/1.1" 206 315287
202.90.76.21 - - [01/Dec/2005:17:33:55 -0800] "GET /movies/Meeting_Solo_Skald_Video1.rar HTTP/1.1" 206 590405
67.187.114.185 - - [01/Dec/2005:17:34:14 -0800] "GET /movies/OctosGareth1.zip HTTP/1.1" 200 77980569
202.90.76.21 - - [01/Dec/2005:17:34:26 -0800] "GET /movies/Meeting_Solo_Skald_Video1.rar HTTP/1.1" 206 684525
202.90.76.21 - - [01/Dec/2005:17:34:31 -0800] "GET /movies/Meeting_Solo_Skald_Video1.rar HTTP/1.1" 206 539824
84.130.101.22 - - [01/Dec/2005:17:35:07 -0800] "GET /movies/maelstrom3.zip HTTP/1.1" 206 43716600
202.90.76.21 - - [01/Dec/2005:17:35:11 -0800] "GET /movies/Meeting_Solo_Skald_Video1.rar HTTP/1.1" 206 516456
213.113.96.32 - - [01/Dec/2005:17:35:53 -0800] "GET /movies2/WaffenbundTheMovie.zip HTTP/1.1" 200 379691340
82.67.163.225 - - [01/Dec/2005:17:36:01 -0800] "GET /movies2/caerleon.zip HTTP/1.1" 200 219466777
84.147.86.220 - - [01/Dec/2005:17:36:07 -0800] "GET /movies2/TDK3.zip HTTP/1.1" 200 384870067
84.151.28.104 - - [01/Dec/2005:17:36:11 -0800] "GET /movies/Exile.zip HTTP/1.1" 200 116487714
202.90.76.21 - - [01/Dec/2005:17:36:30 -0800] "GET /movies/Meeting_Solo_Skald_Video1.rar HTTP/1.1" 206 1410688
84.130.101.22 - - [01/Dec/2005:17:37:34 -0800] "GET /movies/maelstrom3.zip HTTP/1.1" 206 43841080
84.130.101.22 - - [01/Dec/2005:17:37:38 -0800] "GET /movies/maelstrom3.zip HTTP/1.1" 206 3088796
202.90.76.21 - - [01/Dec/2005:17:37:40 -0800] "GET /movies/Meeting_Solo_Skald_Video1.rar HTTP/1.1" 206 709440
202.90.76.21 - - [01/Dec/2005:17:38:12 -0800] "GET /movies/Meeting_Solo_Skald_Video1.rar HTTP/1.1" 206 1110236
84.136.254.138 - - [01/Dec/2005:17:38:26 -0800] "GET /movies2/Raila%20Memorial%20good.zip HTTP/1.1" 200 24692536
82.120.53.22 - - [01/Dec/2005:17:38:31 -0800] "GET /movies/Zeltax.zip HTTP/1.1" 200 98146138
84.130.101.22 - - [01/Dec/2005:17:38:38 -0800] "GET /movies/maelstrom3.zip HTTP/1.1" 206 1030191
84.130.101.22 - - [01/Dec/2005:17:38:41 -0800] "GET /movies/maelstrom3.zip HTTP/1.1" 206 44044644
202.90.76.21 - - [01/Dec/2005:17:38:50 -0800] "GET /movies/Meeting_Solo_Skald_Video1.rar HTTP/1.1" 206 523795
80.141.69.73 - - [01/Dec/2005:17:38:54 -0800] "GET /movies2/WaffenbundTheMovie.zip HTTP/1.1" 206 94922585
84.130.101.22 - - [01/Dec/2005:17:38:55 -0800] "GET /movies/maelstrom3.zip HTTP/1.1" 206 1466304
84.130.101.22 - - [01/Dec/2005:17:38:58 -0800] "GET /movies/maelstrom3.zip HTTP/1.1" 206 45367112
202.90.76.21 - - [01/Dec/2005:17:39:34 -0800] "GET /movies/Meeting_Solo_Skald_Video1.rar HTTP/1.1" 206 855387
72.38.220.245 - - [01/Dec/2005:17:39:52 -0800] "GET /movies2/November.zip HTTP/1.1" 200 1967164
202.90.76.21 - - [01/Dec/2005:17:40:03 -0800] "GET /movies/Meeting_Solo_Skald_Video1.rar HTTP/1.1" 206 579120
84.130.78.161 - - [01/Dec/2005:17:40:20 -0800] "GET /movies2/FR5.zip HTTP/1.1" 206 48242176
72.38.220.245 - - [01/Dec/2005:17:40:34 -0800] "GET /movies2/maelstrom_cluster1.zip HTTP/1.1" 200 824644
202.90.76.21 - - [01/Dec/2005:17:40:39 -0800] "GET /movies/Meeting_Solo_Skald_Video1.rar HTTP/1.1" 206 746789
202.90.76.21 - - [01/Dec/2005:17:40:43 -0800] "GET /movies/Meeting_Solo_Skald_Video1.rar HTTP/1.1" 206 731160
72.38.220.245 - - [01/Dec/2005:17:41:06 -0800] "GET /movies2/rvr.zip HTTP/1.1" 200 758878
211.215.220.197 - - [01/Dec/2005:17:41:32 -0800] "GET /movies/HoA%20Adrenaline.zip HTTP/1.1" 200 31790796
211.215.220.197 - - [01/Dec/2005:17:41:34 -0800] "GET /movies/Illusb_RR7_Shadowblade_Movie_1_1500k.rar HTTP/1.1" 200 33175086
80.141.69.73 - - [01/Dec/2005:17:41:59 -0800] "GET /movies2/WaffenbundTheMovie.zip HTTP/1.1" 206 9507176
202.90.76.21 - - [01/Dec/2005:17:42:19 -0800] "GET /movies/Meeting_Solo_Skald_Video1.rar HTTP/1.1" 206 539984
72.38.220.245 - - [01/Dec/2005:17:42:43 -0800] "GET /movies2/WaffenbundTheMovie.zip HTTP/1.1" 200 1529758
84.130.78.161 - - [01/Dec/2005:17:43:06 -0800] "GET /movies2/FR5.zip HTTP/1.1" 206 48126384
84.130.78.161 - - [01/Dec/2005:17:43:16 -0800] "GET /movies2/FR5.zip HTTP/1.1" 206 45666371
84.130.78.161 - - [01/Dec/2005:17:43:28 -0800] "GET /movies2/FR5.zip HTTP/1.1" 206 2239808
84.130.78.161 - - [01/Dec/2005:17:43:43 -0800] "GET /movies2/FR5.zip HTTP/1.1" 206 47927648
202.90.76.21 - - [01/Dec/2005:17:43:44 -0800] "GET /movies/Meeting_Solo_Skald_Video1.rar HTTP/1.1" 206 647096
84.130.78.161 - - [01/Dec/2005:17:43:51 -0800] "GET /movies2/FR5.zip HTTP/1.1" 206 237251
84.130.78.161 - - [01/Dec/2005:17:43:51 -0800] "GET /movies2/FR5.zip HTTP/1.1" 206 230152
202.90.76.21 - - [01/Dec/2005:17:43:53 -0800] "GET /movies/Meeting_Solo_Skald_Video1.rar HTTP/1.1" 206 500928
84.130.78.161 - - [01/Dec/2005:17:43:54 -0800] "GET /movies2/FR5.zip HTTP/1.1" 206 47225312
84.130.78.161 - - [01/Dec/2005:17:43:59 -0800] "GET /movies2/FR5.zip HTTP/1.1" 206 606272
80.141.69.73 - - [01/Dec/2005:17:44:07 -0800] "GET /movies2/WaffenbundTheMovie.zip HTTP/1.1" 200 85613528
80.141.69.73 - - [01/Dec/2005:17:44:16 -0800] "GET /movies2/WaffenbundTheMovie.zip HTTP/1.1" 206 4353192
80.141.69.73 - - [01/Dec/2005:17:44:43 -0800] "GET /movies2/WaffenbundTheMovie.zip HTTP/1.1" 206 91875048
80.141.69.73 - - [01/Dec/2005:17:44:45 -0800] "GET /movies2/WaffenbundTheMovie.zip HTTP/1.1" 206 1061500
80.141.69.73 - - [01/Dec/2005:17:44:51 -0800] "GET /movies2/WaffenbundTheMovie.zip HTTP/1.1" 206 90667024
80.141.69.73 - - [01/Dec/2005:17:44:57 -0800] "GET /movies2/WaffenbundTheMovie.zip HTTP/1.1" 206 1772784
82.67.163.225 - - [01/Dec/2005:17:45:00 -0800] "GET /movies/DG-17-02-05.zip HTTP/1.1" 200 225162337
80.141.69.73 - - [01/Dec/2005:17:45:01 -0800] "GET /movies2/WaffenbundTheMovie.zip HTTP/1.1" 206 428280
68.57.173.62 - - [01/Dec/2005:17:45:10 -0800] "GET / HTTP/1.1" 200 7
202.90.76.21 - - [01/Dec/2005:17:45:30 -0800] "GET /movies/Meeting_Solo_Skald_Video1.rar HTTP/1.1" 206 913307
202.90.76.21 - - [01/Dec/2005:17:45:37 -0800] "GET /movies/Meeting_Solo_Skald_Video1.rar HTTP/1.1" 206 1159469
68.57.173.62 - - [01/Dec/2005:17:45:41 -0800] "GET /movies/For%20Science%20-%20Tower%20Camping%20101.zip HTTP/1.1" 200 1556038
172.207.194.236 - - [01/Dec/2005:17:45:45 -0800] "GET /movies/Levia.zip HTTP/1.1" 206 3516336
80.58.35.107 - - [01/Dec/2005:17:46:23 -0800] "GET /movies2/WaffenbundTheMovie.zip HTTP/1.1" 206 75938280
202.90.76.21 - - [01/Dec/2005:17:47:28 -0800] "GET /movies/Meeting_Solo_Skald_Video1.rar HTTP/1.1" 206 714656
202.90.76.21 - - [01/Dec/2005:17:47:33 -0800] "GET /movies/Meeting_Solo_Skald_Video1.rar HTTP/1.1" 206 887245
202.90.76.21 - - [01/Dec/2005:17:48:02 -0800] "GET /movies/Meeting_Solo_Skald_Video1.rar HTTP/1.1" 206 615320
80.58.35.107 - - [01/Dec/2005:17:48:03 -0800] "GET /movies2/WaffenbundTheMovie.zip HTTP/1.1" 206 75938266
80.58.35.107 - - [01/Dec/2005:17:48:06 -0800] "GET /movies2/WaffenbundTheMovie.zip HTTP/1.1" 206 75938266
202.90.76.21 - - [01/Dec/2005:17:48:12 -0800] "GET /movies/Meeting_Solo_Skald_Video1.rar HTTP/1.1" 206 977816
80.58.35.107 - - [01/Dec/2005:17:48:28 -0800] "GET /movies2/WaffenbundTheMovie.zip HTTP/1.1" 206 75938266
80.58.35.107 - - [01/Dec/2005:17:48:57 -0800] "GET /movies2/WaffenbundTheMovie.zip HTTP/1.1" 206 75938266
66.182.213.14 - - [01/Dec/2005:17:49:06 -0800] "GET /movies2/WaffenbundTheMovie.zip HTTP/1.1" 200 78985480
202.90.76.21 - - [01/Dec/2005:17:49:21 -0800] "GET /movies/Meeting_Solo_Skald_Video1.rar HTTP/1.1" 206 630296
80.145.76.237 - - [01/Dec/2005:17:49:33 -0800] "GET /movies2/Absorbx_Gareth.zip HTTP/1.1" 200 133442528
67.187.114.185 - - [01/Dec/2005:17:49:37 -0800] "GET /movies/noxvshunters.zip HTTP/1.1" 200 44303526
172.207.194.236 - - [01/Dec/2005:17:49:43 -0800] "GET /movies/Levia.zip HTTP/1.1" 206 3446960
24.131.192.114 - - [01/Dec/2005:17:49:49 -0800] "GET /movies/Valkyrie%20Video.zip HTTP/1.1" 200 7368297
202.90.76.21 - - [01/Dec/2005:17:49:54 -0800] "GET /movies/Meeting_Solo_Skald_Video1.rar HTTP/1.1" 206 343096
202.90.76.21 - - [01/Dec/2005:17:50:36 -0800] "GET /movies/Meeting_Solo_Skald_Video1.rar HTTP/1.1" 206 1084172
202.90.76.21 - - [01/Dec/2005:17:51:23 -0800] "GET /movies/Meeting_Solo_Skald_Video1.rar HTTP/1.1" 206 855389
202.90.76.21 - - [01/Dec/2005:17:51:30 -0800] "GET /movies/Meeting_Solo_Skald_Video1.rar HTTP/1.1" 206 607781
202.90.76.21 - - [01/Dec/2005:17:52:12 -0800] "GET /movies/Meeting_Solo_Skald_Video1.rar HTTP/1.1" 206 971488
202.90.76.21 - - [01/Dec/2005:17:52:21 -0800] "GET /movies/Meeting_Solo_Skald_Video1.rar HTTP/1.1" 206 509040
202.90.76.21 - - [01/Dec/2005:17:52:23 -0800] "GET /movies/Meeting_Solo_Skald_Video1.rar HTTP/1.1" 206 587808
202.90.76.21 - - [01/Dec/2005:17:52:35 -0800] "GET /movies/Meeting_Solo_Skald_Video1.rar HTTP/1.1" 206 304000
202.90.76.21 - - [01/Dec/2005:17:52:35 -0800] "GET /movies/Meeting_Solo_Skald_Video1.rar HTTP/1.1" 206 643982
202.90.76.21 - - [01/Dec/2005:17:53:38 -0800] "GET /movies/Meeting_Solo_Skald_Video1.rar HTTP/1.1" 206 409404
84.185.216.245 - - [01/Dec/2005:17:53:40 -0800] "GET /movies/ThaneVid2_by_Iator.zip HTTP/1.1" 206 51355052
84.185.216.245 - - [01/Dec/2005:17:53:40 -0800] "GET /movies2/Rush-Devon.zip HTTP/1.1" 206 50437456
68.253.113.58 - - [01/Dec/2005:17:54:24 -0800] "GET /movies/lukiel.zip HTTP/1.1" 200 517244
202.90.76.21 - - [01/Dec/2005:17:54:25 -0800] "GET /movies/Meeting_Solo_Skald_Video1.rar HTTP/1.1" 206 568984
62.143.132.150 - - [01/Dec/2005:17:54:31 -0800] "GET /movies2/November.zip HTTP/1.1" 200 6896836
202.90.76.21 - - [01/Dec/2005:17:54:54 -0800] "GET /movies/Meeting_Solo_Skald_Video1.rar HTTP/1.1" 206 913608
84.145.230.22 - - [01/Dec/2005:17:55:19 -0800] "GET /movies/Zeltax.zip HTTP/1.1" 200 98146138
83.95.137.40 - - [01/Dec/2005:17:56:11 -0800] "GET /movies/Valkyrie%20Video.zip HTTP/1.1" 200 348766280
202.90.76.21 - - [01/Dec/2005:17:56:58 -0800] "GET /movies/Meeting_Solo_Skald_Video1.rar HTTP/1.1" 206 923445
202.90.76.21 - - [01/Dec/2005:17:57:09 -0800] "GET /movies/Meeting_Solo_Skald_Video1.rar HTTP/1.1" 206 813696
202.90.76.21 - - [01/Dec/2005:17:58:03 -0800] "GET /movies/Meeting_Solo_Skald_Video1.rar HTTP/1.1" 206 490494
202.90.76.21 - - [01/Dec/2005:17:58:17 -0800] "GET /movies/Meeting_Solo_Skald_Video1.rar HTTP/1.1" 206 664253
86.132.198.169 - - [01/Dec/2005:17:58:19 -0800] "GET /movies2/legio_3.zip HTTP/1.1" 200 4087892
202.90.76.21 - - [01/Dec/2005:17:58:21 -0800] "GET /movies/Meeting_Solo_Skald_Video1.rar HTTP/1.1" 206 1129536
81.173.147.216 - - [01/Dec/2005:17:58:37 -0800] "GET /movies2/forItawithlove.zip HTTP/1.1" 200 100690079
202.90.76.21 - - [01/Dec/2005:17:58:40 -0800] "GET /movies/Meeting_Solo_Skald_Video1.rar HTTP/1.1" 206 216821
202.90.76.21 - - [01/Dec/2005:17:58:59 -0800] "GET /movies/Meeting_Solo_Skald_Video1.rar HTTP/1.1" 206 802112
202.90.76.21 - - [01/Dec/2005:17:59:53 -0800] "GET /movies/Meeting_Solo_Skald_Video1.rar HTTP/1.1" 206 306896
84.151.28.104 - - [01/Dec/2005:18:00:59 -0800] "GET /movies2/WaffenbundTheMovie.zip HTTP/1.1" 200 138234300
80.132.252.203 - - [01/Dec/2005:18:01:05 -0800] "GET /movies/HowToPwn.rar HTTP/1.1" 200 300365783
202.90.76.21 - - [01/Dec/2005:18:01:11 -0800] "GET /movies/Meeting_Solo_Skald_Video1.rar HTTP/1.1" 206 492200
202.90.76.21 - - [01/Dec/2005:18:01:27 -0800] "GET /movies/Meeting_Solo_Skald_Video1.rar HTTP/1.1" 206 535480
82.97.175.111 - - [01/Dec/2005:18:02:27 -0800] "GET /movies2/WaffenbundTheMovie.zip HTTP/1.1" 200 43238
80.171.165.164 - - [01/Dec/2005:18:02:31 -0800] "GET /movies2/WaffenbundTheMovie.zip HTTP/1.1" 200 15320078
202.90.76.21 - - [01/Dec/2005:18:02:31 -0800] "GET /movies/Meeting_Solo_Skald_Video1.rar HTTP/1.1" 206 568528
82.97.175.111 - - [01/Dec/2005:18:02:34 -0800] "GET /movies2/WaffenbundTheMovie.zip HTTP/1.1" 200 91260
172.207.194.236 - - [01/Dec/2005:18:02:35 -0800] "GET /movies/Levia.zip HTTP/1.1" 206 673456
202.90.76.21 - - [01/Dec/2005:18:02:39 -0800] "GET /movies/Meeting_Solo_Skald_Video1.rar HTTP/1.1" 206 1217387
72.38.220.245 - - [01/Dec/2005:18:02:54 -0800] "GET /movies2/November.zip HTTP/1.0" 206 21829108
72.38.220.245 - - [01/Dec/2005:18:02:57 -0800] "GET /movies2/November.zip HTTP/1.0" 206 21801833
72.38.220.245 - - [01/Dec/2005:18:02:58 -0800] "GET /movies2/November.zip HTTP/1.0" 206 21960508
83.198.118.150 - - [01/Dec/2005:18:02:58 -0800] "GET /movies2/WaffenbundTheMovie.zip HTTP/1.1" 200 123098
72.38.220.245 - - [01/Dec/2005:18:02:59 -0800] "GET /movies2/November.zip HTTP/1.0" 206 21862036
72.38.220.245 - - [01/Dec/2005:18:03:06 -0800] "GET /movies2/November.zip HTTP/1.0" 206 288996
72.38.220.245 - - [01/Dec/2005:18:03:14 -0800] "GET /movies2/November.zip HTTP/1.0" 206 209508
72.38.220.245 - - [01/Dec/2005:18:03:15 -0800] "GET /movies2/November.zip HTTP/1.0" 206 225951
72.38.220.245 - - [01/Dec/2005:18:03:15 -0800] "GET /movies2/November.zip HTTP/1.0" 200 21411548
72.38.220.245 - - [01/Dec/2005:18:03:17 -0800] "GET /movies2/November.zip HTTP/1.0" 206 304328
72.38.220.245 - - [01/Dec/2005:18:03:18 -0800] "GET /movies2/November.zip HTTP/1.0" 206 21614812
72.38.220.245 - - [01/Dec/2005:18:03:19 -0800] "GET /movies2/November.zip HTTP/1.0" 206 503212
72.38.220.245 - - [01/Dec/2005:18:03:20 -0800] "GET /movies2/November.zip HTTP/1.0" 206 21479032
72.38.220.245 - - [01/Dec/2005:18:03:21 -0800] "GET /movies2/November.zip HTTP/1.0" 206 21984334
202.90.76.21 - - [01/Dec/2005:18:03:22 -0800] "GET /movies/Meeting_Solo_Skald_Video1.rar HTTP/1.1" 206 572216
68.97.21.123 - - [01/Dec/2005:18:03:28 -0800] "GET /movies/Heretic%20in%20NF.zip HTTP/1.1" 200 148589455
202.90.76.21 - - [01/Dec/2005:18:04:09 -0800] "GET /movies/Meeting_Solo_Skald_Video1.rar HTTP/1.1" 206 798915
202.90.76.21 - - [01/Dec/2005:18:04:15 -0800] "GET /movies/Meeting_Solo_Skald_Video1.rar HTTP/1.1" 206 1055472
202.90.76.21 - - [01/Dec/2005:18:04:21 -0800] "GET /movies/Meeting_Solo_Skald_Video1.rar HTTP/1.1" 206 600840
202.90.76.21 - - [01/Dec/2005:18:04:52 -0800] "GET /movies/Meeting_Solo_Skald_Video1.rar HTTP/1.1" 206 467325
202.90.76.21 - - [01/Dec/2005:18:04:55 -0800] "GET /movies/Meeting_Solo_Skald_Video1.rar HTTP/1.1" 206 588955
24.131.192.114 - - [01/Dec/2005:18:06:40 -0800] "GET /movies/Trinnara_Valkyrie_of_Percival.zip HTTP/1.1" 200 50674257
83.197.195.201 - - [01/Dec/2005:18:06:55 -0800] "GET /movies/Levia.zip HTTP/1.1" 200 1214708
65.184.44.25 - - [01/Dec/2005:18:07:11 -0800] "GET /movies/lastwish2.zip HTTP/1.1" 200 63972375
84.74.6.36 - - [01/Dec/2005:18:08:50 -0800] "GET /movies2/WaffenbundTheMovie.zip HTTP/1.1" 200 117727800
84.174.236.55 - - [01/Dec/2005:18:08:50 -0800] "GET /movies/SmallPwn2.zip HTTP/1.1" 200 97527822
202.90.76.21 - - [01/Dec/2005:18:09:51 -0800] "GET /movies/Meeting_Solo_Skald_Video1.rar HTTP/1.1" 206 755776
24.50.236.216 - - [01/Dec/2005:18:10:03 -0800] "GET /movies2/Raila%20Memorial%20good.zip HTTP/1.1" 200 24692536
172.207.194.236 - - [01/Dec/2005:18:10:32 -0800] "GET /movies/Levia.zip HTTP/1.1" 206 1355984
172.207.194.236 - - [01/Dec/2005:18:10:32 -0800] "GET /movies/Levia.zip HTTP/1.1" 206 1465104
172.207.194.236 - - [01/Dec/2005:18:10:32 -0800] "GET /movies/Levia.zip HTTP/1.1" 206 1108032
172.207.194.236 - - [01/Dec/2005:18:10:32 -0800] "GET /movies/Levia.zip HTTP/1.1" 206 614335
202.90.76.21 - - [01/Dec/2005:18:10:50 -0800] "GET /movies/Meeting_Solo_Skald_Video1.rar HTTP/1.1" 206 631208
202.90.76.21 - - [01/Dec/2005:18:10:51 -0800] "GET /movies/Meeting_Solo_Skald_Video1.rar HTTP/1.1" 206 1082984
202.90.76.21 - - [01/Dec/2005:18:11:38 -0800] "GET /movies/Meeting_Solo_Skald_Video1.rar HTTP/1.1" 206 417816
202.90.76.21 - - [01/Dec/2005:18:11:51 -0800] "GET /movies/Meeting_Solo_Skald_Video1.rar HTTP/1.1" 206 1105891
82.126.237.22 - - [01/Dec/2005:18:12:09 -0800] "GET /movies2/WaffenbundTheMovie.zip HTTP/1.1" 200 502752
82.126.237.22 - - [01/Dec/2005:18:12:15 -0800] "GET /movies2/WaffenbundTheMovie.zip HTTP/1.1" 200 94718
202.90.76.21 - - [01/Dec/2005:18:12:17 -0800] "GET /movies/Meeting_Solo_Skald_Video1.rar HTTP/1.1" 206 1449069
82.126.237.22 - - [01/Dec/2005:18:12:42 -0800] "GET /movies2/WaffenbundTheMovie.zip HTTP/1.1" 200 669792
212.183.51.17 - - [01/Dec/2005:18:13:39 -0800] "GET /movies2/WaffenbundTheMovie.zip HTTP/1.1" 200 73635748
212.183.51.17 - - [01/Dec/2005:18:13:43 -0800] "GET /movies2/maelstrom_cluster1.zip HTTP/1.1" 200 72743408
202.90.76.21 - - [01/Dec/2005:18:13:55 -0800] "GET /movies/Meeting_Solo_Skald_Video1.rar HTTP/1.1" 206 1261128
202.90.76.21 - - [01/Dec/2005:18:14:21 -0800] "GET /movies/Meeting_Solo_Skald_Video1.rar HTTP/1.1" 206 1270488
83.88.67.47 - - [01/Dec/2005:18:15:23 -0800] "GET /favicon.ico HTTP/1.1" 404 283
202.90.76.21 - - [01/Dec/2005:18:15:29 -0800] "GET /movies/Meeting_Solo_Skald_Video1.rar HTTP/1.1" 206 484544
202.90.76.21 - - [01/Dec/2005:18:15:53 -0800] "GET /movies/Meeting_Solo_Skald_Video1.rar HTTP/1.1" 206 352934
202.90.76.21 - - [01/Dec/2005:18:16:04 -0800] "GET /movies/Meeting_Solo_Skald_Video1.rar HTTP/1.1" 206 448501
82.126.237.22 - - [01/Dec/2005:18:16:17 -0800] "GET /movies2/WaffenbundTheMovie.zip HTTP/1.1" 200 251678
202.90.76.21 - - [01/Dec/2005:18:16:44 -0800] "GET /movies/Meeting_Solo_Skald_Video1.rar HTTP/1.1" 206 955301
202.90.76.21 - - [01/Dec/2005:18:16:45 -0800] "GET /movies/Meeting_Solo_Skald_Video1.rar HTTP/1.1" 206 919099
202.90.76.21 - - [01/Dec/2005:18:16:59 -0800] "GET /movies/Meeting_Solo_Skald_Video1.rar HTTP/1.1" 206 516555
82.126.237.22 - - [01/Dec/2005:18:17:01 -0800] "GET /movies2/WaffenbundTheMovie.zip HTTP/1.1" 200 287678
202.90.76.21 - - [01/Dec/2005:18:17:06 -0800] "GET /movies/Meeting_Solo_Skald_Video1.rar HTTP/1.1" 206 376099
67.187.114.185 - - [01/Dec/2005:18:17:29 -0800] "GET /movies/noxzerg.zip HTTP/1.1" 200 128754848
202.90.76.21 - - [01/Dec/2005:18:17:35 -0800] "GET /movies/Meeting_Solo_Skald_Video1.rar HTTP/1.1" 206 318179
202.90.76.21 - - [01/Dec/2005:18:18:19 -0800] "GET /movies/Meeting_Solo_Skald_Video1.rar HTTP/1.1" 206 722472
202.90.76.21 - - [01/Dec/2005:18:18:44 -0800] "GET /movies/Meeting_Solo_Skald_Video1.rar HTTP/1.1" 206 562616
72.38.220.245 - - [01/Dec/2005:18:19:12 -0800] "GET /movies2/rvr.zip HTTP/1.0" 206 40900112
202.90.76.21 - - [01/Dec/2005:18:19:20 -0800] "GET /movies/Meeting_Solo_Skald_Video1.rar HTTP/1.1" 206 563608
72.38.220.245 - - [01/Dec/2005:18:19:35 -0800] "GET /movies2/rvr.zip HTTP/1.0" 206 40933796
72.38.220.245 - - [01/Dec/2005:18:20:39 -0800] "GET /movies2/rvr.zip HTTP/1.0" 206 40887844
202.90.76.21 - - [01/Dec/2005:18:20:41 -0800] "GET /movies/Meeting_Solo_Skald_Video1.rar HTTP/1.1" 206 595048
202.90.76.21 - - [01/Dec/2005:18:20:42 -0800] "GET /movies/Meeting_Solo_Skald_Video1.rar HTTP/1.1" 206 2222301
72.38.220.245 - - [01/Dec/2005:18:20:42 -0800] "GET /movies2/rvr.zip HTTP/1.0" 206 1943908
72.38.220.245 - - [01/Dec/2005:18:20:46 -0800] "GET /movies2/rvr.zip HTTP/1.0" 206 39120520
72.38.220.245 - - [01/Dec/2005:18:20:48 -0800] "GET /movies2/rvr.zip HTTP/1.0" 206 39428072
83.88.67.47 - - [01/Dec/2005:18:20:49 -0800] "GET /movies2/Purified.zip HTTP/1.1" 200 6197860
72.38.220.245 - - [01/Dec/2005:18:20:55 -0800] "GET /movies2/rvr.zip HTTP/1.0" 206 317792
72.38.220.245 - - [01/Dec/2005:18:20:57 -0800] "GET /movies2/rvr.zip HTTP/1.0" 206 228872
72.38.220.245 - - [01/Dec/2005:18:20:58 -0800] "GET /movies2/rvr.zip HTTP/1.0" 206 264336
72.38.220.245 - - [01/Dec/2005:18:20:58 -0800] "GET /movies2/rvr.zip HTTP/1.0" 206 1486303
72.38.220.245 - - [01/Dec/2005:18:20:58 -0800] "GET /movies2/rvr.zip HTTP/1.0" 206 206972
72.38.220.245 - - [01/Dec/2005:18:20:59 -0800] "GET /movies2/rvr.zip HTTP/1.0" 200 40981916
72.38.220.245 - - [01/Dec/2005:18:21:02 -0800] "GET /movies2/rvr.zip HTTP/1.0" 206 40904471
72.38.220.245 - - [01/Dec/2005:18:21:06 -0800] "GET /movies2/rvr.zip HTTP/1.0" 206 40225188
72.38.220.245 - - [01/Dec/2005:18:21:15 -0800] "GET /movies2/maelstrom_cluster1.zip HTTP/1.0" 206 43011913
202.90.76.21 - - [01/Dec/2005:18:21:22 -0800] "GET /movies/Meeting_Solo_Skald_Video1.rar HTTP/1.1" 206 254528
202.90.76.21 - - [01/Dec/2005:18:21:29 -0800] "GET /movies/Meeting_Solo_Skald_Video1.rar HTTP/1.1" 206 274742
72.38.220.245 - - [01/Dec/2005:18:21:52 -0800] "GET /movies2/maelstrom_cluster1.zip HTTP/1.0" 206 41891976
202.90.76.21 - - [01/Dec/2005:18:21:58 -0800] "GET /movies/Meeting_Solo_Skald_Video1.rar HTTP/1.1" 206 491288
72.38.220.245 - - [01/Dec/2005:18:22:00 -0800] "GET /movies2/maelstrom_cluster1.zip HTTP/1.0" 206 43111936
72.38.220.245 - - [01/Dec/2005:18:22:02 -0800] "GET /movies2/maelstrom_cluster1.zip HTTP/1.0" 206 1316592
202.90.76.21 - - [01/Dec/2005:18:22:05 -0800] "GET /movies/Meeting_Solo_Skald_Video1.rar HTTP/1.1" 206 325419
72.38.220.245 - - [01/Dec/2005:18:22:11 -0800] "GET /movies2/maelstrom_cluster1.zip HTTP/1.0" 206 42999792
81.251.162.41 - - [01/Dec/2005:18:22:12 -0800] "GET /movies2/Absorbx_Gareth.zip HTTP/1.1" 200 285838
81.251.162.41 - - [01/Dec/2005:18:22:17 -0800] "GET /movies2/Absorbx_Gareth.zip HTTP/1.1" 206 18639
72.38.220.245 - - [01/Dec/2005:18:22:19 -0800] "GET /movies2/maelstrom_cluster1.zip HTTP/1.0" 206 222892
72.38.220.245 - - [01/Dec/2005:18:22:19 -0800] "GET /movies2/maelstrom_cluster1.zip HTTP/1.0" 206 792431
72.38.220.245 - - [01/Dec/2005:18:22:19 -0800] "GET /movies2/maelstrom_cluster1.zip HTTP/1.0" 206 631852
72.38.220.245 - - [01/Dec/2005:18:22:20 -0800] "GET /movies2/maelstrom_cluster1.zip HTTP/1.0" 200 42908912
72.38.220.245 - - [01/Dec/2005:18:22:21 -0800] "GET /movies2/maelstrom_cluster1.zip HTTP/1.0" 206 42183812
72.38.220.245 - - [01/Dec/2005:18:22:24 -0800] "GET /movies2/maelstrom_cluster1.zip HTTP/1.0" 206 765524
72.38.220.245 - - [01/Dec/2005:18:22:24 -0800] "GET /movies2/maelstrom_cluster1.zip HTTP/1.0" 206 42653748
72.38.220.245 - - [01/Dec/2005:18:22:25 -0800] "GET /movies2/maelstrom_cluster1.zip HTTP/1.0" 206 43410948
202.90.76.21 - - [01/Dec/2005:18:22:46 -0800] "GET /movies/Meeting_Solo_Skald_Video1.rar HTTP/1.1" 206 270397
202.90.76.21 - - [01/Dec/2005:18:23:27 -0800] "GET /movies/Meeting_Solo_Skald_Video1.rar HTTP/1.1" 206 694659
84.174.236.55 - - [01/Dec/2005:18:23:48 -0800] "GET /movies/Deathwstyle.zip HTTP/1.1" 200 573576
86.105.209.156 - - [01/Dec/2005:18:23:50 -0800] "GET /movies/Vid%E9o%20No%20Release.zip HTTP/1.1" 206 143340992
86.105.209.156 - - [01/Dec/2005:18:23:50 -0800] "GET /movies/MauveMinstrel.zip HTTP/1.1" 206 138676684
202.90.76.21 - - [01/Dec/2005:18:23:53 -0800] "GET /movies/Meeting_Solo_Skald_Video1.rar HTTP/1.1" 206 809272
72.38.220.245 - - [01/Dec/2005:18:23:58 -0800] "GET /movies2/WaffenbundTheMovie.zip HTTP/1.0" 206 47447456
84.137.114.24 - - [01/Dec/2005:18:24:09 -0800] "GET /movies2/WaffenbundTheMovie.zip HTTP/1.1" 206 94951860
202.90.76.21 - - [01/Dec/2005:18:24:16 -0800] "GET /movies/Meeting_Solo_Skald_Video1.rar HTTP/1.1" 206 231600
84.174.236.55 - - [01/Dec/2005:18:24:20 -0800] "GET /movies2/Dhead-vid1.zip HTTP/1.1" 200 48300
202.90.76.21 - - [01/Dec/2005:18:24:43 -0800] "GET /movies/Meeting_Solo_Skald_Video1.rar HTTP/1.1" 206 441260
84.137.114.24 - - [01/Dec/2005:18:24:56 -0800] "GET /movies2/WaffenbundTheMovie.zip HTTP/1.1" 200 95015654
84.137.114.24 - - [01/Dec/2005:18:24:59 -0800] "GET /movies2/WaffenbundTheMovie.zip HTTP/1.1" 206 934508
202.90.76.21 - - [01/Dec/2005:18:25:01 -0800] "GET /movies/Meeting_Solo_Skald_Video1.rar HTTP/1.1" 206 704797
84.137.114.24 - - [01/Dec/2005:18:25:02 -0800] "GET /movies2/WaffenbundTheMovie.zip HTTP/1.1" 206 94922585
72.38.220.245 - - [01/Dec/2005:18:25:04 -0800] "GET /movies2/WaffenbundTheMovie.zip HTTP/1.0" 206 47385977
72.38.220.245 - - [01/Dec/2005:18:25:04 -0800] "GET /movies2/WaffenbundTheMovie.zip HTTP/1.0" 206 1767948
84.137.114.24 - - [01/Dec/2005:18:25:08 -0800] "GET /movies2/WaffenbundTheMovie.zip HTTP/1.1" 206 94005580
72.38.220.245 - - [01/Dec/2005:18:25:17 -0800] "GET /movies2/WaffenbundTheMovie.zip HTTP/1.0" 206 351511
72.38.220.245 - - [01/Dec/2005:18:25:18 -0800] "GET /movies2/WaffenbundTheMovie.zip HTTP/1.0" 206 47367364
72.38.220.245 - - [01/Dec/2005:18:25:19 -0800] "GET /movies2/WaffenbundTheMovie.zip HTTP/1.0" 206 47160664
202.90.76.21 - - [01/Dec/2005:18:25:19 -0800] "GET /movies/Meeting_Solo_Skald_Video1.rar HTTP/1.1" 206 668595
72.38.220.245 - - [01/Dec/2005:18:25:20 -0800] "GET /movies2/WaffenbundTheMovie.zip HTTP/1.0" 206 47668268
72.38.220.245 - - [01/Dec/2005:18:25:22 -0800] "GET /movies2/WaffenbundTheMovie.zip HTTP/1.0" 206 122476
72.38.220.245 - - [01/Dec/2005:18:25:22 -0800] "GET /movies2/WaffenbundTheMovie.zip HTTP/1.0" 200 45823892
72.38.220.245 - - [01/Dec/2005:18:25:24 -0800] "GET /movies2/WaffenbundTheMovie.zip HTTP/1.0" 206 481392
72.38.220.245 - - [01/Dec/2005:18:25:25 -0800] "GET /movies2/WaffenbundTheMovie.zip HTTP/1.0" 206 47191892
72.38.220.245 - - [01/Dec/2005:18:25:26 -0800] "GET /movies2/WaffenbundTheMovie.zip HTTP/1.0" 206 224491
72.38.220.245 - - [01/Dec/2005:18:25:26 -0800] "GET /movies2/WaffenbundTheMovie.zip HTTP/1.0" 206 47138672
24.181.106.87 - - [01/Dec/2005:18:25:31 -0800] "GET /movies/pug_0001.zip HTTP/1.1" 200 11189508
83.197.195.201 - - [01/Dec/2005:18:26:02 -0800] "GET /movies/Maelstrom1.zip HTTP/1.1" 200 411232
202.90.76.21 - - [01/Dec/2005:18:26:26 -0800] "GET /movies/Meeting_Solo_Skald_Video1.rar HTTP/1.1" 206 583166
202.90.76.21 - - [01/Dec/2005:18:27:18 -0800] "GET /movies/Meeting_Solo_Skald_Video1.rar HTTP/1.1" 206 801813
82.97.175.111 - - [01/Dec/2005:18:27:52 -0800] "GET /movies2/Raila%20Memorial%20good.zip HTTP/1.1" 200 24692536
195.36.254.132 - - [01/Dec/2005:18:27:57 -0800] "GET /movies2/Obso.zip HTTP/1.1" 200 109229556
216.201.32.4 - - [01/Dec/2005:18:28:01 -0800] "GET /movies2/song2.zip HTTP/1.1" 206 9003492
202.90.76.21 - - [01/Dec/2005:18:28:27 -0800] "GET /movies/Meeting_Solo_Skald_Video1.rar HTTP/1.1" 206 761568
202.90.76.21 - - [01/Dec/2005:18:28:42 -0800] "GET /movies/Meeting_Solo_Skald_Video1.rar HTTP/1.1" 206 536512
202.90.76.21 - - [01/Dec/2005:18:28:46 -0800] "GET /movies/Meeting_Solo_Skald_Video1.rar HTTP/1.1" 206 713483
84.133.111.152 - - [01/Dec/2005:18:28:47 -0800] "GET /movies2/amaya2_healplz.zip HTTP/1.1" 200 371806982
69.118.197.159 - - [01/Dec/2005:18:29:14 -0800] "GET /movies2/Purified.zip HTTP/1.1" 200 160426511
202.90.76.21 - - [01/Dec/2005:18:29:40 -0800] "GET /movies/Meeting_Solo_Skald_Video1.rar HTTP/1.1" 206 814608
83.88.67.47 - - [01/Dec/2005:18:30:05 -0800] "HEAD /movies2/Purified.zip HTTP/1.1" 200 0
66.74.238.189 - - [01/Dec/2005:18:30:18 -0800] "GET /movies2/legio_4.zip HTTP/1.1" 200 532469697
84.58.99.26 - - [01/Dec/2005:18:30:25 -0800] "GET /movies2/WaffenbundTheMovie.zip HTTP/1.1" 200 233450
202.90.76.21 - - [01/Dec/2005:18:30:31 -0800] "GET /movies/Meeting_Solo_Skald_Video1.rar HTTP/1.1" 206 576224
202.90.76.21 - - [01/Dec/2005:18:31:06 -0800] "GET /movies/Meeting_Solo_Skald_Video1.rar HTTP/1.1" 206 712036
80.200.21.35 - - [01/Dec/2005:18:31:23 -0800] "GET /movies2/forItawithlove.zip HTTP/1.1" 200 31174207
80.134.232.125 - - [01/Dec/2005:18:31:28 -0800] "GET /movies2/CloakedkillerTheCritblade.zip HTTP/1.1" 200 172368713
165.190.89.154 - - [01/Dec/2005:18:31:34 -0800] "GET /movies/maelstrom3.zip HTTP/1.1" 200 267380357
202.90.76.21 - - [01/Dec/2005:18:32:05 -0800] "GET /movies/Meeting_Solo_Skald_Video1.rar HTTP/1.1" 206 598816
202.90.76.21 - - [01/Dec/2005:18:33:05 -0800] "GET /movies/Meeting_Solo_Skald_Video1.rar HTTP/1.1" 206 719277
84.145.230.22 - - [01/Dec/2005:18:33:30 -0800] "GET /movies/Nukey_v1.zip HTTP/1.1" 200 164036993
202.90.76.21 - - [01/Dec/2005:18:33:37 -0800] "GET /movies/Meeting_Solo_Skald_Video1.rar HTTP/1.1" 206 702200
202.90.76.21 - - [01/Dec/2005:18:33:49 -0800] "GET /movies/Meeting_Solo_Skald_Video1.rar HTTP/1.1" 206 1191326
216.201.32.4 - - [01/Dec/2005:18:33:53 -0800] "GET /movies2/song2.zip HTTP/1.1" 206 478552
202.90.76.21 - - [01/Dec/2005:18:34:31 -0800] "GET /movies/Meeting_Solo_Skald_Video1.rar HTTP/1.1" 206 988605
84.56.59.25 - - [01/Dec/2005:18:34:45 -0800] "GET /favicon.ico HTTP/1.1" 404 283
202.90.76.21 - - [01/Dec/2005:18:34:45 -0800] "GET /movies/Meeting_Solo_Skald_Video1.rar HTTP/1.1" 206 389432
