83.112.172.80 - - [30/Nov/2005:18:10:39 -0800] "GET /movies/Twitch.zip HTTP/1.0" 206 403608
83.112.172.80 - - [30/Nov/2005:18:10:50 -0800] "GET /movies/Twitch.zip HTTP/1.0" 206 7360508
83.112.172.80 - - [30/Nov/2005:18:10:50 -0800] "GET /movies/Twitch.zip HTTP/1.0" 206 7506508
202.90.73.111 - - [30/Nov/2005:18:11:04 -0800] "GET /movies/Hisoiltir.zip HTTP/1.1" 206 357576
83.112.172.80 - - [30/Nov/2005:18:11:10 -0800] "GET /movies/Twitch.zip HTTP/1.0" 206 10855460
83.112.172.80 - - [30/Nov/2005:18:11:10 -0800] "GET /movies/Twitch.zip HTTP/1.0" 206 1196388
83.112.172.80 - - [30/Nov/2005:18:11:12 -0800] "GET /movies/Twitch.zip HTTP/1.0" 206 334988
83.112.172.80 - - [30/Nov/2005:18:11:16 -0800] "GET /movies/Twitch.zip HTTP/1.0" 206 276588
83.112.172.80 - - [30/Nov/2005:18:11:29 -0800] "GET /movies/Twitch.zip HTTP/1.0" 206 199208
83.112.172.80 - - [30/Nov/2005:18:11:29 -0800] "GET /movies/Twitch.zip HTTP/1.0" 206 870884
83.112.172.80 - - [30/Nov/2005:18:11:29 -0800] "GET /movies/Twitch.zip HTTP/1.0" 206 576768
83.112.172.80 - - [30/Nov/2005:18:11:36 -0800] "GET /movies/Twitch.zip HTTP/1.0" 206 825220
83.112.172.80 - - [30/Nov/2005:18:11:38 -0800] "GET /movies/Twitch.zip HTTP/1.0" 206 183148
83.112.172.80 - - [30/Nov/2005:18:11:39 -0800] "GET /movies/Twitch.zip HTTP/1.0" 206 504348
83.112.172.80 - - [30/Nov/2005:18:11:40 -0800] "GET /movies/Twitch.zip HTTP/1.0" 206 158328
83.112.172.80 - - [30/Nov/2005:18:11:41 -0800] "GET /movies/Twitch.zip HTTP/1.0" 206 7538628
83.112.172.80 - - [30/Nov/2005:18:11:41 -0800] "GET /movies/Twitch.zip HTTP/1.0" 206 7474388
83.112.172.80 - - [30/Nov/2005:18:11:43 -0800] "GET /movies/Twitch.zip HTTP/1.0" 206 375868
83.112.172.80 - - [30/Nov/2005:18:11:43 -0800] "POST /movies/Twitch.zip HTTP/1.0" 405 301
83.112.172.80 - - [30/Nov/2005:18:11:43 -0800] "GET /movies/Twitch.zip HTTP/1.0" 206 128964
83.112.172.80 - - [30/Nov/2005:18:11:44 -0800] "GET /movies/Twitch.zip HTTP/1.0" 206 113068
83.112.172.80 - - [30/Nov/2005:18:11:44 -0800] "GET /movies/Twitch.zip HTTP/1.0" 206 115988
83.112.172.80 - - [30/Nov/2005:18:11:45 -0800] "GET /movies/Twitch.zip HTTP/1.0" 206 681008
83.112.172.80 - - [30/Nov/2005:18:11:47 -0800] "GET /movies/Twitch.zip HTTP/1.0" 206 1254052
83.112.172.80 - - [30/Nov/2005:18:11:47 -0800] "GET /movies/Twitch.zip HTTP/1.0" 206 8556248
83.112.172.80 - - [30/Nov/2005:18:11:47 -0800] "GET /movies/Twitch.zip HTTP/1.0" 206 54668
83.112.172.80 - - [30/Nov/2005:18:11:48 -0800] "GET /movies/Twitch.zip HTTP/1.0" 206 18632
83.112.172.80 - - [30/Nov/2005:18:11:48 -0800] "GET /movies/Twitch.zip HTTP/1.0" 206 18632
83.112.172.80 - - [30/Nov/2005:18:11:49 -0800] "GET /movies/Twitch.zip HTTP/1.0" 206 40532
84.173.152.90 - - [30/Nov/2005:18:11:54 -0800] "GET /movies/ThaneVid2_by_Iator.zip HTTP/1.1" 200 414536
202.90.73.111 - - [30/Nov/2005:18:12:09 -0800] "GET /movies/Hisoiltir.zip HTTP/1.1" 206 1025440
83.112.172.80 - - [30/Nov/2005:18:12:21 -0800] "GET /movies/Twitch.zip HTTP/1.0" 200 12965448
202.90.73.111 - - [30/Nov/2005:18:12:36 -0800] "GET /movies/Hisoiltir.zip HTTP/1.1" 206 516553
202.90.73.111 - - [30/Nov/2005:18:13:01 -0800] "GET /movies/Hisoiltir.zip HTTP/1.1" 206 401928
202.90.73.111 - - [30/Nov/2005:18:13:03 -0800] "GET /movies/Hisoiltir.zip HTTP/1.1" 206 1306888
81.49.147.104 - - [30/Nov/2005:18:13:10 -0800] "GET /movies2/legio_3.zip HTTP/1.1" 200 384442071
202.90.73.111 - - [30/Nov/2005:18:13:19 -0800] "GET /movies/Hisoiltir.zip HTTP/1.1" 206 1390000
202.90.73.111 - - [30/Nov/2005:18:13:32 -0800] "GET /movies/Hisoiltir.zip HTTP/1.1" 206 384786
202.90.73.111 - - [30/Nov/2005:18:14:03 -0800] "GET /movies/Hisoiltir.zip HTTP/1.1" 206 749682
202.90.73.111 - - [30/Nov/2005:18:14:09 -0800] "GET /movies/Hisoiltir.zip HTTP/1.1" 206 617720
202.90.73.111 - - [30/Nov/2005:18:14:27 -0800] "GET /movies/Hisoiltir.zip HTTP/1.1" 206 1332992
202.90.73.111 - - [30/Nov/2005:18:14:40 -0800] "GET /movies/Hisoiltir.zip HTTP/1.1" 206 399266
202.90.73.111 - - [30/Nov/2005:18:14:51 -0800] "GET /movies/Hisoiltir.zip HTTP/1.1" 206 205234
202.90.73.111 - - [30/Nov/2005:18:16:09 -0800] "GET /movies/Hisoiltir.zip HTTP/1.1" 206 1142808
202.90.73.111 - - [30/Nov/2005:18:16:35 -0800] "GET /movies/Hisoiltir.zip HTTP/1.1" 206 575922
202.90.73.111 - - [30/Nov/2005:18:16:38 -0800] "GET /movies/Hisoiltir.zip HTTP/1.1" 206 536826
81.243.238.43 - - [30/Nov/2005:18:16:50 -0800] "GET /movies/ScoutHowToVideo.zip HTTP/1.1" 200 111388658
202.90.73.111 - - [30/Nov/2005:18:16:52 -0800] "GET /movies/Hisoiltir.zip HTTP/1.1" 206 520584
202.90.73.111 - - [30/Nov/2005:18:17:17 -0800] "GET /movies/Hisoiltir.zip HTTP/1.1" 206 484698
82.238.16.231 - - [30/Nov/2005:18:17:50 -0800] "GET /movies2/A%20Mostly%20Solo%20Shade.zip HTTP/1.1" 200 61602614
85.182.77.85 - - [30/Nov/2005:18:17:54 -0800] "GET /movies/hibgath.zip HTTP/1.1" 200 24040136
202.90.73.111 - - [30/Nov/2005:18:17:57 -0800] "GET /movies/Hisoiltir.zip HTTP/1.1" 206 281978
202.90.73.111 - - [30/Nov/2005:18:18:43 -0800] "GET /movies/Hisoiltir.zip HTTP/1.1" 206 169336
61.27.206.194 - - [30/Nov/2005:18:18:53 -0800] "GET /movies/Yzervision.zip HTTP/1.1" 200 156263247
202.90.73.111 - - [30/Nov/2005:18:19:00 -0800] "GET /movies/Hisoiltir.zip HTTP/1.1" 206 300648
202.90.73.111 - - [30/Nov/2005:18:19:05 -0800] "GET /movies/Hisoiltir.zip HTTP/1.1" 206 530264
62.47.25.65 - - [30/Nov/2005:18:19:05 -0800] "GET /movies/Alte%20Feind.zip HTTP/1.1" 200 180147208
202.90.73.111 - - [30/Nov/2005:18:19:20 -0800] "GET /movies/Hisoiltir.zip HTTP/1.1" 206 616466
202.90.73.111 - - [30/Nov/2005:18:19:21 -0800] "GET /movies/Hisoiltir.zip HTTP/1.1" 206 337224
202.90.73.111 - - [30/Nov/2005:18:19:33 -0800] "GET /movies/Hisoiltir.zip HTTP/1.1" 206 314136
202.90.73.111 - - [30/Nov/2005:18:19:50 -0800] "GET /movies/Hisoiltir.zip HTTP/1.1" 206 365962
67.176.45.9 - - [30/Nov/2005:18:19:50 -0800] "GET /favicon.ico HTTP/1.1" 404 283
202.90.73.111 - - [30/Nov/2005:18:20:25 -0800] "GET /movies/Hisoiltir.zip HTTP/1.1" 206 679032
202.90.73.111 - - [30/Nov/2005:18:20:37 -0800] "GET /movies/Hisoiltir.zip HTTP/1.1" 206 531336
202.90.73.111 - - [30/Nov/2005:18:20:46 -0800] "GET /movies/Hisoiltir.zip HTTP/1.1" 206 318480
70.251.239.108 - - [30/Nov/2005:18:20:48 -0800] "GET /movies2/Purified.zip HTTP/1.1" 200 160426511
24.7.24.219 - - [30/Nov/2005:18:21:05 -0800] "GET /movies/Sonics.zip HTTP/1.1" 200 235546138
84.159.51.59 - - [30/Nov/2005:18:21:29 -0800] "GET /movies/NS.zip HTTP/1.1" 200 316884137
212.254.168.109 - - [30/Nov/2005:18:22:50 -0800] "GET /movies2/Hib%20Merlin%20PuG.zip HTTP/1.1" 200 183065718
202.90.73.111 - - [30/Nov/2005:18:22:53 -0800] "GET /movies/Hisoiltir.zip HTTP/1.1" 206 871616
83.199.172.38 - - [30/Nov/2005:18:23:31 -0800] "GET /movies/Nicollette.zip HTTP/1.1" 200 5576050
202.90.73.111 - - [30/Nov/2005:18:23:42 -0800] "GET /movies/Hisoiltir.zip HTTP/1.1" 206 898826
202.90.73.111 - - [30/Nov/2005:18:23:44 -0800] "GET /movies/Hisoiltir.zip HTTP/1.1" 206 564144
202.90.73.111 - - [30/Nov/2005:18:24:56 -0800] "GET /movies/Hisoiltir.zip HTTP/1.1" 206 787330
202.90.73.111 - - [30/Nov/2005:18:24:58 -0800] "GET /movies/Hisoiltir.zip HTTP/1.1" 206 707376
202.90.73.111 - - [30/Nov/2005:18:25:29 -0800] "GET /movies/Hisoiltir.zip HTTP/1.1" 206 820896
202.90.73.111 - - [30/Nov/2005:18:25:33 -0800] "GET /movies/Hisoiltir.zip HTTP/1.1" 206 383144
202.90.73.111 - - [30/Nov/2005:18:26:35 -0800] "GET /movies/Hisoiltir.zip HTTP/1.1" 206 390880
202.90.73.111 - - [30/Nov/2005:18:26:36 -0800] "GET /movies/Hisoiltir.zip HTTP/1.1" 206 609226
202.90.73.111 - - [30/Nov/2005:18:26:46 -0800] "GET /movies/Hisoiltir.zip HTTP/1.1" 206 259568
81.56.156.106 - - [30/Nov/2005:18:27:20 -0800] "GET /movies2/caerleon.zip HTTP/1.1" 200 219466777
202.90.73.111 - - [30/Nov/2005:18:28:01 -0800] "GET /movies/Hisoiltir.zip HTTP/1.1" 206 444456
202.90.73.111 - - [30/Nov/2005:18:28:01 -0800] "GET /movies/Hisoiltir.zip HTTP/1.1" 206 694960
202.90.73.111 - - [30/Nov/2005:18:28:32 -0800] "GET /movies/Hisoiltir.zip HTTP/1.1" 206 305146
202.90.73.111 - - [30/Nov/2005:18:28:37 -0800] "GET /movies/Hisoiltir.zip HTTP/1.1" 206 615018
202.90.73.111 - - [30/Nov/2005:18:29:57 -0800] "GET /movies/Hisoiltir.zip HTTP/1.1" 206 564064
82.243.180.12 - - [30/Nov/2005:18:30:52 -0800] "GET /movies2/The_Untouchable_Test.zip HTTP/1.1" 200 37108350
202.90.73.111 - - [30/Nov/2005:18:31:11 -0800] "GET /movies/Hisoiltir.zip HTTP/1.1" 206 852752
202.90.73.111 - - [30/Nov/2005:18:31:20 -0800] "GET /movies/Hisoiltir.zip HTTP/1.1" 206 445904
202.90.73.111 - - [30/Nov/2005:18:31:42 -0800] "GET /movies/Hisoiltir.zip HTTP/1.1" 206 701898
202.90.73.111 - - [30/Nov/2005:18:31:53 -0800] "GET /movies/Hisoiltir.zip HTTP/1.1" 206 721024
202.90.73.111 - - [30/Nov/2005:18:31:55 -0800] "GET /movies/Hisoiltir.zip HTTP/1.1" 206 396176
202.90.73.111 - - [30/Nov/2005:18:32:05 -0800] "GET /movies/Hisoiltir.zip HTTP/1.1" 206 468912
202.90.73.111 - - [30/Nov/2005:18:32:27 -0800] "GET /movies/Hisoiltir.zip HTTP/1.1" 206 1022208
67.176.45.9 - - [30/Nov/2005:18:32:50 -0800] "GET /movies/dragon.zip HTTP/1.1" 200 76833311
84.173.152.90 - - [30/Nov/2005:18:32:51 -0800] "GET /movies/ThaneVid2_by_Iator.zip HTTP/1.1" 206 41363732
202.90.73.111 - - [30/Nov/2005:18:32:53 -0800] "GET /movies/Hisoiltir.zip HTTP/1.1" 206 604073
202.90.73.111 - - [30/Nov/2005:18:33:05 -0800] "GET /movies/Hisoiltir.zip HTTP/1.1" 206 680440
202.90.73.111 - - [30/Nov/2005:18:33:08 -0800] "GET /movies/Hisoiltir.zip HTTP/1.1" 206 809352
202.90.73.111 - - [30/Nov/2005:18:33:16 -0800] "GET /movies/Hisoiltir.zip HTTP/1.1" 206 222611
202.90.73.111 - - [30/Nov/2005:18:33:16 -0800] "GET /movies/Hisoiltir.zip HTTP/1.1" 206 251226
202.90.73.111 - - [30/Nov/2005:18:33:49 -0800] "GET /movies/Hisoiltir.zip HTTP/1.1" 206 71898
202.90.73.111 - - [30/Nov/2005:18:33:49 -0800] "GET /movies/Hisoiltir.zip HTTP/1.1" 206 711224
202.90.73.111 - - [30/Nov/2005:18:34:17 -0800] "GET /movies/Hisoiltir.zip HTTP/1.1" 206 133467
202.90.73.111 - - [30/Nov/2005:18:34:21 -0800] "GET /movies/Hisoiltir.zip HTTP/1.1" 206 493688
202.90.73.111 - - [30/Nov/2005:18:34:31 -0800] "GET /movies/Hisoiltir.zip HTTP/1.1" 206 395224
202.90.73.111 - - [30/Nov/2005:18:34:31 -0800] "GET /movies/Hisoiltir.zip HTTP/1.1" 206 424184
202.90.73.111 - - [30/Nov/2005:18:34:34 -0800] "GET /movies/Hisoiltir.zip HTTP/1.1" 206 441320
84.143.214.253 - - [30/Nov/2005:18:34:36 -0800] "GET /movies/Frostbringer.zip HTTP/1.1" 200 386457226
202.90.73.111 - - [30/Nov/2005:18:35:07 -0800] "GET /movies/Hisoiltir.zip HTTP/1.1" 206 279244
202.90.73.111 - - [30/Nov/2005:18:35:09 -0800] "GET /movies/Hisoiltir.zip HTTP/1.1" 206 312728
202.90.73.111 - - [30/Nov/2005:18:35:11 -0800] "GET /movies/Hisoiltir.zip HTTP/1.1" 206 31575
202.90.73.111 - - [30/Nov/2005:18:35:23 -0800] "GET /movies/Hisoiltir.zip HTTP/1.1" 206 357669
202.90.73.111 - - [30/Nov/2005:18:35:25 -0800] "GET /movies/Hisoiltir.zip HTTP/1.1" 206 261467
202.90.73.111 - - [30/Nov/2005:18:35:30 -0800] "GET /movies/Hisoiltir.zip HTTP/1.1" 206 136273
202.90.73.111 - - [30/Nov/2005:18:35:32 -0800] "GET /movies/Hisoiltir.zip HTTP/1.1" 206 110989
202.90.73.111 - - [30/Nov/2005:18:35:33 -0800] "GET /movies/Hisoiltir.zip HTTP/1.1" 206 364514
202.90.73.111 - - [30/Nov/2005:18:35:46 -0800] "GET /movies/Hisoiltir.zip HTTP/1.1" 206 284972
202.90.73.111 - - [30/Nov/2005:18:35:52 -0800] "GET /movies/Hisoiltir.zip HTTP/1.1" 206 289400
202.90.73.111 - - [30/Nov/2005:18:36:06 -0800] "GET /movies/Hisoiltir.zip HTTP/1.1" 206 115339
202.90.73.111 - - [30/Nov/2005:18:36:07 -0800] "GET /movies/Hisoiltir.zip HTTP/1.1" 206 59822
202.90.73.111 - - [30/Nov/2005:18:36:07 -0800] "GET /movies/Hisoiltir.zip HTTP/1.1" 206 54965
202.90.73.111 - - [30/Nov/2005:18:36:13 -0800] "GET /movies/Hisoiltir.zip HTTP/1.1" 206 181262
202.90.73.111 - - [30/Nov/2005:18:36:18 -0800] "GET /movies/Hisoiltir.zip HTTP/1.1" 206 130820
202.90.73.111 - - [30/Nov/2005:18:36:19 -0800] "GET /movies/Hisoiltir.zip HTTP/1.1" 206 90632
202.90.73.111 - - [30/Nov/2005:18:36:20 -0800] "GET /movies/Hisoiltir.zip HTTP/1.1" 206 10167
202.90.73.111 - - [30/Nov/2005:18:36:23 -0800] "GET /movies/Hisoiltir.zip HTTP/1.1" 206 46789
202.90.73.111 - - [30/Nov/2005:18:36:26 -0800] "GET /movies/Hisoiltir.zip HTTP/1.1" 206 34132
202.90.73.111 - - [30/Nov/2005:18:36:26 -0800] "GET /movies/Hisoiltir.zip HTTP/1.1" 206 21439
202.90.73.111 - - [30/Nov/2005:18:36:28 -0800] "GET /movies/Hisoiltir.zip HTTP/1.1" 206 93577
202.90.73.111 - - [30/Nov/2005:18:36:29 -0800] "GET /movies/Hisoiltir.zip HTTP/1.1" 206 36945
202.90.73.111 - - [30/Nov/2005:18:36:35 -0800] "GET /movies/Hisoiltir.zip HTTP/1.1" 206 21481
202.90.73.111 - - [30/Nov/2005:18:36:36 -0800] "GET /movies/Hisoiltir.zip HTTP/1.1" 206 18598
202.90.73.111 - - [30/Nov/2005:18:36:36 -0800] "GET /movies/Hisoiltir.zip HTTP/1.1" 206 34131
202.90.73.111 - - [30/Nov/2005:18:36:37 -0800] "GET /movies/Hisoiltir.zip HTTP/1.1" 206 14374
202.90.73.111 - - [30/Nov/2005:18:36:40 -0800] "GET /movies/Hisoiltir.zip HTTP/1.1" 206 14337
202.90.73.111 - - [30/Nov/2005:18:36:40 -0800] "GET /movies/Hisoiltir.zip HTTP/1.1" 206 17063
202.90.73.111 - - [30/Nov/2005:18:36:41 -0800] "GET /movies/Hisoiltir.zip HTTP/1.1" 206 14372
202.90.73.111 - - [30/Nov/2005:18:36:44 -0800] "GET /movies/Hisoiltir.zip HTTP/1.1" 206 13303
202.90.73.111 - - [30/Nov/2005:18:36:44 -0800] "GET /movies/Hisoiltir.zip HTTP/1.1" 206 7306
202.90.73.111 - - [30/Nov/2005:18:36:45 -0800] "GET /movies/Hisoiltir.zip HTTP/1.1" 206 8897
202.90.73.111 - - [30/Nov/2005:18:36:51 -0800] "GET /movies/Hisoiltir.zip HTTP/1.1" 206 266768
202.90.73.111 - - [30/Nov/2005:18:36:57 -0800] "GET /movies/Hisoiltir.zip HTTP/1.1" 206 504971
83.199.172.38 - - [30/Nov/2005:18:37:30 -0800] "GET /movies/flower-pot.zip HTTP/1.1" 200 33103412
80.136.182.112 - - [30/Nov/2005:18:38:29 -0800] "GET /movies/Nemesis_SH-Albion_Cleric-POV.zip HTTP/1.1" 200 163292784
84.181.137.79 - - [30/Nov/2005:18:38:45 -0800] "GET /movies/Daily_Routine.zip HTTP/1.1" 200 206153572
80.130.192.149 - - [30/Nov/2005:18:39:21 -0800] "GET /movies2/FUN.zip HTTP/1.1" 200 412093813
202.90.73.111 - - [30/Nov/2005:18:40:05 -0800] "GET /movies/Hisoiltir.zip HTTP/1.1" 206 385960
85.182.77.85 - - [30/Nov/2005:18:41:13 -0800] "GET /movies/OoSGareth.zip HTTP/1.1" 200 66636420
70.157.98.65 - - [30/Nov/2005:18:44:05 -0800] "GET /movies2/Goldencam.rar HTTP/1.1" 200 266654160
24.7.24.219 - - [30/Nov/2005:18:44:16 -0800] "GET /movies/Sonics.zip HTTP/1.1" 200 1889876
67.176.45.9 - - [30/Nov/2005:18:47:05 -0800] "GET /movies/LixaMLF.v4.zip HTTP/1.1" 200 178030300
82.55.86.37 - - [30/Nov/2005:18:47:15 -0800] "GET /movies2/kewle_fights.zip HTTP/1.1" 206 32947405
86.193.140.130 - - [30/Nov/2005:18:48:55 -0800] "GET /movies2/TDK3.zip HTTP/1.1" 200 135298276
82.55.86.37 - - [30/Nov/2005:18:49:21 -0800] "GET /movies2/kewle_fights.zip HTTP/1.1" 206 27266346
82.55.86.37 - - [30/Nov/2005:18:49:46 -0800] "GET /movies2/kewle_fights.zip HTTP/1.1" 206 32947405
82.55.86.37 - - [30/Nov/2005:18:50:01 -0800] "GET /movies2/kewle_fights.zip HTTP/1.1" 206 32947405
212.254.168.109 - - [30/Nov/2005:18:50:06 -0800] "GET /movies/RvRwithRush.zip HTTP/1.1" 200 207005265
81.57.111.31 - - [30/Nov/2005:18:53:44 -0800] "GET /movies/YummiesDuoVideo.zip HTTP/1.1" 200 303218512
24.42.35.136 - - [30/Nov/2005:18:54:08 -0800] "GET /movies/AstinusSoloMovie2.zip HTTP/1.1" 200 184522444
213.114.52.223 - - [30/Nov/2005:18:55:28 -0800] "GET /movies/maelstrom3.zip HTTP/1.1" 200 267380357
68.235.247.70 - - [30/Nov/2005:18:56:15 -0800] "GET /movies/Ampz%20Mordred-1.zip HTTP/1.1" 200 122337763
213.140.22.76 - - [30/Nov/2005:18:56:49 -0800] "GET /movies2/Shen-an-Calhar.zip HTTP/1.1" 200 450856768
85.99.152.219 - - [30/Nov/2005:18:57:09 -0800] "GET /movies/Maladon%20Mezzwalker%20.rar HTTP/1.1" 200 108272
85.99.152.219 - - [30/Nov/2005:18:57:13 -0800] "GET /movies/Maladon%20Mezzwalker%20.rar HTTP/1.1" 200 33080
194.47.142.143 - - [30/Nov/2005:18:57:16 -0800] "GET /movies/Einherjar.zip HTTP/1.1" 200 48938571
80.58.47.42 - - [30/Nov/2005:18:57:26 -0800] "GET /favicon.ico HTTP/1.1" 404 283
80.58.47.42 - - [30/Nov/2005:18:57:32 -0800] "GET /movies/renamed_WeatheredSoloMovie1.rar HTTP/1.0" 200 158963
85.99.152.219 - - [30/Nov/2005:18:57:48 -0800] "GET /movies/Maladon%20Mezzwalker%20.rar HTTP/1.1" 200 65024
85.99.152.219 - - [30/Nov/2005:18:57:55 -0800] "GET /movies/Maladon%20Mezzwalker%20.rar HTTP/1.1" 200 64712
80.58.47.42 - - [30/Nov/2005:19:00:06 -0800] "GET /movies/renamed_WeatheredSoloMovie1.rar HTTP/1.0" 200 358072
68.45.232.218 - - [30/Nov/2005:19:00:51 -0800] "GET /movies2/Aedhas_SB_Ector_NF_01_01.zip HTTP/1.1" 200 110118834
80.58.47.42 - - [30/Nov/2005:19:00:53 -0800] "GET /movies/renamed_WeatheredSoloMovie1.rar HTTP/1.0" 206 1785840
81.51.84.101 - - [30/Nov/2005:19:03:13 -0800] "GET /movies2/Defiance-v1.zip HTTP/1.1" 200 601199
82.83.249.115 - - [30/Nov/2005:19:03:18 -0800] "GET /movies2/Aerdi.zip HTTP/1.1" 200 1438240
83.198.218.25 - - [30/Nov/2005:19:03:42 -0800] "GET /movies2/legio_4.zip HTTP/1.1" 200 94269884
213.114.201.103 - - [30/Nov/2005:19:03:43 -0800] "GET /movies2/legio_4.zip HTTP/1.1" 200 532469697
84.191.204.136 - - [30/Nov/2005:19:04:52 -0800] "GET /movies/Video%20BT.zip HTTP/1.1" 200 247936002
212.254.168.109 - - [30/Nov/2005:19:05:08 -0800] "GET /movies/CelticFistHQ.zip HTTP/1.1" 200 281983072
81.208.83.220 - - [30/Nov/2005:19:05:23 -0800] "GET /movies2/legio_4.zip HTTP/1.1" 200 532469697
82.238.16.231 - - [30/Nov/2005:19:06:05 -0800] "GET /movies/soylcamlann.zip HTTP/1.1" 200 157666434
86.195.38.104 - - [30/Nov/2005:19:08:35 -0800] "GET /movies2/DemonoidPhenomenon.rar HTTP/1.1" 200 122494915
81.49.147.104 - - [30/Nov/2005:19:08:39 -0800] "GET /movies2/legio_4.zip HTTP/1.1" 200 493820992
84.191.204.136 - - [30/Nov/2005:19:09:14 -0800] "GET /movies2/video%20bt%203.zip HTTP/1.1" 200 261905140
85.194.50.104 - - [30/Nov/2005:19:10:18 -0800] "GET /movies/LixaMLF.v4.zip HTTP/1.1" 200 178030300
212.41.65.35 - - [30/Nov/2005:19:10:38 -0800] "GET /movies2/CCCPlamorak.zip HTTP/1.1" 200 2267679
70.80.59.241 - - [30/Nov/2005:19:11:33 -0800] "GET /movies2/InfensusDraok.zip HTTP/1.1" 200 310556278
86.197.53.222 - - [30/Nov/2005:19:12:51 -0800] "GET /movies/ThaneVid2_by_Iator.zip HTTP/1.1" 200 63917
84.188.221.112 - - [30/Nov/2005:19:12:58 -0800] "GET /movies/Hisoiltir.zip HTTP/1.1" 200 79631682
86.197.53.222 - - [30/Nov/2005:19:13:19 -0800] "GET /movies/ThaneVid2_by_Iator.zip HTTP/1.1" 200 62457
84.181.137.79 - - [30/Nov/2005:19:13:28 -0800] "GET /movies/Ciliviel's%20Fourth.zip HTTP/1.1" 200 320938620
24.42.35.136 - - [30/Nov/2005:19:13:34 -0800] "GET /movies/AllexielBeonthel-NobodyLeft111.rar HTTP/1.1" 200 293933657
71.108.126.163 - - [30/Nov/2005:19:13:41 -0800] "GET /movies2/Wanshee-2.zip HTTP/1.1" 200 354829798
82.243.180.12 - - [30/Nov/2005:19:14:09 -0800] "GET /movies2/DemonoidPhenomenon.rar HTTP/1.1" 200 122494915
82.236.160.38 - - [30/Nov/2005:19:14:26 -0800] "GET /movies/Blitzkrieg.zip HTTP/1.1" 200 47908004
68.45.232.218 - - [30/Nov/2005:19:17:44 -0800] "GET /movies2/CloakedkillerTheCritblade.zip HTTP/1.1" 200 172368713
69.228.80.34 - - [30/Nov/2005:19:17:55 -0800] "GET /movies/CamlannSurvivors.zip HTTP/1.1" 200 9388764
69.228.80.34 - - [30/Nov/2005:19:17:55 -0800] "GET /movies/Hisoiltir.zip HTTP/1.1" 200 4706736
213.168.105.158 - - [30/Nov/2005:19:18:46 -0800] "GET /movies/LixaMLF.v4.zip HTTP/1.1" 200 20158
82.236.160.38 - - [30/Nov/2005:19:19:29 -0800] "GET /movies2/legio_4.zip HTTP/1.1" 200 172928
80.58.47.42 - - [30/Nov/2005:19:19:49 -0800] "GET /movies/renamed_WeatheredSoloMovie1.rar HTTP/1.0" 206 14100
86.195.38.104 - - [30/Nov/2005:19:20:18 -0800] "GET /movies/GladricSoloRvrMovie3.zip HTTP/1.1" 200 150349922
69.228.80.34 - - [30/Nov/2005:19:20:23 -0800] "GET /movies/Hisoiltir.zip HTTP/1.1" 200 4220748
69.228.80.34 - - [30/Nov/2005:19:20:23 -0800] "GET /movies/CamlannSurvivors.zip HTTP/1.1" 200 4455736
194.47.142.143 - - [30/Nov/2005:19:20:41 -0800] "GET /movies/SoloZerk.zip HTTP/1.1" 200 126492107
84.181.137.79 - - [30/Nov/2005:19:20:42 -0800] "GET /movies/holydot2.zip HTTP/1.1" 200 374202537
83.112.172.80 - - [30/Nov/2005:19:20:54 -0800] "GET /movies/NS.zip HTTP/1.1" 200 316884137
86.195.38.104 - - [30/Nov/2005:19:21:46 -0800] "GET /movies/Tournoi%20NRvsVIPvsUseless.zip HTTP/1.1" 200 108528836
81.57.111.31 - - [30/Nov/2005:19:23:59 -0800] "GET /movies/Teeka%20Ninja%20Warrior%20-%20Hard%20Mode.zip HTTP/1.1" 200 356366693
82.236.160.38 - - [30/Nov/2005:19:26:15 -0800] "GET /movies2/legio_4.zip HTTP/1.1" 200 21347880
82.236.160.38 - - [30/Nov/2005:19:26:15 -0800] "GET /movies2/legio_4.zip HTTP/1.1" 206 20499532
84.180.188.246 - - [30/Nov/2005:19:27:16 -0800] "GET /movies/ACL%204.zip HTTP/1.1" 200 363273861
213.168.105.158 - - [30/Nov/2005:19:27:21 -0800] "GET /movies/LixaMLF.v4.zip HTTP/1.1" 200 44736768
213.168.105.158 - - [30/Nov/2005:19:27:45 -0800] "GET /movies/LixaMLF.v4.zip HTTP/1.1" 206 2897408
213.168.105.158 - - [30/Nov/2005:19:27:47 -0800] "GET /movies/LixaMLF.v4.zip HTTP/1.1" 206 44535040
213.168.105.158 - - [30/Nov/2005:19:27:50 -0800] "GET /movies/LixaMLF.v4.zip HTTP/1.1" 206 41448704
213.168.105.158 - - [30/Nov/2005:19:27:51 -0800] "GET /movies/LixaMLF.v4.zip HTTP/1.1" 206 459008
213.168.105.158 - - [30/Nov/2005:19:27:52 -0800] "GET /movies/LixaMLF.v4.zip HTTP/1.1" 206 832126
213.168.105.158 - - [30/Nov/2005:19:27:54 -0800] "GET /movies/LixaMLF.v4.zip HTTP/1.1" 206 43748352
86.197.53.222 - - [30/Nov/2005:19:28:05 -0800] "GET /movies/ThaneVid2_by_Iator.zip HTTP/1.1" 200 22609237
81.251.245.119 - - [30/Nov/2005:19:28:09 -0800] "GET /movies2/Saifang3.zip HTTP/1.1" 200 2239216
24.158.114.109 - - [30/Nov/2005:19:28:51 -0800] "GET /movies2/mof2.zip HTTP/1.1" 200 312575126
141.39.198.133 - - [30/Nov/2005:19:29:38 -0800] "GET /favicon.ico HTTP/1.1" 404 283
81.251.245.119 - - [30/Nov/2005:19:31:01 -0800] "GET /movies2/SnipInsel2.zip HTTP/1.1" 200 382199
213.168.105.158 - - [30/Nov/2005:19:31:37 -0800] "GET /movies2/forItawithlove.zip HTTP/1.1" 200 20159
213.168.105.158 - - [30/Nov/2005:19:36:19 -0800] "GET /movies2/forItawithlove.zip HTTP/1.1" 206 25172270
213.168.105.158 - - [30/Nov/2005:19:36:24 -0800] "GET /movies2/forItawithlove.zip HTTP/1.1" 206 25312768
213.168.105.158 - - [30/Nov/2005:19:36:30 -0800] "GET /movies2/forItawithlove.zip HTTP/1.1" 206 840960
213.168.105.158 - - [30/Nov/2005:19:36:31 -0800] "GET /movies2/forItawithlove.zip HTTP/1.1" 206 24366848
213.168.105.158 - - [30/Nov/2005:19:36:34 -0800] "GET /movies2/forItawithlove.zip HTTP/1.1" 206 572928
213.168.105.158 - - [30/Nov/2005:19:36:35 -0800] "GET /movies2/forItawithlove.zip HTTP/1.1" 206 1431296
213.168.105.158 - - [30/Nov/2005:19:36:37 -0800] "GET /movies2/forItawithlove.zip HTTP/1.1" 200 23634176
83.169.168.21 - - [30/Nov/2005:19:37:35 -0800] "GET /movies2/kewle_fights.zip HTTP/1.1" 200 131789614
82.243.180.12 - - [30/Nov/2005:19:38:00 -0800] "GET /movies/I%20assist%20now%20bitches..zip HTTP/1.1" 200 154933720
213.140.22.76 - - [30/Nov/2005:19:39:05 -0800] "GET /movies2/Shen-an-Calhar.zip HTTP/1.1" 200 450856768
212.41.65.35 - - [30/Nov/2005:19:41:00 -0800] "GET /movies/AMAYA_200605-040705_FINAL.rar HTTP/1.1" 200 444540412
70.66.196.251 - - [30/Nov/2005:19:41:39 -0800] "GET /movies/Ciliviel's%20Fourth.zip HTTP/1.1" 200 320938620
84.185.216.245 - - [30/Nov/2005:19:42:31 -0800] "GET /movies/Covenant.zip HTTP/1.1" 200 271014796
83.198.218.25 - - [30/Nov/2005:19:44:15 -0800] "GET /movies2/legio_3.zip HTTP/1.1" 200 384442071
81.51.84.101 - - [30/Nov/2005:19:44:17 -0800] "GET /movies/Boradamer_TL-1.zip HTTP/1.1" 200 72369137
83.113.114.200 - - [30/Nov/2005:19:44:25 -0800] "GET /movies2/legio_4.zip HTTP/1.1" 200 532469697
69.228.80.34 - - [30/Nov/2005:19:45:19 -0800] "GET /movies/Hisoiltir.zip HTTP/1.1" 200 79631682
82.56.29.119 - - [30/Nov/2005:19:49:29 -0800] "GET /movies/renamed_WeatheredSoloMovie1.rar HTTP/1.1" 200 224762301
24.0.35.40 - - [30/Nov/2005:19:49:34 -0800] "GET /movies2/stigmata_october.zip HTTP/1.1" 200 374738522
70.66.196.251 - - [30/Nov/2005:19:49:57 -0800] "GET /movies/HoA-Adrenaline3.zip HTTP/1.1" 200 369674825
81.249.206.236 - - [30/Nov/2005:19:50:00 -0800] "GET /movies/whoelse2.zip HTTP/1.1" 200 63064028
84.151.18.233 - - [30/Nov/2005:19:50:36 -0800] "GET /favicon.ico HTTP/1.1" 404 283
80.144.123.137 - - [30/Nov/2005:19:50:44 -0800] "GET /movies/larax2.zip HTTP/1.1" 200 9046528
64.146.255.175 - - [30/Nov/2005:19:51:35 -0800] "GET /movies/gwseoulmedqual.zip HTTP/1.1" 200 29417124
207.196.163.9 - - [30/Nov/2005:19:52:31 -0800] "GET /movies/lifeinpain.rar HTTP/1.1" 200 151809888
84.97.221.233 - - [30/Nov/2005:19:56:36 -0800] "GET /movies2/legio_4.zip HTTP/1.1" 200 242664
213.140.22.76 - - [30/Nov/2005:19:57:48 -0800] "GET /movies2/TDK3.zip HTTP/1.1" 200 384870067
68.34.150.24 - - [30/Nov/2005:19:58:31 -0800] "GET /movies/renamed_DWAzos-PreCatacombs.zip HTTP/1.1" 200 143788592
207.196.163.9 - - [30/Nov/2005:19:58:46 -0800] "GET /movies/Painfool2ndvideo1.zip HTTP/1.1" 200 100122157
84.97.221.233 - - [30/Nov/2005:20:00:04 -0800] "GET /movies/Indecent%20II.zip HTTP/1.1" 200 122212
81.251.245.119 - - [30/Nov/2005:20:01:04 -0800] "GET /movies2/SnipInsel2.zip HTTP/1.1" 200 169081383
193.175.15.234 - - [30/Nov/2005:20:02:16 -0800] "GET /movies2/Goldencam.rar HTTP/1.0" 200 30002440
193.175.15.234 - - [30/Nov/2005:20:02:16 -0800] "GET /movies2/forItawithlove.zip HTTP/1.0" 200 26181168
193.175.15.234 - - [30/Nov/2005:20:02:17 -0800] "GET /movies2/nov15.zip HTTP/1.0" 200 26610192
81.49.175.161 - - [30/Nov/2005:20:02:27 -0800] "GET /movies/baldir_jiv.zip HTTP/1.1" 200 190803947
83.198.218.25 - - [30/Nov/2005:20:03:42 -0800] "GET /movies2/legio_4.zip HTTP/1.1" 200 532469697
68.81.104.232 - - [30/Nov/2005:20:03:50 -0800] "GET /movies2/Snarf4.zip HTTP/1.1" 200 88231405
212.41.65.35 - - [30/Nov/2005:20:05:58 -0800] "GET /movies/Horason%20Soulfly.zip HTTP/1.1" 200 188949180
83.201.193.169 - - [30/Nov/2005:20:06:24 -0800] "GET /movies2/legio_3.zip HTTP/1.1" 200 384442071
194.47.142.143 - - [30/Nov/2005:20:07:19 -0800] "GET /movies/sc-tribute-divx.zip HTTP/1.1" 200 301841543
71.104.170.110 - - [30/Nov/2005:20:07:23 -0800] "GET /movies2/Purified.zip HTTP/1.1" 200 160426511
84.151.18.233 - - [30/Nov/2005:20:07:40 -0800] "GET /movies2/amaya2_healplz.zip HTTP/1.1" 200 65678072
84.151.18.233 - - [30/Nov/2005:20:07:40 -0800] "GET /movies/ae-dolex.zip HTTP/1.1" 200 69190094
64.146.255.175 - - [30/Nov/2005:20:12:31 -0800] "GET /movies/bizaflare_ow_mar.zip HTTP/1.1" 200 104686890
83.112.92.62 - - [30/Nov/2005:20:14:57 -0800] "GET /movies/whoelse2.zip HTTP/1.1" 200 140848239
81.56.158.67 - - [30/Nov/2005:20:15:14 -0800] "GET /movies2/legio_4.zip HTTP/1.1" 200 532469697
84.188.221.112 - - [30/Nov/2005:20:15:50 -0800] "GET /movies/CamlannSurvivors.zip HTTP/1.1" 200 367424895
219.115.250.249 - - [30/Nov/2005:20:15:57 -0800] "GET /movies2/Dypstyck%20the%20Friar%20Volume%203.zip HTTP/1.1" 200 120859
218.148.9.248 - - [30/Nov/2005:20:17:04 -0800] "GET /movies/Heretic%20in%20NF.zip HTTP/1.1" 200 148589455
218.148.9.248 - - [30/Nov/2005:20:17:13 -0800] "GET /movies2/Purified.zip HTTP/1.1" 200 160426511
84.113.191.222 - - [30/Nov/2005:20:19:55 -0800] "GET /movies2/A%20Mostly%20Solo%20Shade.zip HTTP/1.1" 200 61602614
24.60.7.156 - - [30/Nov/2005:20:21:28 -0800] "GET /movies/5v5night.zip HTTP/1.1" 200 186478938
81.51.84.101 - - [30/Nov/2005:20:22:03 -0800] "GET /movies/RvR_avalon.zip HTTP/1.1" 200 209937615
24.214.10.192 - - [30/Nov/2005:20:22:38 -0800] "GET /favicon.ico HTTP/1.1" 404 283
66.137.59.100 - - [30/Nov/2005:20:24:19 -0800] "GET /movies2/45D.zip HTTP/1.1" 200 41268037
84.97.221.121 - - [30/Nov/2005:20:25:13 -0800] "GET /movies/Silverfist%20Brigade%20TAvL.zip HTTP/1.1" 200 53555530
69.228.80.34 - - [30/Nov/2005:20:26:28 -0800] "GET /movies/CamlannSurvivors.zip HTTP/1.1" 200 367424895
84.113.191.222 - - [30/Nov/2005:20:28:20 -0800] "GET /movies/Meeting_Solo_Skald_Video1.rar HTTP/1.1" 200 154681249
24.214.10.192 - - [30/Nov/2005:20:29:05 -0800] "GET /movies/Body%20Count.zip HTTP/1.1" 200 101481212
213.211.228.159 - - [30/Nov/2005:20:29:20 -0800] "GET /favicon.ico HTTP/1.1" 404 283
141.39.198.133 - - [30/Nov/2005:20:29:57 -0800] "GET /movies/Eidleon%20RR8%20Reaver.zip HTTP/1.1" 200 32435608
71.241.13.149 - - [30/Nov/2005:20:30:24 -0800] "GET /movies2/walkingissues-c.zip HTTP/1.1" 200 490841336
24.214.10.192 - - [30/Nov/2005:20:31:36 -0800] "GET /movies/rosa_elefant.zip HTTP/1.1" 200 172644490
84.141.101.243 - - [30/Nov/2005:20:32:09 -0800] "GET /movies2/Gimp_and_Run_DivX.zip HTTP/1.1" 200 120258322
213.105.224.12 - - [30/Nov/2005:20:32:27 -0800] "GET /movies/Animists%20Kill%20Dragon%20CTftw.zip HTTP/1.0" 200 5564639
219.115.250.249 - - [30/Nov/2005:20:33:09 -0800] "GET /movies/Dypstyck%20RR4.zip HTTP/1.1" 200 115550297
219.115.250.249 - - [30/Nov/2005:20:34:37 -0800] "GET /movies2/Dypstyck%20the%20Friar%20Volume%203.zip HTTP/1.1" 200 120447954
81.251.245.119 - - [30/Nov/2005:20:37:44 -0800] "GET /movies2/Kalloth%20ARRVEEARR2.zip HTTP/1.1" 200 275737050
82.230.180.69 - - [30/Nov/2005:20:37:45 -0800] "GET /movies2/legio_4.zip HTTP/1.1" 200 387449652
213.105.224.12 - - [30/Nov/2005:20:41:07 -0800] "GET /movies/VampO1.zip HTTP/1.1" 200 56041112
213.211.228.159 - - [30/Nov/2005:20:42:11 -0800] "GET /movies2/renamed_daoc.TR.tape-2.ausschnitte.ace HTTP/1.1" 200 86895906
82.55.86.37 - - [30/Nov/2005:20:42:30 -0800] "GET /movies2/maelstrom_cluster1.zip HTTP/1.1" 206 86342477
82.55.86.37 - - [30/Nov/2005:20:43:31 -0800] "GET /movies2/maelstrom_cluster1.zip HTTP/1.1" 206 86342476
82.55.86.37 - - [30/Nov/2005:20:45:37 -0800] "GET /movies2/maelstrom_cluster1.zip HTTP/1.1" 206 86342476
213.168.105.158 - - [30/Nov/2005:20:45:41 -0800] "GET /movies2/rvr.zip HTTP/1.1" 200 20158
82.55.86.37 - - [30/Nov/2005:20:46:19 -0800] "GET /movies2/maelstrom_cluster1.zip HTTP/1.1" 206 86342476
82.212.38.11 - - [30/Nov/2005:20:47:03 -0800] "GET /movies/AdNBombSquad-.zip HTTP/1.1" 200 106777054
82.236.160.38 - - [30/Nov/2005:20:49:52 -0800] "GET /movies2/legio_4.zip HTTP/1.1" 206 24472
84.141.101.243 - - [30/Nov/2005:20:50:29 -0800] "GET /movies2/raabes%20abschiedsvid.zip HTTP/1.1" 200 226185820
67.182.15.200 - - [30/Nov/2005:20:50:53 -0800] "GET /favicon.ico HTTP/1.1" 404 283
82.236.160.38 - - [30/Nov/2005:20:51:33 -0800] "GET /movies2/legio_4.zip HTTP/1.1" 206 12791
82.236.160.38 - - [30/Nov/2005:20:51:33 -0800] "GET /movies2/legio_4.zip HTTP/1.1" 206 42991784
82.236.160.38 - - [30/Nov/2005:20:51:33 -0800] "GET /movies2/legio_4.zip HTTP/1.1" 206 43240496
82.236.160.38 - - [30/Nov/2005:20:51:34 -0800] "GET /movies2/legio_4.zip HTTP/1.1" 206 12792
84.97.221.121 - - [30/Nov/2005:20:52:50 -0800] "GET /movies/Black_Out-No_Challenge.zip HTTP/1.1" 200 147225240
82.236.160.38 - - [30/Nov/2005:20:53:17 -0800] "GET /movies2/legio_4.zip HTTP/1.1" 206 30311
82.236.160.38 - - [30/Nov/2005:20:53:47 -0800] "GET /movies2/legio_4.zip HTTP/1.1" 206 12791
69.138.116.215 - - [30/Nov/2005:20:54:24 -0800] "GET /movies/Changed.zip HTTP/1.1" 200 141530045
82.236.160.38 - - [30/Nov/2005:20:55:28 -0800] "GET /movies2/legio_4.zip HTTP/1.1" 206 14251
82.236.160.38 - - [30/Nov/2005:20:56:03 -0800] "GET /movies2/legio_4.zip HTTP/1.1" 206 33232
213.105.224.12 - - [30/Nov/2005:20:56:19 -0800] "GET /movies/Naosukidrock.zip HTTP/1.1" 200 24119547
83.112.92.62 - - [30/Nov/2005:20:57:28 -0800] "GET /movies/Copy%20of%20DesoReloaded.zip HTTP/1.1" 200 344016129
62.143.49.247 - - [30/Nov/2005:20:57:40 -0800] "GET /movies2/renamed_daoc.TR.tape-2.ausschnitte.ace HTTP/1.1" 200 86895906
213.168.105.158 - - [30/Nov/2005:20:57:53 -0800] "GET /movies2/rvr.zip HTTP/1.1" 206 81924352
213.168.105.158 - - [30/Nov/2005:20:58:07 -0800] "GET /movies2/rvr.zip HTTP/1.1" 206 79241216
213.168.105.158 - - [30/Nov/2005:20:58:08 -0800] "GET /movies2/rvr.zip HTTP/1.1" 206 81795840
213.168.105.158 - - [30/Nov/2005:20:58:13 -0800] "GET /movies2/rvr.zip HTTP/1.1" 206 574720
213.168.105.158 - - [30/Nov/2005:20:58:13 -0800] "GET /movies2/rvr.zip HTTP/1.1" 206 538368
213.168.105.158 - - [30/Nov/2005:20:58:17 -0800] "GET /movies2/rvr.zip HTTP/1.1" 200 81143808
213.168.105.158 - - [30/Nov/2005:20:58:18 -0800] "GET /movies2/rvr.zip HTTP/1.1" 206 2684335
84.97.221.121 - - [30/Nov/2005:20:59:37 -0800] "GET /movies/frostbite.zip HTTP/1.1" 200 347662318
82.236.160.38 - - [30/Nov/2005:21:00:31 -0800] "GET /movies2/legio_4.zip HTTP/1.1" 206 52211
82.236.160.38 - - [30/Nov/2005:21:00:31 -0800] "GET /movies2/legio_4.zip HTTP/1.1" 206 20091
85.99.152.219 - - [30/Nov/2005:21:01:01 -0800] "GET /movies/Maladon%20Mezzwalker%20.rar HTTP/1.1" 200 77071844
82.236.160.38 - - [30/Nov/2005:21:01:02 -0800] "GET /movies2/legio_4.zip HTTP/1.1" 206 34692
82.236.160.38 - - [30/Nov/2005:21:02:09 -0800] "GET /movies2/legio_4.zip HTTP/1.1" 206 33231
80.58.47.42 - - [30/Nov/2005:21:02:38 -0800] "GET /movies/renamed_WeatheredSoloMovie1.rar HTTP/1.0" 206 35767008
82.236.160.38 - - [30/Nov/2005:21:02:42 -0800] "GET /movies2/legio_4.zip HTTP/1.1" 206 23012
82.236.160.38 - - [30/Nov/2005:21:02:46 -0800] "GET /movies2/legio_4.zip HTTP/1.1" 206 14251
138.237.172.43 - - [30/Nov/2005:21:03:12 -0800] "GET /movies/hibgath.zip HTTP/1.1" 200 57689712
86.197.53.222 - - [30/Nov/2005:21:03:53 -0800] "GET /movies/ThaneVid2_by_Iator.zip HTTP/1.1" 200 309242562
82.126.50.19 - - [30/Nov/2005:21:04:07 -0800] "GET /movies2/legio_4.zip HTTP/1.1" 200 532469697
138.237.172.43 - - [30/Nov/2005:21:04:40 -0800] "GET /movies2/A%20Day%20in%20a%20Bard's%20Life%20-%20The%20Bard's%20Tale%20IV.zip HTTP/1.1" 200 125418395
82.236.160.38 - - [30/Nov/2005:21:05:03 -0800] "GET /movies2/legio_4.zip HTTP/1.1" 206 27392
82.236.160.38 - - [30/Nov/2005:21:05:26 -0800] "GET /movies2/legio_4.zip HTTP/1.1" 206 25932
82.236.160.38 - - [30/Nov/2005:21:06:22 -0800] "GET /movies2/legio_4.zip HTTP/1.1" 206 28851
67.182.15.200 - - [30/Nov/2005:21:07:45 -0800] "GET /movies/AYS2.zip HTTP/1.1" 200 227477415
212.41.65.35 - - [30/Nov/2005:21:07:55 -0800] "GET /movies2/FR5.zip HTTP/1.1" 200 452554782
82.212.38.11 - - [30/Nov/2005:21:08:23 -0800] "GET /movies/pug_0001.zip HTTP/1.1" 200 174779297
82.124.65.162 - - [30/Nov/2005:21:08:38 -0800] "GET /movies/A%20Life%20in%20Danger.zip HTTP/1.1" 200 91773374
138.237.172.43 - - [30/Nov/2005:21:09:59 -0800] "GET /movies/Another%20Contender.zip HTTP/1.1" 200 237151043
12.208.128.184 - - [30/Nov/2005:21:12:39 -0800] "GET /movies/cgrvr.rar HTTP/1.1" 200 20949336
24.122.24.33 - - [30/Nov/2005:21:12:48 -0800] "GET /movies2/Increased_Rage.zip HTTP/1.1" 200 25658693
219.115.250.249 - - [30/Nov/2005:21:13:09 -0800] "GET /movies/Aledicus%20the%20Friar.zip HTTP/1.1" 200 75237861
216.201.32.70 - - [30/Nov/2005:21:13:21 -0800] "GET /movies2/nov15.zip HTTP/1.1" 200 46399
69.228.80.34 - - [30/Nov/2005:21:13:41 -0800] "GET /movies/Vinterz-bd-final.zip HTTP/1.1" 200 426215361
217.186.6.86 - - [30/Nov/2005:21:14:13 -0800] "GET /favicon.ico HTTP/1.0" 404 271
67.182.15.200 - - [30/Nov/2005:21:14:16 -0800] "GET /movies2/FUN.zip HTTP/1.1" 200 412093813
216.201.32.70 - - [30/Nov/2005:21:14:40 -0800] "GET /movies2/nov15.zip HTTP/1.1" 200 40559
216.201.32.70 - - [30/Nov/2005:21:15:08 -0800] "GET /movies2/nov15.zip HTTP/1.1" 200 31799
216.201.32.70 - - [30/Nov/2005:21:15:25 -0800] "GET /movies2/nov15.zip HTTP/1.1" 200 40559
24.122.24.33 - - [30/Nov/2005:21:15:27 -0800] "GET /movies2/Gimp_and_Run_DivX.zip HTTP/1.1" 200 120258322
216.201.32.70 - - [30/Nov/2005:21:15:39 -0800] "GET /movies2/nov15.zip HTTP/1.1" 200 40559
85.72.164.219 - - [30/Nov/2005:21:17:17 -0800] "GET /movies/Vid%E9o%20NR.zip HTTP/1.1" 200 276428276
69.157.64.88 - - [30/Nov/2005:21:17:30 -0800] "GET /movies/Bluemezz.zip HTTP/1.1" 200 114695574
216.201.32.70 - - [30/Nov/2005:21:17:33 -0800] "GET /movies2/nov15.zip HTTP/1.1" 200 40559
69.157.64.88 - - [30/Nov/2005:21:17:35 -0800] "GET /movies/greygank.zip HTTP/1.1" 200 81975719
216.201.32.70 - - [30/Nov/2005:21:19:00 -0800] "GET /movies2/song2.zip HTTP/1.1" 200 31799
69.228.80.34 - - [30/Nov/2005:21:19:32 -0800] "GET /movies/Horason%20Soulfly.zip HTTP/1.1" 200 188949180
216.201.32.70 - - [30/Nov/2005:21:21:36 -0800] "GET /movies2/song2.zip HTTP/1.1" 200 31799
216.201.32.70 - - [30/Nov/2005:21:21:39 -0800] "GET /movies2/nov15.zip HTTP/1.1" 200 110639
68.171.213.145 - - [30/Nov/2005:21:23:55 -0800] "GET /movies/monsters2.zip HTTP/1.1" 200 122674899
68.171.213.145 - - [30/Nov/2005:21:24:26 -0800] "GET /movies/LixaMLF.v1.zip HTTP/1.1" 200 101420517
219.117.58.120 - - [30/Nov/2005:21:24:41 -0800] "GET /movies/Keylo-28-3-05.zip HTTP/1.1" 200 44148206
217.186.6.86 - - [30/Nov/2005:21:24:50 -0800] "GET /movies2/Aerdi.zip HTTP/1.0" 200 40237747
216.201.32.70 - - [30/Nov/2005:21:25:00 -0800] "GET /movies2/song2.zip HTTP/1.1" 200 66839
216.201.32.70 - - [30/Nov/2005:21:25:13 -0800] "GET /movies2/song2.zip HTTP/1.1" 200 31799
24.122.24.33 - - [30/Nov/2005:21:26:55 -0800] "GET /movies/RidlinTeeka.zip HTTP/1.1" 200 238473159
216.201.32.70 - - [30/Nov/2005:21:27:32 -0800] "GET /movies2/song2.zip HTTP/1.1" 200 40559
85.72.164.219 - - [30/Nov/2005:21:28:56 -0800] "GET /movies/Ciliviel's%20Fourth.zip HTTP/1.1" 200 320938620
68.84.24.171 - - [30/Nov/2005:21:30:30 -0800] "GET /movies/monstera.zip HTTP/1.1" 200 25255552
85.74.183.111 - - [30/Nov/2005:21:31:25 -0800] "GET /movies/TDKBoldJihad.zip HTTP/1.1" 200 191668203
216.201.32.70 - - [30/Nov/2005:21:31:56 -0800] "GET / HTTP/1.1" 200 7
216.201.32.70 - - [30/Nov/2005:21:32:07 -0800] "GET /movies2/song2.zip HTTP/1.1" 200 136919
217.186.6.86 - - [30/Nov/2005:21:33:03 -0800] "GET /movies2/renamed_daoc.TR.tape-2.ausschnitte.ace HTTP/1.0" 200 86895906
68.171.213.145 - - [30/Nov/2005:21:34:03 -0800] "GET /movies/LixaMLF.v2.zip HTTP/1.1" 200 103984161
67.182.15.200 - - [30/Nov/2005:21:34:06 -0800] "GET /favicon.ico HTTP/1.1" 404 283
83.112.92.62 - - [30/Nov/2005:21:34:11 -0800] "GET /movies/renamed_Intoxication1.rar HTTP/1.1" 200 442804036
216.201.32.70 - - [30/Nov/2005:21:35:03 -0800] "GET /movies2/song2.zip HTTP/1.1" 200 66839
216.201.32.70 - - [30/Nov/2005:21:36:09 -0800] "GET /movies/RitouzHQ.zip HTTP/1.1" 200 12818
216.201.32.70 - - [30/Nov/2005:21:36:42 -0800] "GET /movies2/Solo%20vid.zip HTTP/1.1" 200 23040
67.10.77.60 - - [30/Nov/2005:21:39:08 -0800] "GET /movies/The%20Assassin.zip HTTP/1.1" 200 51737014
217.186.6.86 - - [30/Nov/2005:21:41:07 -0800] "GET /movies2/kewle_fights.zip HTTP/1.0" 200 131789614
219.117.58.120 - - [30/Nov/2005:21:41:46 -0800] "GET /movies/Daily_RvR.zip HTTP/1.1" 200 262410777
216.201.32.70 - - [30/Nov/2005:21:42:54 -0800] "GET /movies2/song2.zip HTTP/1.1" 200 49319
216.201.32.70 - - [30/Nov/2005:21:43:06 -0800] "GET /movies2/song2.zip HTTP/1.1" 200 23039
83.201.193.169 - - [30/Nov/2005:21:43:08 -0800] "GET /movies2/legio_4.zip HTTP/1.1" 200 532469697
80.131.126.220 - - [30/Nov/2005:21:43:51 -0800] "GET /movies/Animists%20Kill%20Dragon%20CTftw.zip HTTP/1.1" 200 5564639
216.201.32.70 - - [30/Nov/2005:21:44:01 -0800] "GET /movies2/song2.zip HTTP/1.1" 200 40559
69.162.174.111 - - [30/Nov/2005:21:44:09 -0800] "GET /movies2/Cux_1.zip HTTP/1.1" 200 167913123
216.201.32.70 - - [30/Nov/2005:21:44:25 -0800] "GET /movies2/song2.zip HTTP/1.1" 200 77059
82.236.160.38 - - [30/Nov/2005:21:44:27 -0800] "GET /movies2/legio_4.zip HTTP/1.1" 206 23011
67.182.15.200 - - [30/Nov/2005:21:44:31 -0800] "GET /movies/CelticFistHQ.zip HTTP/1.1" 200 281983072
216.201.32.70 - - [30/Nov/2005:21:45:27 -0800] "GET /movies2/song2.zip HTTP/1.1" 200 198239
216.201.32.70 - - [30/Nov/2005:21:46:14 -0800] "GET /movies2/song2.zip HTTP/1.1" 200 151519
12.208.158.39 - - [30/Nov/2005:21:46:28 -0800] "GET /movies/Zek.zip HTTP/1.1" 200 2603824
82.236.160.38 - - [30/Nov/2005:21:46:41 -0800] "GET /movies2/legio_4.zip HTTP/1.1" 206 21552
24.25.37.237 - - [30/Nov/2005:21:46:48 -0800] "GET /movies2/mof2.zip HTTP/1.1" 200 312575126
216.201.32.70 - - [30/Nov/2005:21:47:09 -0800] "GET /movies2/song2.zip HTTP/1.1" 200 142759
82.236.160.38 - - [30/Nov/2005:21:47:15 -0800] "GET /movies2/legio_4.zip HTTP/1.1" 206 24472
82.236.160.38 - - [30/Nov/2005:21:47:16 -0800] "GET /movies2/legio_4.zip HTTP/1.1" 206 156682048
82.236.160.38 - - [30/Nov/2005:21:47:16 -0800] "GET /movies2/legio_4.zip HTTP/1.1" 206 15712
216.201.32.70 - - [30/Nov/2005:21:47:24 -0800] "GET /movies2/song2.zip HTTP/1.1" 206 81439
82.236.160.38 - - [30/Nov/2005:21:47:49 -0800] "GET /movies2/legio_4.zip HTTP/1.1" 206 147040160
70.32.96.61 - - [30/Nov/2005:21:48:38 -0800] "GET /movies/Nosgoth_Untouchabel.zip HTTP/1.1" 200 91310637
12.208.128.184 - - [30/Nov/2005:21:49:24 -0800] "GET /movies/seyxfearless.zip HTTP/1.1" 200 125721081
82.236.160.38 - - [30/Nov/2005:21:49:31 -0800] "GET /movies2/legio_4.zip HTTP/1.1" 206 21551
208.27.124.183 - - [30/Nov/2005:21:50:24 -0800] "GET /movies/Vampiir%20video.zip HTTP/1.1" 200 30383116
67.163.168.97 - - [30/Nov/2005:21:50:45 -0800] "GET /movies/1NightofOdyssey.zip HTTP/1.1" 200 812232
67.163.168.97 - - [30/Nov/2005:21:51:33 -0800] "GET /movies/1NightofOdyssey.zip HTTP/1.0" 206 1677212
67.163.168.97 - - [30/Nov/2005:21:51:34 -0800] "GET /movies/1NightofOdyssey.zip HTTP/1.0" 206 1582788
67.163.168.97 - - [30/Nov/2005:21:51:34 -0800] "GET /movies/1NightofOdyssey.zip HTTP/1.0" 206 1727484
67.163.168.97 - - [30/Nov/2005:21:51:35 -0800] "GET /movies/1NightofOdyssey.zip HTTP/1.0" 206 2529928
67.163.168.97 - - [30/Nov/2005:21:51:35 -0800] "GET /movies/1NightofOdyssey.zip HTTP/1.0" 206 2022168
67.163.168.97 - - [30/Nov/2005:21:51:37 -0800] "GET /movies/1NightofOdyssey.zip HTTP/1.0" 206 1815012
67.163.168.97 - - [30/Nov/2005:21:51:38 -0800] "GET /movies/1NightofOdyssey.zip HTTP/1.0" 206 1447644
67.163.168.97 - - [30/Nov/2005:21:51:39 -0800] "GET /movies/1NightofOdyssey.zip HTTP/1.0" 206 1656124
67.163.168.97 - - [30/Nov/2005:21:51:39 -0800] "GET /movies/1NightofOdyssey.zip HTTP/1.0" 206 2294775
67.163.168.97 - - [30/Nov/2005:21:51:39 -0800] "GET /movies/1NightofOdyssey.zip HTTP/1.0" 206 2114724
67.163.168.97 - - [30/Nov/2005:21:51:39 -0800] "GET /movies/1NightofOdyssey.zip HTTP/1.0" 206 1696972
67.163.168.97 - - [30/Nov/2005:21:51:41 -0800] "GET /movies/1NightofOdyssey.zip HTTP/1.0" 206 432400
67.163.168.97 - - [30/Nov/2005:21:51:41 -0800] "GET /movies/1NightofOdyssey.zip HTTP/1.0" 206 1751740
213.211.228.159 - - [30/Nov/2005:21:51:42 -0800] "GET /movies2/rvr.zip HTTP/1.1" 200 327301124
67.163.168.97 - - [30/Nov/2005:21:51:42 -0800] "GET /movies/1NightofOdyssey.zip HTTP/1.0" 206 424284
67.163.168.97 - - [30/Nov/2005:21:51:42 -0800] "GET /movies/1NightofOdyssey.zip HTTP/1.0" 206 279344
67.163.168.97 - - [30/Nov/2005:21:51:43 -0800] "GET /movies/1NightofOdyssey.zip HTTP/1.0" 206 1452028
67.163.168.97 - - [30/Nov/2005:21:51:43 -0800] "GET /movies/1NightofOdyssey.zip HTTP/1.0" 206 2034912
67.163.168.97 - - [30/Nov/2005:21:51:43 -0800] "GET /movies/1NightofOdyssey.zip HTTP/1.0" 206 1626096
67.163.168.97 - - [30/Nov/2005:21:51:43 -0800] "GET /movies/1NightofOdyssey.zip HTTP/1.0" 206 1443776
67.163.168.97 - - [30/Nov/2005:21:51:44 -0800] "GET /movies/1NightofOdyssey.zip HTTP/1.0" 206 1255256
67.163.168.97 - - [30/Nov/2005:21:51:44 -0800] "GET /movies/1NightofOdyssey.zip HTTP/1.0" 206 2667084
67.163.168.97 - - [30/Nov/2005:21:51:44 -0800] "GET /movies/1NightofOdyssey.zip HTTP/1.0" 206 223035
67.163.168.97 - - [30/Nov/2005:21:51:44 -0800] "GET /movies/1NightofOdyssey.zip HTTP/1.0" 206 2245152
67.163.168.97 - - [30/Nov/2005:21:51:44 -0800] "GET /movies/1NightofOdyssey.zip HTTP/1.0" 206 190915
67.163.168.97 - - [30/Nov/2005:21:51:44 -0800] "GET /movies/1NightofOdyssey.zip HTTP/1.0" 206 1380020
67.163.168.97 - - [30/Nov/2005:21:51:44 -0800] "GET /movies/1NightofOdyssey.zip HTTP/1.0" 503 382
67.163.168.97 - - [30/Nov/2005:21:51:45 -0800] "GET /movies/1NightofOdyssey.zip HTTP/1.0" 206 289316
67.163.168.97 - - [30/Nov/2005:21:51:45 -0800] "GET /movies/1NightofOdyssey.zip HTTP/1.0" 206 1848028
67.163.168.97 - - [30/Nov/2005:21:51:45 -0800] "GET /movies/1NightofOdyssey.zip HTTP/1.0" 206 212815
67.163.168.97 - - [30/Nov/2005:21:51:45 -0800] "GET /movies/1NightofOdyssey.zip HTTP/1.0" 206 1522596
67.163.168.97 - - [30/Nov/2005:21:51:45 -0800] "GET /movies/1NightofOdyssey.zip HTTP/1.0" 206 171384
67.163.168.97 - - [30/Nov/2005:21:51:45 -0800] "GET /movies/1NightofOdyssey.zip HTTP/1.0" 206 2992992
67.163.168.97 - - [30/Nov/2005:21:51:45 -0800] "GET /movies/1NightofOdyssey.zip HTTP/1.0" 206 99033
67.163.168.97 - - [30/Nov/2005:21:51:45 -0800] "GET /movies/1NightofOdyssey.zip HTTP/1.0" 206 1125820
67.163.168.97 - - [30/Nov/2005:21:51:45 -0800] "GET /movies/1NightofOdyssey.zip HTTP/1.0" 206 1773408
67.163.168.97 - - [30/Nov/2005:21:51:45 -0800] "GET /movies/1NightofOdyssey.zip HTTP/1.0" 503 382
67.163.168.97 - - [30/Nov/2005:21:51:46 -0800] "GET /movies/1NightofOdyssey.zip HTTP/1.0" 206 1330788
67.163.168.97 - - [30/Nov/2005:21:51:46 -0800] "GET /movies/1NightofOdyssey.zip HTTP/1.0" 206 57588
67.163.168.97 - - [30/Nov/2005:21:51:46 -0800] "GET /movies/1NightofOdyssey.zip HTTP/1.0" 206 2240772
67.163.168.97 - - [30/Nov/2005:21:51:46 -0800] "GET /movies/1NightofOdyssey.zip HTTP/1.0" 206 87436
67.163.168.97 - - [30/Nov/2005:21:51:46 -0800] "GET /movies/1NightofOdyssey.zip HTTP/1.0" 206 56595
67.163.168.97 - - [30/Nov/2005:21:51:46 -0800] "GET /movies/1NightofOdyssey.zip HTTP/1.0" 206 114995
67.163.168.97 - - [30/Nov/2005:21:51:46 -0800] "GET /movies/1NightofOdyssey.zip HTTP/1.0" 206 46375
67.163.168.97 - - [30/Nov/2005:21:51:46 -0800] "GET /movies/1NightofOdyssey.zip HTTP/1.0" 206 231404
67.163.168.97 - - [30/Nov/2005:21:51:46 -0800] "GET /movies/1NightofOdyssey.zip HTTP/1.0" 206 310635
67.163.168.97 - - [30/Nov/2005:21:51:46 -0800] "GET /movies/1NightofOdyssey.zip HTTP/1.0" 206 31775
67.163.168.97 - - [30/Nov/2005:21:51:46 -0800] "GET /movies/1NightofOdyssey.zip HTTP/1.0" 206 88328
67.163.168.97 - - [30/Nov/2005:21:51:46 -0800] "GET /movies/1NightofOdyssey.zip HTTP/1.0" 206 81415
67.163.168.97 - - [30/Nov/2005:21:51:46 -0800] "GET /movies/1NightofOdyssey.zip HTTP/1.0" 206 37615
67.163.168.97 - - [30/Nov/2005:21:51:46 -0800] "GET /movies/1NightofOdyssey.zip HTTP/1.0" 206 42988
67.163.168.97 - - [30/Nov/2005:21:51:47 -0800] "GET /movies/1NightofOdyssey.zip HTTP/1.0" 206 330608
67.163.168.97 - - [30/Nov/2005:21:51:47 -0800] "GET /movies/1NightofOdyssey.zip HTTP/1.0" 206 74115
67.163.168.97 - - [30/Nov/2005:21:51:47 -0800] "GET /movies/1NightofOdyssey.zip HTTP/1.0" 206 25936
67.163.168.97 - - [30/Nov/2005:21:51:47 -0800] "GET /movies/1NightofOdyssey.zip HTTP/1.0" 206 206975
67.163.168.97 - - [30/Nov/2005:21:51:47 -0800] "GET /movies/1NightofOdyssey.zip HTTP/1.0" 206 159220
67.163.168.97 - - [30/Nov/2005:21:51:47 -0800] "GET /movies/1NightofOdyssey.zip HTTP/1.0" 206 1528275
67.163.168.97 - - [30/Nov/2005:21:51:47 -0800] "GET /movies/1NightofOdyssey.zip HTTP/1.0" 206 46376
67.163.168.97 - - [30/Nov/2005:21:51:47 -0800] "GET /movies/1NightofOdyssey.zip HTTP/1.0" 206 1024108
67.163.168.97 - - [30/Nov/2005:21:51:47 -0800] "GET /movies/1NightofOdyssey.zip HTTP/1.0" 206 49295
67.163.168.97 - - [30/Nov/2005:21:51:47 -0800] "GET /movies/1NightofOdyssey.zip HTTP/1.0" 206 12795
67.163.168.97 - - [30/Nov/2005:21:51:47 -0800] "GET /movies/1NightofOdyssey.zip HTTP/1.0" 206 12795
67.163.168.97 - - [30/Nov/2005:21:51:48 -0800] "GET /movies/1NightofOdyssey.zip HTTP/1.0" 206 12795
67.163.168.97 - - [30/Nov/2005:21:51:48 -0800] "GET /movies/1NightofOdyssey.zip HTTP/1.0" 200 3813400
82.236.160.38 - - [30/Nov/2005:21:52:17 -0800] "GET /movies2/legio_4.zip HTTP/1.1" 206 21551
82.236.160.38 - - [30/Nov/2005:21:52:17 -0800] "GET /movies2/legio_4.zip HTTP/1.1" 206 15712
193.175.15.234 - - [30/Nov/2005:21:52:51 -0800] "GET /movies2/forItawithlove.zip HTTP/1.0" 200 100690079
67.182.15.200 - - [30/Nov/2005:21:53:23 -0800] "GET /movies/GladricSoloRvrMovie4.zip HTTP/1.1" 200 188217167
62.101.126.237 - - [30/Nov/2005:21:53:24 -0800] "GET /movies2/oct17.zip HTTP/1.1" 200 115290129
82.236.160.38 - - [30/Nov/2005:21:53:57 -0800] "GET /movies2/legio_4.zip HTTP/1.1" 206 12791
67.163.168.97 - - [30/Nov/2005:21:54:27 -0800] "GET /movies/mga_warlockkill.zip HTTP/1.1" 200 212832
82.236.160.38 - - [30/Nov/2005:21:54:30 -0800] "GET /movies2/legio_4.zip HTTP/1.1" 206 12792
82.236.160.38 - - [30/Nov/2005:21:54:31 -0800] "GET /movies2/legio_4.zip HTTP/1.1" 206 18632
67.163.168.97 - - [30/Nov/2005:21:54:54 -0800] "GET /movies/WarlockVid.zip HTTP/1.1" 200 62459
67.163.168.97 - - [30/Nov/2005:21:55:08 -0800] "GET /movies/mga_warlockkill.zip HTTP/1.0" 206 1591460
67.163.168.97 - - [30/Nov/2005:21:55:08 -0800] "GET /movies/mga_warlockkill.zip HTTP/1.0" 206 1439880
67.163.168.97 - - [30/Nov/2005:21:55:08 -0800] "GET /movies/mga_warlockkill.zip HTTP/1.0" 206 679696
67.163.168.97 - - [30/Nov/2005:21:55:09 -0800] "GET /movies/mga_warlockkill.zip HTTP/1.0" 206 1138380
67.163.168.97 - - [30/Nov/2005:21:55:09 -0800] "GET /movies/mga_warlockkill.zip HTTP/1.0" 206 1343360
67.163.168.97 - - [30/Nov/2005:21:55:10 -0800] "GET /movies/mga_warlockkill.zip HTTP/1.0" 206 1488788
67.163.168.97 - - [30/Nov/2005:21:55:11 -0800] "GET /movies/mga_warlockkill.zip HTTP/1.0" 206 1142005
67.163.168.97 - - [30/Nov/2005:21:55:11 -0800] "GET /movies/mga_warlockkill.zip HTTP/1.0" 206 2101652
67.163.168.97 - - [30/Nov/2005:21:55:11 -0800] "GET /movies/mga_warlockkill.zip HTTP/1.0" 206 1262555
67.163.168.97 - - [30/Nov/2005:21:55:12 -0800] "GET /movies/mga_warlockkill.zip HTTP/1.0" 206 907776
67.163.168.97 - - [30/Nov/2005:21:55:12 -0800] "GET /movies/mga_warlockkill.zip HTTP/1.0" 206 1210876
67.163.168.97 - - [30/Nov/2005:21:55:12 -0800] "GET /movies/mga_warlockkill.zip HTTP/1.0" 206 1723688
67.163.168.97 - - [30/Nov/2005:21:55:13 -0800] "GET /movies/mga_warlockkill.zip HTTP/1.0" 206 1648656
67.163.168.97 - - [30/Nov/2005:21:55:13 -0800] "GET /movies/mga_warlockkill.zip HTTP/1.0" 206 990996
67.163.168.97 - - [30/Nov/2005:21:55:13 -0800] "GET /movies/mga_warlockkill.zip HTTP/1.0" 206 972676
67.163.168.97 - - [30/Nov/2005:21:55:14 -0800] "GET /movies/mga_warlockkill.zip HTTP/1.0" 206 873888
67.163.168.97 - - [30/Nov/2005:21:55:16 -0800] "GET /movies/mga_warlockkill.zip HTTP/1.0" 206 1238556
67.163.168.97 - - [30/Nov/2005:21:55:16 -0800] "GET /movies/mga_warlockkill.zip HTTP/1.0" 206 1075676
