84.141.201.106 - - [04/Dec/2005:04:45:54 -0800] "GET /movies2/Incoming.zip HTTP/1.1" 200 236315213
213.54.87.64 - - [04/Dec/2005:04:47:07 -0800] "GET /movies/cgrvr.rar HTTP/1.1" 200 134292823
80.171.68.186 - - [04/Dec/2005:04:48:57 -0800] "GET /movies/Meeting_Solo_Skald_Video1.rar HTTP/1.1" 200 154681249
80.58.5.237 - - [04/Dec/2005:04:50:06 -0800] "GET /movies2/Camlann%20Shadow%20Zone.zip HTTP/1.0" 200 141905700
84.191.15.17 - - [04/Dec/2005:04:51:38 -0800] "GET /movies2/Cilivielmovie5.zip HTTP/1.1" 200 280459714
82.225.112.176 - - [04/Dec/2005:04:52:00 -0800] "GET /movies/DE_merlin_OF.zip HTTP/1.1" 200 70080592
24.213.94.134 - - [04/Dec/2005:04:53:17 -0800] "GET /movies/DH-high.zip HTTP/1.1" 200 427689630
85.212.171.219 - - [04/Dec/2005:04:54:25 -0800] "GET /movies/Boradamer_TL-1.zip HTTP/1.1" 200 72369137
80.109.24.78 - - [04/Dec/2005:04:55:14 -0800] "GET /movies2/A5D.zip HTTP/1.1" 200 109624440
82.226.245.191 - - [04/Dec/2005:04:55:37 -0800] "GET /movies2/robusto.zip HTTP/1.1" 200 114479
84.152.123.227 - - [04/Dec/2005:04:57:38 -0800] "GET /movies2/Absorbx_Gareth.zip HTTP/1.0" 206 13241893
84.152.123.227 - - [04/Dec/2005:04:57:39 -0800] "GET /movies2/Absorbx_Gareth.zip HTTP/1.0" 206 13355147
84.152.123.227 - - [04/Dec/2005:04:57:39 -0800] "GET /movies2/Absorbx_Gareth.zip HTTP/1.0" 206 12923903
84.152.123.227 - - [04/Dec/2005:04:57:41 -0800] "GET /movies2/Addiction%20-%20Not%20Uber%20Yet.zip HTTP/1.0" 206 13763161
84.152.123.227 - - [04/Dec/2005:04:57:41 -0800] "GET /movies2/Addiction%20-%20Not%20Uber%20Yet.zip HTTP/1.0" 206 13523582
84.152.123.227 - - [04/Dec/2005:04:57:41 -0800] "GET /movies2/Addiction%20-%20Not%20Uber%20Yet.zip HTTP/1.0" 206 13629580
85.177.13.7 - - [04/Dec/2005:04:58:12 -0800] "GET /movies/cgrvr.rar HTTP/1.1" 200 1036411
82.122.101.226 - - [04/Dec/2005:04:58:16 -0800] "GET /movies2/macathoMovie.zip HTTP/1.1" 200 237996682
85.212.161.10 - - [04/Dec/2005:04:59:36 -0800] "GET /movies/monsterz.zip HTTP/1.1" 200 84814262
81.173.177.190 - - [04/Dec/2005:04:59:49 -0800] "GET /movies/southern%20comfort%20final.zip HTTP/1.1" 200 152738131
85.233.18.155 - - [04/Dec/2005:05:00:02 -0800] "GET /movies/cgrvr.rar HTTP/1.1" 200 134292823
82.126.154.176 - - [04/Dec/2005:05:00:13 -0800] "GET /movies/uveaforfun.rar HTTP/1.1" 200 29281830
84.4.31.126 - - [04/Dec/2005:05:01:32 -0800] "GET /movies2/Extinction%20-Solo-.rar HTTP/1.1" 200 272160594
83.201.40.187 - - [04/Dec/2005:05:01:37 -0800] "GET /movies/AdayinEmain.zip HTTP/1.1" 200 19604138
80.137.245.196 - - [04/Dec/2005:05:02:14 -0800] "GET /movies/Back%20in%20Black%20Final.zip HTTP/1.1" 200 128834026
213.7.134.90 - - [04/Dec/2005:05:02:18 -0800] "GET /movies/Valkyrie%20Video.zip HTTP/1.1" 200 348766280
68.41.70.49 - - [04/Dec/2005:05:04:48 -0800] "GET /movies2/sepp_0001.zip HTTP/1.1" 200 18144822
213.39.144.233 - - [04/Dec/2005:05:05:54 -0800] "GET /movies2/legio_4.zip HTTP/1.1" 200 532469697
217.83.73.161 - - [04/Dec/2005:05:07:38 -0800] "GET /movies/jippy_ownzorz.zip HTTP/1.1" 404 296
85.177.13.7 - - [04/Dec/2005:05:07:54 -0800] "GET /movies/cgrvr.rar HTTP/1.1" 206 33573206
84.63.3.74 - - [04/Dec/2005:05:08:14 -0800] "GET /movies2/amaya2_healplz.zip HTTP/1.1" 200 371806982
85.177.13.7 - - [04/Dec/2005:05:08:45 -0800] "GET /movies/cgrvr.rar HTTP/1.1" 206 3233084
85.177.13.7 - - [04/Dec/2005:05:08:56 -0800] "GET /movies/cgrvr.rar HTTP/1.1" 206 30479648
85.177.13.7 - - [04/Dec/2005:05:09:02 -0800] "GET /movies/cgrvr.rar HTTP/1.1" 206 1674028
85.177.13.7 - - [04/Dec/2005:05:09:06 -0800] "GET /movies/cgrvr.rar HTTP/1.1" 206 857396
85.177.13.7 - - [04/Dec/2005:05:09:08 -0800] "GET /movies/cgrvr.rar HTTP/1.1" 206 576640
217.83.73.161 - - [04/Dec/2005:05:09:09 -0800] "GET /movies2/masteryofmoic1.zip HTTP/1.1" 200 1975200
85.177.13.7 - - [04/Dec/2005:05:09:10 -0800] "GET /movies/cgrvr.rar HTTP/1.1" 206 32790920
85.177.13.7 - - [04/Dec/2005:05:09:11 -0800] "GET /movies/cgrvr.rar HTTP/1.1" 200 31656187
69.42.8.100 - - [04/Dec/2005:05:09:36 -0800] "GET /movies/renamed_Rangers%20are%20Overpowered%20Xora%20Vol3.zip HTTP/1.1" 200 114015718
70.248.178.217 - - [04/Dec/2005:05:10:20 -0800] "GET /movies2/sepp_0001.zip HTTP/1.1" 200 18144822
85.233.18.155 - - [04/Dec/2005:05:10:47 -0800] "GET /movies/TDKBoldJihad.zip HTTP/1.1" 200 191668203
84.157.211.209 - - [04/Dec/2005:05:10:51 -0800] "GET /movies/hibgath.zip HTTP/1.1" 200 57689712
217.187.62.185 - - [04/Dec/2005:05:11:00 -0800] "GET /movies/Yzervision.zip HTTP/1.1" 200 156263247
81.225.44.176 - - [04/Dec/2005:05:11:45 -0800] "GET /movies2/Howto%20deal%20with%20beggars.zip HTTP/1.1" 200 20253520
83.196.15.123 - - [04/Dec/2005:05:12:59 -0800] "GET /favicon.ico HTTP/1.1" 404 283
84.152.123.227 - - [04/Dec/2005:05:13:55 -0800] "GET /movies/Frozensolid%20The%20Movie.zip HTTP/1.0" 206 63384380
84.152.123.227 - - [04/Dec/2005:05:13:57 -0800] "GET /movies/Frozensolid%20The%20Movie.zip HTTP/1.0" 206 63160780
84.152.123.227 - - [04/Dec/2005:05:14:19 -0800] "GET /movies/Frozensolid%20The%20Movie.zip HTTP/1.0" 206 63066399
80.219.191.107 - - [04/Dec/2005:05:16:20 -0800] "GET /movies2/Absorbx_Gareth.zip HTTP/1.1" 206 338059028
210.107.135.116 - - [04/Dec/2005:05:17:34 -0800] "GET /movies2/raabes%20abschiedsvid.zip HTTP/1.1" 200 226185820
84.140.212.104 - - [04/Dec/2005:05:17:40 -0800] "GET /movies2/maelstrom_cluster1.zip HTTP/1.1" 200 345369905
195.4.128.175 - - [04/Dec/2005:05:20:03 -0800] "GET /favicon.ico HTTP/1.1" 404 283
83.135.243.131 - - [04/Dec/2005:05:20:22 -0800] "GET /movies/cgrvr.rar HTTP/1.1" 200 21520
83.135.243.131 - - [04/Dec/2005:05:21:40 -0800] "GET /movies/cgrvr.rar HTTP/1.1" 206 1628408
86.105.209.156 - - [04/Dec/2005:05:27:56 -0800] "GET /movies/Chaotic%20and%20friends_0001.rar HTTP/1.1" 206 1992519
68.230.4.2 - - [04/Dec/2005:05:28:31 -0800] "GET /favicon.ico HTTP/1.1" 404 283
82.226.245.191 - - [04/Dec/2005:05:28:45 -0800] "GET /movies2/robusto.zip HTTP/1.1" 200 88942344
83.236.26.201 - - [04/Dec/2005:05:30:38 -0800] "GET /movies2/legio_3.zip HTTP/1.0" 206 14179
83.236.26.201 - - [04/Dec/2005:05:30:59 -0800] "GET /movies2/legio_3.zip HTTP/1.1" 200 43238
83.236.26.201 - - [04/Dec/2005:05:31:04 -0800] "GET /movies2/legio_3.zip HTTP/1.0" 206 14179
80.219.191.107 - - [04/Dec/2005:05:32:46 -0800] "GET /movies2/TDK3.zip HTTP/1.1" 200 3369840
83.177.207.124 - - [04/Dec/2005:05:34:07 -0800] "GET /movies2/Rush-Devon.zip HTTP/1.1" 200 1125279
68.230.4.2 - - [04/Dec/2005:05:34:08 -0800] "GET /movies/DemonigankinReloaded.zip HTTP/1.1" 200 126455348
84.169.115.124 - - [04/Dec/2005:05:35:27 -0800] "GET /movies2/maelstrom_cluster1.zip HTTP/1.1" 200 345369905
85.212.161.10 - - [04/Dec/2005:05:35:55 -0800] "GET /movies/apz1.zip HTTP/1.1" 200 166667164
70.98.205.179 - - [04/Dec/2005:05:36:12 -0800] "GET /movies/MalignLance.zip HTTP/1.1" 200 116652565
86.105.209.156 - - [04/Dec/2005:05:36:29 -0800] "GET /movies/Chaotic%20and%20friends_0001.rar HTTP/1.1" 206 1482272
217.255.244.143 - - [04/Dec/2005:05:38:06 -0800] "GET /movies2/Hib%20Merlin%20PuG.zip HTTP/1.1" 200 346043
210.107.135.116 - - [04/Dec/2005:05:38:50 -0800] "GET /movies2/Sadrac-Solo-Infi-Part1.rar HTTP/1.1" 200 40216576
84.60.147.203 - - [04/Dec/2005:05:39:47 -0800] "GET /movies/Lock%20vs%20Blackfathoms.zip HTTP/1.1" 200 56876396
83.196.15.123 - - [04/Dec/2005:05:40:02 -0800] "GET /movies/Indecent%20II.zip HTTP/1.1" 200 49182433
87.122.52.240 - - [04/Dec/2005:05:40:15 -0800] "GET /movies2/maelstrom_cluster1.zip HTTP/1.0" 206 17083
87.122.52.240 - - [04/Dec/2005:05:40:17 -0800] "GET /movies2/maelstrom_cluster1.zip HTTP/1.1" 200 93644
87.122.52.240 - - [04/Dec/2005:05:40:19 -0800] "GET /movies2/maelstrom_cluster1.zip HTTP/1.0" 206 17083
87.122.52.240 - - [04/Dec/2005:05:42:32 -0800] "GET /movies2/WaffenbundTheMovie.zip HTTP/1.0" 206 17083
87.122.52.240 - - [04/Dec/2005:05:42:33 -0800] "GET /movies2/WaffenbundTheMovie.zip HTTP/1.1" 200 57758
87.122.52.240 - - [04/Dec/2005:05:42:34 -0800] "GET /movies2/WaffenbundTheMovie.zip HTTP/1.0" 206 15631
87.122.52.240 - - [04/Dec/2005:05:42:56 -0800] "GET /movies2/WaffenbundTheMovie.zip HTTP/1.0" 206 102743
87.122.52.240 - - [04/Dec/2005:05:42:56 -0800] "GET /movies2/WaffenbundTheMovie.zip HTTP/1.0" 206 46123
87.122.52.240 - - [04/Dec/2005:05:42:56 -0800] "GET /movies2/WaffenbundTheMovie.zip HTTP/1.0" 206 53375
82.49.2.1 - - [04/Dec/2005:05:43:34 -0800] "GET /movies2/Elvena's%20Story.zip HTTP/1.1" 200 117772
216.254.22.241 - - [04/Dec/2005:05:43:55 -0800] "GET /movies/Tzimice_movie.zip HTTP/1.1" 200 119884783
84.174.51.222 - - [04/Dec/2005:05:44:44 -0800] "GET /movies/Hypevolumeone.zip HTTP/1.1" 200 34727
82.49.2.1 - - [04/Dec/2005:05:44:46 -0800] "GET /movies2/Elvena%27s%20Story.zip HTTP/1.1" 206 18640
212.143.22.168 - - [04/Dec/2005:05:44:48 -0800] "GET /movies2/Elvena%27s%20Story.zip HTTP/1.1" 206 18640
83.192.57.121 - - [04/Dec/2005:05:45:03 -0800] "GET /movies/PD%20leirvik.zip HTTP/1.1" 200 46144
83.192.57.121 - - [04/Dec/2005:05:45:04 -0800] "GET /movies/PD%20leirvik.zip HTTP/1.1" 206 18539
83.192.57.121 - - [04/Dec/2005:05:46:02 -0800] "GET /movies2/Aedhas_SB_Ector_NF_01_01.zip HTTP/1.1" 200 15651
83.192.57.121 - - [04/Dec/2005:05:46:02 -0800] "GET /movies2/Aedhas_SB_Ector_NF_01_01.zip HTTP/1.1" 206 17084
84.158.246.35 - - [04/Dec/2005:05:46:32 -0800] "GET /movies2/CloakedkillerTheCritblade.zip HTTP/1.1" 206 171802403
83.201.40.187 - - [04/Dec/2005:05:46:40 -0800] "GET /movies/Mah%20SB%20Vid_0001.zip HTTP/1.1" 200 99826632
83.192.57.121 - - [04/Dec/2005:05:46:41 -0800] "GET /movies2/Camlann%20Shadow%20Zone.zip HTTP/1.1" 200 15651
83.192.57.121 - - [04/Dec/2005:05:46:43 -0800] "GET /movies2/Camlann%20Shadow%20Zone.zip HTTP/1.1" 206 17084
217.83.73.161 - - [04/Dec/2005:05:47:21 -0800] "GET /movies/Tzimice_movie.zip HTTP/1.1" 200 119884783
83.192.57.121 - - [04/Dec/2005:05:48:17 -0800] "GET /movies/Duels.zip HTTP/1.1" 200 15651
83.192.57.121 - - [04/Dec/2005:05:48:17 -0800] "GET /movies/Duels.zip HTTP/1.1" 206 17086
83.192.57.121 - - [04/Dec/2005:05:48:18 -0800] "GET /movies/PD%20leirvik.zip HTTP/1.1" 206 3227340
83.192.57.121 - - [04/Dec/2005:05:48:22 -0800] "GET /movies/PD%20leirvik.zip HTTP/1.1" 206 3227340
83.192.57.121 - - [04/Dec/2005:05:48:34 -0800] "GET /movies/PD%20leirvik.zip HTTP/1.1" 206 3227340
83.192.57.121 - - [04/Dec/2005:05:48:37 -0800] "GET /movies/PD%20leirvik.zip HTTP/1.1" 206 3227340
84.151.80.238 - - [04/Dec/2005:05:48:56 -0800] "GET /movies2/WaffenbundTheMovie.zip HTTP/1.1" 200 33398078
84.56.36.62 - - [04/Dec/2005:05:49:27 -0800] "GET /movies/ae-dolex.zip HTTP/1.1" 200 89539928
87.1.10.221 - - [04/Dec/2005:05:49:53 -0800] "GET /movies2/Creeping%20Death.zip HTTP/1.1" 200 12820
87.1.10.221 - - [04/Dec/2005:05:49:56 -0800] "GET /movies2/Creeping%20Death.zip HTTP/1.1" 206 20103
82.53.3.122 - - [04/Dec/2005:05:51:11 -0800] "GET /movies2/Elvena's%20Story.zip HTTP/1.1" 200 443676
70.98.205.179 - - [04/Dec/2005:05:51:29 -0800] "GET /movies2/legio_3.zip HTTP/1.1" 200 291512
81.240.138.197 - - [04/Dec/2005:05:51:33 -0800] "GET /movies/GladricSoloRvrMovie4.zip HTTP/1.1" 200 1946810
84.58.205.253 - - [04/Dec/2005:05:51:58 -0800] "GET /movies2/legio_4.zip HTTP/1.1" 200 123343760
84.58.205.253 - - [04/Dec/2005:05:52:00 -0800] "GET /movies2/legio_3.zip HTTP/1.1" 200 122749892
84.181.230.46 - - [04/Dec/2005:05:52:04 -0800] "GET /movies/TDKBoldJihad.zip HTTP/1.1" 200 191668203
83.192.57.121 - - [04/Dec/2005:05:52:58 -0800] "GET /movies/Mah%20SB%20Vid_0001.zip HTTP/1.1" 200 15651
83.192.57.121 - - [04/Dec/2005:05:52:59 -0800] "GET /movies/Mah%20SB%20Vid_0001.zip HTTP/1.1" 206 17086
83.192.57.121 - - [04/Dec/2005:05:53:22 -0800] "GET /movies/granasiyam.zip HTTP/1.1" 200 15651
83.192.57.121 - - [04/Dec/2005:05:53:23 -0800] "GET /movies/granasiyam.zip HTTP/1.1" 206 17086
153.29.160.34 - - [04/Dec/2005:05:54:34 -0800] "GET /movies/ScoutHowToVideo.zip HTTP/1.1" 200 111388658
84.60.147.203 - - [04/Dec/2005:05:57:11 -0800] "GET /movies/Twitch.zip HTTP/1.1" 200 135218017
213.169.171.67 - - [04/Dec/2005:06:01:31 -0800] "GET /movies2/Aedhas_SB_Ector_NF_01_01.zip HTTP/1.1" 200 110118834
84.152.123.227 - - [04/Dec/2005:06:01:54 -0800] "GET /movies2/Absorbx_Gareth.zip HTTP/1.0" 206 98492121
87.1.10.221 - - [04/Dec/2005:06:02:39 -0800] "GET /movies2/Creeping%20Death.zip HTTP/1.1" 206 18422018
87.1.10.221 - - [04/Dec/2005:06:02:46 -0800] "GET /movies2/Creeping%20Death.zip HTTP/1.1" 206 18422018
87.1.10.221 - - [04/Dec/2005:06:02:53 -0800] "GET /movies2/Creeping%20Death.zip HTTP/1.1" 206 18422016
80.254.166.237 - - [04/Dec/2005:06:03:17 -0800] "GET /movies/Alcx%20Mord.zip HTTP/1.1" 200 32217902
84.152.123.227 - - [04/Dec/2005:06:03:38 -0800] "GET /movies2/Absorbx_Gareth.zip HTTP/1.0" 206 98602483
84.4.31.126 - - [04/Dec/2005:06:03:52 -0800] "GET /movies/Baenok_Solo.zip HTTP/1.1" 200 91139849
84.152.123.227 - - [04/Dec/2005:06:03:56 -0800] "GET /movies2/Absorbx_Gareth.zip HTTP/1.0" 206 98773824
87.1.10.221 - - [04/Dec/2005:06:04:08 -0800] "GET /movies2/Creeping%20Death.zip HTTP/1.1" 206 18422018
84.56.36.62 - - [04/Dec/2005:06:04:26 -0800] "GET /movies2/A%20Day%20in%20a%20Bard's%20Life%20-%20The%20Bard's%20Tale%20IV.zip HTTP/1.1" 200 125418395
84.173.85.58 - - [04/Dec/2005:06:05:35 -0800] "GET /movies/mof.zip HTTP/1.1" 200 335293262
211.170.63.37 - - [04/Dec/2005:06:06:57 -0800] "GET /movies/LixaMLF.v4.zip HTTP/1.1" 200 4993928
82.49.2.1 - - [04/Dec/2005:06:07:20 -0800] "GET /movies2/Elvena%27s%20Story.zip HTTP/1.1" 206 30665921
82.149.172.213 - - [04/Dec/2005:06:07:20 -0800] "GET /movies2/Addiction%20-%20Not%20Uber%20Yet.zip HTTP/1.1" 200 14059395
82.149.172.213 - - [04/Dec/2005:06:07:21 -0800] "GET /movies2/November.zip HTTP/1.1" 200 19475048
82.149.172.213 - - [04/Dec/2005:06:07:34 -0800] "GET /movies2/Shen-an-Calhar.zip HTTP/1.1" 200 257200
82.149.172.213 - - [04/Dec/2005:06:07:38 -0800] "GET /movies2/Absorbx_Gareth.zip HTTP/1.1" 200 313310
82.49.2.1 - - [04/Dec/2005:06:07:55 -0800] "GET /movies2/Elvena%27s%20Story.zip HTTP/1.1" 206 30665932
82.49.2.1 - - [04/Dec/2005:06:08:04 -0800] "GET /movies2/Elvena%27s%20Story.zip HTTP/1.1" 206 30665932
172.211.57.112 - - [04/Dec/2005:06:08:06 -0800] "GET /movies2/legio_4.zip HTTP/1.1" 206 61945632
172.211.57.112 - - [04/Dec/2005:06:08:06 -0800] "GET /movies2/legio_4.zip HTTP/1.1" 206 63162132
172.211.57.112 - - [04/Dec/2005:06:08:06 -0800] "GET /movies2/legio_4.zip HTTP/1.1" 206 61481172
172.211.57.112 - - [04/Dec/2005:06:08:06 -0800] "GET /movies2/legio_4.zip HTTP/1.1" 206 61747616
85.212.161.10 - - [04/Dec/2005:06:08:22 -0800] "GET /movies/Life%20of%20a%20Runemaster.zip HTTP/1.1" 200 205233818
82.49.2.1 - - [04/Dec/2005:06:08:23 -0800] "GET /movies2/Elvena%27s%20Story.zip HTTP/1.1" 206 30665932
82.49.2.1 - - [04/Dec/2005:06:08:42 -0800] "GET /movies2/Elvena%27s%20Story.zip HTTP/1.1" 206 30665932
82.149.172.213 - - [04/Dec/2005:06:09:48 -0800] "GET /movies/NSmovie2.zip HTTP/1.1" 200 1963300
172.179.39.89 - - [04/Dec/2005:06:10:06 -0800] "GET /movies/NS.zip HTTP/1.1" 200 125795597
80.167.16.18 - - [04/Dec/2005:06:10:20 -0800] "GET /movies/AYS3.zip HTTP/1.1" 200 66454497
132.19.75.25 - - [04/Dec/2005:06:10:24 -0800] "GET /movies/Valkyrie%20Video.zip HTTP/1.1" 200 612416
82.149.172.213 - - [04/Dec/2005:06:11:02 -0800] "GET /movies2/Absorbx_Gareth.zip HTTP/1.1" 206 731180
84.144.232.26 - - [04/Dec/2005:06:11:15 -0800] "GET /movies/cgrvr.rar HTTP/1.1" 206 14808095
84.150.182.202 - - [04/Dec/2005:06:11:17 -0800] "GET /movies/HoA%20Adrenaline.zip HTTP/1.1" 200 254922759
132.19.75.25 - - [04/Dec/2005:06:12:19 -0800] "GET /movies/Valkyrie%20Video.zip HTTP/1.1" 200 1094291
80.137.245.196 - - [04/Dec/2005:06:12:36 -0800] "GET /movies/DG-17-02-05.zip HTTP/1.1" 200 279438704
82.149.172.213 - - [04/Dec/2005:06:13:40 -0800] "GET /movies/Nosgoth_Untouchabel.zip HTTP/1.1" 200 644367
132.19.75.25 - - [04/Dec/2005:06:14:10 -0800] "GET /movies/Valkyrie%20Video.zip HTTP/1.1" 200 495340
80.171.23.93 - - [04/Dec/2005:06:14:16 -0800] "GET /movies2/legio_4.zip HTTP/1.1" 200 532469697
83.201.40.187 - - [04/Dec/2005:06:14:30 -0800] "GET /movies/Part%202%20-%20Fear%20Of%20The%20Dark.zip HTTP/1.1" 200 139364158
67.33.132.152 - - [04/Dec/2005:06:14:34 -0800] "GET /movies/Teeka%20Ninja%20Warrior%20-%20Hard%20Mode.zip HTTP/1.1" 200 3272180
62.215.3.51 - - [04/Dec/2005:06:14:35 -0800] "GET /movies/2shamvp.zip HTTP/1.1" 200 26301028
132.19.75.25 - - [04/Dec/2005:06:14:59 -0800] "GET /movies/Valkyrie%20Video.zip HTTP/1.1" 200 2270560
87.1.10.221 - - [04/Dec/2005:06:15:15 -0800] "GET /movies/FShatin05.zip HTTP/1.1" 200 12818
87.1.10.221 - - [04/Dec/2005:06:15:16 -0800] "GET /movies/FShatin05.zip HTTP/1.1" 206 18639
210.107.135.116 - - [04/Dec/2005:06:15:20 -0800] "GET /movies2/Infinitespeed%20V1.zip HTTP/1.1" 200 342995710
217.83.73.161 - - [04/Dec/2005:06:15:58 -0800] "GET /movies/Polo.zip HTTP/1.1" 200 135241876
193.143.201.113 - - [04/Dec/2005:06:16:28 -0800] "GET /favicon.ico HTTP/1.1" 404 283
193.143.201.113 - - [04/Dec/2005:06:16:32 -0800] "GET /movies/cgrvr.rar HTTP/1.1" 200 304823
83.192.57.121 - - [04/Dec/2005:06:16:53 -0800] "GET /movies2/Aedhas_SB_Ector_NF_01_01.zip HTTP/1.1" 206 27529711
83.192.57.121 - - [04/Dec/2005:06:17:18 -0800] "GET /movies2/Aedhas_SB_Ector_NF_01_01.zip HTTP/1.1" 206 27529711
83.192.57.121 - - [04/Dec/2005:06:18:00 -0800] "GET /movies2/Aedhas_SB_Ector_NF_01_01.zip HTTP/1.1" 206 27529704
83.192.57.121 - - [04/Dec/2005:06:18:17 -0800] "GET /movies2/Aedhas_SB_Ector_NF_01_01.zip HTTP/1.1" 206 27529711
86.139.135.226 - - [04/Dec/2005:06:18:24 -0800] "GET /movies2/Camlann%20Shadow%20Zone.zip HTTP/1.1" 200 8728168
84.238.3.19 - - [04/Dec/2005:06:18:52 -0800] "GET /movies/AnimusFotmAnimusFotmAnimusFotm.zip HTTP/1.1" 200 126995306
84.147.168.6 - - [04/Dec/2005:06:19:54 -0800] "GET /movies/1NightofOdyssey.zip HTTP/1.1" 200 57228486
193.143.201.113 - - [04/Dec/2005:06:20:43 -0800] "GET /movies/PronwanIII.zip HTTP/1.1" 200 4822520
193.143.201.113 - - [04/Dec/2005:06:20:44 -0800] "GET /movies/seyxfearless.zip HTTP/1.1" 200 6021768
80.218.137.104 - - [04/Dec/2005:06:21:54 -0800] "GET /movies/soylcamlann.zip HTTP/1.1" 200 9042584
84.140.213.81 - - [04/Dec/2005:06:22:26 -0800] "GET /movies2/sepp_0001.zip HTTP/1.1" 200 92608
84.140.213.81 - - [04/Dec/2005:06:23:09 -0800] "GET /movies2/WaffenbundTheMovie.zip HTTP/1.1" 200 82442
84.140.213.81 - - [04/Dec/2005:06:23:21 -0800] "GET /movies2/WaffenbundTheMovie.zip HTTP/1.1" 200 141452
84.140.213.81 - - [04/Dec/2005:06:23:34 -0800] "GET /movies2/WaffenbundTheMovie.zip HTTP/1.1" 200 135644
84.140.213.81 - - [04/Dec/2005:06:23:40 -0800] "GET /movies2/WaffenbundTheMovie.zip HTTP/1.1" 200 140108
84.140.213.81 - - [04/Dec/2005:06:23:57 -0800] "GET /movies2/WaffenbundTheMovie.zip HTTP/1.1" 200 118328
84.140.213.81 - - [04/Dec/2005:06:25:08 -0800] "GET /movies2/WaffenbundTheMovie.zip HTTP/1.1" 200 228680
62.117.26.7 - - [04/Dec/2005:06:25:13 -0800] "GET /movies2/Camlann%20Shadow%20Zone.zip HTTP/1.1" 206 62219544
82.83.130.172 - - [04/Dec/2005:06:25:14 -0800] "GET /favicon.ico HTTP/1.1" 404 283
84.140.213.81 - - [04/Dec/2005:06:25:21 -0800] "GET /movies2/WaffenbundTheMovie.zip HTTP/1.1" 200 126002
82.122.101.226 - - [04/Dec/2005:06:25:22 -0800] "GET /movies/AMAYA_200605-040705_FINAL.rar HTTP/1.1" 200 444540412
84.140.213.81 - - [04/Dec/2005:06:25:29 -0800] "GET /movies2/Camlann%20Shadow%20Zone.zip HTTP/1.1" 200 124136
84.140.213.81 - - [04/Dec/2005:06:25:32 -0800] "GET /movies2/Camlann%20Shadow%20Zone.zip HTTP/1.1" 200 140108
83.236.26.201 - - [04/Dec/2005:06:25:42 -0800] "GET /movies2/legio_3.zip HTTP/1.0" 206 128147351
84.140.213.81 - - [04/Dec/2005:06:25:54 -0800] "GET /movies2/Camlann%20Shadow%20Zone.zip HTTP/1.1" 200 56307
83.236.26.201 - - [04/Dec/2005:06:26:03 -0800] "GET /movies2/legio_3.zip HTTP/1.0" 206 128147361
84.140.213.81 - - [04/Dec/2005:06:26:18 -0800] "GET /movies2/Camlann%20Shadow%20Zone.zip HTTP/1.1" 200 116876
83.156.144.251 - - [04/Dec/2005:06:26:37 -0800] "GET /movies/holydot2.zip HTTP/1.1" 200 374202537
83.236.26.201 - - [04/Dec/2005:06:26:41 -0800] "GET /movies2/legio_3.zip HTTP/1.0" 206 128147361
84.140.213.81 - - [04/Dec/2005:06:27:02 -0800] "GET /movies2/Camlann%20Shadow%20Zone.zip HTTP/1.1" 200 59211
84.140.213.81 - - [04/Dec/2005:06:27:19 -0800] "GET /movies2/Camlann%20Shadow%20Zone.zip HTTP/1.1" 200 138548
84.152.123.227 - - [04/Dec/2005:06:28:33 -0800] "GET /movies2/Addiction%20-%20Not%20Uber%20Yet.zip HTTP/1.0" 206 47633247
71.128.11.57 - - [04/Dec/2005:06:28:55 -0800] "GET /movies2/WaffenbundTheMovie.zip HTTP/1.1" 200 181231164
80.81.18.244 - - [04/Dec/2005:06:29:10 -0800] "GET /movies/cgrvr.rar HTTP/1.1" 200 134292823
84.152.123.227 - - [04/Dec/2005:06:29:11 -0800] "GET /movies2/Addiction%20-%20Not%20Uber%20Yet.zip HTTP/1.0" 206 47777008
210.206.191.154 - - [04/Dec/2005:06:29:21 -0800] "GET /movies/theterriblelie.zip HTTP/1.1" 200 6111807
84.152.123.227 - - [04/Dec/2005:06:29:48 -0800] "GET /movies2/Addiction%20-%20Not%20Uber%20Yet.zip HTTP/1.0" 206 47653585
80.143.119.220 - - [04/Dec/2005:06:30:30 -0800] "GET /movies2/Camlann%20Shadow%20Zone.zip HTTP/1.1" 206 102590976
82.149.172.213 - - [04/Dec/2005:06:32:06 -0800] "GET /movies/NSmovie2.zip HTTP/1.1" 206 29997992
82.149.172.213 - - [04/Dec/2005:06:32:14 -0800] "GET /movies/NSmovie2.zip HTTP/1.1" 206 30005258
82.149.172.213 - - [04/Dec/2005:06:32:18 -0800] "GET /movies/NSmovie2.zip HTTP/1.1" 206 29997992
87.122.54.7 - - [04/Dec/2005:06:32:20 -0800] "GET /movies/AChampsLife3high.zip HTTP/1.1" 200 190916325
80.143.119.220 - - [04/Dec/2005:06:32:25 -0800] "GET /movies2/Shadowsong-Stormwind-raid.zip HTTP/1.1" 200 496479
80.143.119.220 - - [04/Dec/2005:06:32:29 -0800] "GET /movies2/HunterGroupPvP.zip HTTP/1.1" 200 562719
80.143.119.220 - - [04/Dec/2005:06:32:32 -0800] "GET /movies2/Kevalan_PvP_2.zip HTTP/1.1" 200 479200
82.149.172.213 - - [04/Dec/2005:06:32:35 -0800] "GET /movies/NSmovie2.zip HTTP/1.1" 206 30002348
69.145.11.208 - - [04/Dec/2005:06:32:40 -0800] "GET /movies2/Raila%20Memorial%20good.zip HTTP/1.1" 200 116312
80.143.119.220 - - [04/Dec/2005:06:32:58 -0800] "GET /movies2/Camlann%20Shadow%20Zone.zip HTTP/1.1" 206 3004928
82.149.172.213 - - [04/Dec/2005:06:32:58 -0800] "GET /movies/NSmovie2.zip HTTP/1.1" 206 1361878
80.143.119.220 - - [04/Dec/2005:06:33:04 -0800] "GET /movies2/Fun%20in%20the%20deadmines.zip HTTP/1.1" 200 340960
67.168.159.154 - - [04/Dec/2005:06:33:18 -0800] "GET /movies2/sepp_0001.zip HTTP/1.1" 200 1418956
84.174.51.222 - - [04/Dec/2005:06:33:37 -0800] "GET /movies/HeretankVideo1.zip HTTP/1.1" 200 16369144
69.145.11.208 - - [04/Dec/2005:06:34:57 -0800] "GET /movies/Teeka%20Ninja%20Warrior%20-%20Hard%20Mode.zip HTTP/1.1" 200 422912
67.168.159.154 - - [04/Dec/2005:06:35:06 -0800] "GET /movies2/sepp_0001.zip HTTP/1.1" 200 18144822
86.105.209.156 - - [04/Dec/2005:06:35:09 -0800] "GET /movies/Chaotic%20and%20friends_0001.rar HTTP/1.1" 206 13044260
82.135.85.142 - - [04/Dec/2005:06:35:52 -0800] "GET /movies/Xora_MeleeRanger.zip HTTP/1.1" 200 57279
80.218.137.104 - - [04/Dec/2005:06:36:50 -0800] "GET /movies2/Raila%20Memorial%20good.zip HTTP/1.1" 200 24692536
62.215.3.51 - - [04/Dec/2005:06:37:20 -0800] "GET /movies/SoloSavagePart3.zip HTTP/1.1" 200 47173964
81.208.74.189 - - [04/Dec/2005:06:37:56 -0800] "GET /movies2/Gimp_and_Run_DivX.zip HTTP/1.1" 206 120210463
80.162.97.56 - - [04/Dec/2005:06:38:45 -0800] "GET /movies/Frozensolid%20The%20Movie.zip HTTP/1.1" 200 12746
210.206.191.154 - - [04/Dec/2005:06:39:18 -0800] "GET /movies/Vampiir%20video.zip HTTP/1.1" 200 30383116
88.130.95.100 - - [04/Dec/2005:06:40:08 -0800] "GET /movies/sw33t.zip HTTP/1.1" 200 266535457
84.167.73.228 - - [04/Dec/2005:06:40:16 -0800] "GET /movies/cgrvr.rar HTTP/1.1" 206 132206519
80.142.209.242 - - [04/Dec/2005:06:41:12 -0800] "GET /movies2/legio_4.zip HTTP/1.1" 200 532469697
82.161.112.229 - - [04/Dec/2005:06:41:58 -0800] "GET /movies/WoW_Time.zip HTTP/1.1" 200 58057348
87.1.10.221 - - [04/Dec/2005:06:42:17 -0800] "GET /movies/FShatin05.zip HTTP/1.1" 206 38947093
83.201.129.111 - - [04/Dec/2005:06:42:18 -0800] "GET /favicon.ico HTTP/1.1" 404 283
87.1.10.221 - - [04/Dec/2005:06:42:41 -0800] "GET /movies/FShatin05.zip HTTP/1.1" 206 38947093
87.1.10.221 - - [04/Dec/2005:06:42:47 -0800] "GET /movies/FShatin05.zip HTTP/1.1" 206 38947093
87.1.10.221 - - [04/Dec/2005:06:43:21 -0800] "GET /movies/FShatin05.zip HTTP/1.1" 206 38947090
84.238.3.19 - - [04/Dec/2005:06:43:41 -0800] "GET /movies/buncha_druid_lil_cab.zip HTTP/1.1" 200 168680284
83.93.212.154 - - [04/Dec/2005:06:43:59 -0800] "GET /movies2/Camlann%20Shadow%20Zone.zip HTTP/1.1" 200 49865480
83.201.129.111 - - [04/Dec/2005:06:44:38 -0800] "GET /movies/Heretic%20in%20NF.zip HTTP/1.1" 200 3784076
80.145.214.157 - - [04/Dec/2005:06:44:59 -0800] "GET /movies/renamed_KEADP.zip HTTP/1.1" 200 163755
84.157.211.209 - - [04/Dec/2005:06:45:09 -0800] "GET /movies/ae-dolex.zip HTTP/1.1" 200 89539928
84.160.237.63 - - [04/Dec/2005:06:45:28 -0800] "GET /movies/cgrvr.rar HTTP/1.1" 200 134292823
87.89.230.21 - - [04/Dec/2005:06:47:12 -0800] "GET /movies/1NightofOdyssey.zip HTTP/1.1" 200 57228486
80.145.214.157 - - [04/Dec/2005:06:48:01 -0800] "GET /movies/cgrvr.rar HTTP/1.1" 200 7872008
80.145.214.157 - - [04/Dec/2005:06:48:09 -0800] "GET /movies2/Magicguru2.zip HTTP/1.1" 200 947836
84.4.31.126 - - [04/Dec/2005:06:48:40 -0800] "GET /movies/malkovok1.zip HTTP/1.1" 200 219568339
69.145.11.208 - - [04/Dec/2005:06:48:46 -0800] "GET /movies/AstinusSoloMovie3.zip HTTP/1.1" 200 97165021
83.196.15.123 - - [04/Dec/2005:06:50:05 -0800] "GET /movies/Techa.zip HTTP/1.1" 200 89483499
84.57.78.105 - - [04/Dec/2005:06:50:08 -0800] "GET /movies2/DemonoidPhenomenon.rar HTTP/1.1" 200 122494915
82.149.172.213 - - [04/Dec/2005:06:50:14 -0800] "GET /movies/Nosgoth_Untouchabel.zip HTTP/1.1" 206 22609052
82.149.172.213 - - [04/Dec/2005:06:50:16 -0800] "GET /movies/Nosgoth_Untouchabel.zip HTTP/1.1" 206 22608140
84.178.45.33 - - [04/Dec/2005:06:50:26 -0800] "GET /movies2/Illusb2k.zip HTTP/1.1" 206 246461235
82.149.172.213 - - [04/Dec/2005:06:50:50 -0800] "GET /movies/Nosgoth_Untouchabel.zip HTTP/1.1" 206 22598602
82.149.172.213 - - [04/Dec/2005:06:51:07 -0800] "GET /movies/Nosgoth_Untouchabel.zip HTTP/1.1" 206 22610040
82.149.172.213 - - [04/Dec/2005:06:51:24 -0800] "GET /movies/Nosgoth_Untouchabel.zip HTTP/1.1" 206 1025981
86.196.147.30 - - [04/Dec/2005:06:53:24 -0800] "GET /movies2/WaffenbundTheMovie.zip HTTP/1.1" 200 379691340
80.143.119.220 - - [04/Dec/2005:06:55:01 -0800] "GET /movies2/Camlann%20Shadow%20Zone.zip HTTP/1.1" 206 32271460
62.215.3.51 - - [04/Dec/2005:06:55:51 -0800] "GET /movies/Deception4.zip HTTP/1.1" 200 553968
83.192.57.121 - - [04/Dec/2005:06:56:12 -0800] "GET /movies2/Camlann%20Shadow%20Zone.zip HTTP/1.1" 206 35476426
83.192.57.121 - - [04/Dec/2005:06:56:32 -0800] "GET /movies2/Camlann%20Shadow%20Zone.zip HTTP/1.1" 206 35476425
83.192.57.121 - - [04/Dec/2005:06:56:33 -0800] "GET /movies2/Camlann%20Shadow%20Zone.zip HTTP/1.1" 206 35476426
83.192.57.121 - - [04/Dec/2005:06:56:37 -0800] "GET /movies2/Camlann%20Shadow%20Zone.zip HTTP/1.1" 206 35476426
80.146.92.240 - - [04/Dec/2005:06:57:06 -0800] "GET /movies2/TdkBomB2.zip HTTP/1.1" 200 321680
81.208.36.85 - - [04/Dec/2005:06:57:30 -0800] "GET /movies2/sepp_0001.zip HTTP/1.1" 200 46400
83.201.129.111 - - [04/Dec/2005:06:57:31 -0800] "GET /movies/Albstalker.zip HTTP/1.1" 200 110028
83.201.129.111 - - [04/Dec/2005:06:57:37 -0800] "GET /movies/Eliloth.zip HTTP/1.1" 200 2084856
81.208.36.85 - - [04/Dec/2005:06:58:13 -0800] "GET /movies2/sepp_0001.zip HTTP/1.1" 200 393380
84.56.36.62 - - [04/Dec/2005:06:58:34 -0800] "GET /movies/AMAYA_200605-040705_FINAL.rar HTTP/1.1" 200 145226972
80.146.92.240 - - [04/Dec/2005:06:58:46 -0800] "GET /movies2/TDK3.zip HTTP/1.1" 200 198478
88.130.95.100 - - [04/Dec/2005:06:59:19 -0800] "GET /movies/Chaotic%20and%20friends_0001.rar HTTP/1.1" 200 188081183
80.219.191.107 - - [04/Dec/2005:06:59:24 -0800] "GET /movies/cgrvr.rar HTTP/1.1" 200 134292823
80.146.92.240 - - [04/Dec/2005:06:59:45 -0800] "GET /movies2/TDK3.zip HTTP/1.1" 206 205416
80.146.92.240 - - [04/Dec/2005:06:59:52 -0800] "GET /movies2/TDK3.zip HTTP/1.1" 206 206816
62.215.3.61 - - [04/Dec/2005:07:00:04 -0800] "GET /movies/Blitz1.zip HTTP/1.1" 200 38328970
69.145.11.208 - - [04/Dec/2005:07:00:05 -0800] "GET /movies/Daily_Routine.zip HTTP/1.1" 200 206153572
80.146.92.240 - - [04/Dec/2005:07:00:13 -0800] "GET /movies2/TdkBomB2.zip HTTP/1.1" 206 5010217
81.208.36.85 - - [04/Dec/2005:07:00:31 -0800] "GET /movies2/sepp_0001.zip HTTP/1.1" 200 81440
81.208.36.85 - - [04/Dec/2005:07:00:45 -0800] "GET /movies2/Camlann%20Shadow%20Zone.zip HTTP/1.1" 200 79979
83.201.40.187 - - [04/Dec/2005:07:00:54 -0800] "GET /movies2/Aedhas_SB_Ector_NF_01_01.zip HTTP/1.1" 200 27215640
83.201.40.187 - - [04/Dec/2005:07:00:54 -0800] "GET /movies/Ciliviemovie2.zip HTTP/1.1" 200 25930016
84.57.6.204 - - [04/Dec/2005:07:01:01 -0800] "GET /favicon.ico HTTP/1.1" 404 283
80.146.92.240 - - [04/Dec/2005:07:01:23 -0800] "GET /movies2/TDK3.zip HTTP/1.1" 206 2819488
84.57.6.204 - - [04/Dec/2005:07:01:34 -0800] "GET /movies2/TDK3.zip HTTP/1.1" 200 1008428
80.182.114.82 - - [04/Dec/2005:07:03:42 -0800] "GET /movies2/legio_4.zip HTTP/1.1" 200 61968
80.182.114.82 - - [04/Dec/2005:07:03:48 -0800] "GET /movies2/legio_4.zip HTTP/1.1" 200 42018
81.208.36.85 - - [04/Dec/2005:07:03:55 -0800] "GET /movies2/Camlann%20Shadow%20Zone.zip HTTP/1.1" 200 49319
83.192.57.121 - - [04/Dec/2005:07:06:05 -0800] "GET /movies/Duels.zip HTTP/1.1" 206 7887715
83.192.57.121 - - [04/Dec/2005:07:06:06 -0800] "GET /movies/Duels.zip HTTP/1.1" 206 7887715
83.192.57.121 - - [04/Dec/2005:07:06:12 -0800] "GET /movies/Duels.zip HTTP/1.1" 206 7887715
83.192.57.121 - - [04/Dec/2005:07:06:17 -0800] "GET /movies/Duels.zip HTTP/1.1" 206 7887715
84.186.33.103 - - [04/Dec/2005:07:09:09 -0800] "GET /movies2/renamed_daoc.TR.tape-2.ausschnitte.ace HTTP/1.1" 200 86895906
84.217.11.191 - - [04/Dec/2005:07:09:17 -0800] "GET /movies2/Turtle_Power.zip HTTP/1.1" 200 15055500
212.202.230.196 - - [04/Dec/2005:07:10:33 -0800] "GET /movies/AMAYA_200605-040705_FINAL.rar HTTP/1.1" 200 41284372
62.72.229.199 - - [04/Dec/2005:07:10:35 -0800] "GET /movies/Tarren%20Mill%20Dust.zip HTTP/1.1" 200 32751760
210.107.135.116 - - [04/Dec/2005:07:10:56 -0800] "GET /movies/Drak%20and%20Scot%20Farewell.zip HTTP/1.1" 200 113307467
82.149.172.213 - - [04/Dec/2005:07:11:09 -0800] "GET /movies2/Absorbx_Gareth.zip HTTP/1.1" 206 84705332
82.149.172.213 - - [04/Dec/2005:07:11:12 -0800] "GET /movies2/Absorbx_Gareth.zip HTTP/1.1" 206 80852839
82.149.172.213 - - [04/Dec/2005:07:11:46 -0800] "GET /movies2/Absorbx_Gareth.zip HTTP/1.1" 206 84709464
82.149.172.213 - - [04/Dec/2005:07:12:02 -0800] "GET /movies2/Absorbx_Gareth.zip HTTP/1.1" 206 84716611
84.57.32.249 - - [04/Dec/2005:07:12:29 -0800] "GET /movies2/TDK3.zip HTTP/1.1" 206 489982
84.57.32.249 - - [04/Dec/2005:07:12:29 -0800] "GET /movies2/TDK3.zip HTTP/1.1" 206 159434
84.57.32.249 - - [04/Dec/2005:07:12:34 -0800] "GET /movies2/TDK3.zip HTTP/1.1" 206 834998
84.57.32.249 - - [04/Dec/2005:07:12:44 -0800] "GET /movies2/TDK3.zip HTTP/1.1" 206 626054
84.57.32.249 - - [04/Dec/2005:07:12:52 -0800] "GET /movies2/TDK3.zip HTTP/1.1" 206 1013500
84.57.32.249 - - [04/Dec/2005:07:12:52 -0800] "GET /movies2/TDK3.zip HTTP/1.1" 206 900942
80.182.114.82 - - [04/Dec/2005:07:12:55 -0800] "GET /movies2/legio_4.zip HTTP/1.1" 200 10498784
84.57.32.249 - - [04/Dec/2005:07:13:03 -0800] "GET /movies2/TDK3.zip HTTP/1.1" 206 1003280
84.57.32.249 - - [04/Dec/2005:07:13:15 -0800] "GET /movies2/TDK3.zip HTTP/1.1" 206 1259525
82.149.172.213 - - [04/Dec/2005:07:14:04 -0800] "GET /movies2/Absorbx_Gareth.zip HTTP/1.1" 206 3848726
70.98.205.179 - - [04/Dec/2005:07:14:11 -0800] "GET /movies2/legio_3.zip HTTP/1.1" 200 384442071
82.149.172.213 - - [04/Dec/2005:07:14:12 -0800] "GET /movies2/Absorbx_Gareth.zip HTTP/1.1" 206 3889280
83.156.208.155 - - [04/Dec/2005:07:14:16 -0800] "GET /movies/eclipsedeira.zip HTTP/1.1" 200 99077
220.237.115.33 - - [04/Dec/2005:07:14:57 -0800] "GET /movies/Orakel%20first%20movie_0002.zip HTTP/1.1" 200 24429014
84.57.32.249 - - [04/Dec/2005:07:15:09 -0800] "GET /movies2/TDK3.zip HTTP/1.1" 206 6196886
84.57.6.204 - - [04/Dec/2005:07:15:31 -0800] "GET /movies2/TDK3.zip HTTP/1.1" 206 13240020
84.57.32.249 - - [04/Dec/2005:07:15:31 -0800] "GET /movies2/TDK3.zip HTTP/1.1" 206 6396260
84.57.32.249 - - [04/Dec/2005:07:15:32 -0800] "GET /movies2/TDK3.zip HTTP/1.1" 206 6499820
84.57.32.249 - - [04/Dec/2005:07:15:37 -0800] "GET /movies2/TDK3.zip HTTP/1.1" 206 5381884
84.57.6.204 - - [04/Dec/2005:07:15:43 -0800] "GET /movies2/TDK3.zip HTTP/1.1" 206 11908908
84.57.6.204 - - [04/Dec/2005:07:15:45 -0800] "GET /movies2/TDK3.zip HTTP/1.1" 206 12182348
84.57.6.204 - - [04/Dec/2005:07:15:47 -0800] "GET /movies2/TDK3.zip HTTP/1.1" 206 11578032
84.57.6.204 - - [04/Dec/2005:07:15:47 -0800] "GET /movies2/TDK3.zip HTTP/1.1" 206 10920224
84.57.6.204 - - [04/Dec/2005:07:15:48 -0800] "GET /movies2/TDK3.zip HTTP/1.1" 206 12796854
84.57.6.204 - - [04/Dec/2005:07:15:48 -0800] "GET /movies2/TDK3.zip HTTP/1.1" 206 12281328
84.57.6.204 - - [04/Dec/2005:07:15:48 -0800] "GET /movies2/TDK3.zip HTTP/1.1" 206 11395014
84.57.6.204 - - [04/Dec/2005:07:15:48 -0800] "GET /movies2/TDK3.zip HTTP/1.1" 200 12973112
84.57.6.204 - - [04/Dec/2005:07:15:48 -0800] "GET /movies2/TDK3.zip HTTP/1.1" 206 11915590
84.57.6.204 - - [04/Dec/2005:07:15:48 -0800] "GET /movies2/TDK3.zip HTTP/1.1" 206 11071828
84.57.6.204 - - [04/Dec/2005:07:15:48 -0800] "GET /movies2/TDK3.zip HTTP/1.1" 206 11425028
84.57.6.204 - - [04/Dec/2005:07:15:48 -0800] "GET /movies2/TDK3.zip HTTP/1.1" 206 11508718
84.57.6.204 - - [04/Dec/2005:07:15:48 -0800] "GET /movies2/TDK3.zip HTTP/1.1" 206 11244948
84.57.6.204 - - [04/Dec/2005:07:15:48 -0800] "GET /movies2/TDK3.zip HTTP/1.1" 206 11294078
84.57.6.204 - - [04/Dec/2005:07:15:48 -0800] "GET /movies2/TDK3.zip HTTP/1.1" 206 10750198
84.57.6.204 - - [04/Dec/2005:07:15:48 -0800] "GET /movies2/TDK3.zip HTTP/1.1" 206 11024422
84.57.6.204 - - [04/Dec/2005:07:15:48 -0800] "GET /movies2/TDK3.zip HTTP/1.1" 206 10600409
84.57.6.204 - - [04/Dec/2005:07:15:49 -0800] "GET /movies2/TDK3.zip HTTP/1.1" 206 12563042
84.57.6.204 - - [04/Dec/2005:07:15:49 -0800] "GET /movies2/TDK3.zip HTTP/1.1" 206 11196012
84.57.32.249 - - [04/Dec/2005:07:15:52 -0800] "GET /movies2/TDK3.zip HTTP/1.1" 206 5755042
84.57.32.249 - - [04/Dec/2005:07:15:57 -0800] "GET /movies2/TDK3.zip HTTP/1.1" 206 6645451
84.57.32.249 - - [04/Dec/2005:07:16:02 -0800] "GET /movies2/TDK3.zip HTTP/1.1" 206 6014234
84.57.32.249 - - [04/Dec/2005:07:16:04 -0800] "GET /movies2/TDK3.zip HTTP/1.1" 206 6748346
84.57.32.249 - - [04/Dec/2005:07:16:05 -0800] "GET /movies2/TDK3.zip HTTP/1.1" 206 5806886
84.57.32.249 - - [04/Dec/2005:07:16:05 -0800] "GET /movies2/TDK3.zip HTTP/1.1" 206 6846268
84.57.32.249 - - [04/Dec/2005:07:16:07 -0800] "GET /movies2/TDK3.zip HTTP/1.1" 206 6508126
84.57.32.249 - - [04/Dec/2005:07:16:08 -0800] "GET /movies2/TDK3.zip HTTP/1.1" 206 6770932
84.57.32.249 - - [04/Dec/2005:07:16:08 -0800] "GET /movies2/TDK3.zip HTTP/1.1" 206 1268758
84.57.32.249 - - [04/Dec/2005:07:16:10 -0800] "GET /movies2/TDK3.zip HTTP/1.1" 206 6512038
84.57.32.249 - - [04/Dec/2005:07:16:15 -0800] "GET /movies2/TDK3.zip HTTP/1.1" 206 6319700
84.57.32.249 - - [04/Dec/2005:07:16:16 -0800] "GET /movies2/TDK3.zip HTTP/1.1" 206 494562
84.57.32.249 - - [04/Dec/2005:07:16:16 -0800] "GET /movies2/TDK3.zip HTTP/1.1" 206 531316
84.57.32.249 - - [04/Dec/2005:07:16:20 -0800] "GET /movies2/TDK3.zip HTTP/1.1" 206 429180
84.57.32.249 - - [04/Dec/2005:07:16:20 -0800] "GET /movies2/TDK3.zip HTTP/1.1" 206 707478
84.57.32.249 - - [04/Dec/2005:07:16:20 -0800] "GET /movies2/TDK3.zip HTTP/1.1" 206 467850
84.57.32.249 - - [04/Dec/2005:07:16:20 -0800] "GET /movies2/TDK3.zip HTTP/1.1" 206 435912
84.57.32.249 - - [04/Dec/2005:07:16:21 -0800] "GET /movies2/TDK3.zip HTTP/1.1" 206 599187
84.57.32.249 - - [04/Dec/2005:07:16:21 -0800] "GET /movies2/TDK3.zip HTTP/1.1" 206 548294
84.57.32.249 - - [04/Dec/2005:07:16:23 -0800] "GET /movies2/TDK3.zip HTTP/1.1" 206 681488
84.57.32.249 - - [04/Dec/2005:07:16:24 -0800] "GET /movies2/TDK3.zip HTTP/1.1" 206 6725722
84.57.32.249 - - [04/Dec/2005:07:16:25 -0800] "GET /movies2/TDK3.zip HTTP/1.1" 206 939972
84.57.32.249 - - [04/Dec/2005:07:16:25 -0800] "GET /movies2/TDK3.zip HTTP/1.1" 206 5568810
84.57.32.249 - - [04/Dec/2005:07:16:25 -0800] "GET /movies2/TDK3.zip HTTP/1.1" 206 6892902
84.57.32.249 - - [04/Dec/2005:07:16:25 -0800] "GET /movies2/TDK3.zip HTTP/1.1" 206 1694956
84.57.32.249 - - [04/Dec/2005:07:16:26 -0800] "GET /movies2/TDK3.zip HTTP/1.1" 206 1522540
84.57.32.249 - - [04/Dec/2005:07:16:28 -0800] "GET /movies2/TDK3.zip HTTP/1.1" 206 8455044
84.57.32.249 - - [04/Dec/2005:07:16:28 -0800] "GET /movies2/TDK3.zip HTTP/1.1" 206 306500
84.57.32.249 - - [04/Dec/2005:07:16:30 -0800] "GET /movies2/TDK3.zip HTTP/1.1" 206 2940444
84.57.32.249 - - [04/Dec/2005:07:16:30 -0800] "GET /movies2/TDK3.zip HTTP/1.1" 206 522831
84.57.32.249 - - [04/Dec/2005:07:16:31 -0800] "GET /movies2/TDK3.zip HTTP/1.1" 206 7481882
84.57.32.249 - - [04/Dec/2005:07:16:31 -0800] "GET /movies2/TDK3.zip HTTP/1.1" 206 1969364
84.57.32.249 - - [04/Dec/2005:07:16:32 -0800] "GET /movies2/TDK3.zip HTTP/1.1" 206 1353952
84.170.79.249 - - [04/Dec/2005:07:16:33 -0800] "GET /movies2/maelstrom_cluster1.zip HTTP/1.0" 206 100368289
84.57.32.249 - - [04/Dec/2005:07:16:36 -0800] "GET /movies2/TDK3.zip HTTP/1.1" 206 7215294
211.48.2.8 - - [04/Dec/2005:07:16:44 -0800] "GET /movies/Arctic%20Darkness%208v8%20movie%20Healer%20PoV.rar HTTP/1.1" 200 143808790
84.170.79.249 - - [04/Dec/2005:07:17:01 -0800] "GET /movies2/maelstrom_cluster1.zip HTTP/1.0" 206 99993429
62.252.64.32 - - [04/Dec/2005:07:17:32 -0800] "GET /movies2/Camlann%20Shadow%20Zone.zip HTTP/1.1" 200 141905700
84.170.79.249 - - [04/Dec/2005:07:18:18 -0800] "GET /movies2/maelstrom_cluster1.zip HTTP/1.0" 206 100260025
218.232.213.178 - - [04/Dec/2005:07:18:45 -0800] "GET /movies2/freerps1.1.zip HTTP/1.1" 200 32285874
84.186.33.103 - - [04/Dec/2005:07:19:06 -0800] "GET /movies2/FR5.zip HTTP/1.1" 200 19571584
86.193.210.220 - - [04/Dec/2005:07:19:15 -0800] "GET /movies/Deception4.zip HTTP/1.1" 206 4797625
67.101.30.6 - - [04/Dec/2005:07:19:32 -0800] "GET /movies/PD%20leirvik.zip HTTP/1.1" 200 709916
212.158.208.60 - - [04/Dec/2005:07:20:35 -0800] "GET /favicon.ico HTTP/1.1" 404 283
212.158.208.60 - - [04/Dec/2005:07:20:45 -0800] "GET /movies2/todanceamongthedead_zilreed.zip HTTP/1.1" 200 543080
83.205.79.42 - - [04/Dec/2005:07:20:55 -0800] "GET /movies/Deception4.zip HTTP/1.1" 206 9684996
84.174.148.242 - - [04/Dec/2005:07:21:42 -0800] "GET /movies2/rvr.zip HTTP/1.1" 200 72776928
87.123.107.109 - - [04/Dec/2005:07:23:57 -0800] "GET /movies/Alb-Merlin.zip HTTP/1.1" 200 110362111
82.83.130.172 - - [04/Dec/2005:07:24:46 -0800] "GET /movies2/forItawithlove.zip HTTP/1.1" 200 100690079
83.177.255.110 - - [04/Dec/2005:07:24:51 -0800] "GET /movies/HeretankVideo1.zip HTTP/1.1" 200 143353189
80.133.106.73 - - [04/Dec/2005:07:25:02 -0800] "GET /movies/CamlannSurvivors.zip HTTP/1.1" 200 24323305
218.167.73.168 - - [04/Dec/2005:07:25:45 -0800] "GET /movies/blood1.zip HTTP/1.1" 200 202256028
87.89.230.21 - - [04/Dec/2005:07:25:51 -0800] "GET /movies2/Obso.zip HTTP/1.1" 200 109229556
85.212.171.219 - - [04/Dec/2005:07:26:06 -0800] "GET /movies/Tzimizepugs1.zip HTTP/1.1" 200 117648091
83.177.207.124 - - [04/Dec/2005:07:27:31 -0800] "GET /movies/theurg2ndmovie.zip HTTP/1.1" 200 111524092
211.48.2.8 - - [04/Dec/2005:07:27:41 -0800] "GET /movies/pug_0001.zip HTTP/1.1" 200 174779297
85.212.171.219 - - [04/Dec/2005:07:28:51 -0800] "GET /movies2/Vegr.zip HTTP/1.1" 200 396911169
195.4.128.175 - - [04/Dec/2005:07:29:56 -0800] "GET /movies2/Cilivielmovie5.zip HTTP/1.1" 200 280459714
80.219.191.107 - - [04/Dec/2005:07:30:01 -0800] "GET /movies/TDKBoldJihad.zip HTTP/1.1" 200 191668203
84.161.208.238 - - [04/Dec/2005:07:30:27 -0800] "GET /movies2/sepp_0001.zip HTTP/1.1" 200 18144822
82.135.85.142 - - [04/Dec/2005:07:30:56 -0800] "GET /movies/Xora_MeleeRanger.zip HTTP/1.1" 206 86277867
83.177.255.110 - - [04/Dec/2005:07:30:58 -0800] "GET /movies/Heretic%20in%20NF.zip HTTP/1.1" 200 148589455
218.167.73.168 - - [04/Dec/2005:07:32:21 -0800] "GET /movies2/FShatin07.zip HTTP/1.1" 200 205046585
83.192.57.121 - - [04/Dec/2005:07:32:50 -0800] "GET /movies/Mah%20SB%20Vid_0001.zip HTTP/1.1" 206 24956659
83.192.57.121 - - [04/Dec/2005:07:33:02 -0800] "GET /movies/Mah%20SB%20Vid_0001.zip HTTP/1.1" 206 24956658
83.192.57.121 - - [04/Dec/2005:07:33:07 -0800] "GET /movies/Mah%20SB%20Vid_0001.zip HTTP/1.1" 206 24956659
83.192.57.121 - - [04/Dec/2005:07:33:09 -0800] "GET /movies/Mah%20SB%20Vid_0001.zip HTTP/1.1" 206 24956659
84.147.168.6 - - [04/Dec/2005:07:33:43 -0800] "GET /movies/pug_0001.zip HTTP/1.1" 200 174779297
80.162.97.56 - - [04/Dec/2005:07:34:16 -0800] "GET /movies/Frozensolid%20The%20Movie.zip HTTP/1.1" 200 144896280
71.96.23.108 - - [04/Dec/2005:07:36:26 -0800] "GET /movies/Ciliviel's%20Fourth.zip HTTP/1.1" 200 7159352
83.201.129.111 - - [04/Dec/2005:07:36:39 -0800] "GET /movies/Albstalker.zip HTTP/1.1" 206 62473583
212.195.125.234 - - [04/Dec/2005:07:38:01 -0800] "GET /movies/AmishParadise.zip HTTP/1.1" 200 15299
212.195.125.234 - - [04/Dec/2005:07:38:01 -0800] "GET /favicon.ico HTTP/1.1" 404 283
193.253.199.50 - - [04/Dec/2005:07:38:18 -0800] "GET /movies2/sepp_0001.zip HTTP/1.1" 200 18144822
82.83.130.172 - - [04/Dec/2005:07:38:24 -0800] "GET /movies/KervarrePerc.zip HTTP/1.1" 200 106715068
212.195.125.234 - - [04/Dec/2005:07:38:49 -0800] "GET /movies/AmishParadise.zip HTTP/1.1" 206 15244
213.199.78.43 - - [04/Dec/2005:07:39:10 -0800] "GET /favicon.ico HTTP/1.1" 404 283
218.232.213.178 - - [04/Dec/2005:07:41:13 -0800] "GET /movies/heya.zip HTTP/1.1" 200 85178084
87.122.52.240 - - [04/Dec/2005:07:42:51 -0800] "GET /movies2/maelstrom_cluster1.zip HTTP/1.0" 206 115123305
84.189.154.144 - - [04/Dec/2005:07:43:03 -0800] "GET /movies2/Camlann%20Shadow%20Zone.zip HTTP/1.1" 200 1666844
87.122.52.240 - - [04/Dec/2005:07:43:33 -0800] "GET /movies2/maelstrom_cluster1.zip HTTP/1.0" 206 115123305
87.122.52.240 - - [04/Dec/2005:07:43:50 -0800] "GET /movies2/maelstrom_cluster1.zip HTTP/1.0" 206 115123297
210.107.135.116 - - [04/Dec/2005:07:44:13 -0800] "GET /movies2/rylau2.zip HTTP/1.1" 200 172412251
85.212.161.10 - - [04/Dec/2005:07:45:21 -0800] "GET /movies/Poar%202.zip HTTP/1.1" 200 191892704
210.107.135.116 - - [04/Dec/2005:07:46:30 -0800] "GET /movies/renamed_Inf%202_0001.zip HTTP/1.1" 200 142592
210.107.135.116 - - [04/Dec/2005:07:46:46 -0800] "GET /movies/Darknessvideo.zip HTTP/1.1" 200 94412
213.140.16.191 - - [04/Dec/2005:07:47:46 -0800] "GET /movies/AstinusSoloMovie2.zip HTTP/1.1" 200 184522444
83.195.116.61 - - [04/Dec/2005:07:49:49 -0800] "GET /movies2/legio_4.zip HTTP/1.1" 200 532469697
83.192.57.121 - - [04/Dec/2005:07:50:13 -0800] "GET /movies/granasiyam.zip HTTP/1.1" 206 16438985
83.192.57.121 - - [04/Dec/2005:07:50:19 -0800] "GET /movies/granasiyam.zip HTTP/1.1" 206 16438985
83.192.57.121 - - [04/Dec/2005:07:50:46 -0800] "GET /movies/granasiyam.zip HTTP/1.1" 206 16438985
83.192.57.121 - - [04/Dec/2005:07:51:21 -0800] "GET /movies/granasiyam.zip HTTP/1.1" 206 16438984
81.245.32.11 - - [04/Dec/2005:07:51:42 -0800] "GET /movies2/raabes%20abschiedsvid.zip HTTP/1.1" 200 11048675
212.202.56.63 - - [04/Dec/2005:07:52:23 -0800] "GET /favicon.ico HTTP/1.1" 404 283
84.134.230.15 - - [04/Dec/2005:07:52:51 -0800] "GET /movies2/TDK3.zip HTTP/1.1" 200 465638
85.212.161.10 - - [04/Dec/2005:07:53:25 -0800] "GET /movies/Godmode3.zip HTTP/1.1" 200 94185049
81.208.106.76 - - [04/Dec/2005:07:53:45 -0800] "GET /movies2/Illusb2k.zip HTTP/1.1" 200 9153879
83.156.208.155 - - [04/Dec/2005:07:54:47 -0800] "GET /movies/Maladon%20Mezzwalker%20.rar HTTP/1.1" 200 84769642
218.232.213.178 - - [04/Dec/2005:07:54:59 -0800] "GET /movies/chosenguardians-01.zip HTTP/1.1" 200 116719378
84.165.233.217 - - [04/Dec/2005:07:55:53 -0800] "GET /movies/Lunacide.zip HTTP/1.1" 200 82130740
86.105.209.156 - - [04/Dec/2005:07:58:11 -0800] "GET /movies/Chaotic%20and%20friends_0001.rar HTTP/1.1" 206 13574876
84.139.110.62 - - [04/Dec/2005:07:58:39 -0800] "GET /movies2/Obso.zip HTTP/1.1" 200 109229556
84.131.181.234 - - [04/Dec/2005:07:59:12 -0800] "GET /movies2/legio_3.zip HTTP/1.1" 200 384442071
210.107.135.116 - - [04/Dec/2005:08:00:54 -0800] "GET /movies/RadardByQQkaChew.zip HTTP/1.1" 200 37496444
84.238.3.19 - - [04/Dec/2005:08:03:02 -0800] "GET /movies/renamed_Druid%20%20Barden%20Vid.zip HTTP/1.1" 200 172387015
83.201.129.111 - - [04/Dec/2005:08:03:34 -0800] "GET /movies/Eliloth.zip HTTP/1.1" 206 121243763
193.175.15.234 - - [04/Dec/2005:08:03:46 -0800] "GET /movies/BDASCEND2.zip HTTP/1.0" 200 401848
87.123.25.27 - - [04/Dec/2005:08:04:03 -0800] "GET /movies2/TDK3.zip HTTP/1.1" 200 179361212
80.143.119.220 - - [04/Dec/2005:08:04:43 -0800] "GET /movies2/Shadowsong-Stormwind-raid.zip HTTP/1.1" 206 106713358
81.208.83.241 - - [04/Dec/2005:08:05:15 -0800] "GET /movies2/Camlann%20Shadow%20Zone.zip HTTP/1.1" 200 141905700
84.156.42.5 - - [04/Dec/2005:08:06:14 -0800] "GET /movies/Zeltax.zip HTTP/1.1" 200 346812
84.186.33.103 - - [04/Dec/2005:08:07:29 -0800] "GET /movies/Sorcerer%20Vid.zip HTTP/1.1" 200 99661023
80.141.214.163 - - [04/Dec/2005:08:07:37 -0800] "GET /favicon.ico HTTP/1.1" 404 283
81.247.206.126 - - [04/Dec/2005:08:07:44 -0800] "GET /favicon.ico HTTP/1.1" 404 283
80.146.92.240 - - [04/Dec/2005:08:08:06 -0800] "GET /movies2/TDK3.zip HTTP/1.1" 206 76973231
80.146.92.240 - - [04/Dec/2005:08:08:13 -0800] "GET /movies2/TDK3.zip HTTP/1.1" 206 77048376
80.135.229.14 - - [04/Dec/2005:08:08:41 -0800] "GET /movies/TDKBoldJihad.zip HTTP/1.1" 200 191668203
84.140.178.142 - - [04/Dec/2005:08:08:58 -0800] "GET /movies/HoA-Adrenaline3.zip HTTP/1.1" 200 369674825
81.240.223.233 - - [04/Dec/2005:08:09:16 -0800] "GET /movies2/legio_4.zip HTTP/1.1" 200 3816552
80.146.92.240 - - [04/Dec/2005:08:09:42 -0800] "GET /movies2/TDK3.zip HTTP/1.1" 200 77047488
81.173.228.226 - - [04/Dec/2005:08:09:59 -0800] "GET /movies2/maelstrom_cluster1.zip HTTP/1.1" 200 345369905
81.247.206.126 - - [04/Dec/2005:08:10:08 -0800] "GET /movies/2%20Tage%20RVR%20-%20Logres%20Hib.zip HTTP/1.1" 200 5975292
71.96.23.108 - - [04/Dec/2005:08:10:25 -0800] "GET /movies/Ciliviel's%20Fourth.zip HTTP/1.1" 200 320938620
81.185.100.46 - - [04/Dec/2005:08:11:13 -0800] "GET /movies/Gank+Vid+1+OF+FGH+vs+4+FGM+w+battle+sounds.zip HTTP/1.1" 404 325
80.146.92.240 - - [04/Dec/2005:08:11:23 -0800] "GET /movies2/TDK3.zip HTTP/1.1" 206 1912040
83.198.217.150 - - [04/Dec/2005:08:11:23 -0800] "GET /movies2/forItawithlove.zip HTTP/1.1" 200 15796
83.198.217.150 - - [04/Dec/2005:08:11:27 -0800] "GET /movies2/forItawithlove.zip HTTP/1.1" 206 17180
81.185.100.46 - - [04/Dec/2005:08:11:34 -0800] "GET /movies/Gank+Vid+1+OF+FGH+vs+4+FGM+w+battle+sounds.zip HTTP/1.1" 404 325
80.146.92.240 - - [04/Dec/2005:08:11:41 -0800] "GET /movies2/TDK3.zip HTTP/1.1" 206 70155344
80.146.92.240 - - [04/Dec/2005:08:11:55 -0800] "GET /movies2/TDK3.zip HTTP/1.1" 206 4592720
80.146.92.240 - - [04/Dec/2005:08:12:04 -0800] "GET /movies2/TDK3.zip HTTP/1.1" 206 4704736
80.146.92.240 - - [04/Dec/2005:08:12:04 -0800] "GET /movies2/TDK3.zip HTTP/1.1" 206 526896
80.146.92.240 - - [04/Dec/2005:08:12:06 -0800] "GET /movies2/TDK3.zip HTTP/1.1" 206 126720
80.146.92.240 - - [04/Dec/2005:08:12:06 -0800] "GET /movies2/TDK3.zip HTTP/1.1" 206 845252
80.146.92.240 - - [04/Dec/2005:08:12:07 -0800] "GET /movies2/TDK3.zip HTTP/1.1" 206 114452
80.146.92.240 - - [04/Dec/2005:08:12:07 -0800] "GET /movies2/TDK3.zip HTTP/1.1" 206 174652
80.146.92.240 - - [04/Dec/2005:08:12:07 -0800] "GET /movies2/TDK3.zip HTTP/1.1" 206 71267776
80.146.92.240 - - [04/Dec/2005:08:12:08 -0800] "GET /movies2/TDK3.zip HTTP/1.1" 206 34652
80.146.92.240 - - [04/Dec/2005:08:12:08 -0800] "GET /movies2/TDK3.zip HTTP/1.1" 206 20652
80.146.92.240 - - [04/Dec/2005:08:12:08 -0800] "GET /movies2/TDK3.zip HTTP/1.1" 206 34652
87.123.107.109 - - [04/Dec/2005:08:12:39 -0800] "GET /movies/Daily_Routine.zip HTTP/1.1" 200 206153572
84.178.45.33 - - [04/Dec/2005:08:12:47 -0800] "GET /movies/Reckless.zip HTTP/1.1" 200 131638683
84.61.42.95 - - [04/Dec/2005:08:14:24 -0800] "GET /movies2/nov15.zip HTTP/1.1" 200 40886828
84.61.42.95 - - [04/Dec/2005:08:14:25 -0800] "GET /movies2/Purified.zip HTTP/1.1" 200 47369168
80.141.214.163 - - [04/Dec/2005:08:16:02 -0800] "GET /movies2/sepp_0001.zip HTTP/1.1" 200 18144822
68.125.3.70 - - [04/Dec/2005:08:16:10 -0800] "GET /movies/KervarrePerc.zip HTTP/1.1" 200 106715068
84.59.62.245 - - [04/Dec/2005:08:16:45 -0800] "GET /movies/BealithSoloVampMovie1.zip HTTP/1.1" 200 34235484
82.135.85.142 - - [04/Dec/2005:08:16:56 -0800] "GET /movies2/Cilivielmovie5.zip HTTP/1.1" 200 156837728
82.135.85.142 - - [04/Dec/2005:08:16:56 -0800] "GET /movies/renamed_Rangers%20are%20Overpowered%20Xora%20Vol3.zip HTTP/1.1" 200 39759518
82.135.85.142 - - [04/Dec/2005:08:17:15 -0800] "GET /movies2/Cilivielmovie5.zip HTTP/1.1" 200 15518
84.134.230.15 - - [04/Dec/2005:08:17:39 -0800] "GET /movies2/TDK3.zip HTTP/1.1" 206 27195156
84.134.230.15 - - [04/Dec/2005:08:17:39 -0800] "GET /movies2/TDK3.zip HTTP/1.1" 200 27434040
82.135.85.142 - - [04/Dec/2005:08:18:46 -0800] "GET /movies/Xora_MeleeRanger.zip HTTP/1.1" 200 15519
84.58.205.253 - - [04/Dec/2005:08:19:00 -0800] "GET /movies2/legio_3.zip HTTP/1.1" 200 384442071
84.134.230.15 - - [04/Dec/2005:08:20:00 -0800] "GET /movies2/TDK3.zip HTTP/1.1" 206 25568008
84.144.74.189 - - [04/Dec/2005:08:20:02 -0800] "GET /movies2/Klockedmord.zip HTTP/1.1" 200 184280
84.134.230.15 - - [04/Dec/2005:08:20:05 -0800] "GET /movies2/TDK3.zip HTTP/1.1" 206 26519835
84.134.230.15 - - [04/Dec/2005:08:20:20 -0800] "GET /movies2/TDK3.zip HTTP/1.1" 206 26783388
86.196.193.60 - - [04/Dec/2005:08:21:09 -0800] "GET /movies/desolate%20april%201.zip HTTP/1.1" 200 114551252
84.140.213.81 - - [04/Dec/2005:08:21:21 -0800] "GET /movies2/WaffenbundTheMovie.zip HTTP/1.1" 200 69321280
