12.42.92.8 - - [30/Nov/2005:17:01:41 -0800] "GET /favicon.ico HTTP/1.1" 404 283
12.42.92.8 - - [30/Nov/2005:17:01:46 -0800] "GET /favicon.ico HTTP/1.1" 404 283
83.193.48.94 - - [30/Nov/2005:17:01:49 -0800] "GET /movies/northern_survivors.zip HTTP/1.1" 206 31198656
12.42.92.8 - - [30/Nov/2005:17:01:51 -0800] "GET /favicon.ico HTTP/1.1" 404 283
83.193.48.94 - - [30/Nov/2005:17:01:53 -0800] "GET /movies/northern_survivors.zip HTTP/1.1" 206 31245864
80.138.115.106 - - [30/Nov/2005:17:01:54 -0800] "GET /movies2/Purified.zip HTTP/1.1" 200 160426511
12.42.92.8 - - [30/Nov/2005:17:01:56 -0800] "GET /favicon.ico HTTP/1.1" 404 283
83.193.48.94 - - [30/Nov/2005:17:01:57 -0800] "GET /movies/northern_survivors.zip HTTP/1.1" 206 31245864
12.42.92.8 - - [30/Nov/2005:17:02:01 -0800] "GET /favicon.ico HTTP/1.1" 404 283
83.193.48.94 - - [30/Nov/2005:17:02:03 -0800] "GET /movies/northern_survivors.zip HTTP/1.1" 206 380696
83.193.48.94 - - [30/Nov/2005:17:02:03 -0800] "GET /movies/northern_survivors.zip HTTP/1.1" 206 350967
83.193.48.94 - - [30/Nov/2005:17:02:06 -0800] "GET /movies/northern_survivors.zip HTTP/1.1" 206 154133
12.42.92.8 - - [30/Nov/2005:17:02:06 -0800] "GET /favicon.ico HTTP/1.1" 404 283
83.193.48.94 - - [30/Nov/2005:17:02:06 -0800] "GET /movies/northern_survivors.zip HTTP/1.1" 206 1061625
83.193.48.94 - - [30/Nov/2005:17:02:07 -0800] "GET /movies/northern_survivors.zip HTTP/1.1" 206 30088084
83.193.48.94 - - [30/Nov/2005:17:02:07 -0800] "GET /movies/northern_survivors.zip HTTP/1.1" 206 31137980
83.193.48.94 - - [30/Nov/2005:17:02:07 -0800] "GET /movies/northern_survivors.zip HTTP/1.1" 206 471984
83.193.48.94 - - [30/Nov/2005:17:02:08 -0800] "GET /movies/northern_survivors.zip HTTP/1.1" 206 30023112
83.193.48.94 - - [30/Nov/2005:17:02:09 -0800] "GET /movies/northern_survivors.zip HTTP/1.1" 206 31269958
12.42.92.8 - - [30/Nov/2005:17:02:11 -0800] "GET /favicon.ico HTTP/1.1" 404 283
83.193.48.94 - - [30/Nov/2005:17:02:11 -0800] "GET /movies/northern_survivors.zip HTTP/1.1" 206 115831
12.42.92.8 - - [30/Nov/2005:17:02:16 -0800] "GET /favicon.ico HTTP/1.1" 404 283
12.42.92.8 - - [30/Nov/2005:17:02:21 -0800] "GET /favicon.ico HTTP/1.1" 404 283
12.42.92.8 - - [30/Nov/2005:17:02:26 -0800] "GET /favicon.ico HTTP/1.1" 404 283
12.42.92.8 - - [30/Nov/2005:17:02:31 -0800] "GET /favicon.ico HTTP/1.1" 404 283
12.42.92.8 - - [30/Nov/2005:17:02:36 -0800] "GET /favicon.ico HTTP/1.1" 404 283
12.42.92.8 - - [30/Nov/2005:17:02:42 -0800] "GET /favicon.ico HTTP/1.1" 404 283
12.42.92.8 - - [30/Nov/2005:17:02:47 -0800] "GET /favicon.ico HTTP/1.1" 404 283
12.42.92.8 - - [30/Nov/2005:17:02:52 -0800] "GET /favicon.ico HTTP/1.1" 404 283
202.90.73.111 - - [30/Nov/2005:17:02:52 -0800] "GET /movies/Hisoiltir.zip HTTP/1.1" 206 381696
12.42.92.8 - - [30/Nov/2005:17:02:57 -0800] "GET /favicon.ico HTTP/1.1" 404 283
12.42.92.8 - - [30/Nov/2005:17:03:02 -0800] "GET /favicon.ico HTTP/1.1" 404 283
202.90.73.111 - - [30/Nov/2005:17:03:05 -0800] "GET /movies/Hisoiltir.zip HTTP/1.1" 206 277640
12.42.92.8 - - [30/Nov/2005:17:03:07 -0800] "GET /favicon.ico HTTP/1.1" 404 283
12.42.92.8 - - [30/Nov/2005:17:03:12 -0800] "GET /favicon.ico HTTP/1.1" 404 283
80.134.117.121 - - [30/Nov/2005:17:03:14 -0800] "GET /movies2/CloakedkillerTheCritblade.zip HTTP/1.1" 200 67240544
80.134.117.121 - - [30/Nov/2005:17:03:17 -0800] "HEAD /movies2/CloakedkillerTheCritblade.zip HTTP/1.1" 200 0
12.42.92.8 - - [30/Nov/2005:17:03:17 -0800] "GET /favicon.ico HTTP/1.1" 404 283
202.90.73.111 - - [30/Nov/2005:17:03:18 -0800] "GET /movies/Hisoiltir.zip HTTP/1.1" 206 417400
80.139.192.190 - - [30/Nov/2005:17:03:20 -0800] "GET /movies/For%20Science%20-%20Tower%20Camping%20101.zip HTTP/1.1" 200 139842910
12.42.92.8 - - [30/Nov/2005:17:03:22 -0800] "GET /favicon.ico HTTP/1.1" 404 283
202.90.73.111 - - [30/Nov/2005:17:03:23 -0800] "GET /movies/Hisoiltir.zip HTTP/1.1" 206 420989
202.90.73.111 - - [30/Nov/2005:17:03:23 -0800] "GET /movies/Hisoiltir.zip HTTP/1.1" 206 290392
12.42.92.8 - - [30/Nov/2005:17:03:27 -0800] "GET /favicon.ico HTTP/1.1" 404 283
12.42.92.8 - - [30/Nov/2005:17:03:32 -0800] "GET /favicon.ico HTTP/1.1" 404 283
202.90.73.111 - - [30/Nov/2005:17:03:34 -0800] "GET /movies/Hisoiltir.zip HTTP/1.1" 206 287770
12.42.92.8 - - [30/Nov/2005:17:03:37 -0800] "GET /favicon.ico HTTP/1.1" 404 283
12.42.92.8 - - [30/Nov/2005:17:03:42 -0800] "GET /favicon.ico HTTP/1.1" 404 283
12.42.92.8 - - [30/Nov/2005:17:03:47 -0800] "GET /favicon.ico HTTP/1.1" 404 283
12.42.92.8 - - [30/Nov/2005:17:03:52 -0800] "GET /favicon.ico HTTP/1.1" 404 283
12.42.92.8 - - [30/Nov/2005:17:03:57 -0800] "GET /favicon.ico HTTP/1.1" 404 283
83.193.48.94 - - [30/Nov/2005:17:04:00 -0800] "HEAD /movies2/Obso.zip HTTP/1.1" 200 0
83.193.48.94 - - [30/Nov/2005:17:04:02 -0800] "GET /movies2/Obso.zip HTTP/1.1" 206 23361
12.42.92.8 - - [30/Nov/2005:17:04:02 -0800] "GET /favicon.ico HTTP/1.1" 404 283
12.42.92.8 - - [30/Nov/2005:17:04:07 -0800] "GET /favicon.ico HTTP/1.1" 404 283
12.42.92.8 - - [30/Nov/2005:17:04:13 -0800] "GET /favicon.ico HTTP/1.1" 404 283
84.180.188.246 - - [30/Nov/2005:17:04:17 -0800] "GET /movies/ACL%204.zip HTTP/1.1" 200 53376
12.42.92.8 - - [30/Nov/2005:17:04:18 -0800] "GET /favicon.ico HTTP/1.1" 404 283
12.42.92.8 - - [30/Nov/2005:17:04:23 -0800] "GET /favicon.ico HTTP/1.1" 404 283
202.90.73.111 - - [30/Nov/2005:17:04:27 -0800] "GET /movies/Hisoiltir.zip HTTP/1.1" 206 262008
12.42.92.8 - - [30/Nov/2005:17:04:28 -0800] "GET /favicon.ico HTTP/1.1" 404 283
12.42.92.8 - - [30/Nov/2005:17:04:33 -0800] "GET /favicon.ico HTTP/1.1" 404 283
12.42.92.8 - - [30/Nov/2005:17:04:38 -0800] "GET /favicon.ico HTTP/1.1" 404 283
12.42.92.8 - - [30/Nov/2005:17:04:43 -0800] "GET /favicon.ico HTTP/1.1" 404 283
202.90.73.111 - - [30/Nov/2005:17:04:44 -0800] "GET /movies/Hisoiltir.zip HTTP/1.1" 206 254272
202.90.73.111 - - [30/Nov/2005:17:04:45 -0800] "GET /movies/Hisoiltir.zip HTTP/1.1" 200 15607
12.42.92.8 - - [30/Nov/2005:17:04:48 -0800] "GET /favicon.ico HTTP/1.1" 404 283
84.180.188.246 - - [30/Nov/2005:17:04:52 -0800] "GET /movies/ACL%204.zip HTTP/1.1" 200 901536
150.108.232.32 - - [30/Nov/2005:17:04:52 -0800] "GET /movies2/maelstrom_cluster1.zip HTTP/1.1" 200 345369905
12.42.92.8 - - [30/Nov/2005:17:04:53 -0800] "GET /favicon.ico HTTP/1.1" 404 283
202.90.73.111 - - [30/Nov/2005:17:04:58 -0800] "GET /movies/Hisoiltir.zip HTTP/1.1" 206 587505
12.42.92.8 - - [30/Nov/2005:17:04:58 -0800] "GET /favicon.ico HTTP/1.1" 404 283
80.134.117.121 - - [30/Nov/2005:17:05:00 -0800] "GET /movies2/CloakedkillerTheCritblade.zip HTTP/1.1" 200 3478688
12.42.92.8 - - [30/Nov/2005:17:05:03 -0800] "GET /favicon.ico HTTP/1.1" 404 283
202.90.73.111 - - [30/Nov/2005:17:05:06 -0800] "GET /movies/Hisoiltir.zip HTTP/1.1" 206 378993
12.42.92.8 - - [30/Nov/2005:17:05:08 -0800] "GET /favicon.ico HTTP/1.1" 404 283
12.42.92.8 - - [30/Nov/2005:17:05:13 -0800] "GET /favicon.ico HTTP/1.1" 404 283
12.42.92.8 - - [30/Nov/2005:17:05:18 -0800] "GET /favicon.ico HTTP/1.1" 404 283
12.42.92.8 - - [30/Nov/2005:17:05:23 -0800] "GET /favicon.ico HTTP/1.1" 404 283
12.42.92.8 - - [30/Nov/2005:17:05:28 -0800] "GET /favicon.ico HTTP/1.1" 404 283
12.42.92.8 - - [30/Nov/2005:17:05:34 -0800] "GET /favicon.ico HTTP/1.1" 404 283
12.42.92.8 - - [30/Nov/2005:17:05:39 -0800] "GET /favicon.ico HTTP/1.1" 404 283
202.90.73.111 - - [30/Nov/2005:17:05:43 -0800] "GET /movies/Hisoiltir.zip HTTP/1.1" 206 414048
12.42.92.8 - - [30/Nov/2005:17:05:44 -0800] "GET /favicon.ico HTTP/1.1" 404 283
202.90.73.111 - - [30/Nov/2005:17:05:48 -0800] "GET /movies/Hisoiltir.zip HTTP/1.1" 206 319888
12.42.92.8 - - [30/Nov/2005:17:05:49 -0800] "GET /favicon.ico HTTP/1.1" 404 283
12.42.92.8 - - [30/Nov/2005:17:05:54 -0800] "GET /favicon.ico HTTP/1.1" 404 283
84.180.188.246 - - [30/Nov/2005:17:05:56 -0800] "GET /movies/ACL%204.zip HTTP/1.1" 200 53376
12.42.92.8 - - [30/Nov/2005:17:05:59 -0800] "GET /favicon.ico HTTP/1.1" 404 283
12.42.92.8 - - [30/Nov/2005:17:06:04 -0800] "GET /favicon.ico HTTP/1.1" 404 283
12.42.92.8 - - [30/Nov/2005:17:06:09 -0800] "GET /favicon.ico HTTP/1.1" 404 283
12.42.92.8 - - [30/Nov/2005:17:06:14 -0800] "GET /favicon.ico HTTP/1.1" 404 283
12.42.92.8 - - [30/Nov/2005:17:06:19 -0800] "GET /favicon.ico HTTP/1.1" 404 283
202.90.73.111 - - [30/Nov/2005:17:06:21 -0800] "GET /movies/Hisoiltir.zip HTTP/1.1" 206 173380
12.42.92.8 - - [30/Nov/2005:17:06:24 -0800] "GET /favicon.ico HTTP/1.1" 404 283
12.42.92.8 - - [30/Nov/2005:17:06:29 -0800] "GET /favicon.ico HTTP/1.1" 404 283
12.42.92.8 - - [30/Nov/2005:17:06:34 -0800] "GET /favicon.ico HTTP/1.1" 404 283
84.180.188.246 - - [30/Nov/2005:17:06:38 -0800] "GET /movies/ACL%204.zip HTTP/1.1" 200 262176
202.90.73.111 - - [30/Nov/2005:17:06:39 -0800] "GET /movies/Hisoiltir.zip HTTP/1.1" 206 442706
12.42.92.8 - - [30/Nov/2005:17:06:39 -0800] "GET /favicon.ico HTTP/1.1" 404 283
12.42.92.8 - - [30/Nov/2005:17:06:44 -0800] "GET /favicon.ico HTTP/1.1" 404 283
12.42.92.8 - - [30/Nov/2005:17:06:50 -0800] "GET /favicon.ico HTTP/1.1" 404 283
12.42.92.8 - - [30/Nov/2005:17:06:55 -0800] "GET /favicon.ico HTTP/1.1" 404 283
202.90.73.111 - - [30/Nov/2005:17:06:55 -0800] "GET /movies/Hisoiltir.zip HTTP/1.1" 206 507632
84.73.85.95 - - [30/Nov/2005:17:06:57 -0800] "GET /movies/Etti_SB_Ava_Mid.zip HTTP/1.1" 200 99662198
12.42.92.8 - - [30/Nov/2005:17:07:00 -0800] "GET /favicon.ico HTTP/1.1" 404 283
84.180.188.246 - - [30/Nov/2005:17:07:04 -0800] "GET /movies/ACL%204.zip HTTP/1.1" 200 53376
12.42.92.8 - - [30/Nov/2005:17:07:05 -0800] "GET /favicon.ico HTTP/1.1" 404 283
12.42.92.8 - - [30/Nov/2005:17:07:10 -0800] "GET /favicon.ico HTTP/1.1" 404 283
12.42.92.8 - - [30/Nov/2005:17:07:15 -0800] "GET /favicon.ico HTTP/1.1" 404 283
202.90.73.111 - - [30/Nov/2005:17:07:16 -0800] "GET /movies/Hisoiltir.zip HTTP/1.1" 206 476648
12.42.92.8 - - [30/Nov/2005:17:07:20 -0800] "GET /favicon.ico HTTP/1.1" 404 283
202.90.73.111 - - [30/Nov/2005:17:07:24 -0800] "GET /movies/Hisoiltir.zip HTTP/1.1" 206 381160
12.42.92.8 - - [30/Nov/2005:17:07:25 -0800] "GET /favicon.ico HTTP/1.1" 404 283
12.42.92.8 - - [30/Nov/2005:17:07:30 -0800] "GET /favicon.ico HTTP/1.1" 404 283
202.90.73.111 - - [30/Nov/2005:17:07:32 -0800] "GET /movies/Hisoiltir.zip HTTP/1.1" 206 453144
12.42.92.8 - - [30/Nov/2005:17:07:35 -0800] "GET /favicon.ico HTTP/1.1" 404 283
12.42.92.8 - - [30/Nov/2005:17:07:40 -0800] "GET /favicon.ico HTTP/1.1" 404 283
12.42.92.8 - - [30/Nov/2005:17:07:45 -0800] "GET /favicon.ico HTTP/1.1" 404 283
202.90.73.111 - - [30/Nov/2005:17:07:48 -0800] "GET /movies/Hisoiltir.zip HTTP/1.1" 206 254468
12.42.92.8 - - [30/Nov/2005:17:07:50 -0800] "GET /favicon.ico HTTP/1.1" 404 283
12.42.92.8 - - [30/Nov/2005:17:07:55 -0800] "GET /favicon.ico HTTP/1.1" 404 283
12.42.92.8 - - [30/Nov/2005:17:08:00 -0800] "GET /favicon.ico HTTP/1.1" 404 283
12.42.92.8 - - [30/Nov/2005:17:08:06 -0800] "GET /favicon.ico HTTP/1.1" 404 283
209.233.130.252 - - [30/Nov/2005:17:08:09 -0800] "GET /movies2/Kalloth%20ARRVEEARR2.zip HTTP/1.1" 200 275737050
12.42.92.8 - - [30/Nov/2005:17:08:11 -0800] "GET /favicon.ico HTTP/1.1" 404 283
12.42.92.8 - - [30/Nov/2005:17:08:16 -0800] "GET /favicon.ico HTTP/1.1" 404 283
202.90.73.111 - - [30/Nov/2005:17:08:16 -0800] "GET /movies/Hisoiltir.zip HTTP/1.1" 206 755200
202.90.73.111 - - [30/Nov/2005:17:08:18 -0800] "GET /movies/Hisoiltir.zip HTTP/1.1" 206 584610
12.42.92.8 - - [30/Nov/2005:17:08:21 -0800] "GET /favicon.ico HTTP/1.1" 404 283
12.42.92.8 - - [30/Nov/2005:17:08:26 -0800] "GET /favicon.ico HTTP/1.1" 404 283
12.42.92.8 - - [30/Nov/2005:17:08:31 -0800] "GET /favicon.ico HTTP/1.1" 404 283
62.16.180.231 - - [30/Nov/2005:17:08:34 -0800] "GET /movies/KervarrePerc.zip HTTP/1.1" 200 18658
12.42.92.8 - - [30/Nov/2005:17:08:36 -0800] "GET /favicon.ico HTTP/1.1" 404 283
12.42.92.8 - - [30/Nov/2005:17:08:41 -0800] "GET /favicon.ico HTTP/1.1" 404 283
12.42.92.8 - - [30/Nov/2005:17:08:46 -0800] "GET /favicon.ico HTTP/1.1" 404 283
202.90.73.111 - - [30/Nov/2005:17:08:46 -0800] "GET /movies/Hisoiltir.zip HTTP/1.1" 206 581714
12.42.92.8 - - [30/Nov/2005:17:08:51 -0800] "GET /favicon.ico HTTP/1.1" 404 283
12.42.92.8 - - [30/Nov/2005:17:08:56 -0800] "GET /favicon.ico HTTP/1.1" 404 283
12.42.92.8 - - [30/Nov/2005:17:09:01 -0800] "GET /favicon.ico HTTP/1.1" 404 283
212.254.168.109 - - [30/Nov/2005:17:09:04 -0800] "GET /movies2/Obso.zip HTTP/1.1" 200 109229556
12.42.92.8 - - [30/Nov/2005:17:09:06 -0800] "GET /favicon.ico HTTP/1.1" 404 283
12.42.92.8 - - [30/Nov/2005:17:09:11 -0800] "GET /favicon.ico HTTP/1.1" 404 283
213.140.22.76 - - [30/Nov/2005:17:09:15 -0800] "GET /movies/renamed_Clustering%20The%20True%20Story.rar HTTP/1.1" 206 17184
12.42.92.8 - - [30/Nov/2005:17:09:16 -0800] "GET /favicon.ico HTTP/1.1" 404 283
213.140.22.76 - - [30/Nov/2005:17:09:18 -0800] "GET /movies/renamed_Clustering%20The%20True%20Story.rar HTTP/1.1" 200 697563
202.90.73.111 - - [30/Nov/2005:17:09:18 -0800] "GET /movies/Hisoiltir.zip HTTP/1.1" 206 612224
12.42.92.8 - - [30/Nov/2005:17:09:21 -0800] "GET /favicon.ico HTTP/1.1" 404 283
12.42.92.8 - - [30/Nov/2005:17:09:26 -0800] "GET /favicon.ico HTTP/1.1" 404 283
12.42.92.8 - - [30/Nov/2005:17:09:32 -0800] "GET /favicon.ico HTTP/1.1" 404 283
12.42.92.8 - - [30/Nov/2005:17:09:37 -0800] "GET /favicon.ico HTTP/1.1" 404 283
12.42.92.8 - - [30/Nov/2005:17:09:42 -0800] "GET /favicon.ico HTTP/1.1" 404 283
12.42.92.8 - - [30/Nov/2005:17:09:47 -0800] "GET /favicon.ico HTTP/1.1" 404 283
83.193.48.94 - - [30/Nov/2005:17:09:50 -0800] "GET /movies2/Obso.zip HTTP/1.1" 206 13642767
12.42.92.8 - - [30/Nov/2005:17:09:52 -0800] "GET /favicon.ico HTTP/1.1" 404 283
12.42.92.8 - - [30/Nov/2005:17:09:57 -0800] "GET /favicon.ico HTTP/1.1" 404 283
12.42.92.8 - - [30/Nov/2005:17:10:02 -0800] "GET /favicon.ico HTTP/1.1" 404 283
213.140.22.76 - - [30/Nov/2005:17:10:05 -0800] "GET /movies/Another%20Contender.zip HTTP/1.1" 200 236198
12.42.92.8 - - [30/Nov/2005:17:10:07 -0800] "GET /favicon.ico HTTP/1.1" 404 283
12.42.92.8 - - [30/Nov/2005:17:10:12 -0800] "GET /favicon.ico HTTP/1.1" 404 283
12.42.92.8 - - [30/Nov/2005:17:10:17 -0800] "GET /favicon.ico HTTP/1.1" 404 283
83.193.48.94 - - [30/Nov/2005:17:10:17 -0800] "GET /movies2/Obso.zip HTTP/1.1" 206 12554200
83.193.48.94 - - [30/Nov/2005:17:10:18 -0800] "GET /movies2/Obso.zip HTTP/1.1" 206 13698932
213.140.22.76 - - [30/Nov/2005:17:10:20 -0800] "GET /movies/Another%20Contender.zip HTTP/1.1" 206 14259
83.193.48.94 - - [30/Nov/2005:17:10:22 -0800] "GET /movies2/Obso.zip HTTP/1.1" 206 1162533
12.42.92.8 - - [30/Nov/2005:17:10:22 -0800] "GET /favicon.ico HTTP/1.1" 404 283
83.193.48.94 - - [30/Nov/2005:17:10:25 -0800] "GET /movies2/Obso.zip HTTP/1.1" 206 13182808
12.42.92.8 - - [30/Nov/2005:17:10:27 -0800] "GET /favicon.ico HTTP/1.1" 404 283
83.193.48.94 - - [30/Nov/2005:17:10:28 -0800] "GET /movies2/Obso.zip HTTP/1.1" 206 203178
83.193.48.94 - - [30/Nov/2005:17:10:29 -0800] "GET /movies2/Obso.zip HTTP/1.1" 206 576680
83.193.48.94 - - [30/Nov/2005:17:10:31 -0800] "GET /movies2/Obso.zip HTTP/1.1" 206 12954820
83.193.48.94 - - [30/Nov/2005:17:10:31 -0800] "GET /movies2/Obso.zip HTTP/1.1" 206 13674276
202.90.73.111 - - [30/Nov/2005:17:10:32 -0800] "GET /movies/Hisoiltir.zip HTTP/1.1" 206 638488
12.42.92.8 - - [30/Nov/2005:17:10:32 -0800] "GET /favicon.ico HTTP/1.1" 404 283
83.193.48.94 - - [30/Nov/2005:17:10:33 -0800] "GET /movies2/Obso.zip HTTP/1.1" 206 297672
83.193.48.94 - - [30/Nov/2005:17:10:34 -0800] "GET /movies2/Obso.zip HTTP/1.1" 206 13680996
83.193.48.94 - - [30/Nov/2005:17:10:35 -0800] "GET /movies2/Obso.zip HTTP/1.1" 206 162780
83.193.48.94 - - [30/Nov/2005:17:10:36 -0800] "GET /movies2/Obso.zip HTTP/1.1" 206 13644428
83.193.48.94 - - [30/Nov/2005:17:10:37 -0800] "GET /movies2/Obso.zip HTTP/1.1" 206 15737
12.42.92.8 - - [30/Nov/2005:17:10:37 -0800] "GET /favicon.ico HTTP/1.1" 404 283
12.42.92.8 - - [30/Nov/2005:17:10:42 -0800] "GET /favicon.ico HTTP/1.1" 404 283
12.42.92.8 - - [30/Nov/2005:17:10:47 -0800] "GET /favicon.ico HTTP/1.1" 404 283
12.42.92.8 - - [30/Nov/2005:17:10:52 -0800] "GET /favicon.ico HTTP/1.1" 404 283
202.90.73.111 - - [30/Nov/2005:17:10:57 -0800] "GET /movies/Hisoiltir.zip HTTP/1.1" 206 489104
12.42.92.8 - - [30/Nov/2005:17:10:58 -0800] "GET /favicon.ico HTTP/1.1" 404 283
12.42.92.8 - - [30/Nov/2005:17:11:03 -0800] "GET /favicon.ico HTTP/1.1" 404 283
202.90.73.111 - - [30/Nov/2005:17:11:03 -0800] "GET /movies/Hisoiltir.zip HTTP/1.1" 206 529888
12.42.92.8 - - [30/Nov/2005:17:11:08 -0800] "GET /favicon.ico HTTP/1.1" 404 283
12.42.92.8 - - [30/Nov/2005:17:11:13 -0800] "GET /favicon.ico HTTP/1.1" 404 283
12.42.92.8 - - [30/Nov/2005:17:11:18 -0800] "GET /favicon.ico HTTP/1.1" 404 283
12.42.92.8 - - [30/Nov/2005:17:11:23 -0800] "GET /favicon.ico HTTP/1.1" 404 283
12.42.92.8 - - [30/Nov/2005:17:11:28 -0800] "GET /favicon.ico HTTP/1.1" 404 283
12.42.92.8 - - [30/Nov/2005:17:11:33 -0800] "GET /favicon.ico HTTP/1.1" 404 283
12.42.92.8 - - [30/Nov/2005:17:11:38 -0800] "GET /favicon.ico HTTP/1.1" 404 283
12.42.92.8 - - [30/Nov/2005:17:11:43 -0800] "GET /favicon.ico HTTP/1.1" 404 283
12.42.92.8 - - [30/Nov/2005:17:11:48 -0800] "GET /favicon.ico HTTP/1.1" 404 283
202.90.73.111 - - [30/Nov/2005:17:11:51 -0800] "GET /movies/Hisoiltir.zip HTTP/1.1" 206 207360
12.42.92.8 - - [30/Nov/2005:17:11:53 -0800] "GET /favicon.ico HTTP/1.1" 404 283
12.42.92.8 - - [30/Nov/2005:17:11:58 -0800] "GET /favicon.ico HTTP/1.1" 404 283
202.90.73.111 - - [30/Nov/2005:17:11:59 -0800] "GET /movies/Hisoiltir.zip HTTP/1.1" 206 750856
12.42.92.8 - - [30/Nov/2005:17:12:03 -0800] "GET /favicon.ico HTTP/1.1" 404 283
12.42.92.8 - - [30/Nov/2005:17:12:08 -0800] "GET /favicon.ico HTTP/1.1" 404 283
12.42.92.8 - - [30/Nov/2005:17:12:13 -0800] "GET /favicon.ico HTTP/1.1" 404 283
12.42.92.8 - - [30/Nov/2005:17:12:18 -0800] "GET /favicon.ico HTTP/1.1" 404 283
84.92.34.67 - - [30/Nov/2005:17:12:19 -0800] "GET /movies2/mof2.zip HTTP/1.1" 200 312575126
12.42.92.8 - - [30/Nov/2005:17:12:24 -0800] "GET /favicon.ico HTTP/1.1" 404 283
12.42.92.8 - - [30/Nov/2005:17:12:29 -0800] "GET /favicon.ico HTTP/1.1" 404 283
12.42.92.8 - - [30/Nov/2005:17:12:34 -0800] "GET /favicon.ico HTTP/1.1" 404 283
12.42.92.8 - - [30/Nov/2005:17:12:39 -0800] "GET /favicon.ico HTTP/1.1" 404 283
12.42.92.8 - - [30/Nov/2005:17:12:44 -0800] "GET /favicon.ico HTTP/1.1" 404 283
202.90.73.111 - - [30/Nov/2005:17:12:50 -0800] "GET /movies/Hisoiltir.zip HTTP/1.1" 206 716680
202.90.73.111 - - [30/Nov/2005:17:12:53 -0800] "GET /movies/Hisoiltir.zip HTTP/1.1" 206 893672
82.236.100.62 - - [30/Nov/2005:17:12:55 -0800] "GET /movies2/Fatal%20Strike.zip HTTP/1.1" 200 3243800
69.243.54.251 - - [30/Nov/2005:17:13:00 -0800] "GET /movies/Warlocked.zip HTTP/1.1" 200 2113925
83.193.48.94 - - [30/Nov/2005:17:13:02 -0800] "HEAD /movies/NS.zip HTTP/1.1" 200 0
83.193.48.94 - - [30/Nov/2005:17:13:04 -0800] "GET /movies/NS.zip HTTP/1.1" 206 23361
202.90.73.111 - - [30/Nov/2005:17:13:09 -0800] "GET /movies/Hisoiltir.zip HTTP/1.1" 206 302552
12.42.92.8 - - [30/Nov/2005:17:14:00 -0800] "GET /favicon.ico HTTP/1.1" 404 283
202.90.73.111 - - [30/Nov/2005:17:14:03 -0800] "GET /movies/Hisoiltir.zip HTTP/1.1" 206 893336
12.42.92.8 - - [30/Nov/2005:17:14:05 -0800] "GET /favicon.ico HTTP/1.1" 404 283
12.42.92.8 - - [30/Nov/2005:17:14:10 -0800] "GET /favicon.ico HTTP/1.1" 404 283
12.42.92.8 - - [30/Nov/2005:17:14:15 -0800] "GET /favicon.ico HTTP/1.1" 404 283
12.42.92.8 - - [30/Nov/2005:17:14:20 -0800] "GET /favicon.ico HTTP/1.1" 404 283
12.42.92.8 - - [30/Nov/2005:17:14:25 -0800] "GET /favicon.ico HTTP/1.1" 404 283
12.42.92.8 - - [30/Nov/2005:17:14:30 -0800] "GET /favicon.ico HTTP/1.1" 404 283
69.243.54.251 - - [30/Nov/2005:17:14:32 -0800] "GET /movies/bodiezfirstmovie.zip HTTP/1.1" 200 20812937
12.42.92.8 - - [30/Nov/2005:17:14:35 -0800] "GET /favicon.ico HTTP/1.1" 404 283
84.181.137.79 - - [30/Nov/2005:17:14:38 -0800] "GET /movies/H4X.zip HTTP/1.1" 200 21162235
12.42.92.8 - - [30/Nov/2005:17:14:40 -0800] "GET /favicon.ico HTTP/1.1" 404 283
12.42.92.8 - - [30/Nov/2005:17:14:45 -0800] "GET /favicon.ico HTTP/1.1" 404 283
24.202.24.152 - - [30/Nov/2005:17:14:49 -0800] "GET /movies2/Solo%20vid.zip HTTP/1.1" 200 67295711
12.42.92.8 - - [30/Nov/2005:17:14:50 -0800] "GET /favicon.ico HTTP/1.1" 404 283
12.42.92.8 - - [30/Nov/2005:17:14:55 -0800] "GET /favicon.ico HTTP/1.1" 404 283
12.42.92.8 - - [30/Nov/2005:17:15:00 -0800] "GET /favicon.ico HTTP/1.1" 404 283
202.90.73.111 - - [30/Nov/2005:17:15:01 -0800] "GET /movies/Hisoiltir.zip HTTP/1.1" 206 469072
213.44.11.109 - - [30/Nov/2005:17:15:01 -0800] "GET /movies/Ciliviel's%20Fourth.zip HTTP/1.1" 200 320938620
12.42.92.8 - - [30/Nov/2005:17:15:06 -0800] "GET /favicon.ico HTTP/1.1" 404 283
202.90.73.111 - - [30/Nov/2005:17:15:10 -0800] "GET /movies/Hisoiltir.zip HTTP/1.1" 206 166896
12.42.92.8 - - [30/Nov/2005:17:15:11 -0800] "GET /favicon.ico HTTP/1.1" 404 283
12.42.92.8 - - [30/Nov/2005:17:15:16 -0800] "GET /favicon.ico HTTP/1.1" 404 283
12.42.92.8 - - [30/Nov/2005:17:15:21 -0800] "GET /favicon.ico HTTP/1.1" 404 283
12.42.92.8 - - [30/Nov/2005:17:15:26 -0800] "GET /favicon.ico HTTP/1.1" 404 283
202.90.73.111 - - [30/Nov/2005:17:15:29 -0800] "GET /movies/Hisoiltir.zip HTTP/1.1" 206 748992
12.42.92.8 - - [30/Nov/2005:17:15:31 -0800] "GET /favicon.ico HTTP/1.1" 404 283
12.42.92.8 - - [30/Nov/2005:17:15:36 -0800] "GET /favicon.ico HTTP/1.1" 404 283
202.90.73.111 - - [30/Nov/2005:17:15:36 -0800] "GET /movies/Hisoiltir.zip HTTP/1.1" 206 652904
12.42.92.8 - - [30/Nov/2005:17:15:41 -0800] "GET /favicon.ico HTTP/1.1" 404 283
12.42.92.8 - - [30/Nov/2005:17:15:46 -0800] "GET /favicon.ico HTTP/1.1" 404 283
12.42.92.8 - - [30/Nov/2005:17:15:51 -0800] "GET /favicon.ico HTTP/1.1" 404 283
12.42.92.8 - - [30/Nov/2005:17:15:56 -0800] "GET /favicon.ico HTTP/1.1" 404 283
24.239.164.53 - - [30/Nov/2005:17:15:57 -0800] "GET /movies/an_elementalist_in_warsong.zip HTTP/1.1" 200 73955162
12.42.92.8 - - [30/Nov/2005:17:16:01 -0800] "GET /favicon.ico HTTP/1.1" 404 283
12.42.92.8 - - [30/Nov/2005:17:16:06 -0800] "GET /favicon.ico HTTP/1.1" 404 283
12.42.92.8 - - [30/Nov/2005:17:16:11 -0800] "GET /favicon.ico HTTP/1.1" 404 283
12.42.92.8 - - [30/Nov/2005:17:16:16 -0800] "GET /favicon.ico HTTP/1.1" 404 283
12.42.92.8 - - [30/Nov/2005:17:16:22 -0800] "GET /favicon.ico HTTP/1.1" 404 283
12.42.92.8 - - [30/Nov/2005:17:16:27 -0800] "GET /favicon.ico HTTP/1.1" 404 283
12.42.92.8 - - [30/Nov/2005:17:16:32 -0800] "GET /favicon.ico HTTP/1.1" 404 283
12.42.92.8 - - [30/Nov/2005:17:16:37 -0800] "GET /favicon.ico HTTP/1.1" 404 283
202.90.73.111 - - [30/Nov/2005:17:16:40 -0800] "GET /movies/Hisoiltir.zip HTTP/1.1" 206 718088
12.42.92.8 - - [30/Nov/2005:17:16:42 -0800] "GET /favicon.ico HTTP/1.1" 404 283
12.42.92.8 - - [30/Nov/2005:17:16:47 -0800] "GET /favicon.ico HTTP/1.1" 404 283
12.42.92.8 - - [30/Nov/2005:17:16:52 -0800] "GET /favicon.ico HTTP/1.1" 404 283
12.42.92.8 - - [30/Nov/2005:17:16:57 -0800] "GET /favicon.ico HTTP/1.1" 404 283
12.42.92.8 - - [30/Nov/2005:17:17:02 -0800] "GET /favicon.ico HTTP/1.1" 404 283
12.42.92.8 - - [30/Nov/2005:17:17:07 -0800] "GET /favicon.ico HTTP/1.1" 404 283
12.42.92.8 - - [30/Nov/2005:17:17:12 -0800] "GET /favicon.ico HTTP/1.1" 404 283
12.42.92.8 - - [30/Nov/2005:17:17:17 -0800] "GET /favicon.ico HTTP/1.1" 404 283
12.42.92.8 - - [30/Nov/2005:17:17:22 -0800] "GET /favicon.ico HTTP/1.1" 404 283
12.42.92.8 - - [30/Nov/2005:17:17:27 -0800] "GET /favicon.ico HTTP/1.1" 404 283
12.42.92.8 - - [30/Nov/2005:17:17:32 -0800] "GET /favicon.ico HTTP/1.1" 404 283
12.42.92.8 - - [30/Nov/2005:17:17:37 -0800] "GET /favicon.ico HTTP/1.1" 404 283
202.90.73.111 - - [30/Nov/2005:17:17:41 -0800] "GET /movies/Hisoiltir.zip HTTP/1.1" 206 612424
12.42.92.8 - - [30/Nov/2005:17:17:42 -0800] "GET /favicon.ico HTTP/1.1" 404 283
12.42.92.8 - - [30/Nov/2005:17:17:48 -0800] "GET /favicon.ico HTTP/1.1" 404 283
12.42.92.8 - - [30/Nov/2005:17:17:53 -0800] "GET /favicon.ico HTTP/1.1" 404 283
12.42.92.8 - - [30/Nov/2005:17:17:58 -0800] "GET /favicon.ico HTTP/1.1" 404 283
12.42.92.8 - - [30/Nov/2005:17:18:03 -0800] "GET /favicon.ico HTTP/1.1" 404 283
12.42.92.8 - - [30/Nov/2005:17:18:08 -0800] "GET /favicon.ico HTTP/1.1" 404 283
82.55.86.37 - - [30/Nov/2005:17:18:09 -0800] "GET /movies2/kewle_fights.zip HTTP/1.1" 200 80024
82.55.86.37 - - [30/Nov/2005:17:18:10 -0800] "GET /movies2/kewle_fights.zip HTTP/1.1" 206 13980
202.90.73.111 - - [30/Nov/2005:17:18:11 -0800] "GET /movies/Hisoiltir.zip HTTP/1.1" 206 803816
12.42.92.8 - - [30/Nov/2005:17:18:13 -0800] "GET /favicon.ico HTTP/1.1" 404 283
12.42.92.8 - - [30/Nov/2005:17:18:18 -0800] "GET /favicon.ico HTTP/1.1" 404 283
12.42.92.8 - - [30/Nov/2005:17:18:23 -0800] "GET /favicon.ico HTTP/1.1" 404 283
202.90.73.111 - - [30/Nov/2005:17:18:25 -0800] "GET /movies/Hisoiltir.zip HTTP/1.1" 206 287770
202.90.73.111 - - [30/Nov/2005:17:18:27 -0800] "GET /movies/Hisoiltir.zip HTTP/1.1" 206 641800
12.42.92.8 - - [30/Nov/2005:17:18:28 -0800] "GET /favicon.ico HTTP/1.1" 404 283
202.90.73.111 - - [30/Nov/2005:17:18:31 -0800] "GET /movies/Hisoiltir.zip HTTP/1.1" 206 364816
12.42.92.8 - - [30/Nov/2005:17:18:33 -0800] "GET /favicon.ico HTTP/1.1" 404 283
24.239.164.53 - - [30/Nov/2005:17:18:33 -0800] "GET /movies/Zek.zip HTTP/1.1" 200 88727809
12.42.92.8 - - [30/Nov/2005:17:18:38 -0800] "GET /favicon.ico HTTP/1.1" 404 283
12.42.92.8 - - [30/Nov/2005:17:18:43 -0800] "GET /favicon.ico HTTP/1.1" 404 283
12.42.92.8 - - [30/Nov/2005:17:18:48 -0800] "GET /favicon.ico HTTP/1.1" 404 283
12.42.92.8 - - [30/Nov/2005:17:18:53 -0800] "GET /favicon.ico HTTP/1.1" 404 283
86.132.176.188 - - [30/Nov/2005:17:18:57 -0800] "GET /movies2/Purified.zip HTTP/1.1" 200 160426511
12.42.92.8 - - [30/Nov/2005:17:18:58 -0800] "GET /favicon.ico HTTP/1.1" 404 283
83.112.172.80 - - [30/Nov/2005:17:19:01 -0800] "GET /movies/Skillout.zip HTTP/1.0" 206 36395840
12.42.92.8 - - [30/Nov/2005:17:19:03 -0800] "GET /favicon.ico HTTP/1.1" 404 283
82.55.86.37 - - [30/Nov/2005:17:19:08 -0800] "GET /movies2/maelstrom_cluster1.zip HTTP/1.1" 200 31182
12.42.92.8 - - [30/Nov/2005:17:19:08 -0800] "GET /favicon.ico HTTP/1.1" 404 283
82.55.86.37 - - [30/Nov/2005:17:19:09 -0800] "GET /movies2/maelstrom_cluster1.zip HTTP/1.1" 206 15411
12.42.92.8 - - [30/Nov/2005:17:19:14 -0800] "GET /favicon.ico HTTP/1.1" 404 283
81.243.238.43 - - [30/Nov/2005:17:19:15 -0800] "GET /movies/Gauthier.zip HTTP/1.1" 200 112418034
12.42.92.8 - - [30/Nov/2005:17:19:19 -0800] "GET /favicon.ico HTTP/1.1" 404 283
12.42.92.8 - - [30/Nov/2005:17:19:24 -0800] "GET /favicon.ico HTTP/1.1" 404 283
212.143.22.168 - - [30/Nov/2005:17:19:24 -0800] "GET /movies2/maelstrom_cluster1.zip HTTP/1.1" 206 20099
12.42.92.8 - - [30/Nov/2005:17:19:29 -0800] "GET /favicon.ico HTTP/1.1" 404 283
12.42.92.8 - - [30/Nov/2005:17:19:34 -0800] "GET /favicon.ico HTTP/1.1" 404 283
12.42.92.8 - - [30/Nov/2005:17:19:39 -0800] "GET /favicon.ico HTTP/1.1" 404 283
12.42.92.8 - - [30/Nov/2005:17:19:44 -0800] "GET /favicon.ico HTTP/1.1" 404 283
12.42.92.8 - - [30/Nov/2005:17:19:49 -0800] "GET /favicon.ico HTTP/1.1" 404 283
213.114.52.223 - - [30/Nov/2005:17:19:52 -0800] "GET /movies/Maelstrom1.zip HTTP/1.1" 200 81878829
12.42.92.8 - - [30/Nov/2005:17:19:54 -0800] "GET /favicon.ico HTTP/1.1" 404 283
12.42.92.8 - - [30/Nov/2005:17:19:59 -0800] "GET /favicon.ico HTTP/1.1" 404 283
12.42.92.8 - - [30/Nov/2005:17:20:04 -0800] "GET /favicon.ico HTTP/1.1" 404 283
12.42.92.8 - - [30/Nov/2005:17:20:09 -0800] "GET /favicon.ico HTTP/1.1" 404 283
12.42.92.8 - - [30/Nov/2005:17:20:14 -0800] "GET /favicon.ico HTTP/1.1" 404 283
12.42.92.8 - - [30/Nov/2005:17:20:19 -0800] "GET /favicon.ico HTTP/1.1" 404 283
202.90.73.111 - - [30/Nov/2005:17:20:20 -0800] "GET /movies/Hisoiltir.zip HTTP/1.1" 206 780392
82.58.14.179 - - [30/Nov/2005:17:20:21 -0800] "GET /movies2/maelstrom_cluster1.zip HTTP/1.1" 206 86342479
83.112.172.80 - - [30/Nov/2005:17:20:21 -0800] "GET /movies/Skillout.zip HTTP/1.0" 206 36445640
83.112.172.80 - - [30/Nov/2005:17:20:22 -0800] "GET /movies/Skillout.zip HTTP/1.0" 206 36291768
12.42.92.8 - - [30/Nov/2005:17:20:24 -0800] "GET /favicon.ico HTTP/1.1" 404 283
202.90.73.111 - - [30/Nov/2005:17:20:26 -0800] "GET /movies/Hisoiltir.zip HTTP/1.1" 206 697554
12.42.92.8 - - [30/Nov/2005:17:20:29 -0800] "GET /favicon.ico HTTP/1.1" 404 283
12.42.92.8 - - [30/Nov/2005:17:20:34 -0800] "GET /favicon.ico HTTP/1.1" 404 283
12.42.92.8 - - [30/Nov/2005:17:20:40 -0800] "GET /favicon.ico HTTP/1.1" 404 283
12.42.92.8 - - [30/Nov/2005:17:20:45 -0800] "GET /favicon.ico HTTP/1.1" 404 283
12.42.92.8 - - [30/Nov/2005:17:20:50 -0800] "GET /favicon.ico HTTP/1.1" 404 283
12.42.92.8 - - [30/Nov/2005:17:20:55 -0800] "GET /favicon.ico HTTP/1.1" 404 283
202.90.73.111 - - [30/Nov/2005:17:20:59 -0800] "GET /movies/Hisoiltir.zip HTTP/1.1" 206 863800
12.42.92.8 - - [30/Nov/2005:17:21:00 -0800] "GET /favicon.ico HTTP/1.1" 404 283
12.42.92.8 - - [30/Nov/2005:17:21:05 -0800] "GET /favicon.ico HTTP/1.1" 404 283
12.42.92.8 - - [30/Nov/2005:17:21:10 -0800] "GET /favicon.ico HTTP/1.1" 404 283
12.42.92.8 - - [30/Nov/2005:17:21:15 -0800] "GET /favicon.ico HTTP/1.1" 404 283
12.42.92.8 - - [30/Nov/2005:17:21:20 -0800] "GET /favicon.ico HTTP/1.1" 404 283
202.90.73.111 - - [30/Nov/2005:17:21:25 -0800] "GET /movies/Hisoiltir.zip HTTP/1.1" 206 846697
12.42.92.8 - - [30/Nov/2005:17:21:25 -0800] "GET /favicon.ico HTTP/1.1" 404 283
12.42.92.8 - - [30/Nov/2005:17:21:30 -0800] "GET /favicon.ico HTTP/1.1" 404 283
12.42.92.8 - - [30/Nov/2005:17:21:35 -0800] "GET /favicon.ico HTTP/1.1" 404 283
213.140.22.76 - - [30/Nov/2005:17:21:39 -0800] "GET /favicon.ico HTTP/1.1" 404 283
12.42.92.8 - - [30/Nov/2005:17:21:40 -0800] "GET /favicon.ico HTTP/1.1" 404 283
83.112.172.80 - - [30/Nov/2005:17:21:43 -0800] "GET /movies/Skillout.zip HTTP/1.0" 206 36372168
69.243.54.251 - - [30/Nov/2005:17:21:44 -0800] "GET /movies/AmishParadise.zip HTTP/1.1" 200 43025780
12.42.92.8 - - [30/Nov/2005:17:21:45 -0800] "GET /favicon.ico HTTP/1.1" 404 283
12.42.92.8 - - [30/Nov/2005:17:21:50 -0800] "GET /favicon.ico HTTP/1.1" 404 283
202.90.73.111 - - [30/Nov/2005:17:21:54 -0800] "GET /movies/Hisoiltir.zip HTTP/1.1" 206 515408
12.42.92.8 - - [30/Nov/2005:17:21:56 -0800] "GET /favicon.ico HTTP/1.1" 404 283
12.42.92.8 - - [30/Nov/2005:17:22:01 -0800] "GET /favicon.ico HTTP/1.1" 404 283
12.42.92.8 - - [30/Nov/2005:17:22:06 -0800] "GET /favicon.ico HTTP/1.1" 404 283
12.42.92.8 - - [30/Nov/2005:17:22:11 -0800] "GET /favicon.ico HTTP/1.1" 404 283
202.90.73.111 - - [30/Nov/2005:17:22:11 -0800] "GET /movies/Hisoiltir.zip HTTP/1.1" 206 729672
12.42.92.8 - - [30/Nov/2005:17:22:16 -0800] "GET /favicon.ico HTTP/1.1" 404 283
12.42.92.8 - - [30/Nov/2005:17:22:21 -0800] "GET /favicon.ico HTTP/1.1" 404 283
83.112.172.80 - - [30/Nov/2005:17:22:26 -0800] "GET /movies/Skillout.zip HTTP/1.0" 206 36309976
12.42.92.8 - - [30/Nov/2005:17:22:26 -0800] "GET /favicon.ico HTTP/1.1" 404 283
12.42.92.8 - - [30/Nov/2005:17:22:31 -0800] "GET /favicon.ico HTTP/1.1" 404 283
80.219.151.124 - - [30/Nov/2005:17:22:35 -0800] "GET /movies/Fini's%20Hib%20Highlights.zip HTTP/1.1" 200 105361260
12.42.92.8 - - [30/Nov/2005:17:22:36 -0800] "GET /favicon.ico HTTP/1.1" 404 283
12.42.92.8 - - [30/Nov/2005:17:22:41 -0800] "GET /favicon.ico HTTP/1.1" 404 283
82.58.14.179 - - [30/Nov/2005:17:22:43 -0800] "GET /movies2/maelstrom_cluster1.zip HTTP/1.1" 206 86342479
83.112.172.80 - - [30/Nov/2005:17:22:44 -0800] "GET /movies/Skillout.zip HTTP/1.0" 206 36221788
12.42.92.8 - - [30/Nov/2005:17:22:46 -0800] "GET /favicon.ico HTTP/1.1" 404 283
202.90.73.111 - - [30/Nov/2005:17:23:26 -0800] "GET /movies/Hisoiltir.zip HTTP/1.1" 206 849594
202.90.73.111 - - [30/Nov/2005:17:23:29 -0800] "GET /movies/Hisoiltir.zip HTTP/1.1" 206 382192
83.195.38.190 - - [30/Nov/2005:17:23:36 -0800] "GET /movies/Levia.zip HTTP/1.1" 200 482888
202.90.73.111 - - [30/Nov/2005:17:23:38 -0800] "GET /movies/Hisoiltir.zip HTTP/1.1" 206 692024
213.44.11.109 - - [30/Nov/2005:17:23:51 -0800] "GET /movies/Part%202%20-%20Fear%20Of%20The%20Dark.zip HTTP/1.1" 200 139364158
83.112.172.80 - - [30/Nov/2005:17:24:05 -0800] "GET /movies/Skillout.zip HTTP/1.0" 206 36373628
202.90.73.111 - - [30/Nov/2005:17:24:49 -0800] "GET /movies/Hisoiltir.zip HTTP/1.1" 206 667448
83.112.172.80 - - [30/Nov/2005:17:25:45 -0800] "GET /movies/Skillout.zip HTTP/1.0" 206 36723492
82.58.14.179 - - [30/Nov/2005:17:26:12 -0800] "GET /movies/Yla-AViewToAKill.zip HTTP/1.1" 200 20007
82.58.14.179 - - [30/Nov/2005:17:26:13 -0800] "GET /movies/Yla-AViewToAKill.zip HTTP/1.1" 206 19990
202.90.73.111 - - [30/Nov/2005:17:26:21 -0800] "GET /movies/Hisoiltir.zip HTTP/1.1" 206 551306
83.112.172.80 - - [30/Nov/2005:17:26:46 -0800] "GET /movies/Skillout.zip HTTP/1.0" 206 36440952
202.90.73.111 - - [30/Nov/2005:17:26:50 -0800] "GET /movies/Hisoiltir.zip HTTP/1.1" 206 839760
202.90.73.111 - - [30/Nov/2005:17:27:19 -0800] "GET /movies/Hisoiltir.zip HTTP/1.1" 206 564600
83.112.172.80 - - [30/Nov/2005:17:27:35 -0800] "GET /movies/Skillout.zip HTTP/1.0" 206 36671468
202.90.73.111 - - [30/Nov/2005:17:28:14 -0800] "GET /movies/Hisoiltir.zip HTTP/1.1" 206 602288
80.136.182.112 - - [30/Nov/2005:17:28:39 -0800] "GET /movies/AbsoluteZeroRVR1.zip HTTP/1.1" 200 8480980
83.112.172.80 - - [30/Nov/2005:17:29:10 -0800] "GET /movies/Skillout.zip HTTP/1.0" 206 36239712
202.90.73.111 - - [30/Nov/2005:17:29:16 -0800] "GET /movies/Hisoiltir.zip HTTP/1.1" 206 858282
84.188.244.11 - - [30/Nov/2005:17:29:17 -0800] "GET /movies/Anightshade-TrueStoryofaGarroteSpammer.zip HTTP/1.1" 200 114507470
83.112.172.80 - - [30/Nov/2005:17:29:32 -0800] "GET /movies/Skillout.zip HTTP/1.0" 206 36253933
82.58.14.179 - - [30/Nov/2005:17:30:00 -0800] "GET /movies/Yla-AViewToAKill.zip HTTP/1.1" 206 5801268
82.58.14.179 - - [30/Nov/2005:17:30:02 -0800] "GET /movies/Yla-AViewToAKill.zip HTTP/1.1" 206 5801268
83.112.172.80 - - [30/Nov/2005:17:30:05 -0800] "GET /movies/Skillout.zip HTTP/1.0" 206 36617280
202.90.73.111 - - [30/Nov/2005:17:30:24 -0800] "GET /movies/Hisoiltir.zip HTTP/1.1" 206 923442
202.90.73.111 - - [30/Nov/2005:17:30:25 -0800] "GET /movies/Hisoiltir.zip HTTP/1.1" 206 683074
202.90.73.111 - - [30/Nov/2005:17:30:25 -0800] "GET /movies/Hisoiltir.zip HTTP/1.1" 206 968176
82.58.14.179 - - [30/Nov/2005:17:30:32 -0800] "GET /movies/Yla-AViewToAKill.zip HTTP/1.1" 206 5801269
82.58.14.179 - - [30/Nov/2005:17:30:39 -0800] "GET /movies/Yla-AViewToAKill.zip HTTP/1.1" 206 5801268
84.168.182.121 - - [30/Nov/2005:17:30:56 -0800] "GET /movies/Silverfist%20Brigade%20Warmongers%20Vol%201.zip HTTP/1.1" 206 117637900
84.168.182.121 - - [30/Nov/2005:17:30:58 -0800] "GET /movies/RUOldFrontiers.zip HTTP/1.1" 206 22225379
84.168.182.121 - - [30/Nov/2005:17:30:59 -0800] "GET /movies/2toTango_divx2.zip HTTP/1.1" 206 22685812
83.112.172.80 - - [30/Nov/2005:17:31:04 -0800] "GET /movies/Skillout.zip HTTP/1.0" 200 36915764
202.90.73.111 - - [30/Nov/2005:17:31:24 -0800] "GET /movies/Hisoiltir.zip HTTP/1.1" 206 696106
83.193.48.94 - - [30/Nov/2005:17:32:07 -0800] "GET /movies/NS.zip HTTP/1.1" 206 39600686
68.144.152.177 - - [30/Nov/2005:17:32:14 -0800] "GET /movies/ani1.0001.zip HTTP/1.1" 200 27860677
83.193.48.94 - - [30/Nov/2005:17:32:16 -0800] "GET /movies/NS.zip HTTP/1.1" 206 39656968
83.193.48.94 - - [30/Nov/2005:17:32:28 -0800] "GET /movies/NS.zip HTTP/1.1" 206 39641590
83.193.48.94 - - [30/Nov/2005:17:32:34 -0800] "GET /movies/NS.zip HTTP/1.1" 206 39592656
83.193.48.94 - - [30/Nov/2005:17:32:35 -0800] "GET /movies/NS.zip HTTP/1.1" 206 39654456
83.193.48.94 - - [30/Nov/2005:17:32:42 -0800] "GET /movies/NS.zip HTTP/1.1" 206 832108
83.193.48.94 - - [30/Nov/2005:17:32:42 -0800] "GET /movies/NS.zip HTTP/1.1" 206 1291667
83.193.48.94 - - [30/Nov/2005:17:32:44 -0800] "GET /movies/NS.zip HTTP/1.1" 206 538412
83.193.48.94 - - [30/Nov/2005:17:32:44 -0800] "GET /movies/NS.zip HTTP/1.1" 206 38349072
83.193.48.94 - - [30/Nov/2005:17:32:44 -0800] "GET /movies/NS.zip HTTP/1.1" 206 276331
83.193.48.94 - - [30/Nov/2005:17:32:45 -0800] "GET /movies/NS.zip HTTP/1.1" 206 38849544
83.193.48.94 - - [30/Nov/2005:17:32:45 -0800] "GET /movies/NS.zip HTTP/1.1" 206 243545
83.193.48.94 - - [30/Nov/2005:17:32:49 -0800] "GET /movies/NS.zip HTTP/1.1" 206 38585284
202.90.73.111 - - [30/Nov/2005:17:32:50 -0800] "GET /movies/Hisoiltir.zip HTTP/1.1" 206 850848
202.90.73.111 - - [30/Nov/2005:17:33:19 -0800] "GET /movies/Hisoiltir.zip HTTP/1.1" 206 469072
202.90.73.111 - - [30/Nov/2005:17:33:54 -0800] "GET /movies/Hisoiltir.zip HTTP/1.1" 206 993088
202.90.73.111 - - [30/Nov/2005:17:34:02 -0800] "GET /movies/Hisoiltir.zip HTTP/1.1" 206 578464
202.90.73.111 - - [30/Nov/2005:17:34:40 -0800] "GET /movies/Hisoiltir.zip HTTP/1.1" 206 640192
83.112.172.80 - - [30/Nov/2005:17:34:48 -0800] "GET /movies/Skillout.zip HTTP/1.0" 206 3276088
202.90.73.111 - - [30/Nov/2005:17:34:55 -0800] "GET /movies/Hisoiltir.zip HTTP/1.1" 206 990352
83.112.172.80 - - [30/Nov/2005:17:35:44 -0800] "GET /movies/Skillout.zip HTTP/1.0" 206 1941992
83.112.172.80 - - [30/Nov/2005:17:35:51 -0800] "GET /movies/Skillout.zip HTTP/1.0" 206 2324968
83.112.172.80 - - [30/Nov/2005:17:35:57 -0800] "GET /movies/Skillout.zip HTTP/1.0" 206 1561388
83.112.172.80 - - [30/Nov/2005:17:36:39 -0800] "GET /movies/Skillout.zip HTTP/1.0" 206 1726748
83.112.172.80 - - [30/Nov/2005:17:36:40 -0800] "GET /movies/Skillout.zip HTTP/1.0" 206 3688608
202.90.73.111 - - [30/Nov/2005:17:36:54 -0800] "GET /movies/Hisoiltir.zip HTTP/1.1" 206 628312
202.90.73.111 - - [30/Nov/2005:17:37:16 -0800] "GET /movies/Hisoiltir.zip HTTP/1.1" 206 778904
202.90.73.111 - - [30/Nov/2005:17:37:32 -0800] "GET /movies/Hisoiltir.zip HTTP/1.1" 206 618216
83.112.172.80 - - [30/Nov/2005:17:37:42 -0800] "GET /movies/Skillout.zip HTTP/1.0" 206 644508
202.90.73.111 - - [30/Nov/2005:17:37:49 -0800] "GET /movies/Hisoiltir.zip HTTP/1.1" 206 626408
83.112.172.80 - - [30/Nov/2005:17:38:13 -0800] "GET /movies/Skillout.zip HTTP/1.0" 206 4041928
83.112.172.80 - - [30/Nov/2005:17:38:23 -0800] "GET /movies/Skillout.zip HTTP/1.0" 206 660568
202.90.73.111 - - [30/Nov/2005:17:38:30 -0800] "GET /movies/Hisoiltir.zip HTTP/1.1" 206 597944
64.164.60.194 - - [30/Nov/2005:17:38:41 -0800] "GET /movies2/renamed_Bobbyblue%201.zip HTTP/1.1" 200 55603294
83.112.172.80 - - [30/Nov/2005:17:38:47 -0800] "GET /movies/Skillout.zip HTTP/1.0" 206 387548
83.112.172.80 - - [30/Nov/2005:17:39:01 -0800] "GET /movies/Skillout.zip HTTP/1.0" 206 697531
83.112.172.80 - - [30/Nov/2005:17:39:05 -0800] "GET /movies/Skillout.zip HTTP/1.0" 206 4297428
83.112.172.80 - - [30/Nov/2005:17:39:21 -0800] "GET /movies/Skillout.zip HTTP/1.0" 206 5157748
83.112.172.80 - - [30/Nov/2005:17:39:27 -0800] "GET /movies/Skillout.zip HTTP/1.0" 206 39112744
68.1.167.94 - - [30/Nov/2005:17:39:30 -0800] "GET /movies/Movie.zip HTTP/1.1" 200 37737204
202.90.73.111 - - [30/Nov/2005:17:39:33 -0800] "GET /movies/Hisoiltir.zip HTTP/1.1" 206 781538
82.55.86.37 - - [30/Nov/2005:17:39:34 -0800] "GET /movies2/kewle_fights.zip HTTP/1.1" 206 5699672
83.112.172.80 - - [30/Nov/2005:17:39:43 -0800] "GET /movies/Skillout.zip HTTP/1.0" 206 79951
202.90.73.111 - - [30/Nov/2005:17:39:43 -0800] "GET /movies/Hisoiltir.zip HTTP/1.1" 206 568682
83.112.172.80 - - [30/Nov/2005:17:39:44 -0800] "GET /movies/Skillout.zip HTTP/1.0" 206 91168
83.112.172.80 - - [30/Nov/2005:17:39:51 -0800] "GET /movies/Skillout.zip HTTP/1.0" 206 3444056
202.90.73.111 - - [30/Nov/2005:17:39:52 -0800] "GET /movies/Hisoiltir.zip HTTP/1.1" 206 830832
83.112.172.80 - - [30/Nov/2005:17:39:52 -0800] "GET /movies/Skillout.zip HTTP/1.0" 206 884420
202.90.73.111 - - [30/Nov/2005:17:40:21 -0800] "GET /movies/Hisoiltir.zip HTTP/1.1" 206 755474
202.90.73.111 - - [30/Nov/2005:17:40:32 -0800] "GET /movies/Hisoiltir.zip HTTP/1.1" 206 509314
84.149.99.41 - - [30/Nov/2005:17:40:35 -0800] "GET /movies/Trinnara_Valkyrie_of_Percival.zip HTTP/1.1" 200 50674257
202.90.73.111 - - [30/Nov/2005:17:40:43 -0800] "GET /movies/Hisoiltir.zip HTTP/1.1" 206 481488
85.75.60.232 - - [30/Nov/2005:17:40:44 -0800] "GET /movies/DemonigankinReloaded.zip HTTP/1.1" 200 126455348
202.90.73.111 - - [30/Nov/2005:17:41:02 -0800] "GET /movies/Hisoiltir.zip HTTP/1.1" 206 335856
12.42.92.8 - - [30/Nov/2005:17:42:12 -0800] "GET /movies/ValiantGlory.zip HTTP/1.1" 200 219007828
70.68.245.80 - - [30/Nov/2005:17:43:02 -0800] "GET /movies/SquanksFarewell.zip HTTP/1.1" 200 106943953
202.90.73.111 - - [30/Nov/2005:17:43:22 -0800] "GET /movies/Hisoiltir.zip HTTP/1.1" 206 643978
202.90.73.111 - - [30/Nov/2005:17:44:16 -0800] "GET /movies/Hisoiltir.zip HTTP/1.1" 206 586360
202.90.73.111 - - [30/Nov/2005:17:44:39 -0800] "GET /movies/Hisoiltir.zip HTTP/1.1" 206 200736
202.90.73.111 - - [30/Nov/2005:17:44:49 -0800] "GET /movies/Hisoiltir.zip HTTP/1.1" 206 742664
202.90.73.111 - - [30/Nov/2005:17:45:04 -0800] "GET /movies/Hisoiltir.zip HTTP/1.1" 206 1131144
202.90.73.111 - - [30/Nov/2005:17:45:57 -0800] "GET /movies/Hisoiltir.zip HTTP/1.1" 206 445864
202.90.73.111 - - [30/Nov/2005:17:46:21 -0800] "GET /movies/Hisoiltir.zip HTTP/1.1" 206 794872
202.90.73.111 - - [30/Nov/2005:17:46:40 -0800] "GET /movies/Hisoiltir.zip HTTP/1.1" 206 484960
202.90.73.111 - - [30/Nov/2005:17:47:07 -0800] "GET /movies/Hisoiltir.zip HTTP/1.1" 206 1143538
202.90.73.111 - - [30/Nov/2005:17:47:13 -0800] "GET /movies/Hisoiltir.zip HTTP/1.1" 206 354144
202.90.73.111 - - [30/Nov/2005:17:48:02 -0800] "GET /movies/Hisoiltir.zip HTTP/1.1" 206 316730
202.90.73.111 - - [30/Nov/2005:17:48:27 -0800] "GET /movies/Hisoiltir.zip HTTP/1.1" 206 686272
24.42.35.136 - - [30/Nov/2005:17:48:51 -0800] "GET /movies/Achtungbaby.zip HTTP/1.1" 200 99112097
219.10.4.106 - - [30/Nov/2005:17:48:53 -0800] "GET /movies/ValiantGlory.zip HTTP/1.1" 200 219007828
202.90.73.111 - - [30/Nov/2005:17:49:52 -0800] "GET /movies/Hisoiltir.zip HTTP/1.1" 206 1392594
202.90.73.111 - - [30/Nov/2005:17:50:28 -0800] "GET /movies/Hisoiltir.zip HTTP/1.1" 206 605144
202.90.73.111 - - [30/Nov/2005:17:51:09 -0800] "GET /movies/Hisoiltir.zip HTTP/1.1" 206 632656
62.47.25.65 - - [30/Nov/2005:17:51:26 -0800] "GET /movies/cgrvr.rar HTTP/1.1" 200 134292823
62.47.25.65 - - [30/Nov/2005:17:51:28 -0800] "GET /favicon.ico HTTP/1.1" 404 283
202.90.73.111 - - [30/Nov/2005:17:51:40 -0800] "GET /movies/Hisoiltir.zip HTTP/1.1" 206 735264
202.90.73.111 - - [30/Nov/2005:17:51:59 -0800] "GET /movies/Hisoiltir.zip HTTP/1.1" 206 408256
70.251.239.108 - - [30/Nov/2005:17:51:59 -0800] "GET /movies2/Purified.zip HTTP/1.1" 200 144879
70.251.239.108 - - [30/Nov/2005:17:52:22 -0800] "GET /movies/animus-julae.zip HTTP/1.1" 200 111075738
202.90.73.111 - - [30/Nov/2005:17:52:50 -0800] "GET /movies/Hisoiltir.zip HTTP/1.1" 206 793424
213.140.22.76 - - [30/Nov/2005:17:53:05 -0800] "GET /movies/renamed_Clustering%20The%20True%20Story.rar HTTP/1.1" 206 32294866
202.90.73.111 - - [30/Nov/2005:17:53:16 -0800] "GET /movies/Hisoiltir.zip HTTP/1.1" 206 662802
84.185.239.130 - - [30/Nov/2005:17:53:31 -0800] "GET /movies/Lunacide.zip HTTP/1.1" 200 58493144
84.185.239.130 - - [30/Nov/2005:17:53:32 -0800] "GET /movies/Covenant.zip HTTP/1.1" 200 65676072
202.90.73.111 - - [30/Nov/2005:17:53:46 -0800] "GET /movies/Hisoiltir.zip HTTP/1.1" 206 849594
81.243.238.43 - - [30/Nov/2005:17:54:02 -0800] "GET /movies/Eliloth.zip HTTP/1.1" 200 123253115
202.90.73.111 - - [30/Nov/2005:17:54:23 -0800] "GET /movies/Hisoiltir.zip HTTP/1.1" 206 458896
213.140.22.76 - - [30/Nov/2005:17:54:37 -0800] "GET /movies/renamed_Clustering%20The%20True%20Story.rar HTTP/1.1" 206 32294866
213.140.22.76 - - [30/Nov/2005:17:54:42 -0800] "GET /movies/renamed_Clustering%20The%20True%20Story.rar HTTP/1.1" 206 32294866
213.140.22.76 - - [30/Nov/2005:17:54:47 -0800] "GET /movies/renamed_Clustering%20The%20True%20Story.rar HTTP/1.1" 206 32294871
202.90.73.111 - - [30/Nov/2005:17:55:08 -0800] "GET /movies/Hisoiltir.zip HTTP/1.1" 206 1087368
202.90.73.111 - - [30/Nov/2005:17:55:22 -0800] "GET /movies/Hisoiltir.zip HTTP/1.1" 206 347776
84.181.137.79 - - [30/Nov/2005:17:55:36 -0800] "GET /movies/Allexiel%20-%20Solo%20Reaver.zip HTTP/1.1" 200 91168691
202.90.73.111 - - [30/Nov/2005:17:55:38 -0800] "GET /movies/Hisoiltir.zip HTTP/1.1" 206 586058
82.126.50.19 - - [30/Nov/2005:17:56:04 -0800] "GET /movies2/legio_4.zip HTTP/1.1" 200 478944
213.140.22.76 - - [30/Nov/2005:17:56:07 -0800] "GET /movies/renamed_Clustering%20The%20True%20Story.rar HTTP/1.1" 206 32294866
212.41.65.35 - - [30/Nov/2005:17:56:09 -0800] "GET /movies/PaleFace2.zip HTTP/1.1" 200 177499567
82.126.50.19 - - [30/Nov/2005:17:56:16 -0800] "GET /movies2/legio_4.zip HTTP/1.1" 200 478944
213.140.22.76 - - [30/Nov/2005:17:56:25 -0800] "GET /movies/renamed_Clustering%20The%20True%20Story.rar HTTP/1.1" 206 32294866
213.140.22.76 - - [30/Nov/2005:17:56:29 -0800] "GET /movies/renamed_Clustering%20The%20True%20Story.rar HTTP/1.1" 206 32294866
213.140.22.76 - - [30/Nov/2005:17:56:45 -0800] "GET /movies/Another%20Contender.zip HTTP/1.1" 206 33878721
202.90.73.111 - - [30/Nov/2005:17:56:48 -0800] "GET /movies/Hisoiltir.zip HTTP/1.1" 206 667146
202.90.73.111 - - [30/Nov/2005:17:56:51 -0800] "GET /movies/Hisoiltir.zip HTTP/1.1" 206 401888
213.140.22.76 - - [30/Nov/2005:17:57:03 -0800] "GET /movies/Another%20Contender.zip HTTP/1.1" 206 33878721
202.90.73.111 - - [30/Nov/2005:17:57:37 -0800] "GET /movies/Hisoiltir.zip HTTP/1.1" 206 451656
84.73.103.199 - - [30/Nov/2005:17:57:42 -0800] "GET /movies/Frozensolid%20The%20Movie.zip HTTP/1.1" 200 211139327
202.90.73.111 - - [30/Nov/2005:17:57:44 -0800] "GET /movies/Hisoiltir.zip HTTP/1.1" 206 625154
202.90.73.111 - - [30/Nov/2005:17:57:48 -0800] "GET /movies/Hisoiltir.zip HTTP/1.1" 206 251569
202.90.73.111 - - [30/Nov/2005:17:57:56 -0800] "GET /movies/Hisoiltir.zip HTTP/1.1" 206 406312
213.140.22.76 - - [30/Nov/2005:17:57:56 -0800] "GET /movies/Another%20Contender.zip HTTP/1.1" 206 33878721
213.140.22.76 - - [30/Nov/2005:17:58:07 -0800] "GET /movies/Another%20Contender.zip HTTP/1.1" 206 33878721
195.93.60.7 - - [30/Nov/2005:17:58:17 -0800] "GET /movies/Painfool2ndvideo1.zip HTTP/1.0" 200 1480276
195.93.60.14 - - [30/Nov/2005:17:58:22 -0800] "GET /movies2/Obso.zip HTTP/1.0" 200 3940860
202.90.73.111 - - [30/Nov/2005:17:58:42 -0800] "GET /movies/Hisoiltir.zip HTTP/1.1" 206 1088240
202.90.73.111 - - [30/Nov/2005:17:58:43 -0800] "GET /movies/Hisoiltir.zip HTTP/1.1" 206 716680
213.140.22.76 - - [30/Nov/2005:17:58:46 -0800] "GET /movies/Another%20Contender.zip HTTP/1.1" 206 33878721
213.140.22.76 - - [30/Nov/2005:17:59:27 -0800] "GET /movies/Another%20Contender.zip HTTP/1.1" 206 33878723
202.90.73.111 - - [30/Nov/2005:17:59:48 -0800] "GET /movies/Hisoiltir.zip HTTP/1.1" 206 632656
213.140.22.76 - - [30/Nov/2005:18:00:17 -0800] "GET /movies/Another%20Contender.zip HTTP/1.1" 206 33878721
202.90.73.111 - - [30/Nov/2005:18:01:38 -0800] "GET /movies/Hisoiltir.zip HTTP/1.1" 206 497992
202.90.73.111 - - [30/Nov/2005:18:01:58 -0800] "GET /movies/Hisoiltir.zip HTTP/1.1" 206 570432
202.90.73.111 - - [30/Nov/2005:18:02:22 -0800] "GET /movies/Hisoiltir.zip HTTP/1.1" 206 964664
202.90.73.111 - - [30/Nov/2005:18:02:57 -0800] "GET /movies/Hisoiltir.zip HTTP/1.1" 206 883200
202.90.73.111 - - [30/Nov/2005:18:03:35 -0800] "GET /movies/Hisoiltir.zip HTTP/1.1" 206 789080
84.61.38.177 - - [30/Nov/2005:18:03:58 -0800] "GET /movies2/FUN.zip HTTP/1.1" 200 412093813
202.90.73.111 - - [30/Nov/2005:18:04:01 -0800] "GET /movies/Hisoiltir.zip HTTP/1.1" 206 672584
62.16.180.231 - - [30/Nov/2005:18:04:07 -0800] "GET /movies/KervarrePerc.zip HTTP/1.1" 206 106715068
80.171.66.153 - - [30/Nov/2005:18:04:13 -0800] "GET /movies/Alte%20Feind.zip HTTP/1.1" 200 5051292
80.171.66.153 - - [30/Nov/2005:18:04:14 -0800] "GET /movies/All_Her_Chambers.zip HTTP/1.1" 200 5184316
202.90.73.111 - - [30/Nov/2005:18:04:30 -0800] "GET /movies/Hisoiltir.zip HTTP/1.1" 206 379296
202.90.73.111 - - [30/Nov/2005:18:04:38 -0800] "GET /movies/Hisoiltir.zip HTTP/1.1" 206 900000
84.181.137.79 - - [30/Nov/2005:18:04:47 -0800] "GET /movies/Dhaz-MerlinsSoloSavageVid2.zip HTTP/1.1" 200 112079841
202.90.73.111 - - [30/Nov/2005:18:05:18 -0800] "GET /movies/Hisoiltir.zip HTTP/1.1" 206 849160
81.49.175.161 - - [30/Nov/2005:18:05:23 -0800] "GET /movies2/Kalloth%20ARRVEEARR2.zip HTTP/1.1" 200 56306
84.173.152.90 - - [30/Nov/2005:18:06:23 -0800] "GET /movies2/renamed_daoc.TR.tape-2.ausschnitte.ace HTTP/1.1" 200 86895906
84.181.137.79 - - [30/Nov/2005:18:07:12 -0800] "GET /movies/Gauthier.zip HTTP/1.1" 200 112418034
83.112.172.80 - - [30/Nov/2005:18:07:25 -0800] "GET /movies/Twitch.zip HTTP/1.0" 206 7364735
202.90.73.111 - - [30/Nov/2005:18:07:39 -0800] "GET /movies/Hisoiltir.zip HTTP/1.1" 206 913032
83.112.172.80 - - [30/Nov/2005:18:07:46 -0800] "GET /movies/Twitch.zip HTTP/1.0" 206 10889328
68.105.197.11 - - [30/Nov/2005:18:07:48 -0800] "GET /movies2/Rush-Devon.zip HTTP/1.1" 200 187487255
82.243.180.12 - - [30/Nov/2005:18:07:52 -0800] "GET /movies2/DemonoidPhenomenon.rar HTTP/1.1" 200 319424
202.90.73.111 - - [30/Nov/2005:18:08:05 -0800] "GET /movies/Hisoiltir.zip HTTP/1.1" 206 726514
83.112.172.80 - - [30/Nov/2005:18:08:08 -0800] "GET /movies/Twitch.zip HTTP/1.0" 206 7391168
202.90.73.111 - - [30/Nov/2005:18:08:24 -0800] "GET /movies/Hisoiltir.zip HTTP/1.1" 206 652666
202.90.73.111 - - [30/Nov/2005:18:08:35 -0800] "GET /movies/Hisoiltir.zip HTTP/1.1" 206 685696
83.112.172.80 - - [30/Nov/2005:18:08:42 -0800] "GET /movies/Twitch.zip HTTP/1.0" 206 7948888
83.112.172.80 - - [30/Nov/2005:18:08:57 -0800] "GET /movies/Twitch.zip HTTP/1.0" 206 8275796
82.243.180.12 - - [30/Nov/2005:18:09:01 -0800] "GET /movies2/DemonoidPhenomenon.rar HTTP/1.1" 200 59544
83.112.172.80 - - [30/Nov/2005:18:09:10 -0800] "GET /movies/Twitch.zip HTTP/1.0" 206 7535536
82.243.180.12 - - [30/Nov/2005:18:09:43 -0800] "GET /movies2/DemonoidPhenomenon.rar HTTP/1.1" 200 49324
84.135.207.17 - - [30/Nov/2005:18:09:43 -0800] "GET /movies2/Addiction%20-%20Not%20Uber%20Yet.zip HTTP/1.1" 200 190042682
83.112.172.80 - - [30/Nov/2005:18:09:57 -0800] "GET /movies/Twitch.zip HTTP/1.0" 206 10081948
86.198.123.208 - - [30/Nov/2005:18:10:00 -0800] "GET /movies/Alpha%20RVR%20Compilation.zip HTTP/1.1" 200 25010176
83.112.172.80 - - [30/Nov/2005:18:10:06 -0800] "GET /movies/Twitch.zip HTTP/1.0" 206 7639368
