84.59.112.11 - - [03/Dec/2005:18:20:48 -0800] "GET /movies2/WaffenbundTheMovie.zip HTTP/1.1" 206 175312880
68.149.203.215 - - [03/Dec/2005:18:21:08 -0800] "GET /movies/OMGOOSES!.zip HTTP/1.1" 200 149756099
207.118.210.172 - - [03/Dec/2005:18:21:49 -0800] "GET /movies/AZ%20Final%20(Alb).zip HTTP/1.1" 200 117871055
85.75.90.37 - - [03/Dec/2005:18:22:33 -0800] "GET /movies/AMAYA_200605-040705_FINAL.rar HTTP/1.1" 200 206658
85.75.90.37 - - [03/Dec/2005:18:22:46 -0800] "GET /movies/excal_vw.zip HTTP/1.1" 200 16574
85.75.90.37 - - [03/Dec/2005:18:23:18 -0800] "GET /movies/Frozensolid%20The%20Movie.zip HTTP/1.1" 200 20798
64.228.81.66 - - [03/Dec/2005:18:23:50 -0800] "GET /movies/mof.zip HTTP/1.1" 200 33147560
24.90.85.248 - - [03/Dec/2005:18:24:25 -0800] "GET /movies2/Purified.zip HTTP/1.1" 200 133999
85.72.0.211 - - [03/Dec/2005:18:24:28 -0800] "GET /movies/ViriusRank4.zip HTTP/1.1" 200 57958907
80.171.163.51 - - [03/Dec/2005:18:24:35 -0800] "GET /movies/rosa_elefant.zip HTTP/1.1" 200 82082562
81.250.148.104 - - [03/Dec/2005:18:24:56 -0800] "GET /movies2/Camlann%20Shadow%20Zone.zip HTTP/1.1" 200 900740
87.122.16.67 - - [03/Dec/2005:18:24:57 -0800] "GET /movies2/3021.zip HTTP/1.1" 200 2969342
85.75.90.37 - - [03/Dec/2005:18:25:04 -0800] "GET /movies/PaleFace2.zip HTTP/1.1" 200 17982
70.185.133.178 - - [03/Dec/2005:18:25:11 -0800] "GET /movies/painfoolmovie.zip HTTP/1.1" 200 466379
84.56.46.132 - - [03/Dec/2005:18:25:21 -0800] "GET /movies/rosa_elefant.zip HTTP/1.1" 200 94064304
70.185.133.178 - - [03/Dec/2005:18:25:42 -0800] "GET /movies/Rufeekie%20Project%201.zip HTTP/1.1" 200 1723528
24.90.85.248 - - [03/Dec/2005:18:25:44 -0800] "GET /movies2/Purified.zip HTTP/1.1" 200 1242620
24.90.85.248 - - [03/Dec/2005:18:25:53 -0800] "GET /movies2/Purified.zip HTTP/1.1" 200 157840
217.83.73.161 - - [03/Dec/2005:18:26:34 -0800] "GET /movies2/Vegr.zip HTTP/1.1" 200 6529428
80.145.204.78 - - [03/Dec/2005:18:27:17 -0800] "GET /movies2/WaffenbundTheMovie.zip HTTP/1.1" 206 91059060
212.195.156.73 - - [03/Dec/2005:18:27:33 -0800] "GET /favicon.ico HTTP/1.1" 404 283
67.50.104.157 - - [03/Dec/2005:18:28:44 -0800] "GET /movies2/FUN.zip HTTP/1.1" 200 412093813
87.122.16.67 - - [03/Dec/2005:18:28:58 -0800] "GET /movies2/todanceamongthedead_zilreed.zip HTTP/1.1" 200 3990112
207.118.210.172 - - [03/Dec/2005:18:29:02 -0800] "GET /movies/Fuzzylumpkins%20and%20Perrln%20Magical%20Journey.zip HTTP/1.1" 200 136686757
80.145.204.78 - - [03/Dec/2005:18:29:03 -0800] "GET /movies2/WaffenbundTheMovie.zip HTTP/1.1" 206 90739404
86.192.228.35 - - [03/Dec/2005:18:29:06 -0800] "GET /movies/AMAYA_200605-040705_FINAL.rar HTTP/1.1" 200 429576
172.176.35.216 - - [03/Dec/2005:18:29:13 -0800] "GET /movies/alive.zip HTTP/1.1" 200 63862265
85.75.90.37 - - [03/Dec/2005:18:30:05 -0800] "GET /movies2/Obso.zip HTTP/1.1" 200 15167
82.249.201.197 - - [03/Dec/2005:18:30:28 -0800] "GET /movies2/legio_4.zip HTTP/1.1" 200 608250
80.145.204.78 - - [03/Dec/2005:18:30:36 -0800] "GET /movies2/WaffenbundTheMovie.zip HTTP/1.1" 206 90831160
85.72.0.211 - - [03/Dec/2005:18:30:39 -0800] "GET /movies/Spraggon%20Production%206.zip HTTP/1.1" 200 64731186
80.145.204.78 - - [03/Dec/2005:18:30:54 -0800] "GET /movies2/WaffenbundTheMovie.zip HTTP/1.1" 206 91670352
85.75.11.81 - - [03/Dec/2005:18:30:58 -0800] "GET /movies/Eyes%20into%20the%20Darkness.zip HTTP/1.1" 200 107930795
71.241.13.149 - - [03/Dec/2005:18:31:15 -0800] "GET /movies2/TDK3.zip HTTP/1.1" 200 256347264
84.143.238.182 - - [03/Dec/2005:18:32:31 -0800] "GET /movies/cgrvr.rar HTTP/1.1" 206 134216892
66.177.156.186 - - [03/Dec/2005:18:32:43 -0800] "GET /movies/GuildWars_Player_Impressions.zip HTTP/1.1" 200 54663372
80.145.204.78 - - [03/Dec/2005:18:32:49 -0800] "GET /movies2/WaffenbundTheMovie.zip HTTP/1.1" 206 4266268
70.94.32.243 - - [03/Dec/2005:18:33:33 -0800] "GET /movies/The%20Healer.zip HTTP/1.1" 200 55820584
217.140.114.111 - - [03/Dec/2005:18:34:17 -0800] "GET /movies2/maelstrom_cluster1.zip HTTP/1.1" 200 345369905
80.130.236.167 - - [03/Dec/2005:18:36:40 -0800] "GET /movies/AdNBombSquad-.zip HTTP/1.1" 200 106777054
71.65.14.97 - - [03/Dec/2005:18:37:16 -0800] "GET /movies2/Cilivielmovie5.zip HTTP/1.1" 200 280459714
67.9.137.246 - - [03/Dec/2005:18:38:41 -0800] "GET /movies/Daemoj.zip HTTP/1.1" 200 167102912
207.112.65.191 - - [03/Dec/2005:18:39:01 -0800] "GET /movies/Ciliviel's%20Fourth.zip HTTP/1.1" 200 320938620
82.48.83.119 - - [03/Dec/2005:18:39:05 -0800] "GET /movies2/kewle_fights.zip HTTP/1.1" 200 15739
82.48.83.119 - - [03/Dec/2005:18:39:06 -0800] "GET /movies2/kewle_fights.zip HTTP/1.1" 206 20100
66.177.175.159 - - [03/Dec/2005:18:40:11 -0800] "GET /movies/Ciliviel's%20Fourth.zip HTTP/1.1" 200 320938620
67.190.143.213 - - [03/Dec/2005:18:41:04 -0800] "GET /movies/animus-julae.zip HTTP/1.1" 200 85653838
85.74.138.250 - - [03/Dec/2005:18:41:21 -0800] "GET /favicon.ico HTTP/1.1" 404 283
86.198.98.193 - - [03/Dec/2005:18:42:25 -0800] "GET /movies2/legio_4.zip HTTP/1.1" 200 8274732
86.198.98.193 - - [03/Dec/2005:18:42:38 -0800] "GET /movies2/legio_3.zip HTTP/1.1" 200 438180
84.0.145.228 - - [03/Dec/2005:18:43:15 -0800] "GET /movies/Movie.zip HTTP/1.1" 200 72895
84.143.238.182 - - [03/Dec/2005:18:43:44 -0800] "GET /movies/EpicEpeenEpisode.zip HTTP/1.1" 200 155403095
70.25.60.157 - - [03/Dec/2005:18:45:02 -0800] "GET /movies/Argento.zip HTTP/1.1" 200 42117510
84.58.172.234 - - [03/Dec/2005:18:45:25 -0800] "GET /movies2/Camlann%20Shadow%20Zone.zip HTTP/1.1" 200 141905700
68.205.204.234 - - [03/Dec/2005:18:45:34 -0800] "GET /movies2/rvr.zip HTTP/1.1" 200 318928
24.90.85.248 - - [03/Dec/2005:18:45:45 -0800] "GET /movies2/Purified.zip HTTP/1.1" 200 29959028
87.122.16.67 - - [03/Dec/2005:18:45:56 -0800] "GET /movies/MXOKANJO.zip HTTP/1.1" 200 21300265
86.197.43.17 - - [03/Dec/2005:18:46:16 -0800] "GET /movies2/legio_3.zip HTTP/1.1" 200 108396240
68.205.204.234 - - [03/Dec/2005:18:47:00 -0800] "GET /movies2/rvr.zip HTTP/1.1" 200 1052648
67.110.213.55 - - [03/Dec/2005:18:47:08 -0800] "GET /movies/random_grpa_of_dhoom.zip HTTP/1.1" 206 289164451
68.205.204.234 - - [03/Dec/2005:18:47:10 -0800] "GET /movies2/Raila%20Memorial%20good.zip HTTP/1.1" 200 132540
68.205.204.234 - - [03/Dec/2005:18:49:13 -0800] "GET /movies2/rvr.zip HTTP/1.1" 200 3699288
172.211.175.107 - - [03/Dec/2005:18:49:16 -0800] "GET /movies2/legio_4.zip HTTP/1.1" 200 14638
84.170.120.167 - - [03/Dec/2005:18:49:16 -0800] "GET /movies2/maelstrom_cluster1.zip HTTP/1.0" 206 14795664
84.170.120.167 - - [03/Dec/2005:18:49:16 -0800] "GET /movies2/maelstrom_cluster1.zip HTTP/1.0" 206 14889416
84.170.120.167 - - [03/Dec/2005:18:49:16 -0800] "GET /movies2/maelstrom_cluster1.zip HTTP/1.0" 206 15153108
172.211.175.107 - - [03/Dec/2005:18:49:17 -0800] "GET /movies2/legio_4.zip HTTP/1.1" 206 17339
212.143.22.168 - - [03/Dec/2005:18:50:21 -0800] "GET /movies2/kewle_fights.zip HTTP/1.1" 206 17180
87.122.51.134 - - [03/Dec/2005:18:51:50 -0800] "GET /movies/Ciliviemovie2.zip HTTP/1.1" 200 600912
172.211.175.107 - - [03/Dec/2005:18:52:42 -0800] "GET /movies2/legio_4.zip HTTP/1.1" 206 2689731
172.211.175.107 - - [03/Dec/2005:18:52:42 -0800] "GET /movies2/legio_4.zip HTTP/1.1" 206 2998928
172.211.175.107 - - [03/Dec/2005:18:52:42 -0800] "GET /movies2/legio_4.zip HTTP/1.1" 206 3152640
172.211.175.107 - - [03/Dec/2005:18:52:42 -0800] "GET /movies2/legio_4.zip HTTP/1.1" 206 2919571
85.75.90.37 - - [03/Dec/2005:18:53:36 -0800] "GET /movies2/Obso.zip HTTP/1.1" 206 27043200
85.75.90.37 - - [03/Dec/2005:18:53:43 -0800] "GET /movies2/Obso.zip HTTP/1.1" 206 27054399
85.75.90.37 - - [03/Dec/2005:18:53:58 -0800] "GET /movies2/Obso.zip HTTP/1.1" 206 27037497
85.75.90.37 - - [03/Dec/2005:18:54:21 -0800] "GET /movies/excal_vw.zip HTTP/1.1" 206 37715774
85.75.90.37 - - [03/Dec/2005:18:54:34 -0800] "GET /movies2/Obso.zip HTTP/1.1" 206 27044096
80.218.137.104 - - [03/Dec/2005:18:54:34 -0800] "GET /movies2/Camlann%20Shadow%20Zone.zip HTTP/1.1" 200 141905700
85.75.90.37 - - [03/Dec/2005:18:54:41 -0800] "GET /movies2/Obso.zip HTTP/1.1" 206 1227332
207.118.210.172 - - [03/Dec/2005:18:54:48 -0800] "GET /movies/AbsoluteZeroRVR1.zip HTTP/1.1" 200 221777803
82.83.44.75 - - [03/Dec/2005:18:54:53 -0800] "GET /movies2/Gimp_and_Run_DivX.zip HTTP/1.1" 206 29816873
84.59.112.11 - - [03/Dec/2005:18:55:03 -0800] "GET /movies/EpicEpeenEpisode.zip HTTP/1.1" 206 46655910
83.226.98.197 - - [03/Dec/2005:18:55:16 -0800] "GET /movies/Ciliviel's%20Fourth.zip HTTP/1.1" 200 248036
85.72.0.211 - - [03/Dec/2005:18:55:18 -0800] "GET /movies/SIG-s-Nature_by_reschef2004.zip HTTP/1.1" 200 103321509
212.143.22.168 - - [03/Dec/2005:18:55:45 -0800] "GET /movies2/legio_4.zip HTTP/1.1" 206 17179
82.83.44.75 - - [03/Dec/2005:18:55:50 -0800] "GET /movies2/Gimp_and_Run_DivX.zip HTTP/1.1" 206 29816728
85.75.90.37 - - [03/Dec/2005:18:55:55 -0800] "GET /movies/excal_vw.zip HTTP/1.1" 206 37690423
82.83.44.75 - - [03/Dec/2005:18:56:02 -0800] "GET /movies2/Gimp_and_Run_DivX.zip HTTP/1.1" 206 29641840
84.59.112.11 - - [03/Dec/2005:18:56:06 -0800] "GET /movies/EpicEpeenEpisode.zip HTTP/1.1" 206 31135839
84.59.112.11 - - [03/Dec/2005:18:56:06 -0800] "GET /movies/EpicEpeenEpisode.zip HTTP/1.1" 206 31121488
85.75.90.37 - - [03/Dec/2005:18:56:08 -0800] "GET /movies/excal_vw.zip HTTP/1.1" 206 35980544
85.75.90.37 - - [03/Dec/2005:18:56:29 -0800] "GET /movies/excal_vw.zip HTTP/1.1" 206 35987712
82.83.44.75 - - [03/Dec/2005:18:57:01 -0800] "GET /movies2/Gimp_and_Run_DivX.zip HTTP/1.1" 206 29789352
85.75.90.37 - - [03/Dec/2005:18:57:08 -0800] "GET /movies/excal_vw.zip HTTP/1.1" 206 1755392
85.75.90.37 - - [03/Dec/2005:18:57:10 -0800] "GET /movies/excal_vw.zip HTTP/1.1" 206 3423692
195.93.60.112 - - [03/Dec/2005:18:57:20 -0800] "GET /movies2/A%20Day%20in%20a%20Bard's%20Life%20-%20The%20Bard's%20Tale%20IV.zip HTTP/1.0" 200 12758208
82.83.44.75 - - [03/Dec/2005:18:57:33 -0800] "GET /movies2/Gimp_and_Run_DivX.zip HTTP/1.1" 206 1351226
65.30.130.209 - - [03/Dec/2005:18:57:40 -0800] "GET /movies/Achtungbaby.zip HTTP/1.1" 200 99112097
24.1.201.114 - - [03/Dec/2005:18:58:03 -0800] "GET /movies/Achtungbaby.zip HTTP/1.1" 200 99112097
84.59.112.11 - - [03/Dec/2005:18:58:38 -0800] "GET /movies/EpicEpeenEpisode.zip HTTP/1.1" 206 5247572
84.59.112.11 - - [03/Dec/2005:18:59:28 -0800] "GET /movies/EpicEpeenEpisode.zip HTTP/1.1" 206 5179026
84.59.112.11 - - [03/Dec/2005:18:59:30 -0800] "GET /movies/EpicEpeenEpisode.zip HTTP/1.1" 206 36305536
85.72.0.211 - - [03/Dec/2005:19:00:38 -0800] "GET /movies2/Aedhas_SB_Ector_NF_01_01.zip HTTP/1.1" 200 110118834
172.176.194.104 - - [03/Dec/2005:19:00:44 -0800] "GET /movies/NS.zip HTTP/1.1" 200 548208
86.193.138.109 - - [03/Dec/2005:19:01:26 -0800] "GET /movies2/Camlann%20Shadow%20Zone.zip HTTP/1.1" 200 798384
71.65.14.97 - - [03/Dec/2005:19:01:51 -0800] "GET /movies/Ciliviel's%20Fourth.zip HTTP/1.1" 200 320938620
82.226.42.114 - - [03/Dec/2005:19:02:08 -0800] "GET /movies2/sepp_0001.zip HTTP/1.1" 200 202776
82.48.83.119 - - [03/Dec/2005:19:02:12 -0800] "GET /movies2/kewle_fights.zip HTTP/1.1" 206 18827089
82.48.83.119 - - [03/Dec/2005:19:02:44 -0800] "GET /movies2/kewle_fights.zip HTTP/1.1" 206 18827089
68.205.204.234 - - [03/Dec/2005:19:02:54 -0800] "GET /movies2/rvr.zip HTTP/1.1" 200 16499088
82.48.83.119 - - [03/Dec/2005:19:02:56 -0800] "GET /movies2/kewle_fights.zip HTTP/1.1" 206 18827089
82.48.83.119 - - [03/Dec/2005:19:02:57 -0800] "GET /movies2/kewle_fights.zip HTTP/1.1" 206 18827089
82.48.83.119 - - [03/Dec/2005:19:02:58 -0800] "GET /movies2/kewle_fights.zip HTTP/1.1" 206 18827089
82.48.83.119 - - [03/Dec/2005:19:03:05 -0800] "GET /movies2/kewle_fights.zip HTTP/1.1" 206 18827086
213.169.171.67 - - [03/Dec/2005:19:03:28 -0800] "GET /movies2/Aedhas_SB_Ector_NF_01_01.zip HTTP/1.1" 200 51102756
84.144.12.198 - - [03/Dec/2005:19:03:30 -0800] "GET /favicon.ico HTTP/1.1" 404 283
172.176.194.104 - - [03/Dec/2005:19:03:39 -0800] "GET /movies2/A%20Day%20in%20a%20Bard's%20Life%20-%20The%20Bard's%20Tale%20IV.zip HTTP/1.1" 200 6420239
82.48.83.119 - - [03/Dec/2005:19:03:41 -0800] "GET /movies2/kewle_fights.zip HTTP/1.1" 206 18827089
83.204.113.94 - - [03/Dec/2005:19:05:39 -0800] "GET /movies/Ciliviel's%20Fourth.zip HTTP/1.1" 206 176638620
85.75.90.37 - - [03/Dec/2005:19:05:49 -0800] "GET /movies/Frozensolid%20The%20Movie.zip HTTP/1.1" 206 52254720
85.75.90.37 - - [03/Dec/2005:19:05:59 -0800] "GET /movies/Frozensolid%20The%20Movie.zip HTTP/1.1" 206 52240640
84.63.11.167 - - [03/Dec/2005:19:06:08 -0800] "GET /movies/Paladium.zip HTTP/1.1" 200 84478877
85.75.90.37 - - [03/Dec/2005:19:06:24 -0800] "GET /movies/Frozensolid%20The%20Movie.zip HTTP/1.1" 206 52251520
85.75.90.37 - - [03/Dec/2005:19:06:33 -0800] "GET /movies/Frozensolid%20The%20Movie.zip HTTP/1.1" 206 52248448
85.75.90.37 - - [03/Dec/2005:19:06:41 -0800] "GET /movies/Frozensolid%20The%20Movie.zip HTTP/1.1" 206 2372439
68.158.9.213 - - [03/Dec/2005:19:08:18 -0800] "GET /movies/Rufeekie%20Project%202.zip HTTP/1.1" 200 133095130
71.111.45.195 - - [03/Dec/2005:19:08:26 -0800] "GET /movies2/legio_3.zip HTTP/1.1" 200 44654768
210.50.14.166 - - [03/Dec/2005:19:09:14 -0800] "GET /movies2/sepp_0001.zip HTTP/1.1" 200 176008
67.9.137.246 - - [03/Dec/2005:19:10:36 -0800] "GET /movies/Ciliviel's%20Fourth.zip HTTP/1.1" 200 320938620
172.176.194.104 - - [03/Dec/2005:19:10:42 -0800] "GET /movies2/A%20Day%20in%20a%20Bard's%20Life%20-%20The%20Bard's%20Tale%20IV.zip HTTP/1.1" 200 803888
172.176.194.104 - - [03/Dec/2005:19:10:53 -0800] "GET /movies2/A%20Day%20in%20a%20Bard's%20Life%20-%20The%20Bard's%20Tale%20IV.zip HTTP/1.1" 200 235408
84.167.228.222 - - [03/Dec/2005:19:10:55 -0800] "GET /movies2/CloakedkillerTheCritblade.zip HTTP/1.1" 200 172368713
70.25.60.157 - - [03/Dec/2005:19:11:07 -0800] "GET /movies/Achtungbaby.zip HTTP/1.1" 200 99112097
85.176.175.41 - - [03/Dec/2005:19:12:19 -0800] "GET /favicon.ico HTTP/1.1" 404 283
84.59.112.11 - - [03/Dec/2005:19:13:34 -0800] "GET /movies/Zeltax.zip HTTP/1.1" 206 22966961
84.59.112.11 - - [03/Dec/2005:19:13:47 -0800] "GET /movies/Zeltax.zip HTTP/1.1" 206 22957272
84.59.112.11 - - [03/Dec/2005:19:14:31 -0800] "GET /movies/Zeltax.zip HTTP/1.1" 206 22955464
84.59.112.11 - - [03/Dec/2005:19:14:56 -0800] "GET /movies/Zeltax.zip HTTP/1.1" 206 3340494
84.59.112.11 - - [03/Dec/2005:19:15:01 -0800] "GET /movies/Zeltax.zip HTTP/1.1" 206 26172324
67.33.255.201 - - [03/Dec/2005:19:15:45 -0800] "GET /movies2/sepp_0001.zip HTTP/1.1" 200 7045640
83.79.119.197 - - [03/Dec/2005:19:17:16 -0800] "GET /movies2/CloakedkillerTheCritblade.zip HTTP/1.1" 206 357616
86.195.227.70 - - [03/Dec/2005:19:17:18 -0800] "GET /movies2/legio_4.zip HTTP/1.1" 200 110054128
84.145.66.113 - - [03/Dec/2005:19:17:54 -0800] "GET /movies2/CloakedkillerTheCritblade.zip HTTP/1.1" 206 135588939
24.214.138.61 - - [03/Dec/2005:19:18:12 -0800] "GET /movies2/sepp_0001.zip HTTP/1.1" 200 18144822
24.169.251.203 - - [03/Dec/2005:19:18:36 -0800] "GET /movies/Twitch.zip HTTP/1.1" 200 8685404
84.177.108.130 - - [03/Dec/2005:19:18:50 -0800] "GET /movies2/legio_3.zip HTTP/1.1" 200 384442071
24.17.29.37 - - [03/Dec/2005:19:19:07 -0800] "GET /movies2/sepp_0001.zip HTTP/1.1" 200 18144822
63.169.64.19 - - [03/Dec/2005:19:19:27 -0800] "GET /movies2/sepp_0001.zip HTTP/1.1" 200 18144822
24.169.251.203 - - [03/Dec/2005:19:19:32 -0800] "GET /movies/soylcamlann.zip HTTP/1.1" 200 1287300
85.176.175.99 - - [03/Dec/2005:19:23:35 -0800] "GET /movies2/TDK3.zip HTTP/1.1" 206 190313252
85.176.175.99 - - [03/Dec/2005:19:24:24 -0800] "GET /movies2/TDK3.zip HTTP/1.1" 206 194597259
82.126.63.11 - - [03/Dec/2005:19:25:41 -0800] "GET /movies2/Aedhas_SB_Ector_NF_01_01.zip HTTP/1.1" 200 77044188
24.59.166.234 - - [03/Dec/2005:19:25:47 -0800] "GET /movies2/sepp_0001.zip HTTP/1.1" 200 18144822
84.144.235.213 - - [03/Dec/2005:19:27:19 -0800] "GET /movies2/maelstrom_cluster1.zip HTTP/1.1" 200 345369905
86.128.205.51 - - [03/Dec/2005:19:29:49 -0800] "GET /movies/VampO1.zip HTTP/1.1" 200 56041112
84.169.95.226 - - [03/Dec/2005:19:30:09 -0800] "GET /movies/cgrvr.rar HTTP/1.1" 200 134292823
84.144.12.198 - - [03/Dec/2005:19:31:53 -0800] "GET /movies2/sepp_0001.zip HTTP/1.1" 200 18144822
64.95.190.84 - - [03/Dec/2005:19:32:47 -0800] "GET /movies/cgrvr.rar HTTP/1.1" 200 134292823
24.21.228.39 - - [03/Dec/2005:19:33:58 -0800] "GET /movies2/sepp_0001.zip HTTP/1.1" 200 18144822
84.60.179.80 - - [03/Dec/2005:19:34:39 -0800] "GET /movies2/Camlann%20Shadow%20Zone.zip HTTP/1.1" 200 74314804
84.60.179.80 - - [03/Dec/2005:19:34:40 -0800] "GET /movies2/walkingissues-c.zip HTTP/1.1" 200 73826032
84.60.179.80 - - [03/Dec/2005:19:34:40 -0800] "GET /movies/cgrvr.rar HTTP/1.1" 200 67537110
84.60.135.44 - - [03/Dec/2005:19:35:04 -0800] "GET /favicon.ico HTTP/1.1" 404 283
84.164.97.235 - - [03/Dec/2005:19:35:26 -0800] "GET /movies/cgrvr.rar HTTP/1.1" 200 134292823
82.232.245.247 - - [03/Dec/2005:19:35:45 -0800] "GET /movies2/WaffenbundTheMovie.zip HTTP/1.1" 200 379691340
84.60.135.44 - - [03/Dec/2005:19:36:31 -0800] "HEAD /movies/cgrvr.rar HTTP/1.1" 200 0
86.132.198.169 - - [03/Dec/2005:19:37:10 -0800] "GET /movies/Video%20BT.zip HTTP/1.1" 200 617652
70.80.59.241 - - [03/Dec/2005:19:37:47 -0800] "GET /movies2/InfensusDraok.zip HTTP/1.1" 200 391200857
72.136.94.83 - - [03/Dec/2005:19:38:00 -0800] "GET /movies2/sepp_0001.zip HTTP/1.1" 200 18144822
84.58.150.69 - - [03/Dec/2005:19:38:03 -0800] "GET /movies2/Sadrac-Solo-Infi-Part1.rar HTTP/1.1" 200 93579653
24.43.26.136 - - [03/Dec/2005:19:38:23 -0800] "GET /movies/Tjcombo.zip HTTP/1.1" 200 148781296
85.75.11.81 - - [03/Dec/2005:19:38:37 -0800] "GET /movies/Judei.zip HTTP/1.1" 200 206833823
24.21.228.39 - - [03/Dec/2005:19:38:43 -0800] "GET /movies2/Raila%20Memorial%20good.zip HTTP/1.1" 200 24692536
65.24.46.151 - - [03/Dec/2005:19:39:26 -0800] "GET /movies2/sepp_0001.zip HTTP/1.1" 200 18144822
24.169.251.203 - - [03/Dec/2005:19:40:49 -0800] "GET /movies/soylcamlann.zip HTTP/1.1" 200 110247364
80.130.236.167 - - [03/Dec/2005:19:43:28 -0800] "GET /movies/Valkyrie%20Video.zip HTTP/1.1" 200 216347340
84.58.172.234 - - [03/Dec/2005:19:43:33 -0800] "GET /movies2/maelstrom_cluster1.zip HTTP/1.1" 200 255845592
84.144.235.213 - - [03/Dec/2005:19:44:47 -0800] "GET /movies/cgrvr.rar HTTP/1.1" 206 119560224
86.197.43.17 - - [03/Dec/2005:19:45:28 -0800] "GET /movies2/TDK3.zip HTTP/1.1" 200 384870067
65.30.130.209 - - [03/Dec/2005:19:46:05 -0800] "GET /movies/Achtung%20Baby%20II%20-%20March%201.zip HTTP/1.1" 200 117307261
65.24.46.151 - - [03/Dec/2005:19:46:17 -0800] "GET /movies2/Cilivielmovie5.zip HTTP/1.1" 200 882000
81.227.14.47 - - [03/Dec/2005:19:46:34 -0800] "GET /movies2/Gimp_and_Run_DivX.zip HTTP/1.1" 200 120258322
65.24.46.151 - - [03/Dec/2005:19:46:49 -0800] "GET /movies/Ciliviel's%20Fourth.zip HTTP/1.1" 200 925317
80.130.236.167 - - [03/Dec/2005:19:46:53 -0800] "GET /movies2/A5D.zip HTTP/1.1" 200 239020412
86.128.205.51 - - [03/Dec/2005:19:48:43 -0800] "GET /movies/Painfool2ndvideo1.zip HTTP/1.1" 200 100122157
84.185.236.21 - - [03/Dec/2005:19:49:01 -0800] "GET /movies2/Addiction%20-%20Not%20Uber%20Yet.zip HTTP/1.1" 206 30489812
84.185.236.21 - - [03/Dec/2005:19:49:08 -0800] "GET /movies2/Addiction%20-%20Not%20Uber%20Yet.zip HTTP/1.1" 206 30173276
84.185.236.21 - - [03/Dec/2005:19:49:10 -0800] "GET /movies2/Addiction%20-%20Not%20Uber%20Yet.zip HTTP/1.1" 206 29903552
84.185.236.21 - - [03/Dec/2005:19:49:14 -0800] "GET /movies2/Addiction%20-%20Not%20Uber%20Yet.zip HTTP/1.1" 200 30659968
84.185.236.21 - - [03/Dec/2005:19:49:19 -0800] "GET /movies2/Addiction%20-%20Not%20Uber%20Yet.zip HTTP/1.1" 206 30427364
84.185.236.21 - - [03/Dec/2005:19:49:26 -0800] "GET /movies2/Addiction%20-%20Not%20Uber%20Yet.zip HTTP/1.1" 200 40826544
69.144.214.187 - - [03/Dec/2005:19:50:13 -0800] "GET /movies2/sepp_0001.zip HTTP/1.1" 200 18144822
172.176.194.104 - - [03/Dec/2005:19:50:59 -0800] "GET /movies2/A%20Day%20in%20a%20Bard's%20Life%20-%20The%20Bard's%20Tale%20IV.zip HTTP/1.1" 200 31368079
68.43.89.104 - - [03/Dec/2005:19:51:08 -0800] "GET /favicon.ico HTTP/1.1" 404 283
24.21.228.39 - - [03/Dec/2005:19:52:56 -0800] "GET /movies2/Obso.zip HTTP/1.1" 200 109229556
84.63.11.167 - - [03/Dec/2005:19:53:30 -0800] "GET /movies/sgrvr.zip HTTP/1.1" 200 47159685
81.53.22.153 - - [03/Dec/2005:19:54:33 -0800] "GET /movies2/rvr.zip HTTP/1.1" 200 1007078
84.188.108.139 - - [03/Dec/2005:19:54:35 -0800] "GET /movies2/angathid.zip HTTP/1.1" 200 167290997
81.53.22.153 - - [03/Dec/2005:19:54:50 -0800] "GET /movies2/Camlann%20Shadow%20Zone.zip HTTP/1.1" 200 1473216
84.169.95.226 - - [03/Dec/2005:19:54:55 -0800] "GET /movies/TDKBoldJihad.zip HTTP/1.1" 200 191668203
68.43.89.104 - - [03/Dec/2005:19:55:03 -0800] "GET /movies/AbsoluteZeroRVR1.zip HTTP/1.1" 200 25706368
68.43.89.104 - - [03/Dec/2005:19:55:05 -0800] "GET /movies2/nov15.zip HTTP/1.1" 200 7859712
68.43.89.104 - - [03/Dec/2005:19:55:06 -0800] "HEAD /movies/AbsoluteZeroRVR1.zip HTTP/1.1" 200 0
24.168.120.123 - - [03/Dec/2005:19:55:06 -0800] "GET /movies/Achtung%20Baby%20II%20-%20March%201.zip HTTP/1.1" 200 117307261
68.43.89.104 - - [03/Dec/2005:19:55:11 -0800] "GET /movies/AbsoluteZeroRVR1.zip HTTP/1.1" 200 1659916
81.53.22.153 - - [03/Dec/2005:19:55:25 -0800] "GET /movies/Ciliviel's%20Fourth.zip HTTP/1.1" 200 305788
81.53.22.153 - - [03/Dec/2005:19:55:44 -0800] "GET /movies/AMAYA_200605-040705_FINAL.rar HTTP/1.1" 200 98962
86.194.21.183 - - [03/Dec/2005:19:55:57 -0800] "GET /movies/ACL%204.zip HTTP/1.1" 200 363273861
81.53.22.153 - - [03/Dec/2005:19:56:56 -0800] "GET /movies/AMAYA_200605-040705_FINAL.rar HTTP/1.0" 206 46376
81.53.22.153 - - [03/Dec/2005:19:56:56 -0800] "GET /movies/AMAYA_200605-040705_FINAL.rar HTTP/1.0" 206 31775
81.53.22.153 - - [03/Dec/2005:19:57:04 -0800] "GET /movies/AMAYA_200605-040705_FINAL.rar HTTP/1.0" 206 141456
81.53.22.153 - - [03/Dec/2005:19:57:30 -0800] "GET /movies/NS.zip HTTP/1.1" 200 36177
81.53.22.153 - - [03/Dec/2005:19:57:41 -0800] "GET /movies/AMAYA_200605-040705_FINAL.rar HTTP/1.0" 206 20095
81.53.22.153 - - [03/Dec/2005:19:57:42 -0800] "GET /movies/AMAYA_200605-040705_FINAL.rar HTTP/1.0" 206 21555
81.53.22.153 - - [03/Dec/2005:19:57:42 -0800] "GET /movies/AMAYA_200605-040705_FINAL.rar HTTP/1.0" 206 24475
81.53.22.153 - - [03/Dec/2005:19:57:42 -0800] "GET /movies/AMAYA_200605-040705_FINAL.rar HTTP/1.0" 206 24476
81.53.22.153 - - [03/Dec/2005:19:59:07 -0800] "GET /movies/Ciliviel's%20Fourth.zip HTTP/1.0" 206 457628
81.53.22.153 - - [03/Dec/2005:19:59:07 -0800] "GET /movies/Ciliviel's%20Fourth.zip HTTP/1.0" 206 607011
81.53.22.153 - - [03/Dec/2005:19:59:07 -0800] "GET /movies/Ciliviel's%20Fourth.zip HTTP/1.0" 206 561772
81.53.22.153 - - [03/Dec/2005:19:59:07 -0800] "GET /movies/Ciliviel's%20Fourth.zip HTTP/1.0" 206 526710
81.53.22.153 - - [03/Dec/2005:19:59:07 -0800] "GET /movies/Ciliviel's%20Fourth.zip HTTP/1.0" 206 538391
81.53.22.153 - - [03/Dec/2005:19:59:16 -0800] "GET /movies/Ciliviel's%20Fourth.zip HTTP/1.0" 206 476112
70.160.243.235 - - [03/Dec/2005:19:59:17 -0800] "GET /movies/Ciliviel's%20Fourth.zip HTTP/1.1" 200 320938620
68.148.73.157 - - [03/Dec/2005:19:59:32 -0800] "GET /movies/Ciliviel's%20Fourth.zip HTTP/1.1" 200 9880076
81.53.22.153 - - [03/Dec/2005:19:59:37 -0800] "GET /movies/NS.zip HTTP/1.0" 206 159788
84.185.236.21 - - [03/Dec/2005:19:59:39 -0800] "GET /movies2/Addiction%20-%20Not%20Uber%20Yet.zip HTTP/1.1" 206 12671672
81.53.22.153 - - [03/Dec/2005:19:59:56 -0800] "GET /movies/NS.zip HTTP/1.0" 206 104770
84.185.236.21 - - [03/Dec/2005:19:59:58 -0800] "GET /movies2/Addiction%20-%20Not%20Uber%20Yet.zip HTTP/1.1" 206 12630212
84.185.236.21 - - [03/Dec/2005:20:00:02 -0800] "GET /movies2/Addiction%20-%20Not%20Uber%20Yet.zip HTTP/1.1" 206 12898832
84.185.236.21 - - [03/Dec/2005:20:00:06 -0800] "GET /movies2/Addiction%20-%20Not%20Uber%20Yet.zip HTTP/1.1" 206 13271885
84.185.236.21 - - [03/Dec/2005:20:00:06 -0800] "GET /movies2/Addiction%20-%20Not%20Uber%20Yet.zip HTTP/1.1" 206 804388
84.185.236.21 - - [03/Dec/2005:20:00:08 -0800] "GET /movies2/Addiction%20-%20Not%20Uber%20Yet.zip HTTP/1.1" 206 12005724
86.194.21.183 - - [03/Dec/2005:20:01:08 -0800] "GET /movies2/WaffenbundTheMovie.zip HTTP/1.1" 200 379691340
81.53.22.153 - - [03/Dec/2005:20:01:46 -0800] "GET /movies/NS.zip HTTP/1.0" 206 233251
86.197.43.17 - - [03/Dec/2005:20:02:02 -0800] "GET /movies2/TDK3.zip HTTP/1.1" 200 5108218
86.197.43.17 - - [03/Dec/2005:20:02:03 -0800] "GET /movies2/legio_3.zip HTTP/1.1" 200 3848238
81.53.22.153 - - [03/Dec/2005:20:02:17 -0800] "GET /movies/NS.zip HTTP/1.0" 206 431810
81.53.22.153 - - [03/Dec/2005:20:02:17 -0800] "GET /movies/NS.zip HTTP/1.0" 206 1185744
81.53.22.153 - - [03/Dec/2005:20:02:17 -0800] "GET /movies/NS.zip HTTP/1.0" 206 1159888
81.53.22.153 - - [03/Dec/2005:20:02:17 -0800] "GET /movies/NS.zip HTTP/1.0" 206 909640
81.53.22.153 - - [03/Dec/2005:20:02:17 -0800] "GET /movies/NS.zip HTTP/1.0" 206 1052900
81.53.22.153 - - [03/Dec/2005:20:02:17 -0800] "GET /movies/NS.zip HTTP/1.0" 206 649351
81.53.22.153 - - [03/Dec/2005:20:02:17 -0800] "GET /movies/NS.zip HTTP/1.0" 206 105280
81.53.22.153 - - [03/Dec/2005:20:02:19 -0800] "GET /movies2/Camlann%20Shadow%20Zone.zip HTTP/1.0" 206 1227116
81.53.22.153 - - [03/Dec/2005:20:02:19 -0800] "GET /movies2/Camlann%20Shadow%20Zone.zip HTTP/1.0" 206 850108
81.53.22.153 - - [03/Dec/2005:20:02:19 -0800] "GET /movies2/Camlann%20Shadow%20Zone.zip HTTP/1.0" 206 874193
81.53.22.153 - - [03/Dec/2005:20:02:19 -0800] "GET /movies2/Camlann%20Shadow%20Zone.zip HTTP/1.0" 206 867076
81.53.22.153 - - [03/Dec/2005:20:02:19 -0800] "GET /movies2/Camlann%20Shadow%20Zone.zip HTTP/1.0" 206 1173916
81.53.22.153 - - [03/Dec/2005:20:02:19 -0800] "GET /movies2/Camlann%20Shadow%20Zone.zip HTTP/1.0" 206 1131076
81.53.22.153 - - [03/Dec/2005:20:02:19 -0800] "GET /movies2/Camlann%20Shadow%20Zone.zip HTTP/1.0" 206 1444912
81.53.22.153 - - [03/Dec/2005:20:02:32 -0800] "GET /movies2/rvr.zip HTTP/1.0" 206 269751
81.53.22.153 - - [03/Dec/2005:20:02:32 -0800] "GET /movies2/rvr.zip HTTP/1.0" 206 1456340
81.53.22.153 - - [03/Dec/2005:20:02:32 -0800] "GET /movies2/rvr.zip HTTP/1.0" 206 966172
81.53.22.153 - - [03/Dec/2005:20:02:32 -0800] "GET /movies2/rvr.zip HTTP/1.0" 206 1269388
81.53.22.153 - - [03/Dec/2005:20:02:32 -0800] "GET /movies2/rvr.zip HTTP/1.0" 206 818719
81.53.22.153 - - [03/Dec/2005:20:02:33 -0800] "GET /movies2/rvr.zip HTTP/1.0" 206 1411008
81.53.22.153 - - [03/Dec/2005:20:02:34 -0800] "GET /movies/AMAYA_200605-040705_FINAL.rar HTTP/1.0" 206 809488
81.53.22.153 - - [03/Dec/2005:20:02:34 -0800] "GET /movies/AMAYA_200605-040705_FINAL.rar HTTP/1.0" 206 732912
81.53.22.153 - - [03/Dec/2005:20:02:34 -0800] "GET /movies/AMAYA_200605-040705_FINAL.rar HTTP/1.0" 206 895952
81.53.22.153 - - [03/Dec/2005:20:02:34 -0800] "GET /movies/AMAYA_200605-040705_FINAL.rar HTTP/1.0" 206 711740
81.53.22.153 - - [03/Dec/2005:20:02:34 -0800] "GET /movies/AMAYA_200605-040705_FINAL.rar HTTP/1.0" 206 955960
81.53.22.153 - - [03/Dec/2005:20:02:34 -0800] "GET /movies/AMAYA_200605-040705_FINAL.rar HTTP/1.0" 206 832116
24.21.228.39 - - [03/Dec/2005:20:02:39 -0800] "GET /movies2/Camlann%20Shadow%20Zone.zip HTTP/1.1" 200 141905700
81.53.22.153 - - [03/Dec/2005:20:02:47 -0800] "GET /movies/AMAYA_200605-040705_FINAL.rar HTTP/1.0" 206 319395
84.143.238.182 - - [03/Dec/2005:20:02:51 -0800] "GET /movies/Frozensolid%20The%20Movie.zip HTTP/1.1" 200 211139327
24.21.228.39 - - [03/Dec/2005:20:03:00 -0800] "GET /movies2/Camlann%20Shadow%20Zone.zip HTTP/1.1" 200 141905700
81.53.22.153 - - [03/Dec/2005:20:03:05 -0800] "GET /movies/Ciliviel's%20Fourth.zip HTTP/1.0" 206 365884
81.53.22.153 - - [03/Dec/2005:20:03:17 -0800] "GET /movies2/rvr.zip HTTP/1.0" 206 645968
151.51.115.57 - - [03/Dec/2005:20:04:16 -0800] "GET /movies/AmishParadise.zip HTTP/1.1" 200 43025780
81.53.22.153 - - [03/Dec/2005:20:04:29 -0800] "GET /movies2/rvr.zip HTTP/1.0" 206 808028
24.90.85.248 - - [03/Dec/2005:20:04:52 -0800] "GET /movies2/Purified.zip HTTP/1.1" 200 160426511
84.63.11.167 - - [03/Dec/2005:20:07:06 -0800] "GET /movies2/EyescreamVol1.zip HTTP/1.1" 200 58680471
84.164.97.235 - - [03/Dec/2005:20:08:17 -0800] "GET /movies/TDKBoldJihad.zip HTTP/1.1" 200 191668203
84.63.11.167 - - [03/Dec/2005:20:08:18 -0800] "GET /movies/renegade.zip HTTP/1.1" 200 66784700
80.144.74.31 - - [03/Dec/2005:20:09:41 -0800] "GET /movies/CamlannSurvivors.zip HTTP/1.1" 200 367424895
81.53.22.153 - - [03/Dec/2005:20:10:09 -0800] "GET /movies2/rvr.zip HTTP/1.0" 206 1174488
81.53.22.153 - - [03/Dec/2005:20:10:09 -0800] "GET /movies2/rvr.zip HTTP/1.0" 206 1539954
81.53.22.153 - - [03/Dec/2005:20:10:09 -0800] "GET /movies2/rvr.zip HTTP/1.0" 206 2576088
81.53.22.153 - - [03/Dec/2005:20:10:10 -0800] "GET /movies2/rvr.zip HTTP/1.0" 206 2524500
81.53.22.153 - - [03/Dec/2005:20:10:11 -0800] "GET /movies2/rvr.zip HTTP/1.0" 206 2567000
84.141.120.23 - - [03/Dec/2005:20:10:13 -0800] "GET /movies/AllexielBeonthel-NobodyLeft111.rar HTTP/1.1" 200 293933657
81.53.22.153 - - [03/Dec/2005:20:10:16 -0800] "GET /movies2/rvr.zip HTTP/1.0" 206 1872368
81.53.22.153 - - [03/Dec/2005:20:10:35 -0800] "GET /movies2/rvr.zip HTTP/1.0" 206 2016908
87.122.16.67 - - [03/Dec/2005:20:11:35 -0800] "GET /movies/Kronos.zip HTTP/1.1" 200 50420691
81.53.22.153 - - [03/Dec/2005:20:11:38 -0800] "GET /movies2/Camlann%20Shadow%20Zone.zip HTTP/1.0" 206 50754
81.53.22.153 - - [03/Dec/2005:20:11:38 -0800] "GET /movies2/Camlann%20Shadow%20Zone.zip HTTP/1.0" 206 63893
81.53.22.153 - - [03/Dec/2005:20:11:43 -0800] "GET /movies2/Camlann%20Shadow%20Zone.zip HTTP/1.0" 206 33234
81.53.22.153 - - [03/Dec/2005:20:11:49 -0800] "GET /movies2/Camlann%20Shadow%20Zone.zip HTTP/1.0" 206 15713
84.167.228.222 - - [03/Dec/2005:20:12:49 -0800] "GET /movies2/Cilivielmovie5.zip HTTP/1.1" 200 280459714
84.63.11.167 - - [03/Dec/2005:20:14:29 -0800] "GET /movies/Nemesis_SH-Albion_Cleric-POV.zip HTTP/1.1" 200 290000365
81.53.22.153 - - [03/Dec/2005:20:14:45 -0800] "GET /movies/AMAYA_200605-040705_FINAL.rar HTTP/1.0" 206 2797088
81.53.22.153 - - [03/Dec/2005:20:15:01 -0800] "GET /movies2/rvr.zip HTTP/1.0" 206 77032
65.23.223.125 - - [03/Dec/2005:20:15:38 -0800] "GET /movies2/sepp_0001.zip HTTP/1.1" 200 18144822
62.99.207.110 - - [03/Dec/2005:20:16:52 -0800] "GET /movies2/Ein%20Tag%20Dartmoor%20Hib.zip HTTP/1.1" 200 287965050
213.196.240.45 - - [03/Dec/2005:20:17:56 -0800] "GET /movies2/sepp_0001.zip HTTP/1.1" 200 18144822
86.194.21.183 - - [03/Dec/2005:20:18:04 -0800] "GET /movies2/legio_3.zip HTTP/1.1" 200 384442071
82.135.12.210 - - [03/Dec/2005:20:18:23 -0800] "GET /movies/Einherjar.zip HTTP/1.1" 200 48938571
66.74.238.189 - - [03/Dec/2005:20:18:24 -0800] "GET /movies2/sepp_0001.zip HTTP/1.1" 200 18144822
64.228.81.66 - - [03/Dec/2005:20:18:49 -0800] "GET /movies/mof.zip HTTP/1.1" 200 335293262
84.63.11.167 - - [03/Dec/2005:20:20:32 -0800] "GET /movies/xxxPowerburnxxx_0001.zip HTTP/1.1" 200 175788965
213.196.240.45 - - [03/Dec/2005:20:22:11 -0800] "GET /movies2/Raila%20Memorial%20good.zip HTTP/1.1" 200 24692536
24.155.15.142 - - [03/Dec/2005:20:22:44 -0800] "GET /movies2/sepp_0001.zip HTTP/1.1" 200 18144822
81.53.22.153 - - [03/Dec/2005:20:23:09 -0800] "GET /movies2/rvr.zip HTTP/1.0" 206 1132612
82.83.201.148 - - [03/Dec/2005:20:23:28 -0800] "GET /movies2/maelstrom_cluster1.zip HTTP/1.1" 200 400536
151.199.89.163 - - [03/Dec/2005:20:23:31 -0800] "GET /movies2/sepp_0001.zip HTTP/1.1" 200 18144822
62.34.106.46 - - [03/Dec/2005:20:24:13 -0800] "GET /movies2/mof2.zip HTTP/1.1" 200 312575126
81.53.22.153 - - [03/Dec/2005:20:24:53 -0800] "GET /movies/NS.zip HTTP/1.0" 206 1844024
84.63.11.167 - - [03/Dec/2005:20:25:45 -0800] "GET /movies/Reaver4Live.zip HTTP/1.1" 200 179916988
69.62.150.171 - - [03/Dec/2005:20:25:57 -0800] "GET /movies/2%20Tage%20RVR%20-%20Logres%20Hib.zip HTTP/1.1" 200 36333229
81.53.22.153 - - [03/Dec/2005:20:27:25 -0800] "GET /movies/NS.zip HTTP/1.0" 206 2106431
213.39.228.35 - - [03/Dec/2005:20:27:57 -0800] "GET /movies2/A5D.zip HTTP/1.1" 200 296170793
81.53.22.153 - - [03/Dec/2005:20:28:30 -0800] "GET /movies2/rvr.zip HTTP/1.0" 206 2027592
81.241.201.46 - - [03/Dec/2005:20:29:32 -0800] "GET /movies2/4vs4_random.zip HTTP/1.1" 200 78319623
24.32.66.12 - - [03/Dec/2005:20:30:30 -0800] "GET /movies/Ciliviel's%20Fourth.zip HTTP/1.1" 200 320938620
81.53.22.153 - - [03/Dec/2005:20:30:47 -0800] "GET /movies/NS.zip HTTP/1.0" 206 2953084
81.53.22.153 - - [03/Dec/2005:20:30:55 -0800] "GET /movies2/rvr.zip HTTP/1.0" 206 2842272
81.53.22.153 - - [03/Dec/2005:20:31:04 -0800] "GET /movies2/rvr.zip HTTP/1.0" 206 3489232
82.83.195.85 - - [03/Dec/2005:20:31:11 -0800] "GET /movies2/maelstrom_cluster1.zip HTTP/1.1" 200 8440260
68.46.214.143 - - [03/Dec/2005:20:31:25 -0800] "GET /movies2/Senile%20Video.zip HTTP/1.1" 200 133531784
81.53.22.153 - - [03/Dec/2005:20:32:16 -0800] "GET /movies2/rvr.zip HTTP/1.0" 206 159788
84.134.129.236 - - [03/Dec/2005:20:32:45 -0800] "GET /movies2/sepp_0001.zip HTTP/1.1" 200 1674528
81.53.22.153 - - [03/Dec/2005:20:32:51 -0800] "GET /movies2/rvr.zip HTTP/1.0" 206 3534311
83.177.255.110 - - [03/Dec/2005:20:33:08 -0800] "GET /movies2/Purified.zip HTTP/1.1" 200 160426511
81.49.207.27 - - [03/Dec/2005:20:34:24 -0800] "GET /movies/AMAYA_200605-040705_FINAL.rar HTTP/1.1" 200 444540412
81.53.22.153 - - [03/Dec/2005:20:34:35 -0800] "GET /movies/AMAYA_200605-040705_FINAL.rar HTTP/1.0" 206 5152256
84.134.159.52 - - [03/Dec/2005:20:35:44 -0800] "GET /movies2/sepp_0001.zip HTTP/1.1" 200 18144822
81.53.22.153 - - [03/Dec/2005:20:35:58 -0800] "GET /movies/AMAYA_200605-040705_FINAL.rar HTTP/1.0" 206 2833000
84.60.135.44 - - [03/Dec/2005:20:36:35 -0800] "GET /movies/cgrvr.rar HTTP/1.1" 200 134292823
12.203.220.195 - - [03/Dec/2005:20:36:39 -0800] "GET /movies/Allexiel%20-%20Solo%20Reaver.zip HTTP/1.1" 200 91168691
24.90.113.22 - - [03/Dec/2005:20:37:16 -0800] "GET /movies2/sepp_0001.zip HTTP/1.1" 200 20120
84.60.135.44 - - [03/Dec/2005:20:37:18 -0800] "GET /movies2/Camlann%20Shadow%20Zone.zip HTTP/1.1" 200 141905700
24.90.113.22 - - [03/Dec/2005:20:37:20 -0800] "GET /favicon.ico HTTP/1.1" 404 283
70.240.196.34 - - [03/Dec/2005:20:38:00 -0800] "GET /movies/hibgath.zip HTTP/1.1" 200 179832
70.240.196.34 - - [03/Dec/2005:20:38:01 -0800] "GET /movies/hibgath.zip HTTP/1.1" 206 18538
84.56.186.142 - - [03/Dec/2005:20:38:06 -0800] "GET /movies2/amaya2_healplz.zip HTTP/1.1" 200 371806982
70.240.196.34 - - [03/Dec/2005:20:38:15 -0800] "GET /movies/8v22.zip HTTP/1.1" 200 15651
70.240.196.34 - - [03/Dec/2005:20:38:15 -0800] "GET /movies/8v22.zip HTTP/1.1" 206 12730
82.135.12.210 - - [03/Dec/2005:20:38:53 -0800] "GET /movies/Commruned_0001.zip HTTP/1.1" 200 90364988
82.125.97.182 - - [03/Dec/2005:20:39:43 -0800] "GET /movies2/Camlann%20Shadow%20Zone.zip HTTP/1.1" 200 141905700
24.21.228.39 - - [03/Dec/2005:20:39:52 -0800] "GET /movies2/WaffenbundTheMovie.zip HTTP/1.1" 200 379691340
70.240.196.34 - - [03/Dec/2005:20:39:54 -0800] "GET /movies/LMAOrak.zip HTTP/1.1" 200 15651
70.240.196.34 - - [03/Dec/2005:20:39:54 -0800] "GET /movies/LMAOrak.zip HTTP/1.1" 206 17086
24.90.113.22 - - [03/Dec/2005:20:40:13 -0800] "GET /movies2/sepp_0001.zip HTTP/1.1" 206 18144822
83.79.119.197 - - [03/Dec/2005:20:40:25 -0800] "GET /movies2/CloakedkillerTheCritblade.zip HTTP/1.1" 206 169557352
70.240.196.34 - - [03/Dec/2005:20:40:54 -0800] "GET /movies/hibgath.zip HTTP/1.1" 206 8241388
70.104.172.244 - - [03/Dec/2005:20:40:56 -0800] "GET /movies2/Cilivielmovie5.zip HTTP/1.1" 200 280459714
70.240.196.34 - - [03/Dec/2005:20:40:57 -0800] "GET /movies/hibgath.zip HTTP/1.1" 206 8241390
70.240.196.34 - - [03/Dec/2005:20:41:13 -0800] "GET /movies/hibgath.zip HTTP/1.1" 206 8241388
70.240.196.34 - - [03/Dec/2005:20:41:13 -0800] "GET /movies/hibgath.zip HTTP/1.1" 206 8241388
70.240.196.34 - - [03/Dec/2005:20:41:16 -0800] "GET /movies/hibgath.zip HTTP/1.1" 206 8241388
70.240.196.34 - - [03/Dec/2005:20:41:16 -0800] "GET /movies/hibgath.zip HTTP/1.1" 206 8241388
70.240.196.34 - - [03/Dec/2005:20:41:17 -0800] "GET /movies/hibgath.zip HTTP/1.1" 206 8241388
68.69.202.254 - - [03/Dec/2005:20:41:17 -0800] "GET /movies2/maelstrom_cluster1.zip HTTP/1.1" 200 345369905
72.136.94.83 - - [03/Dec/2005:20:41:23 -0800] "GET /movies2/Camlann%20Shadow%20Zone.zip HTTP/1.1" 200 141905700
81.53.22.153 - - [03/Dec/2005:20:41:30 -0800] "GET /movies/AMAYA_200605-040705_FINAL.rar HTTP/1.0" 206 6911040
81.53.22.153 - - [03/Dec/2005:20:41:30 -0800] "GET /movies/NS.zip HTTP/1.0" 206 5798536
84.144.12.198 - - [03/Dec/2005:20:42:18 -0800] "GET /movies2/Camlann%20Shadow%20Zone.zip HTTP/1.1" 200 141905700
70.240.196.34 - - [03/Dec/2005:20:42:30 -0800] "GET /movies/8v22.zip HTTP/1.1" 206 3416209
68.46.214.143 - - [03/Dec/2005:20:42:30 -0800] "GET /movies2/Swichx.zip HTTP/1.1" 200 251784234
24.205.167.208 - - [03/Dec/2005:20:42:33 -0800] "GET /movies/Animists%20Kill%20Dragon%20CTftw.zip HTTP/1.1" 200 5564639
70.240.196.34 - - [03/Dec/2005:20:42:36 -0800] "GET /movies/8v22.zip HTTP/1.1" 206 3416215
70.240.196.34 - - [03/Dec/2005:20:42:37 -0800] "GET /movies/8v22.zip HTTP/1.1" 206 3416209
70.240.196.34 - - [03/Dec/2005:20:42:37 -0800] "GET /movies/8v22.zip HTTP/1.1" 206 3416209
70.240.196.34 - - [03/Dec/2005:20:42:38 -0800] "GET /movies/8v22.zip HTTP/1.1" 206 3416209
70.240.196.34 - - [03/Dec/2005:20:42:40 -0800] "GET /movies/8v22.zip HTTP/1.1" 206 3416209
70.240.196.34 - - [03/Dec/2005:20:42:41 -0800] "GET /movies/8v22.zip HTTP/1.1" 206 3416209
81.53.22.153 - - [03/Dec/2005:20:43:02 -0800] "GET /movies/NS.zip HTTP/1.0" 206 2366311
84.112.7.72 - - [03/Dec/2005:20:43:25 -0800] "GET /movies/cgrvr.rar HTTP/1.1" 206 3969576
84.112.7.72 - - [03/Dec/2005:20:43:25 -0800] "GET /movies/cgrvr.rar HTTP/1.1" 206 4475140
84.112.7.72 - - [03/Dec/2005:20:43:25 -0800] "GET /movies/cgrvr.rar HTTP/1.1" 206 3163228
84.112.7.72 - - [03/Dec/2005:20:43:25 -0800] "GET /movies/cgrvr.rar HTTP/1.1" 206 4222724
84.112.7.72 - - [03/Dec/2005:20:43:25 -0800] "GET /movies/cgrvr.rar HTTP/1.1" 200 3747656
70.240.196.34 - - [03/Dec/2005:20:44:16 -0800] "GET /movies/LMAOrak.zip HTTP/1.1" 206 4867432
70.240.196.34 - - [03/Dec/2005:20:44:29 -0800] "GET /movies/LMAOrak.zip HTTP/1.1" 206 4867432
70.240.196.34 - - [03/Dec/2005:20:44:30 -0800] "GET /movies/LMAOrak.zip HTTP/1.1" 206 4867432
70.240.196.34 - - [03/Dec/2005:20:44:33 -0800] "GET /movies/LMAOrak.zip HTTP/1.1" 206 4867432
70.240.196.34 - - [03/Dec/2005:20:44:36 -0800] "GET /movies/LMAOrak.zip HTTP/1.1" 206 4867432
70.240.196.34 - - [03/Dec/2005:20:44:37 -0800] "GET /movies/LMAOrak.zip HTTP/1.1" 206 4867432
70.240.196.34 - - [03/Dec/2005:20:44:37 -0800] "GET /movies/LMAOrak.zip HTTP/1.1" 206 4867431
84.112.7.72 - - [03/Dec/2005:20:44:48 -0800] "GET /movies/ThaneVid2_by_Iator.zip HTTP/1.1" 200 1525616
84.112.7.72 - - [03/Dec/2005:20:45:00 -0800] "GET /movies/ThaneVid2_by_Iator.zip HTTP/1.1" 206 591704
84.112.7.72 - - [03/Dec/2005:20:45:00 -0800] "GET /movies/ThaneVid2_by_Iator.zip HTTP/1.1" 206 773552
84.112.7.72 - - [03/Dec/2005:20:45:00 -0800] "GET /movies/ThaneVid2_by_Iator.zip HTTP/1.1" 200 1057200
84.112.7.72 - - [03/Dec/2005:20:45:00 -0800] "GET /movies/ThaneVid2_by_Iator.zip HTTP/1.1" 206 556664
84.112.7.72 - - [03/Dec/2005:20:45:00 -0800] "GET /movies/ThaneVid2_by_Iator.zip HTTP/1.1" 206 826764
84.177.116.245 - - [03/Dec/2005:20:45:57 -0800] "GET /movies/HoAAdren2.zip HTTP/1.1" 200 335166883
81.53.22.153 - - [03/Dec/2005:20:46:57 -0800] "GET /movies/AMAYA_200605-040705_FINAL.rar HTTP/1.0" 206 9456078
81.53.22.153 - - [03/Dec/2005:20:47:35 -0800] "GET /movies2/rvr.zip HTTP/1.0" 206 1980873
81.53.22.153 - - [03/Dec/2005:20:47:48 -0800] "GET /movies/AMAYA_200605-040705_FINAL.rar HTTP/1.0" 206 9526924
86.198.98.193 - - [03/Dec/2005:20:48:12 -0800] "GET /movies2/sepp_0001.zip HTTP/1.1" 200 18144822
82.57.183.224 - - [03/Dec/2005:20:48:53 -0800] "GET /movies2/sepp_0001.zip HTTP/1.1" 200 20080
82.57.183.224 - - [03/Dec/2005:20:48:56 -0800] "GET /movies2/Camlann%20Shadow%20Zone.zip HTTP/1.1" 200 33679
84.134.159.52 - - [03/Dec/2005:20:49:09 -0800] "GET /movies/8v22.zip HTTP/1.1" 200 23913463
80.3.64.13 - - [03/Dec/2005:20:49:22 -0800] "GET /movies2/sepp_0001.zip HTTP/1.1" 200 18144822
82.51.5.170 - - [03/Dec/2005:20:49:56 -0800] "GET /movies/Grimwarts%20Video%20Final%20Cut.zip HTTP/1.1" 200 19727
82.51.5.170 - - [03/Dec/2005:20:50:01 -0800] "GET /movies/Grimwarts%20Video%20Final%20Cut.zip HTTP/1.1" 206 18278
82.57.183.224 - - [03/Dec/2005:20:50:11 -0800] "GET /movies2/sepp_0001.zip HTTP/1.1" 206 4581248
82.57.183.224 - - [03/Dec/2005:20:50:20 -0800] "GET /movies2/sepp_0001.zip HTTP/1.1" 200 4656320
82.57.183.224 - - [03/Dec/2005:20:50:23 -0800] "GET /movies2/sepp_0001.zip HTTP/1.1" 206 4069856
82.57.183.224 - - [03/Dec/2005:20:50:25 -0800] "GET /movies2/sepp_0001.zip HTTP/1.1" 206 520281
82.57.183.224 - - [03/Dec/2005:20:50:27 -0800] "GET /movies2/sepp_0001.zip HTTP/1.1" 206 4582820
82.51.5.170 - - [03/Dec/2005:20:50:48 -0800] "GET /movies/Grimwarts%20Video%20Final%20Cut.zip HTTP/1.1" 206 94174
82.51.5.170 - - [03/Dec/2005:20:50:48 -0800] "GET /movies/Grimwarts%20Video%20Final%20Cut.zip HTTP/1.1" 206 266007
82.51.5.170 - - [03/Dec/2005:20:50:48 -0800] "GET /movies/Grimwarts%20Video%20Final%20Cut.zip HTTP/1.1" 206 93312
82.51.5.170 - - [03/Dec/2005:20:50:48 -0800] "GET /movies/Grimwarts%20Video%20Final%20Cut.zip HTTP/1.1" 206 114792
69.62.150.171 - - [03/Dec/2005:20:52:13 -0800] "GET /movies/Arctic%20Darkness%208v8%20movie%20Healer%20PoV.rar HTTP/1.1" 200 21988328
84.151.61.92 - - [03/Dec/2005:20:52:34 -0800] "GET /movies2/Darkyne1.zip HTTP/1.1" 200 164145970
81.53.22.153 - - [03/Dec/2005:20:52:39 -0800] "GET /movies/NS.zip HTTP/1.0" 206 692280
81.53.22.153 - - [03/Dec/2005:20:53:09 -0800] "GET /movies/AMAYA_200605-040705_FINAL.rar HTTP/1.0" 206 654808
81.53.22.153 - - [03/Dec/2005:20:53:10 -0800] "GET /movies/AMAYA_200605-040705_FINAL.rar HTTP/1.0" 206 1560536
81.53.22.153 - - [03/Dec/2005:20:55:17 -0800] "GET /movies/AMAYA_200605-040705_FINAL.rar HTTP/1.0" 206 10693064
81.53.22.153 - - [03/Dec/2005:20:55:19 -0800] "GET /movies/NS.zip HTTP/1.0" 206 139348
87.6.123.206 - - [03/Dec/2005:20:56:27 -0800] "GET /movies/Ciliviel's%20Fourth.zip HTTP/1.1" 200 320938620
68.46.214.143 - - [03/Dec/2005:20:57:00 -0800] "GET /movies/Copy%20of%20DesoReloaded.zip HTTP/1.1" 200 344016129
82.57.183.224 - - [03/Dec/2005:20:57:28 -0800] "GET /movies2/Camlann%20Shadow%20Zone.zip HTTP/1.1" 206 28664336
82.57.183.224 - - [03/Dec/2005:20:57:28 -0800] "GET /movies2/Camlann%20Shadow%20Zone.zip HTTP/1.1" 200 29785039
82.57.183.224 - - [03/Dec/2005:20:57:28 -0800] "GET /movies2/Camlann%20Shadow%20Zone.zip HTTP/1.1" 206 30026032
82.57.183.224 - - [03/Dec/2005:20:57:28 -0800] "GET /movies2/Camlann%20Shadow%20Zone.zip HTTP/1.1" 206 28547296
67.168.64.41 - - [03/Dec/2005:20:57:29 -0800] "GET /movies2/sepp_0001.zip HTTP/1.1" 200 18144822
80.134.174.44 - - [03/Dec/2005:20:58:36 -0800] "GET /movies2/Raila%20Memorial%20good.zip HTTP/1.1" 200 24692536
196.218.29.66 - - [03/Dec/2005:20:59:12 -0800] "GET /movies2/WaffenbundTheMovie.zip HTTP/1.1" 206 2214008
61.87.62.234 - - [03/Dec/2005:20:59:51 -0800] "GET /movies2/Kalloth%20ARRVEEARR2.zip HTTP/1.1" 200 275737050
81.53.22.153 - - [03/Dec/2005:21:00:54 -0800] "GET /movies2/rvr.zip HTTP/1.0" 206 4546091
87.112.5.155 - - [03/Dec/2005:21:02:45 -0800] "GET /movies/Etrirghell_fin.zip HTTP/1.1" 200 65835645
84.179.227.241 - - [03/Dec/2005:21:03:00 -0800] "GET /movies/SavageTheMovie.zip HTTP/1.1" 200 164705202
85.178.76.212 - - [03/Dec/2005:21:03:15 -0800] "GET /movies2/sepp_0001.zip HTTP/1.1" 200 18144822
86.194.21.183 - - [03/Dec/2005:21:03:45 -0800] "GET /movies2/legio_4.zip HTTP/1.1" 200 532469697
81.53.22.153 - - [03/Dec/2005:21:04:19 -0800] "GET /movies2/rvr.zip HTTP/1.0" 206 5747208
82.230.88.49 - - [03/Dec/2005:21:05:19 -0800] "GET /movies/HoA-Adrenaline3.zip HTTP/1.1" 200 369674825
84.164.220.3 - - [03/Dec/2005:21:05:31 -0800] "GET /movies2/Absorbx_Gareth.zip HTTP/1.1" 200 342536526
84.251.253.254 - - [03/Dec/2005:21:06:09 -0800] "GET /movies2/WaffenbundTheMovie.zip HTTP/1.1" 200 201709792
85.176.175.41 - - [03/Dec/2005:21:06:10 -0800] "GET /movies2/FUN.zip HTTP/1.1" 200 412093813
81.53.22.153 - - [03/Dec/2005:21:06:15 -0800] "GET /movies2/rvr.zip HTTP/1.0" 206 7575256
84.177.108.130 - - [03/Dec/2005:21:07:59 -0800] "GET /movies2/legio_4.zip HTTP/1.1" 200 532469697
81.53.22.153 - - [03/Dec/2005:21:09:26 -0800] "GET /movies/AMAYA_200605-040705_FINAL.rar HTTP/1.0" 206 1929544
85.101.146.242 - - [03/Dec/2005:21:10:04 -0800] "GET /movies/Gremmy2_0001.zip HTTP/1.1" 200 15651
65.13.10.78 - - [03/Dec/2005:21:10:23 -0800] "GET /movies2/sepp_0001.zip HTTP/1.1" 200 18144822
87.112.5.155 - - [03/Dec/2005:21:10:27 -0800] "GET /movies2/Gimp_and_Run_DivX.zip HTTP/1.1" 200 120258322
66.203.233.255 - - [03/Dec/2005:21:11:16 -0800] "GET /movies2/sepp_0001.zip HTTP/1.1" 200 18144822
81.53.22.153 - - [03/Dec/2005:21:12:00 -0800] "GET /movies/AMAYA_200605-040705_FINAL.rar HTTP/1.0" 206 3307384
81.53.22.153 - - [03/Dec/2005:21:12:17 -0800] "GET /movies/AMAYA_200605-040705_FINAL.rar HTTP/1.0" 206 6045816
193.77.154.146 - - [03/Dec/2005:21:12:31 -0800] "GET /favicon.ico HTTP/1.1" 404 283
72.38.220.245 - - [03/Dec/2005:21:12:33 -0800] "GET /movies2/Camlann%20Shadow%20Zone.zip HTTP/1.1" 200 71052
81.53.22.153 - - [03/Dec/2005:21:12:42 -0800] "GET /movies/NS.zip HTTP/1.0" 206 6958272
81.53.22.153 - - [03/Dec/2005:21:13:12 -0800] "GET /movies/NS.zip HTTP/1.0" 206 2355688
84.134.159.52 - - [03/Dec/2005:21:13:23 -0800] "GET /movies/Arcaus%20Solo%20Video%201.zip HTTP/1.1" 200 103599679
81.53.22.153 - - [03/Dec/2005:21:14:09 -0800] "GET /movies2/rvr.zip HTTP/1.0" 206 1733992
83.59.45.189 - - [03/Dec/2005:21:14:35 -0800] "GET /movies2/Gimp_and_Run_DivX.zip HTTP/1.1" 200 120258322
80.134.174.44 - - [03/Dec/2005:21:14:41 -0800] "GET /movies2/renamed_daoc.TR.tape-2.ausschnitte.ace HTTP/1.1" 200 86895906
82.66.151.66 - - [03/Dec/2005:21:15:47 -0800] "GET /movies2/legio_4.zip HTTP/1.1" 200 532469697
81.53.22.153 - - [03/Dec/2005:21:15:50 -0800] "GET /movies2/rvr.zip HTTP/1.0" 206 4764952
72.38.220.245 - - [03/Dec/2005:21:17:32 -0800] "GET /movies2/Camlann%20Shadow%20Zone.zip HTTP/1.0" 206 17859852
81.53.22.153 - - [03/Dec/2005:21:17:42 -0800] "GET /movies/AMAYA_200605-040705_FINAL.rar HTTP/1.0" 206 172928
81.53.22.153 - - [03/Dec/2005:21:17:42 -0800] "GET /movies2/rvr.zip HTTP/1.0" 206 7318632
72.38.220.245 - - [03/Dec/2005:21:17:50 -0800] "GET /movies2/Camlann%20Shadow%20Zone.zip HTTP/1.0" 206 17640197
72.38.220.245 - - [03/Dec/2005:21:17:52 -0800] "GET /movies2/Camlann%20Shadow%20Zone.zip HTTP/1.0" 206 16433414
72.38.220.245 - - [03/Dec/2005:21:17:56 -0800] "GET /movies2/Camlann%20Shadow%20Zone.zip HTTP/1.0" 206 17932528
72.38.220.245 - - [03/Dec/2005:21:17:56 -0800] "GET /movies2/Camlann%20Shadow%20Zone.zip HTTP/1.0" 206 17718072
72.38.220.245 - - [03/Dec/2005:21:18:00 -0800] "GET /movies2/Camlann%20Shadow%20Zone.zip HTTP/1.0" 206 1224680
72.38.220.245 - - [03/Dec/2005:21:18:00 -0800] "GET /movies2/Camlann%20Shadow%20Zone.zip HTTP/1.0" 206 317224
72.38.220.245 - - [03/Dec/2005:21:18:01 -0800] "GET /movies2/Camlann%20Shadow%20Zone.zip HTTP/1.0" 206 257364
72.38.220.245 - - [03/Dec/2005:21:18:01 -0800] "GET /movies2/Camlann%20Shadow%20Zone.zip HTTP/1.0" 206 234732
72.38.220.245 - - [03/Dec/2005:21:18:02 -0800] "GET /movies2/Camlann%20Shadow%20Zone.zip HTTP/1.0" 206 286076
72.38.220.245 - - [03/Dec/2005:21:18:02 -0800] "GET /movies2/Camlann%20Shadow%20Zone.zip HTTP/1.0" 206 17135532
72.38.220.245 - - [03/Dec/2005:21:18:03 -0800] "GET /movies2/Camlann%20Shadow%20Zone.zip HTTP/1.0" 206 17739968
72.38.220.245 - - [03/Dec/2005:21:18:03 -0800] "GET /movies2/Camlann%20Shadow%20Zone.zip HTTP/1.0" 206 79953
72.38.220.245 - - [03/Dec/2005:21:18:03 -0800] "GET /movies2/Camlann%20Shadow%20Zone.zip HTTP/1.0" 200 17430452
72.38.220.245 - - [03/Dec/2005:21:18:03 -0800] "GET /movies2/Camlann%20Shadow%20Zone.zip HTTP/1.0" 206 36153
72.38.220.245 - - [03/Dec/2005:21:18:04 -0800] "GET /movies2/Camlann%20Shadow%20Zone.zip HTTP/1.0" 206 56593
68.46.214.143 - - [03/Dec/2005:21:18:09 -0800] "GET /movies/Keylo-28-3-05.zip HTTP/1.1" 200 44148206
82.57.183.224 - - [03/Dec/2005:21:18:57 -0800] "GET /movies2/Camlann%20Shadow%20Zone.zip HTTP/1.1" 206 5543027
82.57.183.224 - - [03/Dec/2005:21:19:24 -0800] "GET /movies2/Camlann%20Shadow%20Zone.zip HTTP/1.1" 206 5468176
82.57.183.224 - - [03/Dec/2005:21:19:27 -0800] "GET /movies2/Camlann%20Shadow%20Zone.zip HTTP/1.1" 206 5932112
82.57.183.224 - - [03/Dec/2005:21:19:27 -0800] "GET /movies2/Camlann%20Shadow%20Zone.zip HTTP/1.1" 206 1647937
81.53.22.153 - - [03/Dec/2005:21:19:29 -0800] "GET /movies2/rvr.zip HTTP/1.0" 206 87252
82.57.183.224 - - [03/Dec/2005:21:19:38 -0800] "GET /movies2/Camlann%20Shadow%20Zone.zip HTTP/1.1" 206 7017824
202.33.24.63 - - [03/Dec/2005:21:20:05 -0800] "GET /movies/NV-2004-Final.zip HTTP/1.1" 200 101225980
68.46.214.143 - - [03/Dec/2005:21:21:52 -0800] "GET /movies/MalignLance.zip HTTP/1.1" 200 116652565
24.32.66.12 - - [03/Dec/2005:21:22:21 -0800] "GET /movies2/Cilivielmovie5.zip HTTP/1.1" 200 51480468
81.53.22.153 - - [03/Dec/2005:21:23:09 -0800] "GET /movies2/Camlann%20Shadow%20Zone.zip HTTP/1.0" 206 4109553
84.112.7.72 - - [03/Dec/2005:21:23:11 -0800] "GET /movies/cgrvr.rar HTTP/1.1" 206 223038
84.112.7.72 - - [03/Dec/2005:21:23:11 -0800] "GET /movies/cgrvr.rar HTTP/1.1" 206 374000
84.112.7.72 - - [03/Dec/2005:21:23:11 -0800] "GET /movies/cgrvr.rar HTTP/1.1" 206 157337
84.112.7.72 - - [03/Dec/2005:21:23:11 -0800] "GET /movies/cgrvr.rar HTTP/1.1" 206 163600
84.112.7.72 - - [03/Dec/2005:21:23:11 -0800] "GET /movies/cgrvr.rar HTTP/1.1" 206 154418
81.53.22.153 - - [03/Dec/2005:21:24:15 -0800] "GET /movies2/rvr.zip HTTP/1.0" 206 893171
202.212.34.67 - - [03/Dec/2005:21:24:38 -0800] "GET /movies/Gank%20Vid%203%20-%20A%20Night%20of%208v8%20PuG%20v%20PuG%20on%20Tristan%20267mb.zip HTTP/1.0" 200 279026495
81.53.22.153 - - [03/Dec/2005:21:25:01 -0800] "GET /movies/AMAYA_200605-040705_FINAL.rar HTTP/1.0" 206 2801072
82.83.195.85 - - [03/Dec/2005:21:25:19 -0800] "GET /movies/Zeltax.zip HTTP/1.1" 200 98146138
85.178.76.212 - - [03/Dec/2005:21:25:19 -0800] "GET /movies2/Camlann%20Shadow%20Zone.zip HTTP/1.1" 200 141905700
