212.174.34.82 - - [02/Dec/2005:14:24:27 -0800] "GET /movies/Bigjake%20Movie%201_0002.zip HTTP/1.1" 206 683764
212.174.34.82 - - [02/Dec/2005:14:24:27 -0800] "GET /movies/Bigjake%20Movie%201_0002.zip HTTP/1.1" 206 1977375
212.174.34.82 - - [02/Dec/2005:14:24:32 -0800] "GET /movies/Bigjake%20Movie%201_0002.zip HTTP/1.1" 206 19935464
212.174.34.82 - - [02/Dec/2005:14:24:34 -0800] "GET /movies/Bigjake%20Movie%201_0002.zip HTTP/1.1" 206 20264900
212.174.34.82 - - [02/Dec/2005:14:24:38 -0800] "GET /movies/Bigjake%20Movie%201_0002.zip HTTP/1.1" 206 21410088
68.42.127.30 - - [02/Dec/2005:14:25:03 -0800] "GET /movies2/Camlann%20Shadow%20Zone.zip HTTP/1.1" 200 1265016
212.174.34.82 - - [02/Dec/2005:14:25:43 -0800] "GET /movies/Duality.zip HTTP/1.1" 206 22375724
82.37.15.244 - - [02/Dec/2005:14:25:45 -0800] "GET /movies2/InfensusDraok.zip HTTP/1.1" 200 147138
212.174.34.82 - - [02/Dec/2005:14:25:48 -0800] "GET /movies/Duality.zip HTTP/1.1" 206 22575633
212.174.34.82 - - [02/Dec/2005:14:25:58 -0800] "GET /movies/Duality.zip HTTP/1.1" 206 22138934
68.42.127.30 - - [02/Dec/2005:14:26:18 -0800] "GET /movies2/sepp_0001.zip HTTP/1.1" 200 18144822
212.174.34.82 - - [02/Dec/2005:14:26:36 -0800] "GET /movies/Duality.zip HTTP/1.1" 206 480576
212.174.34.82 - - [02/Dec/2005:14:26:36 -0800] "GET /movies/Duality.zip HTTP/1.1" 206 648636
212.174.34.82 - - [02/Dec/2005:14:26:44 -0800] "GET /movies/Duality.zip HTTP/1.1" 206 373188
212.174.34.82 - - [02/Dec/2005:14:26:49 -0800] "GET /movies/Duality.zip HTTP/1.1" 206 251604
212.174.34.82 - - [02/Dec/2005:14:26:51 -0800] "GET /movies/Duality.zip HTTP/1.1" 206 1094512
212.174.34.82 - - [02/Dec/2005:14:26:54 -0800] "GET /movies/Duality.zip HTTP/1.1" 206 21142016
212.174.34.82 - - [02/Dec/2005:14:26:58 -0800] "GET /movies/Duality.zip HTTP/1.1" 206 21581392
82.37.15.244 - - [02/Dec/2005:14:27:32 -0800] "GET /movies/Another%20Contender.zip HTTP/1.1" 200 1791292
82.37.15.244 - - [02/Dec/2005:14:27:54 -0800] "GET /movies2/amaya2_healplz.zip HTTP/1.1" 200 274560
68.42.127.30 - - [02/Dec/2005:14:29:43 -0800] "GET /movies2/Raila%20Memorial%20good.zip HTTP/1.1" 200 24692536
80.143.125.6 - - [02/Dec/2005:14:29:51 -0800] "GET /movies2/WaffenbundTheMovie.zip HTTP/1.1" 206 21359244
83.142.146.182 - - [02/Dec/2005:14:30:48 -0800] "GET /favicon.ico HTTP/1.1" 404 283
82.196.97.128 - - [02/Dec/2005:14:31:37 -0800] "GET /movies/WoW_Time.zip HTTP/1.1" 200 58057348
83.142.146.182 - - [02/Dec/2005:14:31:46 -0800] "GET /movies/ValiantGlory.zip HTTP/1.1" 200 1562350
86.132.176.188 - - [02/Dec/2005:14:32:47 -0800] "GET /movies2/piffufinal.zip HTTP/1.1" 200 123730380
82.250.240.191 - - [02/Dec/2005:14:32:56 -0800] "GET /movies/ReleasE.zip HTTP/1.1" 206 34753372
82.250.240.191 - - [02/Dec/2005:14:33:40 -0800] "GET /movies/ReleasE.zip HTTP/1.1" 206 34755064
82.250.240.191 - - [02/Dec/2005:14:35:08 -0800] "GET /movies/ReleasE.zip HTTP/1.1" 206 34920572
82.250.240.191 - - [02/Dec/2005:14:35:53 -0800] "GET /movies/ReleasE.zip HTTP/1.1" 206 35342280
82.250.240.191 - - [02/Dec/2005:14:36:09 -0800] "GET /movies/ReleasE.zip HTTP/1.1" 206 35321098
209.170.185.226 - - [02/Dec/2005:14:36:36 -0800] "GET /movies2/Camlann%20Shadow%20Zone.zip HTTP/1.0" 200 141905700
85.103.153.58 - - [02/Dec/2005:14:36:49 -0800] "GET /movies/pvpvid2_Ikaros_Nedom.zip HTTP/1.1" 206 14667688
85.103.153.58 - - [02/Dec/2005:14:36:50 -0800] "GET /movies/pvpvid2_Ikaros_Nedom.zip HTTP/1.1" 206 13734528
71.49.25.66 - - [02/Dec/2005:14:36:54 -0800] "GET /movies2/sepp_0001.zip HTTP/1.1" 200 18144822
68.251.50.160 - - [02/Dec/2005:14:37:33 -0800] "GET /movies2/sepp_0001.zip HTTP/1.1" 200 18144822
212.174.34.82 - - [02/Dec/2005:14:39:20 -0800] "GET /movies/finalfarewell.zip HTTP/1.1" 206 29985011
212.174.34.82 - - [02/Dec/2005:14:39:39 -0800] "GET /movies/finalfarewell.zip HTTP/1.1" 206 30019596
212.174.34.82 - - [02/Dec/2005:14:39:54 -0800] "GET /movies/finalfarewell.zip HTTP/1.1" 200 30168864
212.174.34.82 - - [02/Dec/2005:14:39:58 -0800] "GET /movies/finalfarewell.zip HTTP/1.1" 206 30031388
212.174.34.82 - - [02/Dec/2005:14:40:23 -0800] "GET /movies/finalfarewell.zip HTTP/1.1" 206 368648
212.174.34.82 - - [02/Dec/2005:14:40:25 -0800] "GET /movies/finalfarewell.zip HTTP/1.1" 206 327684
212.174.34.82 - - [02/Dec/2005:14:40:33 -0800] "GET /movies/finalfarewell.zip HTTP/1.1" 206 27591484
212.174.34.82 - - [02/Dec/2005:14:40:33 -0800] "GET /movies/finalfarewell.zip HTTP/1.1" 206 811920
212.174.34.82 - - [02/Dec/2005:14:40:38 -0800] "GET /movies/finalfarewell.zip HTTP/1.1" 206 1023524
195.93.60.14 - - [02/Dec/2005:14:41:01 -0800] "GET /movies/Foio2.zip HTTP/1.0" 200 49200995
70.80.97.77 - - [02/Dec/2005:14:41:21 -0800] "GET /movies/AmishParadise.zip HTTP/1.1" 200 43025780
24.42.35.136 - - [02/Dec/2005:14:44:05 -0800] "GET /movies/blood1.zip HTTP/1.1" 200 43478
84.145.232.18 - - [02/Dec/2005:14:45:33 -0800] "GET /movies/2shamvp.zip HTTP/1.1" 200 5079232
82.250.240.191 - - [02/Dec/2005:14:45:41 -0800] "GET /movies/renegade.zip HTTP/1.1" 206 13186637
82.250.240.191 - - [02/Dec/2005:14:45:56 -0800] "GET /movies/renegade.zip HTTP/1.1" 206 13307866
81.246.194.62 - - [02/Dec/2005:14:46:01 -0800] "GET /movies/AMAYA_200605-040705_FINAL.rar HTTP/1.1" 200 1572232
68.251.50.160 - - [02/Dec/2005:14:46:04 -0800] "GET /movies2/Camlann%20Shadow%20Zone.zip HTTP/1.1" 200 141905700
82.250.240.191 - - [02/Dec/2005:14:46:25 -0800] "GET /movies/renegade.zip HTTP/1.1" 206 13315980
84.136.206.37 - - [02/Dec/2005:14:46:32 -0800] "GET /movies2/FUN.zip HTTP/1.1" 200 1779936
84.145.232.18 - - [02/Dec/2005:14:46:35 -0800] "GET /movies/vamp.zip HTTP/1.1" 200 792056
82.250.240.191 - - [02/Dec/2005:14:46:37 -0800] "GET /movies/renegade.zip HTTP/1.1" 206 13271649
82.250.240.191 - - [02/Dec/2005:14:46:43 -0800] "GET /movies/renegade.zip HTTP/1.1" 206 13257529
213.36.108.107 - - [02/Dec/2005:14:46:47 -0800] "GET /movies/cgrvr.rar HTTP/1.1" 206 1494699
213.36.108.107 - - [02/Dec/2005:14:46:48 -0800] "GET /movies/cgrvr.rar HTTP/1.1" 206 1589600
213.36.108.107 - - [02/Dec/2005:14:46:48 -0800] "GET /movies/cgrvr.rar HTTP/1.1" 206 1331177
213.36.108.107 - - [02/Dec/2005:14:46:49 -0800] "GET /movies/cgrvr.rar HTTP/1.1" 206 1596898
217.187.48.237 - - [02/Dec/2005:14:48:33 -0800] "GET /movies/Paladin.zip HTTP/1.1" 200 24185627
212.174.34.82 - - [02/Dec/2005:14:48:45 -0800] "GET /movies/Payback.zip HTTP/1.1" 206 17542788
212.174.34.82 - - [02/Dec/2005:14:49:06 -0800] "GET /movies/Payback.zip HTTP/1.1" 206 17531592
212.174.34.82 - - [02/Dec/2005:14:49:25 -0800] "GET /movies/Payback.zip HTTP/1.1" 206 17563392
212.174.34.82 - - [02/Dec/2005:14:49:30 -0800] "GET /movies/Payback.zip HTTP/1.1" 206 339688
212.174.34.82 - - [02/Dec/2005:14:49:34 -0800] "GET /movies/Payback.zip HTTP/1.1" 206 16370492
212.174.34.82 - - [02/Dec/2005:14:49:40 -0800] "GET /movies/Payback.zip HTTP/1.1" 200 17638988
212.174.34.82 - - [02/Dec/2005:14:49:40 -0800] "GET /movies/Payback.zip HTTP/1.1" 206 844807
84.185.204.158 - - [02/Dec/2005:14:49:51 -0800] "GET /movies2/Camlann%20Shadow%20Zone.zip HTTP/1.1" 200 141905700
84.60.194.11 - - [02/Dec/2005:14:51:06 -0800] "GET /favicon.ico HTTP/1.1" 404 283
81.242.73.91 - - [02/Dec/2005:14:51:59 -0800] "GET /movies2/Camlann%20Shadow%20Zone.zip HTTP/1.1" 200 263943
68.210.151.139 - - [02/Dec/2005:14:53:22 -0800] "GET /movies/HoAAdren2.zip HTTP/1.1" 200 126520
82.135.77.108 - - [02/Dec/2005:14:53:23 -0800] "GET /movies2/sepp_0001.zip HTTP/1.1" 200 18144822
82.83.41.61 - - [02/Dec/2005:14:53:28 -0800] "GET /movies/LixaMLF.v4.zip HTTP/1.1" 200 703368
213.46.163.228 - - [02/Dec/2005:14:53:38 -0800] "GET /movies2/WaffenbundTheMovie.zip HTTP/1.0" 200 197264
82.250.240.191 - - [02/Dec/2005:14:55:03 -0800] "GET /movies/Vid%E9o%20NR.zip HTTP/1.1" 206 54563262
82.250.240.191 - - [02/Dec/2005:14:55:28 -0800] "GET /movies/Vid%E9o%20NR.zip HTTP/1.1" 206 54825694
68.42.127.30 - - [02/Dec/2005:14:55:55 -0800] "GET /movies/2%20Tage%20RVR%20-%20Logres%20Hib.zip HTTP/1.1" 200 36333229
82.250.240.191 - - [02/Dec/2005:14:56:04 -0800] "GET /movies/Vid%E9o%20NR.zip HTTP/1.1" 206 54601666
212.90.70.220 - - [02/Dec/2005:14:56:33 -0800] "GET /movies2/Camlann%20Shadow%20Zone.zip HTTP/1.1" 200 141905700
82.250.240.191 - - [02/Dec/2005:14:57:00 -0800] "GET /movies/Vid%E9o%20NR.zip HTTP/1.1" 206 54822768
82.250.240.191 - - [02/Dec/2005:14:57:17 -0800] "GET /movies/Vid%E9o%20NR.zip HTTP/1.1" 206 54945342
82.250.240.191 - - [02/Dec/2005:14:57:32 -0800] "GET /movies/RIP%20OF.zip HTTP/1.1" 206 14450660
82.250.240.191 - - [02/Dec/2005:14:57:36 -0800] "GET /movies/RIP%20OF.zip HTTP/1.1" 206 14437654
82.250.240.191 - - [02/Dec/2005:14:57:37 -0800] "GET /movies/RIP%20OF.zip HTTP/1.1" 206 14363932
82.250.240.191 - - [02/Dec/2005:14:57:51 -0800] "GET /movies/RIP%20OF.zip HTTP/1.1" 206 14399232
82.83.41.61 - - [02/Dec/2005:14:58:04 -0800] "GET /movies/LixaMLF.v4.zip HTTP/1.1" 206 222271
82.83.41.61 - - [02/Dec/2005:14:58:07 -0800] "GET /movies/LixaMLF.v4.zip HTTP/1.1" 206 190912
82.83.41.61 - - [02/Dec/2005:14:58:09 -0800] "GET /movies/LixaMLF.v4.zip HTTP/1.1" 206 344968
85.103.153.58 - - [02/Dec/2005:14:58:12 -0800] "GET /movies/pvpvid2_Ikaros_Nedom.zip HTTP/1.1" 206 5129256
212.174.34.82 - - [02/Dec/2005:14:58:17 -0800] "GET /movies/Swiftdeathz_v1.zip HTTP/1.1" 200 14465588
84.60.194.11 - - [02/Dec/2005:14:58:18 -0800] "GET /movies2/sepp_0001.zip HTTP/1.1" 200 18144822
82.250.240.191 - - [02/Dec/2005:14:58:25 -0800] "GET /movies/RIP%20OF.zip HTTP/1.1" 206 14391344
82.37.15.244 - - [02/Dec/2005:14:58:29 -0800] "GET /movies/SmallPwn2.zip HTTP/1.1" 200 97527822
66.140.146.157 - - [02/Dec/2005:14:58:41 -0800] "GET /movies2/rvr.zip HTTP/1.1" 200 327301124
212.174.34.82 - - [02/Dec/2005:14:58:43 -0800] "GET /movies/Swiftdeathz_v1.zip HTTP/1.1" 206 444955
212.174.34.82 - - [02/Dec/2005:14:58:44 -0800] "GET /movies/Swiftdeathz_v1.zip HTTP/1.1" 206 14432868
85.103.153.58 - - [02/Dec/2005:14:58:47 -0800] "GET /movies/pvpvid2_Ikaros_Nedom.zip HTTP/1.1" 206 5697584
212.174.34.82 - - [02/Dec/2005:14:58:51 -0800] "GET /movies/Swiftdeathz_v1.zip HTTP/1.1" 206 14432672
212.174.34.82 - - [02/Dec/2005:14:58:55 -0800] "GET /movies/Swiftdeathz_v1.zip HTTP/1.1" 206 14400911
212.174.34.82 - - [02/Dec/2005:14:58:55 -0800] "GET /movies/Swiftdeathz_v1.zip HTTP/1.1" 206 14014448
85.103.153.58 - - [02/Dec/2005:14:58:55 -0800] "GET /movies/pvpvid2_Ikaros_Nedom.zip HTTP/1.1" 206 364752
12.216.142.251 - - [02/Dec/2005:14:59:16 -0800] "GET /movies/Sorcerer%20Vid.zip HTTP/1.1" 200 65536
128.8.77.81 - - [02/Dec/2005:14:59:24 -0800] "GET /movies2/sepp_0001.zip HTTP/1.1" 200 18144822
209.3.152.35 - - [02/Dec/2005:15:00:13 -0800] "GET /movies/GladricSoloRvrMovie4.zip HTTP/1.1" 200 35152260
80.138.242.74 - - [02/Dec/2005:15:01:28 -0800] "GET /movies2/Dhead-vid1.zip HTTP/1.1" 200 574776
24.8.213.122 - - [02/Dec/2005:15:01:48 -0800] "GET /movies/05-04-16.zip HTTP/1.1" 200 187800676
84.100.210.110 - - [02/Dec/2005:15:02:07 -0800] "GET /favicon.ico HTTP/1.1" 404 283
84.143.154.78 - - [02/Dec/2005:15:03:04 -0800] "GET /movies/AMAYA_200605-040705_FINAL.rar HTTP/1.1" 206 12044844
24.8.213.122 - - [02/Dec/2005:15:04:25 -0800] "GET /movies/NS.zip HTTP/1.1" 200 316884137
195.3.113.55 - - [02/Dec/2005:15:05:13 -0800] "GET /movies/Gevner.rar HTTP/1.1" 200 196390944
212.214.253.111 - - [02/Dec/2005:15:05:19 -0800] "GET /movies/FeaturingAE.zip HTTP/1.1" 200 2514036
212.214.253.111 - - [02/Dec/2005:15:06:43 -0800] "GET /movies/lamorak%20druid.zip HTTP/1.1" 200 7112548
68.39.187.21 - - [02/Dec/2005:15:07:38 -0800] "GET /movies/pug_0001.zip HTTP/1.1" 200 1977604
80.199.189.246 - - [02/Dec/2005:15:08:09 -0800] "GET /movies/2%20Tage%20RVR%20-%20Logres%20Hib.zip HTTP/1.1" 200 36333229
24.42.35.136 - - [02/Dec/2005:15:08:11 -0800] "GET /movies/Sorcerer%20Vid.zip HTTP/1.1" 200 99661023
81.244.230.15 - - [02/Dec/2005:15:08:20 -0800] "GET /movies/AbsoluteZeroRVR1.zip HTTP/1.1" 200 221777803
82.82.172.163 - - [02/Dec/2005:15:08:36 -0800] "GET /movies2/Purified.zip HTTP/1.1" 200 160426511
68.39.187.21 - - [02/Dec/2005:15:11:32 -0800] "GET /movies/Sylwester.zip HTTP/1.1" 200 7081228
68.39.187.21 - - [02/Dec/2005:15:11:46 -0800] "GET /movies/Sylwester.zip HTTP/1.1" 200 207577
24.248.9.162 - - [02/Dec/2005:15:14:13 -0800] "GET /movies/Godmode.zip HTTP/1.1" 200 125316
68.112.113.85 - - [02/Dec/2005:15:14:30 -0800] "GET /movies/Blitzkrieg.zip HTTP/1.1" 200 32514540
12.216.142.251 - - [02/Dec/2005:15:14:41 -0800] "GET /movies/Sorcerer%20Vid.zip HTTP/1.1" 206 99656964
212.174.34.82 - - [02/Dec/2005:15:15:44 -0800] "GET /movies/Zirc.zip HTTP/1.1" 206 13413432
128.8.77.81 - - [02/Dec/2005:15:16:31 -0800] "GET /movies2/Camlann%20Shadow%20Zone.zip HTTP/1.1" 200 141905700
212.174.34.82 - - [02/Dec/2005:15:16:34 -0800] "GET /movies/Zirc.zip HTTP/1.1" 206 576355
212.174.34.82 - - [02/Dec/2005:15:16:35 -0800] "GET /movies/Zirc.zip HTTP/1.1" 206 12861580
212.174.34.82 - - [02/Dec/2005:15:16:37 -0800] "GET /movies/Zirc.zip HTTP/1.1" 206 13379016
212.174.34.82 - - [02/Dec/2005:15:16:46 -0800] "GET /movies/Zirc.zip HTTP/1.1" 206 13416432
212.174.34.82 - - [02/Dec/2005:15:16:51 -0800] "GET /movies/Zirc.zip HTTP/1.1" 200 13475968
88.134.47.172 - - [02/Dec/2005:15:17:00 -0800] "GET /movies2/ValiantGlory2.zip HTTP/1.1" 206 11361020
88.134.47.172 - - [02/Dec/2005:15:17:00 -0800] "GET /movies/sw33t.zip HTTP/1.1" 206 10536772
88.134.47.172 - - [02/Dec/2005:15:17:00 -0800] "GET /movies2/nov15.zip HTTP/1.1" 206 12901544
82.83.41.61 - - [02/Dec/2005:15:18:19 -0800] "GET /movies/LixaMLF.v4.zip HTTP/1.1" 206 46075952
81.208.106.67 - - [02/Dec/2005:15:18:44 -0800] "GET /movies/baldir_jiv.zip HTTP/1.1" 200 100079128
81.208.106.67 - - [02/Dec/2005:15:18:45 -0800] "GET /movies/sw33t.zip HTTP/1.1" 200 95244840
69.163.11.212 - - [02/Dec/2005:15:19:48 -0800] "GET /movies/Instinct.rar HTTP/1.1" 200 142539968
24.248.9.162 - - [02/Dec/2005:15:19:58 -0800] "GET /movies/Godmode.zip HTTP/1.0" 206 22089108
24.248.9.162 - - [02/Dec/2005:15:20:06 -0800] "GET /movies/Godmode.zip HTTP/1.0" 206 22118820
24.248.9.162 - - [02/Dec/2005:15:20:08 -0800] "GET /movies/Godmode.zip HTTP/1.0" 206 22105372
24.248.9.162 - - [02/Dec/2005:15:20:19 -0800] "GET /movies/Godmode.zip HTTP/1.0" 206 22057029
82.37.15.244 - - [02/Dec/2005:15:21:03 -0800] "GET /movies/RedemptionIII.zip HTTP/1.1" 200 222470242
84.73.47.44 - - [02/Dec/2005:15:22:30 -0800] "GET /movies2/Camlann%20Shadow%20Zone.zip HTTP/1.1" 200 28838324
70.251.239.108 - - [02/Dec/2005:15:24:02 -0800] "GET /movies2/nov15.zip HTTP/1.1" 200 196927704
203.168.65.213 - - [02/Dec/2005:15:24:04 -0800] "GET /movies2/sepp_0001.zip HTTP/1.1" 200 18144822
84.100.210.110 - - [02/Dec/2005:15:24:33 -0800] "GET /movies/AmishParadise.zip HTTP/1.1" 200 29656480
62.178.111.55 - - [02/Dec/2005:15:25:06 -0800] "GET /movies2/sepp_0001.zip HTTP/1.1" 200 976420
84.100.210.110 - - [02/Dec/2005:15:28:00 -0800] "HEAD /movies/AmishParadise.zip HTTP/1.1" 200 0
68.112.113.85 - - [02/Dec/2005:15:28:06 -0800] "GET /movies/Blitzkrieg.zip HTTP/1.1" 200 47908004
84.61.47.202 - - [02/Dec/2005:15:28:11 -0800] "GET /movies2/sepp_0001.zip HTTP/1.1" 200 40628
84.100.210.110 - - [02/Dec/2005:15:28:19 -0800] "GET /movies/AmishParadise.zip HTTP/1.1" 200 640480
84.61.47.202 - - [02/Dec/2005:15:28:31 -0800] "GET /movies2/Camlann%20Shadow%20Zone.zip HTTP/1.1" 200 718184
84.61.47.202 - - [02/Dec/2005:15:28:44 -0800] "GET /movies2/sepp_0001.zip HTTP/1.1" 200 3714812
65.24.123.20 - - [02/Dec/2005:15:28:50 -0800] "GET /movies2/WaffenbundTheMovie.zip HTTP/1.1" 200 365052496
84.61.47.202 - - [02/Dec/2005:15:28:53 -0800] "GET /movies2/sepp_0001.zip HTTP/1.1" 206 3626480
84.61.47.202 - - [02/Dec/2005:15:28:55 -0800] "GET /movies2/sepp_0001.zip HTTP/1.1" 206 1036164
84.61.47.202 - - [02/Dec/2005:15:28:58 -0800] "GET /movies2/sepp_0001.zip HTTP/1.1" 206 359718
84.61.47.202 - - [02/Dec/2005:15:28:58 -0800] "GET /movies2/sepp_0001.zip HTTP/1.1" 206 2400144
84.56.161.97 - - [02/Dec/2005:15:29:00 -0800] "GET /movies2/Purified.zip HTTP/1.1" 200 160426511
84.61.47.202 - - [02/Dec/2005:15:29:01 -0800] "GET /movies2/sepp_0001.zip HTTP/1.1" 206 270556
84.61.47.202 - - [02/Dec/2005:15:29:03 -0800] "GET /movies2/sepp_0001.zip HTTP/1.1" 206 346316
84.61.47.202 - - [02/Dec/2005:15:29:04 -0800] "GET /movies2/sepp_0001.zip HTTP/1.1" 206 3711805
84.61.47.202 - - [02/Dec/2005:15:29:04 -0800] "GET /movies2/sepp_0001.zip HTTP/1.1" 206 3134092
80.201.80.191 - - [02/Dec/2005:15:30:33 -0800] "GET /movies/desolate%20april%201.zip HTTP/1.1" 200 114551252
24.42.35.136 - - [02/Dec/2005:15:30:53 -0800] "GET /movies2/CCCPlamorak.zip HTTP/1.1" 200 211205543
70.171.8.87 - - [02/Dec/2005:15:31:01 -0800] "GET /movies/AmishParadise.zip HTTP/1.1" 200 9388772
24.248.9.162 - - [02/Dec/2005:15:31:15 -0800] "GET /movies/Godmode2.zip HTTP/1.1" 200 66672
24.248.9.162 - - [02/Dec/2005:15:31:47 -0800] "GET /movies/Godmode3.zip HTTP/1.1" 200 12819
68.39.187.21 - - [02/Dec/2005:15:32:05 -0800] "GET /movies/SuzVideo1Final.zip HTTP/1.1" 200 86240124
80.130.214.43 - - [02/Dec/2005:15:32:22 -0800] "GET /movies2/WaffenbundTheMovie.zip HTTP/1.1" 200 109317780
80.130.214.43 - - [02/Dec/2005:15:32:22 -0800] "GET /movies2/maelstrom_cluster1.zip HTTP/1.1" 200 106282096
212.174.34.82 - - [02/Dec/2005:15:32:31 -0800] "GET /movies/Torstor1.zip HTTP/1.1" 206 39597200
212.174.34.82 - - [02/Dec/2005:15:32:31 -0800] "GET /movies/Torstor1.zip HTTP/1.1" 206 38066224
212.174.34.82 - - [02/Dec/2005:15:32:31 -0800] "GET /movies/Torstor1.zip HTTP/1.1" 206 37867980
212.174.34.82 - - [02/Dec/2005:15:32:31 -0800] "GET /movies/Torstor1.zip HTTP/1.1" 206 37995044
212.174.34.82 - - [02/Dec/2005:15:32:31 -0800] "GET /movies/Torstor1.zip HTTP/1.1" 200 39986060
212.174.34.82 - - [02/Dec/2005:15:32:34 -0800] "GET /movies/HowToPwn.rar HTTP/1.1" 206 57570292
212.174.34.82 - - [02/Dec/2005:15:32:34 -0800] "GET /movies/HowToPwn.rar HTTP/1.1" 206 58420095
212.174.34.82 - - [02/Dec/2005:15:32:34 -0800] "GET /movies/HowToPwn.rar HTTP/1.1" 206 58575776
212.174.34.82 - - [02/Dec/2005:15:32:34 -0800] "GET /movies/HowToPwn.rar HTTP/1.1" 200 57710388
212.174.34.82 - - [02/Dec/2005:15:32:34 -0800] "GET /movies/HowToPwn.rar HTTP/1.1" 206 57784320
82.248.171.161 - - [02/Dec/2005:15:33:30 -0800] "GET /movies2/Camlann%20Shadow%20Zone.zip HTTP/1.1" 200 141905700
84.61.47.202 - - [02/Dec/2005:15:33:40 -0800] "GET /movies2/Camlann%20Shadow%20Zone.zip HTTP/1.1" 206 28450088
84.61.47.202 - - [02/Dec/2005:15:33:43 -0800] "GET /movies2/Camlann%20Shadow%20Zone.zip HTTP/1.1" 206 28459492
84.61.47.202 - - [02/Dec/2005:15:33:48 -0800] "GET /movies2/Camlann%20Shadow%20Zone.zip HTTP/1.1" 206 981371
84.61.47.202 - - [02/Dec/2005:15:33:52 -0800] "GET /movies2/Camlann%20Shadow%20Zone.zip HTTP/1.1" 206 668941
84.61.47.202 - - [02/Dec/2005:15:33:53 -0800] "GET /movies2/Camlann%20Shadow%20Zone.zip HTTP/1.1" 206 27479997
84.61.47.202 - - [02/Dec/2005:15:33:54 -0800] "GET /movies2/Camlann%20Shadow%20Zone.zip HTTP/1.1" 206 383717
84.61.47.202 - - [02/Dec/2005:15:33:56 -0800] "GET /movies2/Camlann%20Shadow%20Zone.zip HTTP/1.1" 206 304645
84.61.47.202 - - [02/Dec/2005:15:33:58 -0800] "GET /movies2/Camlann%20Shadow%20Zone.zip HTTP/1.1" 206 1430009
84.61.47.202 - - [02/Dec/2005:15:33:58 -0800] "GET /movies2/Camlann%20Shadow%20Zone.zip HTTP/1.1" 206 290628
80.144.215.111 - - [02/Dec/2005:15:33:59 -0800] "GET /movies/Allexiel%20-%20Solo%20Reaver.zip HTTP/1.1" 200 91168691
84.61.47.202 - - [02/Dec/2005:15:34:00 -0800] "GET /movies2/Camlann%20Shadow%20Zone.zip HTTP/1.1" 200 27695952
84.61.47.202 - - [02/Dec/2005:15:34:00 -0800] "GET /movies2/Camlann%20Shadow%20Zone.zip HTTP/1.1" 206 26489360
86.132.176.188 - - [02/Dec/2005:15:35:04 -0800] "GET /movies2/Goldencam.rar HTTP/1.1" 200 266654160
84.59.63.67 - - [02/Dec/2005:15:35:11 -0800] "GET /movies2/Camlann%20Shadow%20Zone.zip HTTP/1.1" 200 141905700
84.141.213.175 - - [02/Dec/2005:15:35:22 -0800] "GET /movies2/Camlann%20Shadow%20Zone.zip HTTP/1.1" 200 141905700
68.42.127.30 - - [02/Dec/2005:15:35:44 -0800] "GET /movies2/Camlann%20Shadow%20Zone.zip HTTP/1.1" 206 140697156
65.24.123.20 - - [02/Dec/2005:15:36:04 -0800] "GET /movies2/sepp_0001.zip HTTP/1.1" 200 18144822
83.58.177.4 - - [02/Dec/2005:15:36:17 -0800] "GET /movies2/walkingissues-c.zip HTTP/1.1" 200 490841336
83.153.61.96 - - [02/Dec/2005:15:36:25 -0800] "GET /movies2/4vs4_random.zip HTTP/1.1" 200 78319623
68.42.127.30 - - [02/Dec/2005:15:36:44 -0800] "GET /movies/2%20Tage%20RVR%20-%20Logres%20Hib.zip HTTP/1.1" 200 36333229
80.197.24.174 - - [02/Dec/2005:15:36:44 -0800] "GET /movies2/Camlann%20Shadow%20Zone.zip HTTP/1.1" 200 141905700
80.199.189.246 - - [02/Dec/2005:15:36:45 -0800] "GET /movies2/archh2.zip HTTP/1.1" 200 85647546
82.226.42.114 - - [02/Dec/2005:15:37:17 -0800] "GET /movies2/Camlann%20Shadow%20Zone.zip HTTP/1.1" 200 137644
82.226.42.114 - - [02/Dec/2005:15:37:33 -0800] "GET /movies2/Camlann%20Shadow%20Zone.zip HTTP/1.1" 200 136184
82.226.42.114 - - [02/Dec/2005:15:37:39 -0800] "GET /movies2/Camlann%20Shadow%20Zone.zip HTTP/1.1" 200 142024
24.248.9.162 - - [02/Dec/2005:15:38:52 -0800] "GET /movies/Godmode2.zip HTTP/1.0" 206 24128000
205.188.116.136 - - [02/Dec/2005:15:39:03 -0800] "GET /movies2/sepp_0001.zip HTTP/1.0" 200 18144822
24.248.9.162 - - [02/Dec/2005:15:39:04 -0800] "GET /movies/Godmode2.zip HTTP/1.0" 206 24109900
24.248.9.162 - - [02/Dec/2005:15:39:06 -0800] "GET /movies/Godmode2.zip HTTP/1.0" 206 24075948
82.83.41.61 - - [02/Dec/2005:15:39:09 -0800] "GET /movies/LixaMLF.v4.zip HTTP/1.1" 206 43765552
24.248.9.162 - - [02/Dec/2005:15:39:22 -0800] "GET /movies/Godmode3.zip HTTP/1.0" 206 23607708
24.248.9.162 - - [02/Dec/2005:15:39:27 -0800] "GET /movies/Godmode3.zip HTTP/1.0" 206 23642264
24.248.9.162 - - [02/Dec/2005:15:39:33 -0800] "GET /movies/Godmode2.zip HTTP/1.0" 206 24115744
24.248.9.162 - - [02/Dec/2005:15:39:40 -0800] "GET /movies/Godmode3.zip HTTP/1.0" 206 23546263
24.248.9.162 - - [02/Dec/2005:15:39:42 -0800] "GET /movies/Godmode3.zip HTTP/1.0" 206 23591848
84.56.161.97 - - [02/Dec/2005:15:41:06 -0800] "GET /movies2/November.zip HTTP/1.1" 200 174875294
70.171.8.87 - - [02/Dec/2005:15:41:54 -0800] "GET /movies/AmishParadise.zip HTTP/1.1" 200 43025780
213.113.96.32 - - [02/Dec/2005:15:42:15 -0800] "GET /favicon.ico HTTP/1.1" 404 283
24.14.83.127 - - [02/Dec/2005:15:42:47 -0800] "HEAD /movies/gnomevasion2.zip HTTP/1.1" 200 0
203.168.65.213 - - [02/Dec/2005:15:42:57 -0800] "GET /movies2/WaffenbundTheMovie.zip HTTP/1.1" 200 42540030
193.27.44.2 - - [02/Dec/2005:15:43:23 -0800] "GET /movies2/Camlann%20Shadow%20Zone.zip HTTP/1.1" 200 141905700
84.145.232.18 - - [02/Dec/2005:15:44:06 -0800] "GET /movies/AstinusSoloMovie2.zip HTTP/1.1" 200 184522444
213.113.96.32 - - [02/Dec/2005:15:44:28 -0800] "GET /movies2/sepp_0001.zip HTTP/1.1" 200 18144822
24.14.83.127 - - [02/Dec/2005:15:44:42 -0800] "GET /movies/gnomevasion2.zip HTTP/1.1" 200 20225120
24.14.83.127 - - [02/Dec/2005:15:46:10 -0800] "GET /movies/gnomevasion2.zip HTTP/1.1" 200 23956042
80.197.24.174 - - [02/Dec/2005:15:46:16 -0800] "GET /movies/Horason%20Soulfly.zip HTTP/1.1" 200 188949180
217.187.48.237 - - [02/Dec/2005:15:46:31 -0800] "GET /movies/AstinusSoloMovie2.zip HTTP/1.1" 200 184522444
213.39.161.27 - - [02/Dec/2005:15:50:19 -0800] "GET /movies2/A5D.zip HTTP/1.1" 200 176677988
82.66.101.38 - - [02/Dec/2005:15:50:39 -0800] "GET /movies2/Creeping%20Death.zip HTTP/1.1" 200 73688067
81.139.191.135 - - [02/Dec/2005:15:50:55 -0800] "GET /movies/DR%20Iisland%20Extravaganza.zip HTTP/1.1" 200 21266717
12.216.142.251 - - [02/Dec/2005:15:52:19 -0800] "GET /movies2/rvr1.zip HTTP/1.1" 200 21580
82.83.41.61 - - [02/Dec/2005:15:53:11 -0800] "GET /movies/LixaMLF.v4.zip HTTP/1.1" 206 43965904
83.94.118.131 - - [02/Dec/2005:15:53:18 -0800] "HEAD /movies/Valkyrie%20Video.zip HTTP/1.1" 200 0
62.101.126.217 - - [02/Dec/2005:15:54:01 -0800] "GET /movies2/Camlann%20Shadow%20Zone.zip HTTP/1.1" 200 49319
62.101.126.217 - - [02/Dec/2005:15:54:02 -0800] "GET /movies2/Camlann%20Shadow%20Zone.zip HTTP/1.1" 206 36256
70.24.247.45 - - [02/Dec/2005:15:54:52 -0800] "GET /movies/SavageTheMovie.zip HTTP/1.1" 200 1916816
208.33.152.227 - - [02/Dec/2005:15:55:13 -0800] "GET /movies2/Purified.zip HTTP/1.1" 200 160426511
12.216.142.251 - - [02/Dec/2005:15:55:54 -0800] "GET /movies2/rvr1.zip HTTP/1.1" 206 25812880
172.211.5.26 - - [02/Dec/2005:15:56:06 -0800] "GET /favicon.ico HTTP/1.1" 404 283
70.24.247.45 - - [02/Dec/2005:15:58:21 -0800] "GET /movies/SavageTheMovie.zip HTTP/1.1" 200 872420
70.189.220.104 - - [02/Dec/2005:15:59:17 -0800] "GET /movies2/sepp_0001.zip HTTP/1.1" 200 18144822
84.57.174.190 - - [02/Dec/2005:15:59:54 -0800] "GET /movies/UO%20feat%20Manowar%20-%20Hail%20and%20Kill.zip HTTP/1.1" 200 43070919
70.24.247.45 - - [02/Dec/2005:16:03:43 -0800] "GET /movies/SavageTheMovie.zip HTTP/1.0" 206 20543051
70.24.247.45 - - [02/Dec/2005:16:03:51 -0800] "GET /movies/SavageTheMovie.zip HTTP/1.0" 206 20645044
68.42.127.30 - - [02/Dec/2005:16:05:18 -0800] "GET /movies/Grimwart%202%20Final%20Cut.zip HTTP/1.1" 200 12536216
70.24.247.45 - - [02/Dec/2005:16:06:10 -0800] "GET /movies/SavageTheMovie.zip HTTP/1.0" 206 956860
70.24.247.45 - - [02/Dec/2005:16:06:15 -0800] "GET /movies/SavageTheMovie.zip HTTP/1.0" 206 263913
70.24.247.45 - - [02/Dec/2005:16:06:16 -0800] "GET /movies/SavageTheMovie.zip HTTP/1.0" 206 898872
70.24.247.45 - - [02/Dec/2005:16:06:17 -0800] "GET /movies/SavageTheMovie.zip HTTP/1.0" 206 624392
70.24.247.45 - - [02/Dec/2005:16:06:17 -0800] "GET /movies/SavageTheMovie.zip HTTP/1.0" 206 186532
70.24.247.45 - - [02/Dec/2005:16:06:17 -0800] "GET /movies/SavageTheMovie.zip HTTP/1.0" 206 1128233
70.24.247.45 - - [02/Dec/2005:16:06:17 -0800] "GET /movies/SavageTheMovie.zip HTTP/1.0" 206 209428
70.24.247.45 - - [02/Dec/2005:16:06:20 -0800] "GET /movies/SavageTheMovie.zip HTTP/1.0" 206 1113492
70.24.247.45 - - [02/Dec/2005:16:06:21 -0800] "GET /movies/SavageTheMovie.zip HTTP/1.0" 206 455996
84.59.69.148 - - [02/Dec/2005:16:06:21 -0800] "GET /movies2/Absorbx_Gareth.zip HTTP/1.1" 200 3542558
70.24.247.45 - - [02/Dec/2005:16:06:22 -0800] "GET /movies/SavageTheMovie.zip HTTP/1.0" 206 453080
70.24.247.45 - - [02/Dec/2005:16:06:22 -0800] "GET /movies/SavageTheMovie.zip HTTP/1.0" 206 349256
70.24.247.45 - - [02/Dec/2005:16:06:23 -0800] "GET /movies/SavageTheMovie.zip HTTP/1.0" 206 220113
70.24.247.45 - - [02/Dec/2005:16:06:23 -0800] "GET /movies/SavageTheMovie.zip HTTP/1.0" 206 65352
70.24.247.45 - - [02/Dec/2005:16:06:23 -0800] "GET /movies/SavageTheMovie.zip HTTP/1.0" 206 55132
70.24.247.45 - - [02/Dec/2005:16:06:23 -0800] "GET /movies/SavageTheMovie.zip HTTP/1.0" 206 779293
70.24.247.45 - - [02/Dec/2005:16:06:23 -0800] "GET /movies/SavageTheMovie.zip HTTP/1.0" 206 161712
70.24.247.45 - - [02/Dec/2005:16:06:23 -0800] "GET /movies/SavageTheMovie.zip HTTP/1.0" 206 12792
70.24.247.45 - - [02/Dec/2005:16:06:24 -0800] "GET /movies/SavageTheMovie.zip HTTP/1.0" 206 612948
70.24.247.45 - - [02/Dec/2005:16:06:24 -0800] "GET /movies/SavageTheMovie.zip HTTP/1.0" 206 63893
70.24.247.45 - - [02/Dec/2005:16:06:24 -0800] "GET /movies/SavageTheMovie.zip HTTP/1.0" 206 532980
70.24.247.45 - - [02/Dec/2005:16:06:24 -0800] "GET /movies/SavageTheMovie.zip HTTP/1.0" 206 279973
70.24.247.45 - - [02/Dec/2005:16:06:24 -0800] "GET /movies/SavageTheMovie.zip HTTP/1.0" 206 201640
70.24.247.45 - - [02/Dec/2005:16:06:25 -0800] "GET /movies/SavageTheMovie.zip HTTP/1.0" 206 662176
70.24.247.45 - - [02/Dec/2005:16:06:25 -0800] "GET /movies/SavageTheMovie.zip HTTP/1.0" 206 78493
70.24.247.45 - - [02/Dec/2005:16:06:25 -0800] "GET /movies/SavageTheMovie.zip HTTP/1.0" 206 122720
70.24.247.45 - - [02/Dec/2005:16:06:25 -0800] "GET /movies/SavageTheMovie.zip HTTP/1.0" 206 89788
70.24.247.45 - - [02/Dec/2005:16:06:25 -0800] "GET /movies/SavageTheMovie.zip HTTP/1.0" 206 180692
70.24.247.45 - - [02/Dec/2005:16:06:25 -0800] "GET /movies/SavageTheMovie.zip HTTP/1.0" 206 66812
70.24.247.45 - - [02/Dec/2005:16:06:26 -0800] "GET /movies/SavageTheMovie.zip HTTP/1.0" 206 894632
70.24.247.45 - - [02/Dec/2005:16:06:26 -0800] "GET /movies/SavageTheMovie.zip HTTP/1.0" 206 165060
70.24.247.45 - - [02/Dec/2005:16:06:26 -0800] "GET /movies/SavageTheMovie.zip HTTP/1.0" 206 62432
70.24.247.45 - - [02/Dec/2005:16:06:26 -0800] "GET /movies/SavageTheMovie.zip HTTP/1.0" 206 12792
70.24.247.45 - - [02/Dec/2005:16:06:26 -0800] "GET /movies/SavageTheMovie.zip HTTP/1.0" 206 94553
70.24.247.45 - - [02/Dec/2005:16:06:26 -0800] "GET /movies/SavageTheMovie.zip HTTP/1.0" 206 52212
70.24.247.45 - - [02/Dec/2005:16:06:26 -0800] "GET /movies/SavageTheMovie.zip HTTP/1.0" 206 528028
70.24.247.45 - - [02/Dec/2005:16:06:26 -0800] "GET /movies/SavageTheMovie.zip HTTP/1.0" 503 382
70.24.247.45 - - [02/Dec/2005:16:06:26 -0800] "GET /movies/SavageTheMovie.zip HTTP/1.0" 206 123752
70.24.247.45 - - [02/Dec/2005:16:06:26 -0800] "GET /movies/SavageTheMovie.zip HTTP/1.0" 503 382
70.24.247.45 - - [02/Dec/2005:16:06:26 -0800] "GET /movies/SavageTheMovie.zip HTTP/1.0" 206 47832
70.24.247.45 - - [02/Dec/2005:16:06:26 -0800] "GET /movies/SavageTheMovie.zip HTTP/1.0" 206 548612
70.24.247.45 - - [02/Dec/2005:16:06:26 -0800] "GET /movies/SavageTheMovie.zip HTTP/1.0" 206 49293
70.24.247.45 - - [02/Dec/2005:16:06:26 -0800] "GET /movies/SavageTheMovie.zip HTTP/1.0" 206 1165808
70.24.247.45 - - [02/Dec/2005:16:06:26 -0800] "GET /movies/SavageTheMovie.zip HTTP/1.0" 206 119372
70.24.247.45 - - [02/Dec/2005:16:06:27 -0800] "GET /movies/SavageTheMovie.zip HTTP/1.0" 206 373412
70.24.247.45 - - [02/Dec/2005:16:06:27 -0800] "GET /movies/SavageTheMovie.zip HTTP/1.0" 206 249740
70.24.247.45 - - [02/Dec/2005:16:06:27 -0800] "GET /movies/SavageTheMovie.zip HTTP/1.0" 206 58052
70.24.247.45 - - [02/Dec/2005:16:06:27 -0800] "GET /movies/SavageTheMovie.zip HTTP/1.0" 206 49293
70.24.247.45 - - [02/Dec/2005:16:06:27 -0800] "GET /movies/SavageTheMovie.zip HTTP/1.0" 206 46373
70.24.247.45 - - [02/Dec/2005:16:06:27 -0800] "GET /movies/SavageTheMovie.zip HTTP/1.0" 206 12792
70.24.247.45 - - [02/Dec/2005:16:06:27 -0800] "GET /movies/SavageTheMovie.zip HTTP/1.0" 206 164633
70.24.247.45 - - [02/Dec/2005:16:06:27 -0800] "GET /movies/SavageTheMovie.zip HTTP/1.0" 206 25345028
70.24.247.45 - - [02/Dec/2005:16:06:27 -0800] "GET /movies/SavageTheMovie.zip HTTP/1.0" 206 167980
70.24.247.45 - - [02/Dec/2005:16:06:27 -0800] "GET /movies/SavageTheMovie.zip HTTP/1.0" 206 37612
70.24.247.45 - - [02/Dec/2005:16:06:27 -0800] "GET /movies/SavageTheMovie.zip HTTP/1.0" 206 91248
70.24.247.45 - - [02/Dec/2005:16:06:27 -0800] "GET /movies/SavageTheMovie.zip HTTP/1.0" 206 44912
70.24.247.45 - - [02/Dec/2005:16:06:27 -0800] "GET /movies/SavageTheMovie.zip HTTP/1.0" 206 353480
70.24.247.45 - - [02/Dec/2005:16:06:27 -0800] "GET /movies/SavageTheMovie.zip HTTP/1.0" 206 60972
70.24.247.45 - - [02/Dec/2005:16:06:27 -0800] "GET /movies/SavageTheMovie.zip HTTP/1.0" 206 53672
70.24.247.45 - - [02/Dec/2005:16:06:27 -0800] "GET /movies/SavageTheMovie.zip HTTP/1.0" 206 25956828
70.24.247.45 - - [02/Dec/2005:16:06:27 -0800] "GET /movies/SavageTheMovie.zip HTTP/1.0" 206 37613
70.24.247.45 - - [02/Dec/2005:16:06:27 -0800] "GET /movies/SavageTheMovie.zip HTTP/1.0" 206 309512
70.24.247.45 - - [02/Dec/2005:16:06:27 -0800] "GET /movies/SavageTheMovie.zip HTTP/1.0" 206 500432
70.24.247.45 - - [02/Dec/2005:16:06:27 -0800] "GET /movies/SavageTheMovie.zip HTTP/1.0" 206 37612
70.24.247.45 - - [02/Dec/2005:16:06:27 -0800] "GET /movies/SavageTheMovie.zip HTTP/1.0" 206 1692460
70.24.247.45 - - [02/Dec/2005:16:06:27 -0800] "GET /movies/SavageTheMovie.zip HTTP/1.0" 206 453713
70.24.247.45 - - [02/Dec/2005:16:06:27 -0800] "GET /movies/SavageTheMovie.zip HTTP/1.0" 206 139812
70.24.247.45 - - [02/Dec/2005:16:06:27 -0800] "GET /movies/SavageTheMovie.zip HTTP/1.0" 206 95548
70.24.247.45 - - [02/Dec/2005:16:06:27 -0800] "GET /movies/SavageTheMovie.zip HTTP/1.0" 206 79952
70.24.247.45 - - [02/Dec/2005:16:06:27 -0800] "GET /movies/SavageTheMovie.zip HTTP/1.0" 206 40532
70.24.247.45 - - [02/Dec/2005:16:06:27 -0800] "GET /movies/SavageTheMovie.zip HTTP/1.0" 206 36152
70.24.247.45 - - [02/Dec/2005:16:06:27 -0800] "GET /movies/SavageTheMovie.zip HTTP/1.0" 206 1426072
70.24.247.45 - - [02/Dec/2005:16:06:28 -0800] "GET /movies/SavageTheMovie.zip HTTP/1.0" 206 96012
70.24.247.45 - - [02/Dec/2005:16:06:28 -0800] "GET /movies/SavageTheMovie.zip HTTP/1.0" 206 126672
70.24.247.45 - - [02/Dec/2005:16:06:28 -0800] "GET /movies/SavageTheMovie.zip HTTP/1.0" 206 434732
70.24.247.45 - - [02/Dec/2005:16:06:28 -0800] "GET /movies/SavageTheMovie.zip HTTP/1.0" 206 53672
70.24.247.45 - - [02/Dec/2005:16:06:28 -0800] "GET /movies/SavageTheMovie.zip HTTP/1.0" 206 1458696
70.24.247.45 - - [02/Dec/2005:16:06:28 -0800] "GET /movies/SavageTheMovie.zip HTTP/1.0" 206 88712
70.24.247.45 - - [02/Dec/2005:16:06:28 -0800] "GET /movies/SavageTheMovie.zip HTTP/1.0" 206 239112
70.24.247.45 - - [02/Dec/2005:16:06:28 -0800] "GET /movies/SavageTheMovie.zip HTTP/1.0" 206 136892
70.24.247.45 - - [02/Dec/2005:16:06:28 -0800] "GET /movies/SavageTheMovie.zip HTTP/1.0" 206 393852
70.24.247.45 - - [02/Dec/2005:16:06:28 -0800] "GET /movies/SavageTheMovie.zip HTTP/1.0" 206 1050456
70.24.247.45 - - [02/Dec/2005:16:06:28 -0800] "GET /movies/SavageTheMovie.zip HTTP/1.0" 206 94552
70.24.247.45 - - [02/Dec/2005:16:06:28 -0800] "GET /movies/SavageTheMovie.zip HTTP/1.0" 206 662493
70.24.247.45 - - [02/Dec/2005:16:06:28 -0800] "GET /movies/SavageTheMovie.zip HTTP/1.0" 206 39072
70.24.247.45 - - [02/Dec/2005:16:06:28 -0800] "GET /movies/SavageTheMovie.zip HTTP/1.0" 206 25932
70.24.247.45 - - [02/Dec/2005:16:06:28 -0800] "GET /movies/SavageTheMovie.zip HTTP/1.0" 206 1063992
70.24.247.45 - - [02/Dec/2005:16:06:28 -0800] "GET /movies/SavageTheMovie.zip HTTP/1.0" 206 991172
70.24.247.45 - - [02/Dec/2005:16:06:28 -0800] "GET /movies/SavageTheMovie.zip HTTP/1.0" 206 37612
70.24.247.45 - - [02/Dec/2005:16:06:28 -0800] "GET /movies/SavageTheMovie.zip HTTP/1.0" 206 37613
70.24.247.45 - - [02/Dec/2005:16:06:28 -0800] "GET /movies/SavageTheMovie.zip HTTP/1.0" 206 50752
70.24.247.45 - - [02/Dec/2005:16:06:28 -0800] "GET /movies/SavageTheMovie.zip HTTP/1.0" 206 122720
70.24.247.45 - - [02/Dec/2005:16:06:28 -0800] "GET /movies/SavageTheMovie.zip HTTP/1.0" 206 253693
70.24.247.45 - - [02/Dec/2005:16:06:28 -0800] "GET /movies/SavageTheMovie.zip HTTP/1.0" 206 460136
70.24.247.45 - - [02/Dec/2005:16:06:28 -0800] "GET /movies/SavageTheMovie.zip HTTP/1.0" 206 40533
70.24.247.45 - - [02/Dec/2005:16:06:28 -0800] "GET /movies/SavageTheMovie.zip HTTP/1.0" 206 37613
70.24.247.45 - - [02/Dec/2005:16:06:28 -0800] "GET /movies/SavageTheMovie.zip HTTP/1.0" 206 37612
70.24.247.45 - - [02/Dec/2005:16:06:28 -0800] "GET /movies/SavageTheMovie.zip HTTP/1.0" 206 848176
70.24.247.45 - - [02/Dec/2005:16:06:28 -0800] "GET /movies/SavageTheMovie.zip HTTP/1.0" 206 5058656
70.24.247.45 - - [02/Dec/2005:16:06:28 -0800] "GET /movies/SavageTheMovie.zip HTTP/1.0" 206 286320
70.24.247.45 - - [02/Dec/2005:16:06:28 -0800] "GET /movies/SavageTheMovie.zip HTTP/1.0" 206 65352
70.24.247.45 - - [02/Dec/2005:16:06:28 -0800] "GET /movies/SavageTheMovie.zip HTTP/1.0" 206 176312
70.24.247.45 - - [02/Dec/2005:16:06:28 -0800] "GET /movies/SavageTheMovie.zip HTTP/1.0" 206 157333
70.24.247.45 - - [02/Dec/2005:16:06:28 -0800] "GET /movies/SavageTheMovie.zip HTTP/1.0" 206 36153
70.24.247.45 - - [02/Dec/2005:16:06:28 -0800] "GET /movies/SavageTheMovie.zip HTTP/1.0" 206 75573
70.24.247.45 - - [02/Dec/2005:16:06:28 -0800] "GET /movies/SavageTheMovie.zip HTTP/1.0" 206 46372
70.24.247.45 - - [02/Dec/2005:16:06:28 -0800] "GET /movies/SavageTheMovie.zip HTTP/1.0" 206 708500
70.24.247.45 - - [02/Dec/2005:16:06:28 -0800] "GET /movies/SavageTheMovie.zip HTTP/1.0" 206 30313
70.24.247.45 - - [02/Dec/2005:16:06:28 -0800] "GET /movies/SavageTheMovie.zip HTTP/1.0" 206 41993
70.24.247.45 - - [02/Dec/2005:16:06:29 -0800] "GET /movies/SavageTheMovie.zip HTTP/1.0" 206 53673
70.24.247.45 - - [02/Dec/2005:16:06:29 -0800] "GET /movies/SavageTheMovie.zip HTTP/1.0" 206 236172
70.24.247.45 - - [02/Dec/2005:16:06:29 -0800] "GET /movies/SavageTheMovie.zip HTTP/1.0" 206 62432
70.24.247.45 - - [02/Dec/2005:16:06:29 -0800] "GET /movies/SavageTheMovie.zip HTTP/1.0" 206 44912
70.24.247.45 - - [02/Dec/2005:16:06:29 -0800] "GET /movies/SavageTheMovie.zip HTTP/1.0" 206 199672
70.24.247.45 - - [02/Dec/2005:16:06:29 -0800] "GET /movies/SavageTheMovie.zip HTTP/1.0" 206 1177064
70.24.247.45 - - [02/Dec/2005:16:06:29 -0800] "GET /movies/SavageTheMovie.zip HTTP/1.0" 206 854908
70.24.247.45 - - [02/Dec/2005:16:06:29 -0800] "GET /movies/SavageTheMovie.zip HTTP/1.0" 206 449760
70.24.247.45 - - [02/Dec/2005:16:06:29 -0800] "GET /movies/SavageTheMovie.zip HTTP/1.0" 206 4929212
70.24.247.45 - - [02/Dec/2005:16:06:29 -0800] "GET /movies/SavageTheMovie.zip HTTP/1.0" 206 1022972
70.24.247.45 - - [02/Dec/2005:16:06:29 -0800] "GET /movies/SavageTheMovie.zip HTTP/1.0" 206 821632
70.24.247.45 - - [02/Dec/2005:16:06:29 -0800] "GET /movies/SavageTheMovie.zip HTTP/1.0" 206 1163124
70.24.247.45 - - [02/Dec/2005:16:06:29 -0800] "GET /movies/SavageTheMovie.zip HTTP/1.0" 206 78492
70.24.247.45 - - [02/Dec/2005:16:06:29 -0800] "GET /movies/SavageTheMovie.zip HTTP/1.0" 206 278513
70.24.247.45 - - [02/Dec/2005:16:06:29 -0800] "GET /movies/SavageTheMovie.zip HTTP/1.0" 206 27392
70.24.247.45 - - [02/Dec/2005:16:06:29 -0800] "GET /movies/SavageTheMovie.zip HTTP/1.0" 206 125212
70.24.247.45 - - [02/Dec/2005:16:06:29 -0800] "GET /movies/SavageTheMovie.zip HTTP/1.0" 206 85652
70.24.247.45 - - [02/Dec/2005:16:06:29 -0800] "GET /movies/SavageTheMovie.zip HTTP/1.0" 206 69733
70.24.247.45 - - [02/Dec/2005:16:06:29 -0800] "GET /movies/SavageTheMovie.zip HTTP/1.0" 206 141456
70.24.247.45 - - [02/Dec/2005:16:06:29 -0800] "GET /movies/SavageTheMovie.zip HTTP/1.0" 206 497513
70.24.247.45 - - [02/Dec/2005:16:06:30 -0800] "GET /movies/SavageTheMovie.zip HTTP/1.0" 206 50752
70.24.247.45 - - [02/Dec/2005:16:06:30 -0800] "GET /movies/SavageTheMovie.zip HTTP/1.0" 206 28852
70.24.247.45 - - [02/Dec/2005:16:06:30 -0800] "GET /movies/SavageTheMovie.zip HTTP/1.0" 206 371236
70.24.247.45 - - [02/Dec/2005:16:06:31 -0800] "GET /movies/SavageTheMovie.zip HTTP/1.0" 200 25771264
69.245.154.236 - - [02/Dec/2005:16:08:44 -0800] "GET /movies/Eidleon%20RR8%20Reaver.zip HTTP/1.1" 200 116513792
172.180.206.81 - - [02/Dec/2005:16:09:20 -0800] "GET /movies/Copy%20of%20DesoReloaded.zip HTTP/1.1" 200 344016129
82.226.42.114 - - [02/Dec/2005:16:09:38 -0800] "GET /movies2/Camlann%20Shadow%20Zone.zip HTTP/1.1" 200 141905700
24.171.45.187 - - [02/Dec/2005:16:10:14 -0800] "GET /movies2/Camlann%20Shadow%20Zone.zip HTTP/1.1" 200 12819
62.178.111.55 - - [02/Dec/2005:16:11:00 -0800] "GET /movies2/sepp_0001.zip HTTP/1.1" 200 18144822
69.245.154.236 - - [02/Dec/2005:16:11:54 -0800] "GET /movies/Reach_RR5.zip HTTP/1.1" 200 142199064
68.42.127.30 - - [02/Dec/2005:16:12:00 -0800] "GET /movies/Alcx%20Mord.zip HTTP/1.1" 200 32217902
82.83.41.61 - - [02/Dec/2005:16:14:54 -0800] "GET /movies/LixaMLF.v4.zip HTTP/1.1" 206 43813249
70.189.220.104 - - [02/Dec/2005:16:15:00 -0800] "GET /movies2/CCCPlamorak.zip HTTP/1.1" 200 211205543
84.167.212.243 - - [02/Dec/2005:16:16:10 -0800] "GET /movies/Huntler1.0.rar HTTP/1.1" 200 85452
62.101.126.217 - - [02/Dec/2005:16:16:22 -0800] "GET /movies2/Camlann%20Shadow%20Zone.zip HTTP/1.1" 206 28381140
84.167.212.243 - - [02/Dec/2005:16:16:25 -0800] "GET /movies2/Hunters+Gimpspec+Vid.+1.zip HTTP/1.1" 200 77780
62.101.126.217 - - [02/Dec/2005:16:16:52 -0800] "GET /movies2/Camlann%20Shadow%20Zone.zip HTTP/1.1" 206 28381144
81.51.25.196 - - [02/Dec/2005:16:17:26 -0800] "GET /movies/AllexielBeonthel-NobodyLeft111.rar HTTP/1.1" 200 293933657
62.101.126.217 - - [02/Dec/2005:16:18:35 -0800] "GET /movies2/Camlann%20Shadow%20Zone.zip HTTP/1.1" 206 28381140
82.67.163.225 - - [02/Dec/2005:16:18:50 -0800] "GET /movies2/oct17.zip HTTP/1.1" 200 6494728
82.67.163.225 - - [02/Dec/2005:16:18:52 -0800] "GET /movies2/Stephon.zip HTTP/1.1" 200 5393888
62.101.126.217 - - [02/Dec/2005:16:18:56 -0800] "GET /movies2/Camlann%20Shadow%20Zone.zip HTTP/1.1" 206 28381140
86.195.36.109 - - [02/Dec/2005:16:19:08 -0800] "GET /movies/Gank+Vid+1+OF+FGH+vs+4+FGM+w+battle+sounds.zip HTTP/1.1" 404 325
62.101.126.217 - - [02/Dec/2005:16:19:13 -0800] "GET /movies2/Camlann%20Shadow%20Zone.zip HTTP/1.1" 206 28381140
70.189.220.104 - - [02/Dec/2005:16:23:22 -0800] "GET /movies2/Vegr.zip HTTP/1.1" 200 396911169
84.168.176.54 - - [02/Dec/2005:16:23:38 -0800] "GET /movies/Zeltax.zip HTTP/1.1" 200 181588
24.224.232.27 - - [02/Dec/2005:16:23:39 -0800] "GET /movies/Godmode3.zip HTTP/1.1" 200 84359
24.52.248.105 - - [02/Dec/2005:16:23:43 -0800] "GET /movies/PD%20leirvik.zip HTTP/1.1" 200 12909357
85.96.134.136 - - [02/Dec/2005:16:23:44 -0800] "GET /movies/Torstor1.zip HTTP/1.1" 206 18268
84.182.195.212 - - [02/Dec/2005:16:24:04 -0800] "GET /movies2/Lemiis_guide_to_Tanking_part_1.zip HTTP/1.1" 200 475628
81.49.9.124 - - [02/Dec/2005:16:24:12 -0800] "GET /movies2/WaffenbundTheMovie.zip HTTP/1.1" 200 911848
85.96.134.136 - - [02/Dec/2005:16:24:16 -0800] "GET /movies/HowToPwn.rar HTTP/1.1" 206 15409
85.96.134.136 - - [02/Dec/2005:16:24:39 -0800] "GET /movies/HowToPwn.rar HTTP/1.1" 206 29728
24.224.232.27 - - [02/Dec/2005:16:24:52 -0800] "GET /movies/Godmode3.zip HTTP/1.1" 200 85819
68.42.127.30 - - [02/Dec/2005:16:25:58 -0800] "GET /movies/Grimwart%202%20Final%20Cut.zip HTTP/1.1" 206 19767488
84.145.201.100 - - [02/Dec/2005:16:26:20 -0800] "GET /movies2/legio_4.zip HTTP/1.1" 200 1294448
70.49.240.68 - - [02/Dec/2005:16:26:46 -0800] "GET /movies2/Klockedmord.zip HTTP/1.1" 200 99613152
85.96.134.136 - - [02/Dec/2005:16:27:02 -0800] "GET /movies/Torstor1.zip HTTP/1.1" 206 51204
80.139.93.120 - - [02/Dec/2005:16:27:03 -0800] "GET /movies2/Camlann%20Shadow%20Zone.zip HTTP/1.1" 200 141905700
80.199.189.246 - - [02/Dec/2005:16:27:15 -0800] "GET /movies/Asberic3.zip HTTP/1.1" 200 106425422
62.20.182.245 - - [02/Dec/2005:16:28:09 -0800] "GET /movies2/sepp_0001.zip HTTP/1.1" 200 18144822
85.96.134.136 - - [02/Dec/2005:16:28:32 -0800] "GET /movies/Torstor1.zip HTTP/1.1" 206 32588
71.252.64.8 - - [02/Dec/2005:16:28:40 -0800] "GET /movies/AChampsLife2.zip HTTP/1.1" 200 12875
85.96.134.136 - - [02/Dec/2005:16:28:44 -0800] "GET /movies/Torstor1.zip HTTP/1.1" 206 45476
84.56.24.210 - - [02/Dec/2005:16:29:09 -0800] "GET /favicon.ico HTTP/1.1" 404 283
209.3.152.35 - - [02/Dec/2005:16:29:18 -0800] "GET /movies/AChampsLife2.zip HTTP/1.1" 200 150540
210.206.191.154 - - [02/Dec/2005:16:29:19 -0800] "GET /movies/BealithSoloVampMovie1.zip HTTP/1.1" 200 34235484
85.96.134.136 - - [02/Dec/2005:16:29:23 -0800] "GET /movies/HowToPwn.rar HTTP/1.1" 206 35456
85.96.134.136 - - [02/Dec/2005:16:29:57 -0800] "GET /movies/HowToPwn.rar HTTP/1.1" 206 25432
85.96.134.136 - - [02/Dec/2005:16:30:14 -0800] "GET /movies/Torstor1.zip HTTP/1.1" 206 51784
82.59.190.98 - - [02/Dec/2005:16:31:59 -0800] "GET /movies/RECUT.zip HTTP/1.1" 200 12745
82.59.190.98 - - [02/Dec/2005:16:32:00 -0800] "GET /movies/RECUT.zip HTTP/1.1" 206 19986
82.48.83.119 - - [02/Dec/2005:16:32:13 -0800] "GET /movies2/maelstrom_cluster1.zip HTTP/1.1" 200 15738
82.48.83.119 - - [02/Dec/2005:16:32:14 -0800] "GET /movies2/maelstrom_cluster1.zip HTTP/1.1" 206 17179
82.59.190.98 - - [02/Dec/2005:16:32:29 -0800] "GET /movies/Silverfist%20Brigade%20RangersShades%20Vol%202%20Remix.zip HTTP/1.1" 200 12746
82.59.190.98 - - [02/Dec/2005:16:32:30 -0800] "GET /movies/Silverfist%20Brigade%20RangersShades%20Vol%202%20Remix.zip HTTP/1.1" 206 18535
85.96.134.136 - - [02/Dec/2005:16:33:36 -0800] "GET /movies/Torstor1.zip HTTP/1.1" 206 1520062
81.206.147.109 - - [02/Dec/2005:16:34:29 -0800] "GET /movies2/Camlann%20Shadow%20Zone.zip HTTP/1.1" 200 141905700
24.52.248.105 - - [02/Dec/2005:16:34:51 -0800] "GET /movies/Black_Out-No_Challenge.zip HTTP/1.1" 200 147225240
209.3.152.35 - - [02/Dec/2005:16:34:56 -0800] "GET /movies2/A%20Mostly%20Solo%20Shade.zip HTTP/1.1" 200 2047956
85.96.134.136 - - [02/Dec/2005:16:34:56 -0800] "GET /movies/HowToPwn.rar HTTP/1.1" 206 1704040
70.251.239.108 - - [02/Dec/2005:16:35:09 -0800] "GET /movies2/rvr.zip HTTP/1.1" 200 327301124
88.134.47.172 - - [02/Dec/2005:16:35:54 -0800] "GET /movies2/nov15.zip HTTP/1.1" 206 154856792
84.168.176.54 - - [02/Dec/2005:16:36:20 -0800] "GET /movies2/amaya2_healplz.zip HTTP/1.1" 200 3022742
84.168.176.54 - - [02/Dec/2005:16:36:31 -0800] "GET /movies/Betty.zip HTTP/1.1" 200 227643
84.168.176.54 - - [02/Dec/2005:16:36:35 -0800] "GET /movies2/Camlann%20Shadow%20Zone.zip HTTP/1.1" 200 5537607
85.96.134.136 - - [02/Dec/2005:16:36:53 -0800] "GET /movies/HowToPwn.rar HTTP/1.1" 206 1538264
84.140.236.242 - - [02/Dec/2005:16:37:09 -0800] "GET /movies/A%20Life%20in%20Danger.zip HTTP/1.1" 200 53403
84.140.236.242 - - [02/Dec/2005:16:37:32 -0800] "GET /movies/soylcamlann.zip HTTP/1.1" 200 57758
85.96.134.136 - - [02/Dec/2005:16:37:37 -0800] "GET /movies/Torstor1.zip HTTP/1.1" 206 1285768
84.140.236.242 - - [02/Dec/2005:16:37:51 -0800] "GET /movies2/sepp_0001.zip HTTP/1.1" 200 44692
68.207.151.39 - - [02/Dec/2005:16:37:54 -0800] "GET /movies/Alpha%20RVR%20Compilation.zip HTTP/1.1" 200 240577
84.171.207.224 - - [02/Dec/2005:16:38:14 -0800] "GET /movies2/Obso.zip HTTP/1.1" 206 37446816
24.42.35.136 - - [02/Dec/2005:16:38:23 -0800] "GET /movies2/TDK3.zip HTTP/1.1" 200 384870067
84.140.236.242 - - [02/Dec/2005:16:38:37 -0800] "GET /movies2/angathid.zip HTTP/1.1" 200 54855
84.140.236.242 - - [02/Dec/2005:16:39:05 -0800] "GET /movies2/Gimp_and_Run_DivX.zip HTTP/1.1" 200 28719
85.96.134.136 - - [02/Dec/2005:16:39:07 -0800] "GET /movies/HowToPwn.rar HTTP/1.1" 206 2240737
84.140.236.242 - - [02/Dec/2005:16:39:20 -0800] "GET /movies2/Obso.zip HTTP/1.1" 200 54855
85.96.134.136 - - [02/Dec/2005:16:39:26 -0800] "GET /movies/HowToPwn.rar HTTP/1.1" 206 1802544
85.96.134.136 - - [02/Dec/2005:16:39:29 -0800] "GET /movies/HowToPwn.rar HTTP/1.1" 206 324813
85.96.134.136 - - [02/Dec/2005:16:39:58 -0800] "GET /movies/HowToPwn.rar HTTP/1.1" 206 2346703
85.96.134.136 - - [02/Dec/2005:16:40:11 -0800] "GET /movies/HowToPwn.rar HTTP/1.1" 206 698400
85.96.134.136 - - [02/Dec/2005:16:40:44 -0800] "GET /movies/Torstor1.zip HTTP/1.1" 206 1070788
85.96.134.136 - - [02/Dec/2005:16:41:10 -0800] "GET /movies/Torstor1.zip HTTP/1.1" 206 2239480
68.184.90.146 - - [02/Dec/2005:16:41:21 -0800] "GET /movies2/WaffenbundTheMovie.zip HTTP/1.1" 200 266858
85.96.134.136 - - [02/Dec/2005:16:41:36 -0800] "GET /movies/Torstor1.zip HTTP/1.1" 206 676988
85.96.134.136 - - [02/Dec/2005:16:41:52 -0800] "GET /movies/Torstor1.zip HTTP/1.1" 206 2867960
85.96.134.136 - - [02/Dec/2005:16:41:54 -0800] "GET /movies/Torstor1.zip HTTP/1.1" 206 2428968
70.24.247.45 - - [02/Dec/2005:16:42:04 -0800] "GET /movies/SavageTheMovie.zip HTTP/1.1" 200 164705202
86.194.185.146 - - [02/Dec/2005:16:42:27 -0800] "GET /movies2/Aedhas_SB_Ector_NF_01_01.zip HTTP/1.1" 200 10785024
85.96.134.136 - - [02/Dec/2005:16:42:30 -0800] "GET /movies/Torstor1.zip HTTP/1.1" 206 334880
62.101.126.217 - - [02/Dec/2005:16:42:35 -0800] "GET /movies2/sepp_0001.zip HTTP/1.1" 200 62460
62.101.126.217 - - [02/Dec/2005:16:42:38 -0800] "GET /movies2/sepp_0001.zip HTTP/1.1" 206 36163
84.57.174.190 - - [02/Dec/2005:16:42:49 -0800] "GET /movies2/Defiance-v1.zip HTTP/1.1" 200 175348294
212.143.22.168 - - [02/Dec/2005:16:43:01 -0800] "GET /movies2/sepp_0001.zip HTTP/1.1" 206 17183
141.151.138.75 - - [02/Dec/2005:16:44:41 -0800] "GET /movies2/Hib%20Merlin%20PuG.zip HTTP/1.1" 200 636672
209.3.152.35 - - [02/Dec/2005:16:45:49 -0800] "GET /movies/Animists%20Kill%20Dragon%20CTftw.zip HTTP/1.1" 200 5564639
62.101.126.217 - - [02/Dec/2005:16:45:55 -0800] "GET /movies2/sepp_0001.zip HTTP/1.1" 206 3628965
62.101.126.217 - - [02/Dec/2005:16:46:04 -0800] "GET /movies2/sepp_0001.zip HTTP/1.1" 206 3628966
62.101.126.217 - - [02/Dec/2005:16:46:06 -0800] "GET /movies2/sepp_0001.zip HTTP/1.1" 206 3628965
62.101.126.217 - - [02/Dec/2005:16:46:08 -0800] "GET /movies2/sepp_0001.zip HTTP/1.1" 206 3628965
62.101.126.217 - - [02/Dec/2005:16:46:08 -0800] "GET /movies2/sepp_0001.zip HTTP/1.1" 206 3628965
80.228.64.210 - - [02/Dec/2005:16:46:22 -0800] "GET /movies/ani1.0001.zip HTTP/1.1" 200 5130984
62.143.6.142 - - [02/Dec/2005:16:46:34 -0800] "GET /movies/HoA-Adrenaline3.zip HTTP/1.1" 200 369674825
68.184.90.146 - - [02/Dec/2005:16:46:37 -0800] "GET /movies2/sepp_0001.zip HTTP/1.1" 200 18144822
80.161.0.53 - - [02/Dec/2005:16:46:38 -0800] "GET /movies2/Camlann%20Shadow%20Zone.zip HTTP/1.1" 200 141905700
210.206.191.154 - - [02/Dec/2005:16:46:46 -0800] "GET /movies/DevilLowQuality.zip HTTP/1.1" 200 58405931
68.184.90.146 - - [02/Dec/2005:16:47:28 -0800] "GET /movies2/Raila%20Memorial%20good.zip HTTP/1.1" 200 24692536
172.211.206.203 - - [02/Dec/2005:16:47:36 -0800] "GET /movies/NS.zip HTTP/1.1" 206 151933
80.143.76.69 - - [02/Dec/2005:16:47:51 -0800] "GET /movies2/WaffenbundTheMovie.zip HTTP/1.1" 200 379691340
68.44.63.121 - - [02/Dec/2005:16:48:11 -0800] "GET /movies2/sepp_0001.zip HTTP/1.1" 200 18144822
83.195.84.232 - - [02/Dec/2005:16:49:19 -0800] "GET /movies2/Camlann%20Shadow%20Zone.zip HTTP/1.1" 200 17148500
83.195.84.232 - - [02/Dec/2005:16:49:20 -0800] "GET /movies2/WaffenbundTheMovie.zip HTTP/1.1" 200 13934522
83.195.84.232 - - [02/Dec/2005:16:49:23 -0800] "HEAD /movies2/WaffenbundTheMovie.zip HTTP/1.1" 200 0
83.195.84.232 - - [02/Dec/2005:16:49:25 -0800] "HEAD /movies2/Camlann%20Shadow%20Zone.zip HTTP/1.1" 200 0
85.182.61.190 - - [02/Dec/2005:16:49:43 -0800] "GET /movies/sc-tribute-divx.zip HTTP/1.1" 200 301841543
134.53.169.188 - - [02/Dec/2005:16:50:29 -0800] "GET /movies/dirty%20dancing%20in%20ascalon.zip HTTP/1.1" 200 486524
83.195.84.232 - - [02/Dec/2005:16:50:48 -0800] "GET /movies2/WaffenbundTheMovie.zip HTTP/1.1" 200 2970164
83.195.84.232 - - [02/Dec/2005:16:50:50 -0800] "GET /movies2/Camlann%20Shadow%20Zone.zip HTTP/1.1" 200 3186820
83.195.84.232 - - [02/Dec/2005:16:50:58 -0800] "HEAD /movies2/Camlann%20Shadow%20Zone.zip HTTP/1.1" 200 0
83.195.84.232 - - [02/Dec/2005:16:50:59 -0800] "HEAD /movies2/WaffenbundTheMovie.zip HTTP/1.1" 200 0
