72.136.47.31 - - [30/Nov/2005:12:37:51 -0800] "GET /movies2/angathid.zip HTTP/1.0" 206 4985036
72.136.47.31 - - [30/Nov/2005:12:38:02 -0800] "GET /movies2/angathid.zip HTTP/1.0" 206 5351800
72.136.47.31 - - [30/Nov/2005:12:38:03 -0800] "GET /movies2/angathid.zip HTTP/1.0" 206 5362984
72.136.47.31 - - [30/Nov/2005:12:38:03 -0800] "GET /movies2/angathid.zip HTTP/1.0" 206 4953133
82.231.194.227 - - [30/Nov/2005:12:38:04 -0800] "GET /favicon.ico HTTP/1.1" 404 283
72.136.47.31 - - [30/Nov/2005:12:38:09 -0800] "GET /movies2/angathid.zip HTTP/1.0" 206 5015464
65.189.9.98 - - [30/Nov/2005:12:38:10 -0800] "GET /movies2/WoW_the_Musical.zip HTTP/1.1" 200 33358587
72.136.47.31 - - [30/Nov/2005:12:38:20 -0800] "GET /movies2/angathid.zip HTTP/1.0" 206 5045228
72.136.47.31 - - [30/Nov/2005:12:38:32 -0800] "GET /movies2/angathid.zip HTTP/1.0" 206 5224340
70.104.16.36 - - [30/Nov/2005:12:39:51 -0800] "GET /movies/baldir_jiv.zip HTTP/1.1" 200 5034760
70.104.16.36 - - [30/Nov/2005:12:39:56 -0800] "GET /movies/baldir_jiv.zip HTTP/1.1" 200 271308
84.44.140.85 - - [30/Nov/2005:12:39:59 -0800] "GET /movies2/Goldencam.rar HTTP/1.1" 206 261602868
62.119.187.1 - - [30/Nov/2005:12:40:21 -0800] "GET /movies2/Lemiis_guide_to_Tanking_part_1.zip HTTP/1.1" 200 1864240
72.136.47.31 - - [30/Nov/2005:12:40:31 -0800] "GET /movies2/angathid.zip HTTP/1.0" 206 1193934
60.239.4.133 - - [30/Nov/2005:12:40:34 -0800] "GET /movies2/4vs4_random.zip HTTP/1.1" 200 123510
72.136.47.31 - - [30/Nov/2005:12:40:44 -0800] "GET /movies2/angathid.zip HTTP/1.0" 206 7557740
62.117.22.175 - - [30/Nov/2005:12:40:50 -0800] "GET /movies2/Addiction%20-%20Not%20Uber%20Yet.zip HTTP/1.1" 200 190042682
80.131.226.171 - - [30/Nov/2005:12:40:51 -0800] "GET /movies/Nemesis_SH-Albion_Cleric-POV.zip HTTP/1.1" 200 170492
72.136.47.31 - - [30/Nov/2005:12:41:01 -0800] "GET /movies2/angathid.zip HTTP/1.0" 206 7656956
72.136.47.31 - - [30/Nov/2005:12:41:01 -0800] "GET /movies2/angathid.zip HTTP/1.0" 206 7698872
72.136.47.31 - - [30/Nov/2005:12:41:08 -0800] "GET /movies2/angathid.zip HTTP/1.0" 206 2619512
72.136.47.31 - - [30/Nov/2005:12:41:09 -0800] "GET /movies2/angathid.zip HTTP/1.0" 206 7177560
72.136.47.31 - - [30/Nov/2005:12:41:13 -0800] "GET /movies2/angathid.zip HTTP/1.0" 206 2675796
72.136.47.31 - - [30/Nov/2005:12:41:17 -0800] "GET /movies2/angathid.zip HTTP/1.0" 206 2518153
72.136.47.31 - - [30/Nov/2005:12:41:21 -0800] "GET /movies2/angathid.zip HTTP/1.0" 206 2578300
72.136.47.31 - - [30/Nov/2005:12:41:22 -0800] "GET /movies2/angathid.zip HTTP/1.0" 206 7609192
72.136.47.31 - - [30/Nov/2005:12:41:27 -0800] "GET /movies2/angathid.zip HTTP/1.0" 206 3138204
72.136.47.31 - - [30/Nov/2005:12:41:28 -0800] "GET /movies2/angathid.zip HTTP/1.0" 206 7991300
72.136.47.31 - - [30/Nov/2005:12:41:29 -0800] "GET /movies2/angathid.zip HTTP/1.0" 206 2675812
72.136.47.31 - - [30/Nov/2005:12:41:37 -0800] "GET /movies2/angathid.zip HTTP/1.0" 206 969093
72.136.47.31 - - [30/Nov/2005:12:41:42 -0800] "GET /movies2/angathid.zip HTTP/1.0" 206 405712
72.136.47.31 - - [30/Nov/2005:12:41:43 -0800] "GET /movies2/angathid.zip HTTP/1.0" 206 1130768
72.136.47.31 - - [30/Nov/2005:12:41:44 -0800] "GET /movies2/angathid.zip HTTP/1.0" 206 564600
72.136.47.31 - - [30/Nov/2005:12:41:44 -0800] "GET /movies2/angathid.zip HTTP/1.0" 206 301873
72.136.47.31 - - [30/Nov/2005:12:41:45 -0800] "GET /movies2/angathid.zip HTTP/1.0" 206 9294112
72.136.47.31 - - [30/Nov/2005:12:41:46 -0800] "GET /movies2/angathid.zip HTTP/1.0" 206 146404
72.136.47.31 - - [30/Nov/2005:12:41:47 -0800] "GET /movies2/angathid.zip HTTP/1.0" 206 9214464
72.136.47.31 - - [30/Nov/2005:12:41:47 -0800] "GET /movies2/angathid.zip HTTP/1.0" 206 6096976
72.136.47.31 - - [30/Nov/2005:12:41:47 -0800] "GET /movies2/angathid.zip HTTP/1.0" 206 8380053
72.136.47.31 - - [30/Nov/2005:12:41:47 -0800] "GET /movies2/angathid.zip HTTP/1.0" 206 106233
72.136.47.31 - - [30/Nov/2005:12:41:49 -0800] "GET /movies2/angathid.zip HTTP/1.0" 206 82873
72.136.47.31 - - [30/Nov/2005:12:41:49 -0800] "GET /movies2/angathid.zip HTTP/1.0" 206 65353
72.136.47.31 - - [30/Nov/2005:12:41:49 -0800] "GET /movies2/angathid.zip HTTP/1.0" 206 307713
72.136.47.31 - - [30/Nov/2005:12:41:49 -0800] "GET /movies2/angathid.zip HTTP/1.0" 206 2389272
72.136.47.31 - - [30/Nov/2005:12:41:49 -0800] "GET /movies2/angathid.zip HTTP/1.0" 206 15713
72.136.47.31 - - [30/Nov/2005:12:41:49 -0800] "GET /movies2/angathid.zip HTTP/1.0" 206 308464
72.136.47.31 - - [30/Nov/2005:12:41:49 -0800] "GET /movies2/angathid.zip HTTP/1.0" 206 446996
72.136.47.31 - - [30/Nov/2005:12:41:49 -0800] "GET /movies2/angathid.zip HTTP/1.0" 503 382
72.136.47.31 - - [30/Nov/2005:12:41:50 -0800] "GET /movies2/angathid.zip HTTP/1.0" 206 563628
72.136.47.31 - - [30/Nov/2005:12:41:50 -0800] "GET /movies2/angathid.zip HTTP/1.0" 206 53673
72.136.47.31 - - [30/Nov/2005:12:41:50 -0800] "GET /movies2/angathid.zip HTTP/1.0" 206 74113
72.136.47.31 - - [30/Nov/2005:12:41:50 -0800] "GET /movies2/angathid.zip HTTP/1.0" 206 9513520
72.136.47.31 - - [30/Nov/2005:12:41:50 -0800] "GET /movies2/angathid.zip HTTP/1.0" 206 46373
72.136.47.31 - - [30/Nov/2005:12:41:50 -0800] "GET /movies2/angathid.zip HTTP/1.0" 206 499232
72.136.47.31 - - [30/Nov/2005:12:41:50 -0800] "GET /movies2/angathid.zip HTTP/1.0" 206 452253
72.136.47.31 - - [30/Nov/2005:12:41:50 -0800] "GET /movies2/angathid.zip HTTP/1.0" 206 561754
72.136.47.31 - - [30/Nov/2005:12:41:50 -0800] "GET /movies2/angathid.zip HTTP/1.0" 206 217194
72.136.47.31 - - [30/Nov/2005:12:41:51 -0800] "GET /movies2/angathid.zip HTTP/1.0" 206 93093
72.136.47.31 - - [30/Nov/2005:12:41:51 -0800] "GET /movies2/angathid.zip HTTP/1.0" 206 52213
72.136.47.31 - - [30/Nov/2005:12:41:51 -0800] "GET /movies2/angathid.zip HTTP/1.0" 206 344148
72.136.47.31 - - [30/Nov/2005:12:41:51 -0800] "GET /movies2/angathid.zip HTTP/1.0" 206 640452
72.136.47.31 - - [30/Nov/2005:12:41:51 -0800] "GET /movies2/angathid.zip HTTP/1.0" 206 37613
72.136.47.31 - - [30/Nov/2005:12:41:51 -0800] "GET /movies2/angathid.zip HTTP/1.0" 206 83056
72.136.47.31 - - [30/Nov/2005:12:41:52 -0800] "GET /movies2/angathid.zip HTTP/1.0" 206 12793
72.136.47.31 - - [30/Nov/2005:12:41:52 -0800] "GET /movies2/angathid.zip HTTP/1.0" 206 7880508
193.175.15.234 - - [30/Nov/2005:12:41:58 -0800] "GET /movies2/Goldencam.rar HTTP/1.0" 200 572256
60.239.4.133 - - [30/Nov/2005:12:42:09 -0800] "GET /movies2/4vs4_random.zip HTTP/1.1" 200 154372
70.104.16.36 - - [30/Nov/2005:12:42:13 -0800] "GET /movies/Alb-Merlin.zip HTTP/1.1" 200 17256984
84.186.44.191 - - [30/Nov/2005:12:42:15 -0800] "GET /movies/I%20assist%20now%20bitches..zip HTTP/1.1" 200 1923578
213.30.252.111 - - [30/Nov/2005:12:42:33 -0800] "GET //cgi-bin/awstats/awstats.pl HTTP/1.1" 404 299
213.30.252.111 - - [30/Nov/2005:12:42:33 -0800] "GET //cgi-bin/awstats.pl HTTP/1.1" 404 291
213.30.252.111 - - [30/Nov/2005:12:42:33 -0800] "GET //cgi/awstats.pl HTTP/1.1" 404 287
213.30.252.111 - - [30/Nov/2005:12:42:34 -0800] "GET //awstats/awstats.pl HTTP/1.1" 404 291
213.30.252.111 - - [30/Nov/2005:12:42:34 -0800] "GET //cgi-bin/stats/awstats.pl HTTP/1.1" 404 297
213.30.252.111 - - [30/Nov/2005:12:42:35 -0800] "GET //stats/awstats.pl HTTP/1.1" 404 289
213.30.252.111 - - [30/Nov/2005:12:42:35 -0800] "GET //awstats.pl HTTP/1.1" 404 283
213.30.252.111 - - [30/Nov/2005:12:42:35 -0800] "GET //cgi/stats/awstats.pl HTTP/1.1" 404 293
217.83.127.14 - - [30/Nov/2005:12:43:17 -0800] "GET /movies/I%20assist%20now%20bitches..zip HTTP/1.1" 206 40039072
62.117.22.175 - - [30/Nov/2005:12:43:18 -0800] "GET /movies/TDKBoldJihad.zip HTTP/1.1" 200 191668203
217.83.127.14 - - [30/Nov/2005:12:43:48 -0800] "GET /movies/I%20assist%20now%20bitches..zip HTTP/1.1" 206 6066214
217.83.127.14 - - [30/Nov/2005:12:44:04 -0800] "GET /movies/I%20assist%20now%20bitches..zip HTTP/1.1" 206 33183906
217.83.127.14 - - [30/Nov/2005:12:44:08 -0800] "GET /movies/I%20assist%20now%20bitches..zip HTTP/1.1" 206 5287730
66.188.72.176 - - [30/Nov/2005:12:45:31 -0800] "GET /movies/KervarrePerc.zip HTTP/1.1" 200 106715068
217.83.127.14 - - [30/Nov/2005:12:46:12 -0800] "GET /movies/cgrvr.rar HTTP/1.1" 206 12346
82.64.148.134 - - [30/Nov/2005:12:46:38 -0800] "GET /movies2/legio_4.zip HTTP/1.1" 200 1892116
71.109.162.227 - - [30/Nov/2005:12:48:17 -0800] "GET /movies/Horason%20Soulfly.zip HTTP/1.1" 206 47237294
71.109.162.227 - - [30/Nov/2005:12:48:35 -0800] "GET /movies/Horason%20Soulfly.zip HTTP/1.1" 206 47237294
71.109.162.227 - - [30/Nov/2005:12:48:41 -0800] "GET /movies/Horason%20Soulfly.zip HTTP/1.1" 206 47237294
71.109.162.227 - - [30/Nov/2005:12:48:42 -0800] "GET /movies/Horason%20Soulfly.zip HTTP/1.1" 206 47237301
132.9.127.6 - - [30/Nov/2005:12:49:16 -0800] "GET /movies/Yla-AViewToAKill.zip HTTP/1.1" 200 23205070
139.18.193.65 - - [30/Nov/2005:12:49:38 -0800] "GET /movies2/kewle_fights.zip HTTP/1.1" 200 131789614
84.143.239.116 - - [30/Nov/2005:12:49:41 -0800] "GET /movies2/kewle_fights.zip HTTP/1.1" 200 2249608
80.137.122.250 - - [30/Nov/2005:12:50:05 -0800] "GET /movies/dragon.zip HTTP/1.1" 200 1147872
80.236.19.3 - - [30/Nov/2005:12:50:24 -0800] "GET /movies/For%20Science%20-%20Tower%20Camping%20101.zip HTTP/1.1" 200 139842910
84.143.239.116 - - [30/Nov/2005:12:51:18 -0800] "GET /movies2/kewle_fights.zip HTTP/1.1" 206 115635356
82.83.81.12 - - [30/Nov/2005:12:51:41 -0800] "GET /movies/sibiadahuntercen.zip HTTP/1.1" 200 7628320
70.104.16.36 - - [30/Nov/2005:12:51:51 -0800] "GET /movies/baldir_jiv.zip HTTP/1.1" 200 190803947
82.231.194.227 - - [30/Nov/2005:12:51:51 -0800] "GET /movies/uveaforfun.rar HTTP/1.1" 200 29281830
84.172.213.78 - - [30/Nov/2005:12:52:30 -0800] "GET /movies2/kewle_fights.zip HTTP/1.1" 200 131789614
84.137.75.46 - - [30/Nov/2005:12:54:48 -0800] "GET /movies/FincloveKeelin.zip HTTP/1.1" 200 9933371
70.104.16.36 - - [30/Nov/2005:12:55:51 -0800] "GET /movies/PD%20leirvik.zip HTTP/1.1" 200 12909357
12.216.142.251 - - [30/Nov/2005:12:56:14 -0800] "GET /movies/Warrior%20in%20BG.zip HTTP/1.1" 200 21579
211.186.64.178 - - [30/Nov/2005:12:56:50 -0800] "GET /movies/Illusb_RR7_Shadowblade_Movie_1_1500k.rar HTTP/1.1" 200 5290552
213.44.97.30 - - [30/Nov/2005:12:56:51 -0800] "GET /movies2/Absorbx_Gareth.zip HTTP/1.1" 200 783856
211.186.64.178 - - [30/Nov/2005:12:57:14 -0800] "GET /movies/Illusb_RR7_Shadowblade_Movie_1_1500k.rar HTTP/1.1" 200 36183
82.39.48.252 - - [30/Nov/2005:12:57:35 -0800] "GET /movies2/Lemiis_guide_to_Tanking_part_1.zip HTTP/1.1" 200 83359680
70.30.200.2 - - [30/Nov/2005:12:57:46 -0800] "GET /movies2/CloakedkillerTheCritblade.zip HTTP/1.1" 200 172368713
84.137.75.46 - - [30/Nov/2005:12:59:56 -0800] "GET /movies/HexruneMord.zip HTTP/1.1" 200 16204319
72.136.47.31 - - [30/Nov/2005:13:00:03 -0800] "GET /movies/Vampiir%20video.zip HTTP/1.1" 200 685144
81.51.211.162 - - [30/Nov/2005:13:00:26 -0800] "GET /movies/RvR_avalon.zip HTTP/1.1" 200 501918
81.51.211.162 - - [30/Nov/2005:13:00:27 -0800] "GET /movies/Boradamer_TL-1.zip HTTP/1.1" 200 1705928
70.24.247.45 - - [30/Nov/2005:13:00:44 -0800] "GET /movies/baldir_jiv.zip HTTP/1.1" 200 1326732
70.24.247.45 - - [30/Nov/2005:13:01:02 -0800] "GET /movies/Yla-AViewToAKill.zip HTTP/1.1" 200 174872
24.219.133.216 - - [30/Nov/2005:13:01:07 -0800] "GET /movies/The%20Assassin.zip HTTP/1.1" 200 767639
83.194.179.24 - - [30/Nov/2005:13:01:15 -0800] "GET /movies/wow_a_kind_of_magic.zip HTTP/1.1" 200 165628
70.24.247.45 - - [30/Nov/2005:13:01:21 -0800] "GET /movies/Alb-Merlin.zip HTTP/1.1" 200 249496
84.137.75.46 - - [30/Nov/2005:13:01:29 -0800] "GET /movies/Warlocked.zip HTTP/1.1" 200 2113925
84.181.175.95 - - [30/Nov/2005:13:01:33 -0800] "GET /movies/cgrvr.rar HTTP/1.1" 200 11521078
72.136.47.31 - - [30/Nov/2005:13:01:39 -0800] "GET /movies/Vampiir%20video.zip HTTP/1.0" 206 1056696
72.136.47.31 - - [30/Nov/2005:13:01:41 -0800] "GET /movies/Vampiir%20video.zip HTTP/1.0" 206 953436
83.194.179.24 - - [30/Nov/2005:13:01:44 -0800] "GET /movies/wow_a_kind_of_magic.zip HTTP/1.1" 200 62459
72.136.47.31 - - [30/Nov/2005:13:01:46 -0800] "GET /movies/Vampiir%20video.zip HTTP/1.0" 206 1113492
72.136.47.31 - - [30/Nov/2005:13:01:49 -0800] "GET /movies/Vampiir%20video.zip HTTP/1.0" 206 834632
84.181.175.95 - - [30/Nov/2005:13:01:51 -0800] "GET /movies/cgrvr.rar HTTP/1.1" 206 60421
72.136.47.31 - - [30/Nov/2005:13:01:51 -0800] "GET /movies/Vampiir%20video.zip HTTP/1.0" 206 809956
72.136.47.31 - - [30/Nov/2005:13:01:52 -0800] "GET /movies/Vampiir%20video.zip HTTP/1.0" 206 788380
72.136.47.31 - - [30/Nov/2005:13:01:59 -0800] "GET /movies/Vampiir%20video.zip HTTP/1.0" 206 812164
72.136.47.31 - - [30/Nov/2005:13:02:00 -0800] "GET /movies/Vampiir%20video.zip HTTP/1.0" 206 887172
82.125.88.168 - - [30/Nov/2005:13:02:00 -0800] "GET /movies2/legio_4.zip HTTP/1.1" 200 240598244
70.24.247.45 - - [30/Nov/2005:13:02:10 -0800] "GET /movies/cgrvr.rar HTTP/1.1" 200 1543056
72.136.47.31 - - [30/Nov/2005:13:02:11 -0800] "GET /movies/Vampiir%20video.zip HTTP/1.0" 206 1661136
72.136.47.31 - - [30/Nov/2005:13:02:15 -0800] "GET /movies/Vampiir%20video.zip HTTP/1.0" 206 498975
72.136.47.31 - - [30/Nov/2005:13:02:16 -0800] "GET /movies/Vampiir%20video.zip HTTP/1.0" 206 2022260
72.136.47.31 - - [30/Nov/2005:13:02:16 -0800] "GET /movies/Vampiir%20video.zip HTTP/1.0" 206 528176
72.136.47.31 - - [30/Nov/2005:13:02:17 -0800] "GET /movies/Vampiir%20video.zip HTTP/1.0" 206 2235664
72.136.47.31 - - [30/Nov/2005:13:02:21 -0800] "GET /movies/Vampiir%20video.zip HTTP/1.0" 206 300432
72.136.47.31 - - [30/Nov/2005:13:02:22 -0800] "GET /movies/Vampiir%20video.zip HTTP/1.0" 206 1252508
72.136.47.31 - - [30/Nov/2005:13:02:22 -0800] "GET /movies/Vampiir%20video.zip HTTP/1.0" 206 278162
72.136.47.31 - - [30/Nov/2005:13:02:24 -0800] "GET /movies/Vampiir%20video.zip HTTP/1.0" 206 190916
72.136.47.31 - - [30/Nov/2005:13:02:24 -0800] "GET /movies/Vampiir%20video.zip HTTP/1.0" 206 1275696
72.136.47.31 - - [30/Nov/2005:13:02:25 -0800] "GET /movies/Vampiir%20video.zip HTTP/1.0" 206 1423800
72.136.47.31 - - [30/Nov/2005:13:02:25 -0800] "GET /movies/Vampiir%20video.zip HTTP/1.0" 206 211780
72.136.47.31 - - [30/Nov/2005:13:02:25 -0800] "GET /movies/Vampiir%20video.zip HTTP/1.0" 206 171936
72.136.47.31 - - [30/Nov/2005:13:02:25 -0800] "GET /movies/Vampiir%20video.zip HTTP/1.0" 206 352976
72.136.47.31 - - [30/Nov/2005:13:02:26 -0800] "GET /movies/Vampiir%20video.zip HTTP/1.0" 206 403116
72.136.47.31 - - [30/Nov/2005:13:02:27 -0800] "GET /movies/Vampiir%20video.zip HTTP/1.0" 206 96015
72.136.47.31 - - [30/Nov/2005:13:02:27 -0800] "GET /movies/Vampiir%20video.zip HTTP/1.0" 206 1315264
72.136.47.31 - - [30/Nov/2005:13:02:27 -0800] "GET /movies/Vampiir%20video.zip HTTP/1.0" 206 310488
72.136.47.31 - - [30/Nov/2005:13:02:28 -0800] "GET /movies/Vampiir%20video.zip HTTP/1.0" 206 221575
72.136.47.31 - - [30/Nov/2005:13:02:28 -0800] "GET /movies/Vampiir%20video.zip HTTP/1.0" 206 12796
72.136.47.31 - - [30/Nov/2005:13:02:28 -0800] "GET /movies/Vampiir%20video.zip HTTP/1.0" 206 65356
72.136.47.31 - - [30/Nov/2005:13:02:29 -0800] "GET /movies/Vampiir%20video.zip HTTP/1.0" 206 69735
72.136.47.31 - - [30/Nov/2005:13:02:29 -0800] "GET /movies/Vampiir%20video.zip HTTP/1.0" 206 84335
72.136.47.31 - - [30/Nov/2005:13:02:30 -0800] "GET /movies/Vampiir%20video.zip HTTP/1.0" 206 84335
72.136.47.31 - - [30/Nov/2005:13:02:30 -0800] "GET /movies/Vampiir%20video.zip HTTP/1.0" 206 1657420
72.136.47.31 - - [30/Nov/2005:13:02:30 -0800] "GET /movies/Vampiir%20video.zip HTTP/1.0" 206 49296
72.136.47.31 - - [30/Nov/2005:13:02:30 -0800] "GET /movies/Vampiir%20video.zip HTTP/1.0" 206 131056
72.136.47.31 - - [30/Nov/2005:13:02:30 -0800] "GET /movies/Vampiir%20video.zip HTTP/1.0" 206 1641096
72.136.47.31 - - [30/Nov/2005:13:02:30 -0800] "GET /movies/Vampiir%20video.zip HTTP/1.0" 206 58055
72.136.47.31 - - [30/Nov/2005:13:02:31 -0800] "GET /movies/Vampiir%20video.zip HTTP/1.0" 206 37615
72.136.47.31 - - [30/Nov/2005:13:02:31 -0800] "GET /movies/Vampiir%20video.zip HTTP/1.0" 206 12796
72.136.47.31 - - [30/Nov/2005:13:02:31 -0800] "GET /movies/Vampiir%20video.zip HTTP/1.0" 206 12795
72.136.47.31 - - [30/Nov/2005:13:02:31 -0800] "GET /movies/Vampiir%20video.zip HTTP/1.0" 206 31776
72.136.47.31 - - [30/Nov/2005:13:02:31 -0800] "GET /movies/Vampiir%20video.zip HTTP/1.0" 206 104956
72.136.47.31 - - [30/Nov/2005:13:02:31 -0800] "GET /movies/Vampiir%20video.zip HTTP/1.0" 206 1095216
72.136.47.31 - - [30/Nov/2005:13:02:31 -0800] "GET /movies/Vampiir%20video.zip HTTP/1.0" 206 49295
72.136.47.31 - - [30/Nov/2005:13:02:31 -0800] "GET /movies/Vampiir%20video.zip HTTP/1.0" 206 53676
72.136.47.31 - - [30/Nov/2005:13:02:31 -0800] "GET /movies/Vampiir%20video.zip HTTP/1.0" 206 187995
72.136.47.31 - - [30/Nov/2005:13:02:32 -0800] "GET /movies/Vampiir%20video.zip HTTP/1.0" 206 28856
72.136.47.31 - - [30/Nov/2005:13:02:32 -0800] "GET /movies/Vampiir%20video.zip HTTP/1.0" 206 41995
72.136.47.31 - - [30/Nov/2005:13:02:32 -0800] "GET /movies/Vampiir%20video.zip HTTP/1.0" 206 52215
72.136.47.31 - - [30/Nov/2005:13:02:33 -0800] "GET /movies/Vampiir%20video.zip HTTP/1.0" 200 2721157
70.24.247.45 - - [30/Nov/2005:13:02:38 -0800] "GET /movies/Albion-igraine%20!.zip HTTP/1.1" 200 683192
72.136.47.31 - - [30/Nov/2005:13:02:43 -0800] "GET /movies/Vampiir%20video.zip HTTP/1.0" 206 1464136
84.133.9.253 - - [30/Nov/2005:13:02:59 -0800] "GET /movies/thid%20grp%203_final.zip HTTP/1.1" 200 126520
70.104.16.36 - - [30/Nov/2005:13:03:44 -0800] "GET /movies/1NightofOdyssey.zip HTTP/1.1" 200 57228486
12.216.142.251 - - [30/Nov/2005:13:04:01 -0800] "GET /movies/Warrior%20in%20BG.zip HTTP/1.1" 206 41431551
85.35.219.11 - - [30/Nov/2005:13:04:08 -0800] "GET /movies2/forItawithlove.zip HTTP/1.0" 200 21584319
213.64.123.243 - - [30/Nov/2005:13:04:11 -0800] "GET /movies2/Lemiis_guide_to_Tanking_part_1.zip HTTP/1.1" 200 147052
83.194.179.24 - - [30/Nov/2005:13:04:17 -0800] "GET /movies/dayatifswds.zip HTTP/1.1" 200 6407940
84.133.9.253 - - [30/Nov/2005:13:04:23 -0800] "GET /movies/SoloZerk.zip HTTP/1.1" 200 120712
86.203.245.81 - - [30/Nov/2005:13:04:35 -0800] "GET /movies2/legio_3.zip HTTP/1.1" 200 118740
84.133.9.253 - - [30/Nov/2005:13:04:37 -0800] "GET /movies/SoloZerk.zip HTTP/1.1" 200 421688
86.104.75.129 - - [30/Nov/2005:13:04:41 -0800] "GET /movies/AmishParadise.zip HTTP/1.1" 200 356871
86.104.75.129 - - [30/Nov/2005:13:05:06 -0800] "GET /movies/AmishParadise.zip HTTP/1.1" 200 153591
84.135.179.64 - - [30/Nov/2005:13:05:14 -0800] "GET /favicon.ico HTTP/1.1" 404 283
84.135.179.64 - - [30/Nov/2005:13:05:16 -0800] "GET /movies2/Absorbx_Gareth.zip HTTP/1.1" 200 173504
84.100.38.235 - - [30/Nov/2005:13:05:21 -0800] "GET /movies/dragon.zip HTTP/1.1" 200 26690079
86.104.75.129 - - [30/Nov/2005:13:07:00 -0800] "GET /movies/AmishParadise.zip HTTP/1.1" 200 461196
62.117.22.175 - - [30/Nov/2005:13:07:10 -0800] "GET /movies2/TdkBomB2.zip HTTP/1.1" 200 112974717
84.60.10.240 - - [30/Nov/2005:13:07:54 -0800] "GET /movies2/8min.zip HTTP/1.1" 200 57728378
70.32.96.61 - - [30/Nov/2005:13:07:56 -0800] "GET /movies/Zeltax.zip HTTP/1.1" 200 98146138
86.194.186.175 - - [30/Nov/2005:13:07:56 -0800] "GET /movies2/CloakedkillerTheCritblade.zip HTTP/1.1" 200 15463900
81.208.83.241 - - [30/Nov/2005:13:08:17 -0800] "GET /movies2/forItawithlove.zip HTTP/1.1" 200 296059
81.208.83.241 - - [30/Nov/2005:13:08:22 -0800] "GET /movies2/forItawithlove.zip HTTP/1.1" 200 44939
129.19.103.56 - - [30/Nov/2005:13:09:18 -0800] "GET /movies/DarthVon1.zip HTTP/1.1" 200 100736308
84.160.224.53 - - [30/Nov/2005:13:10:00 -0800] "GET /movies/OctosGareth1.zip HTTP/1.1" 200 77980569
24.219.133.216 - - [30/Nov/2005:13:10:55 -0800] "GET /movies/The%20Assassin.zip HTTP/1.1" 200 51737014
86.104.75.129 - - [30/Nov/2005:13:11:08 -0800] "GET /movies/AmishParadise.zip HTTP/1.0" 206 93536
82.50.89.159 - - [30/Nov/2005:13:11:33 -0800] "GET /movies/Gank+Vid+1+OF+FGH+vs+4+FGM+w+battle+sounds.zip HTTP/1.1" 404 325
82.50.89.159 - - [30/Nov/2005:13:11:37 -0800] "GET /movies/Gank+Vid+1+OF+FGH+vs+4+FGM+w+battle+sounds.zip HTTP/1.1" 404 325
82.50.89.159 - - [30/Nov/2005:13:11:39 -0800] "GET /movies/Gank+Vid+1+OF+FGH+vs+4+FGM+w+battle+sounds.zip HTTP/1.1" 404 325
82.50.89.159 - - [30/Nov/2005:13:12:03 -0800] "GET /movies/ae.zip HTTP/1.1" 200 78190
84.133.9.253 - - [30/Nov/2005:13:13:02 -0800] "GET /movies/thid%20grp%203_final.zip HTTP/1.1" 206 21192828
84.133.9.253 - - [30/Nov/2005:13:13:12 -0800] "GET /movies/thid%20grp%203_final.zip HTTP/1.1" 206 21244928
84.133.9.253 - - [30/Nov/2005:13:13:16 -0800] "GET /movies/thid%20grp%203_final.zip HTTP/1.1" 206 545216
84.133.9.253 - - [30/Nov/2005:13:13:18 -0800] "GET /movies/thid%20grp%203_final.zip HTTP/1.1" 206 1148795
84.133.9.253 - - [30/Nov/2005:13:13:22 -0800] "GET /movies/thid%20grp%203_final.zip HTTP/1.1" 200 21293259
71.193.209.42 - - [30/Nov/2005:13:13:23 -0800] "GET /movies2/rvr1.zip HTTP/1.1" 200 25816940
84.133.9.253 - - [30/Nov/2005:13:13:27 -0800] "GET /movies/thid%20grp%203_final.zip HTTP/1.1" 206 19614332
24.4.137.165 - - [30/Nov/2005:13:13:42 -0800] "GET /movies2/renamed_Bobbyblue%201.zip HTTP/1.1" 200 55603294
80.116.62.223 - - [30/Nov/2005:13:14:28 -0800] "GET /movies/SLACKERS-agramon-decayedlands-island.zip HTTP/1.1" 200 1111358
80.116.62.223 - - [30/Nov/2005:13:14:37 -0800] "GET /movies/SLACKERS-agramon-decayedlands-island.zip HTTP/1.1" 200 234560
86.104.75.129 - - [30/Nov/2005:13:14:40 -0800] "GET /movies/AmishParadise.zip HTTP/1.0" 206 541251
70.246.150.92 - - [30/Nov/2005:13:15:25 -0800] "GET /movies2/Solo%20vid.zip HTTP/1.1" 200 67295711
12.18.36.40 - - [30/Nov/2005:13:15:48 -0800] "GET /movies/dragon.zip HTTP/1.1" 200 76833311
12.216.142.251 - - [30/Nov/2005:13:16:06 -0800] "GET /movies/Arctic%20Darkness%208v8%20movie%20Healer%20PoV.rar HTTP/1.1" 200 21583
12.216.142.251 - - [30/Nov/2005:13:16:13 -0800] "GET /movies/Arctic%20Darkness%208v8%20movie%20Healer%20PoV.rar HTTP/1.1" 200 650843
12.216.142.251 - - [30/Nov/2005:13:16:38 -0800] "GET /movies/pug_0001.zip HTTP/1.1" 200 21578
84.137.75.46 - - [30/Nov/2005:13:16:50 -0800] "GET /movies/WarlockVid.zip HTTP/1.1" 200 22035343
82.49.0.135 - - [30/Nov/2005:13:17:37 -0800] "GET /movies2/raabes%20abschiedsvid.zip HTTP/1.1" 200 87279
82.49.0.135 - - [30/Nov/2005:13:17:52 -0800] "GET /movies2/raabes%20abschiedsvid.zip HTTP/1.1" 200 80948
70.92.76.181 - - [30/Nov/2005:13:17:55 -0800] "GET /favicon.ico HTTP/1.1" 404 283
82.49.0.135 - - [30/Nov/2005:13:18:37 -0800] "GET /w3c/p3p.xml HTTP/1.1" 404 283
80.116.62.223 - - [30/Nov/2005:13:18:47 -0800] "GET /movies/SLACKERS-agramon-decayedlands-island.zip HTTP/1.1" 200 3170720
84.137.75.46 - - [30/Nov/2005:13:19:16 -0800] "GET /movies/mga_warlockkill.zip HTTP/1.1" 200 39641323
82.239.128.149 - - [30/Nov/2005:13:19:36 -0800] "GET /movies2/legio_4.zip HTTP/1.1" 200 849232
82.49.0.135 - - [30/Nov/2005:13:19:46 -0800] "GET /movies2/raabes%20abschiedsvid.zip HTTP/1.1" 206 17180
217.136.115.240 - - [30/Nov/2005:13:19:53 -0800] "GET /movies2/Obso.zip HTTP/1.1" 200 109229556
84.230.233.25 - - [30/Nov/2005:13:20:02 -0800] "GET /movies/alive.zip HTTP/1.1" 200 63862265
81.246.250.211 - - [30/Nov/2005:13:20:10 -0800] "GET /favicon.ico HTTP/1.1" 404 283
86.104.75.129 - - [30/Nov/2005:13:21:58 -0800] "GET /movies/AmishParadise.zip HTTP/1.0" 206 2410600
84.217.15.41 - - [30/Nov/2005:13:21:58 -0800] "GET /movies/Sinshade2.zip HTTP/1.1" 200 61135429
80.116.62.223 - - [30/Nov/2005:13:22:17 -0800] "GET /movies/SLACKERS-agramon-decayedlands-island.zip HTTP/1.1" 200 199008
84.139.196.230 - - [30/Nov/2005:13:23:08 -0800] "GET /movies/cgrvr.rar HTTP/1.1" 200 134292823
12.18.36.40 - - [30/Nov/2005:13:23:50 -0800] "GET /movies/Allexiel%20-%20Solo%20Reaver.zip HTTP/1.1" 200 91168691
62.35.121.80 - - [30/Nov/2005:13:24:04 -0800] "GET /movies2/legio_4.zip HTTP/1.1" 200 202299888
62.35.121.80 - - [30/Nov/2005:13:24:04 -0800] "GET /movies2/legio_3.zip HTTP/1.1" 200 197605408
84.171.107.48 - - [30/Nov/2005:13:24:53 -0800] "GET /movies2/Cilivielmovie5.zip HTTP/1.1" 200 65918
84.131.118.248 - - [30/Nov/2005:13:25:24 -0800] "GET /favicon.ico HTTP/1.1" 404 283
84.133.9.253 - - [30/Nov/2005:13:25:29 -0800] "GET /movies/SoloZerk.zip HTTP/1.1" 206 31628533
141.24.49.41 - - [30/Nov/2005:13:25:35 -0800] "GET /favicon.ico HTTP/1.1" 404 283
86.104.75.129 - - [30/Nov/2005:13:25:35 -0800] "GET /movies/AmishParadise.zip HTTP/1.0" 206 356436
141.24.49.41 - - [30/Nov/2005:13:25:37 -0800] "GET /movies/Frozensolid%20The%20Movie.zip HTTP/1.1" 200 107632
86.104.75.129 - - [30/Nov/2005:13:26:03 -0800] "GET /movies/AmishParadise.zip HTTP/1.0" 206 5397992
84.171.107.48 - - [30/Nov/2005:13:26:10 -0800] "GET /movies2/Cilivielmovie5.zip HTTP/1.1" 200 202718
84.133.9.253 - - [30/Nov/2005:13:26:26 -0800] "GET /movies/SoloZerk.zip HTTP/1.1" 206 3089816
84.133.9.253 - - [30/Nov/2005:13:26:41 -0800] "GET /movies/SoloZerk.zip HTTP/1.1" 206 31585652
84.133.9.253 - - [30/Nov/2005:13:26:41 -0800] "GET /movies/SoloZerk.zip HTTP/1.1" 206 28532368
84.133.9.253 - - [30/Nov/2005:13:26:45 -0800] "GET /movies/SoloZerk.zip HTTP/1.1" 206 1757982
84.133.9.253 - - [30/Nov/2005:13:26:54 -0800] "GET /movies/SoloZerk.zip HTTP/1.1" 206 29860444
80.116.62.223 - - [30/Nov/2005:13:27:15 -0800] "GET /movies/SLACKERS-agramon-decayedlands-island.zip HTTP/1.1" 200 1127648
86.104.75.129 - - [30/Nov/2005:13:27:17 -0800] "GET /movies/AmishParadise.zip HTTP/1.0" 206 5049736
84.160.210.236 - - [30/Nov/2005:13:27:34 -0800] "GET /movies/dragon.zip HTTP/1.1" 200 720780
84.160.224.53 - - [30/Nov/2005:13:27:35 -0800] "GET /movies/dragon.zip HTTP/1.1" 200 35121252
83.194.179.24 - - [30/Nov/2005:13:28:14 -0800] "GET /movies/wow_a_kind_of_magic.zip HTTP/1.1" 200 28935742
84.230.233.25 - - [30/Nov/2005:13:28:15 -0800] "GET /movies/Gauthier.zip HTTP/1.1" 200 69206592
84.142.131.17 - - [30/Nov/2005:13:28:28 -0800] "GET /movies/ACL%204.zip HTTP/1.1" 200 363273861
84.132.88.86 - - [30/Nov/2005:13:28:32 -0800] "GET /movies/Cilivielmovie3.zip HTTP/1.1" 200 143934442
193.253.195.3 - - [30/Nov/2005:13:29:40 -0800] "GET /movies/whoelse2.zip HTTP/1.1" 200 140848239
84.92.34.67 - - [30/Nov/2005:13:29:44 -0800] "GET /movies2/mof2.zip HTTP/1.1" 200 201462480
80.116.62.223 - - [30/Nov/2005:13:29:52 -0800] "GET /movies/SLACKERS-agramon-decayedlands-island.zip HTTP/1.1" 200 297758
86.194.186.175 - - [30/Nov/2005:13:30:49 -0800] "GET /movies2/FKNNB.zip HTTP/1.1" 200 32814008
85.75.105.190 - - [30/Nov/2005:13:31:30 -0800] "GET /favicon.ico HTTP/1.1" 404 283
82.54.99.186 - - [30/Nov/2005:13:32:00 -0800] "GET /movies/AmishParadise.zip HTTP/1.1" 200 750632
82.126.75.58 - - [30/Nov/2005:13:33:05 -0800] "GET /movies/SavageTheMovie.zip HTTP/1.1" 200 164705202
151.44.161.44 - - [30/Nov/2005:13:33:39 -0800] "GET /movies/darklegion_hq.zip HTTP/1.1" 200 975997
86.104.75.129 - - [30/Nov/2005:13:35:36 -0800] "GET /movies/AmishParadise.zip HTTP/1.0" 206 5718448
12.216.142.251 - - [30/Nov/2005:13:35:40 -0800] "GET /movies/pug_0001.zip HTTP/1.1" 206 99272676
83.201.26.35 - - [30/Nov/2005:13:35:41 -0800] "GET /movies/ACL%204.zip HTTP/1.1" 200 493876
83.201.26.35 - - [30/Nov/2005:13:35:45 -0800] "GET /movies/ACL%204.zip HTTP/1.1" 200 70932
199.181.174.146 - - [30/Nov/2005:13:35:54 -0800] "GET /movies/AmishParadise.zip HTTP/1.1" 200 43025780
83.201.26.35 - - [30/Nov/2005:13:35:55 -0800] "GET /movies/ACL%204.zip HTTP/1.1" 200 98520
86.104.75.129 - - [30/Nov/2005:13:36:05 -0800] "GET /movies/AmishParadise.zip HTTP/1.0" 206 3031229
84.139.119.2 - - [30/Nov/2005:13:36:20 -0800] "GET /movies2/legio_4.zip HTTP/1.1" 200 133210176
70.104.16.36 - - [30/Nov/2005:13:36:33 -0800] "GET /movies/Yla-AViewToAKill.zip HTTP/1.1" 200 23205070
86.104.75.129 - - [30/Nov/2005:13:36:59 -0800] "GET /movies/AmishParadise.zip HTTP/1.0" 206 2690211
86.104.75.129 - - [30/Nov/2005:13:37:03 -0800] "GET /movies/AmishParadise.zip HTTP/1.0" 206 319812
62.117.22.175 - - [30/Nov/2005:13:37:11 -0800] "GET /movies2/TDK3.zip HTTP/1.1" 200 193842956
62.117.22.175 - - [30/Nov/2005:13:37:12 -0800] "GET /movies2/TdkBomB2.zip HTTP/1.1" 200 61990748
151.44.161.44 - - [30/Nov/2005:13:37:14 -0800] "GET /movies/Orgetoroth.zip HTTP/1.1" 200 5205824
213.140.22.76 - - [30/Nov/2005:13:37:18 -0800] "GET /movies2/robusto.zip HTTP/1.1" 200 236601932
86.104.75.129 - - [30/Nov/2005:13:37:26 -0800] "GET /movies/AmishParadise.zip HTTP/1.0" 206 130248
86.104.75.129 - - [30/Nov/2005:13:37:27 -0800] "GET /movies/AmishParadise.zip HTTP/1.0" 206 6750448
86.104.75.129 - - [30/Nov/2005:13:37:28 -0800] "GET /movies/AmishParadise.zip HTTP/1.0" 200 9603772
84.139.119.2 - - [30/Nov/2005:13:37:33 -0800] "GET /movies2/legio_4.zip HTTP/1.1" 206 133187136
86.104.75.129 - - [30/Nov/2005:13:37:34 -0800] "GET /movies/AmishParadise.zip HTTP/1.0" 206 221528
86.104.75.129 - - [30/Nov/2005:13:37:35 -0800] "GET /movies/AmishParadise.zip HTTP/1.0" 206 41763
84.139.119.2 - - [30/Nov/2005:13:37:36 -0800] "GET /movies2/legio_4.zip HTTP/1.1" 206 2591200
86.104.75.129 - - [30/Nov/2005:13:37:36 -0800] "GET /movies/AmishParadise.zip HTTP/1.0" 206 730011
86.104.75.129 - - [30/Nov/2005:13:37:37 -0800] "GET /movies/AmishParadise.zip HTTP/1.0" 206 43216
84.139.119.2 - - [30/Nov/2005:13:37:40 -0800] "GET /movies2/legio_4.zip HTTP/1.1" 206 130605216
86.104.75.129 - - [30/Nov/2005:13:37:41 -0800] "GET /movies/AmishParadise.zip HTTP/1.0" 206 41763
84.139.119.2 - - [30/Nov/2005:13:37:43 -0800] "GET /movies2/legio_4.zip HTTP/1.1" 206 455680
84.139.119.2 - - [30/Nov/2005:13:37:44 -0800] "GET /movies2/legio_4.zip HTTP/1.1" 206 349652
84.139.119.2 - - [30/Nov/2005:13:37:50 -0800] "GET /movies2/legio_4.zip HTTP/1.1" 206 132439744
86.104.75.129 - - [30/Nov/2005:13:37:51 -0800] "GET /movies/AmishParadise.zip HTTP/1.0" 206 191320
84.132.88.86 - - [30/Nov/2005:13:38:29 -0800] "GET /movies/Ciliviel's%20Fourth.zip HTTP/1.1" 200 320938620
83.201.26.35 - - [30/Nov/2005:13:39:06 -0800] "GET /movies/Allexiel%20-%20Solo%20Reaver.zip HTTP/1.1" 200 4634568
83.201.26.35 - - [30/Nov/2005:13:39:09 -0800] "GET /movies/BealithSoloVampMovie1.zip HTTP/1.1" 200 120712
132.9.127.6 - - [30/Nov/2005:13:39:33 -0800] "GET /movies/Untitled_00001.zip HTTP/1.1" 200 25177798
82.49.196.141 - - [30/Nov/2005:13:41:45 -0800] "GET /movies/Solo_Warrior_Final.zip HTTP/1.1" 200 26574232
195.93.21.71 - - [30/Nov/2005:13:42:13 -0800] "GET /movies/Achtungbaby.zip HTTP/1.0" 200 28453204
84.217.15.41 - - [30/Nov/2005:13:43:34 -0800] "GET /movies/Ruxxu@20DAoC@20Movie.zip HTTP/1.1" 200 90801273
70.104.16.36 - - [30/Nov/2005:13:44:10 -0800] "GET /movies/Argento.zip HTTP/1.1" 200 42117510
213.140.22.76 - - [30/Nov/2005:13:46:02 -0800] "GET /favicon.ico HTTP/1.1" 404 283
139.174.241.75 - - [30/Nov/2005:13:46:08 -0800] "GET /movies/8v22.zip HTTP/1.1" 200 123368
81.208.83.241 - - [30/Nov/2005:13:46:21 -0800] "GET /movies2/forItawithlove.zip HTTP/1.1" 200 100690079
213.200.163.71 - - [30/Nov/2005:13:46:53 -0800] "GET /movies/AYS3.zip HTTP/1.1" 200 96775692
70.104.16.36 - - [30/Nov/2005:13:48:16 -0800] "GET /movies/Soriven-Armsman.zip HTTP/1.1" 200 1199184
84.143.239.116 - - [30/Nov/2005:13:51:00 -0800] "GET /movies2/kewle_fights.zip HTTP/1.1" 206 129582366
81.242.182.226 - - [30/Nov/2005:13:51:01 -0800] "GET /movies/hibgath.zip HTTP/1.1" 200 4452576
81.242.182.226 - - [30/Nov/2005:13:51:01 -0800] "GET /movies/Orakel%20first%20movie_0002.zip HTTP/1.1" 200 2182047
70.104.16.36 - - [30/Nov/2005:13:51:01 -0800] "GET /movies/crazyinfil.zip HTTP/1.1" 200 24636420
86.199.101.65 - - [30/Nov/2005:13:51:18 -0800] "GET /movies2/Obso.zip HTTP/1.1" 200 109229556
81.242.182.226 - - [30/Nov/2005:13:51:58 -0800] "GET /movies/Orakel%20first%20movie_0002.zip HTTP/1.1" 200 535696
60.41.223.246 - - [30/Nov/2005:13:52:59 -0800] "GET /movies/GladricSoloRvrMovie4.zip HTTP/1.1" 200 457414
60.41.223.246 - - [30/Nov/2005:13:53:26 -0800] "GET /movies/Maelstrom2.zip HTTP/1.1" 200 211670
80.119.125.221 - - [30/Nov/2005:13:53:27 -0800] "GET /movies2/legio_4.zip HTTP/1.1" 200 3621344
60.41.223.246 - - [30/Nov/2005:13:53:49 -0800] "GET /movies/CelticFistHQ.zip HTTP/1.1" 200 30785
86.196.66.16 - - [30/Nov/2005:13:54:03 -0800] "GET /movies2/legio_4.zip HTTP/1.1" 200 224352
81.247.76.207 - - [30/Nov/2005:13:54:37 -0800] "GET /movies/Valkyrie%20Video.zip HTTP/1.1" 200 333637
81.247.76.207 - - [30/Nov/2005:13:54:39 -0800] "GET /movies/Ciliviel's%20Fourth.zip HTTP/1.1" 200 1955892
138.162.0.38 - - [30/Nov/2005:13:54:59 -0800] "GET /movies2/FUN.zip HTTP/1.0" 200 210538558
84.147.117.210 - - [30/Nov/2005:13:54:59 -0800] "GET /movies/SmallPwn2.zip HTTP/1.1" 200 97527822
172.206.90.47 - - [30/Nov/2005:13:55:05 -0800] "GET /movies/uveaforfun.rar HTTP/1.1" 200 143844
85.201.17.21 - - [30/Nov/2005:13:55:16 -0800] "GET /movies/Ganker.zip HTTP/1.1" 200 4378911
70.104.16.36 - - [30/Nov/2005:13:55:55 -0800] "GET /movies2/amaya2_healplz.zip HTTP/1.1" 200 1636188
81.241.114.151 - - [30/Nov/2005:13:56:20 -0800] "GET /movies2/legio_4.zip HTTP/1.1" 200 356862200
213.49.94.182 - - [30/Nov/2005:13:57:15 -0800] "GET /movies/Allexiel%20-%20Solo%20Reaver.zip HTTP/1.1" 200 5527072
70.104.16.36 - - [30/Nov/2005:13:57:38 -0800] "GET /movies/Dangermanous.zip HTTP/1.1" 200 11935259
208.27.124.183 - - [30/Nov/2005:13:57:48 -0800] "GET /movies/BealithSoloVampMovie1.zip HTTP/1.1" 200 34235484
83.113.232.237 - - [30/Nov/2005:13:57:52 -0800] "GET /movies/Valkyrie%20Video.zip HTTP/1.1" 200 372780
82.67.237.75 - - [30/Nov/2005:13:58:02 -0800] "GET /movies/A%20Life%20in%20Danger.zip HTTP/1.1" 200 91773374
84.153.98.88 - - [30/Nov/2005:13:59:19 -0800] "GET /movies/8v22.zip HTTP/1.1" 200 23913463
84.174.107.27 - - [30/Nov/2005:13:59:46 -0800] "GET /movies/Frozensolid%20The%20Movie.zip HTTP/1.1" 200 80712832
87.123.41.39 - - [30/Nov/2005:13:59:48 -0800] "GET /movies/Indecent%20II.zip HTTP/1.1" 200 49182433
212.233.34.241 - - [30/Nov/2005:14:00:09 -0800] "GET /movies/Crywin.zip HTTP/1.1" 200 93276670
81.251.209.249 - - [30/Nov/2005:14:00:11 -0800] "GET /movies/Valkyrie%20Video.zip HTTP/1.1" 200 160390897
70.24.247.45 - - [30/Nov/2005:14:00:19 -0800] "GET /movies/Achtungbaby.zip HTTP/1.1" 200 99112097
81.245.147.209 - - [30/Nov/2005:14:01:25 -0800] "GET /movies/MalignwithBT.zip HTTP/1.1" 200 1910511
172.206.90.47 - - [30/Nov/2005:14:01:37 -0800] "GET /movies/uveaforfun.rar HTTP/1.1" 206 7315664
172.206.90.47 - - [30/Nov/2005:14:01:44 -0800] "GET /movies/uveaforfun.rar HTTP/1.1" 200 7402672
86.196.66.16 - - [30/Nov/2005:14:01:44 -0800] "GET /movies2/legio_4.zip HTTP/1.1" 200 12644084
172.206.90.47 - - [30/Nov/2005:14:01:45 -0800] "GET /movies/uveaforfun.rar HTTP/1.1" 206 579837
172.206.90.47 - - [30/Nov/2005:14:01:52 -0800] "GET /movies/uveaforfun.rar HTTP/1.1" 206 7383952
84.131.228.147 - - [30/Nov/2005:14:01:57 -0800] "GET /movies/baldir_jiv.zip HTTP/1.1" 200 15650
84.131.228.147 - - [30/Nov/2005:14:01:58 -0800] "GET /movies/baldir_jiv.zip HTTP/1.1" 206 12743
84.131.228.147 - - [30/Nov/2005:14:01:58 -0800] "HEAD /movies/baldir_jiv.zip HTTP/1.0" 200 0
172.206.90.47 - - [30/Nov/2005:14:01:59 -0800] "GET /movies/uveaforfun.rar HTTP/1.1" 206 6783303
86.196.66.16 - - [30/Nov/2005:14:02:02 -0800] "GET /movies2/legio_3.zip HTTP/1.1" 200 199698
84.131.228.147 - - [30/Nov/2005:14:02:09 -0800] "GET /movies/baldir_jiv.zip HTTP/1.1" 200 12746
84.131.228.147 - - [30/Nov/2005:14:02:09 -0800] "GET /movies/baldir_jiv.zip HTTP/1.1" 206 12743
84.131.228.147 - - [30/Nov/2005:14:02:09 -0800] "HEAD /movies/baldir_jiv.zip HTTP/1.0" 200 0
81.83.226.46 - - [30/Nov/2005:14:02:17 -0800] "GET /movies2/A_Saracen's_Tale.zip HTTP/1.1" 200 124242749
217.136.115.240 - - [30/Nov/2005:14:02:51 -0800] "GET /movies/renamed_Druid%20%20Barden%20Vid.zip HTTP/1.1" 200 172387015
81.245.147.209 - - [30/Nov/2005:14:03:03 -0800] "GET /movies2/PUG%20Vid_0001.zip HTTP/1.1" 200 2902744
205.188.116.134 - - [30/Nov/2005:14:03:17 -0800] "GET /movies/cgrvr.rar HTTP/1.0" 200 2803116
62.117.22.175 - - [30/Nov/2005:14:03:40 -0800] "GET /movies2/TdkBomB2.zip HTTP/1.1" 206 45377984
83.201.26.35 - - [30/Nov/2005:14:03:51 -0800] "GET /movies/BealithSoloVampMovie1.zip HTTP/1.1" 200 34235484
70.162.146.15 - - [30/Nov/2005:14:03:58 -0800] "GET /movies/Argento.zip HTTP/1.1" 200 42117510
84.131.228.147 - - [30/Nov/2005:14:04:13 -0800] "GET /movies/cgrvr.rar HTTP/1.1" 200 12751
84.131.228.147 - - [30/Nov/2005:14:04:13 -0800] "GET /movies/cgrvr.rar HTTP/1.1" 200 12808
84.131.228.147 - - [30/Nov/2005:14:04:13 -0800] "HEAD /movies/cgrvr.rar HTTP/1.0" 200 0
81.83.226.46 - - [30/Nov/2005:14:04:13 -0800] "GET /movies/ScoutHowToVideo.zip HTTP/1.1" 200 111388658
83.194.179.24 - - [30/Nov/2005:14:06:17 -0800] "GET /movies/wow_action.zip HTTP/1.1" 200 22184979
81.56.158.67 - - [30/Nov/2005:14:06:18 -0800] "GET /favicon.ico HTTP/1.1" 404 283
83.201.26.35 - - [30/Nov/2005:14:06:25 -0800] "GET /movies/IGNFinalPart1.zip HTTP/1.1" 200 812796
70.162.146.15 - - [30/Nov/2005:14:06:38 -0800] "GET /movies/theurg2ndmovie.zip HTTP/1.1" 200 111524092
81.242.182.226 - - [30/Nov/2005:14:07:49 -0800] "GET /movies/Orakel%20first%20movie_0002.zip HTTP/1.1" 200 24429014
82.54.99.186 - - [30/Nov/2005:14:08:19 -0800] "GET /movies/HeretankVideo1.zip HTTP/1.1" 200 49770452
82.67.237.75 - - [30/Nov/2005:14:08:47 -0800] "GET /movies/renamed_Rangers%20are%20Overpowered%20Xora%20Vol3.zip HTTP/1.1" 200 114015718
62.167.124.8 - - [30/Nov/2005:14:09:02 -0800] "GET /movies2/Purified.zip HTTP/1.1" 200 449952
172.212.152.48 - - [30/Nov/2005:14:09:16 -0800] "GET /movies/RIP%20OF.zip HTTP/1.1" 200 176479
193.253.195.3 - - [30/Nov/2005:14:09:25 -0800] "GET /movies/Ascendancy%20Healer%20Video.rar HTTP/1.1" 200 199685220
80.219.151.124 - - [30/Nov/2005:14:10:04 -0800] "GET /movies2/Obso.zip HTTP/1.1" 200 456128
84.185.239.130 - - [30/Nov/2005:14:12:40 -0800] "GET /movies2/oct04.zip HTTP/1.1" 200 46217032
139.174.241.75 - - [30/Nov/2005:14:13:02 -0800] "GET /movies2/amaya2_healplz.zip HTTP/1.1" 200 28656392
82.49.0.135 - - [30/Nov/2005:14:13:14 -0800] "GET /movies2/raabes%20abschiedsvid.zip HTTP/1.1" 206 40269373
84.131.118.248 - - [30/Nov/2005:14:13:20 -0800] "GET /movies/OctosGareth1.zip HTTP/1.1" 200 77980569
218.134.104.47 - - [30/Nov/2005:14:13:23 -0800] "GET /movies/larax2.zip HTTP/1.1" 200 106984
81.242.182.226 - - [30/Nov/2005:14:13:24 -0800] "GET /movies/AMAYA_200605-040705_FINAL.rar HTTP/1.1" 200 377730
84.153.98.88 - - [30/Nov/2005:14:13:26 -0800] "GET /movies2/Aedhas_SB_Ector_NF_03_01.zip HTTP/1.1" 200 44759616
82.125.116.80 - - [30/Nov/2005:14:14:07 -0800] "GET /movies/Horason%20Soulfly.zip HTTP/1.1" 200 188949180
82.126.75.58 - - [30/Nov/2005:14:14:48 -0800] "GET /movies/Vid\xe9o%20NR.zip HTTP/1.1" 200 34237
69.91.104.150 - - [30/Nov/2005:14:14:49 -0800] "GET /movies2/45D.zip HTTP/1.1" 200 41268037
202.156.6.84 - - [30/Nov/2005:14:14:56 -0800] "GET /movies2/stigmata_october.zip HTTP/1.1" 200 374738522
85.20.107.116 - - [30/Nov/2005:14:16:15 -0800] "GET /movies2/raabes%20abschiedsvid.zip HTTP/1.1" 200 60508
85.20.107.116 - - [30/Nov/2005:14:16:16 -0800] "GET /movies2/raabes%20abschiedsvid.zip HTTP/1.1" 206 17180
82.49.0.135 - - [30/Nov/2005:14:17:25 -0800] "GET /movies2/raabes%20abschiedsvid.zip HTTP/1.1" 206 45237164
83.88.254.151 - - [30/Nov/2005:14:17:30 -0800] "GET /movies2/rvr.zip HTTP/1.1" 200 141902896
86.193.175.37 - - [30/Nov/2005:14:17:52 -0800] "GET /movies2/legio_4.zip HTTP/1.1" 200 532469697
84.191.233.58 - - [30/Nov/2005:14:18:35 -0800] "GET /movies/Ciliviel's%20Fourth.zip HTTP/1.1" 200 18800317
84.134.187.27 - - [30/Nov/2005:14:18:39 -0800] "GET /movies/skoldsolo.zip HTTP/1.1" 200 6332888
82.49.0.135 - - [30/Nov/2005:14:19:14 -0800] "GET /movies2/raabes%20abschiedsvid.zip HTTP/1.1" 206 5004291
82.49.0.135 - - [30/Nov/2005:14:19:20 -0800] "GET /movies2/raabes%20abschiedsvid.zip HTTP/1.1" 206 45237164
82.49.0.135 - - [30/Nov/2005:14:19:49 -0800] "GET /movies2/raabes%20abschiedsvid.zip HTTP/1.1" 206 45237164
82.49.0.135 - - [30/Nov/2005:14:19:59 -0800] "GET /movies2/raabes%20abschiedsvid.zip HTTP/1.1" 206 45237164
84.185.239.130 - - [30/Nov/2005:14:20:03 -0800] "GET /movies2/oct04.zip HTTP/1.1" 206 99508801
82.50.89.159 - - [30/Nov/2005:14:20:13 -0800] "GET /movies/Body%20Count.zip HTTP/1.1" 200 101481212
68.47.169.233 - - [30/Nov/2005:14:20:23 -0800] "GET /movies/KervarrePerc.zip HTTP/1.1" 200 106715068
69.91.104.150 - - [30/Nov/2005:14:20:26 -0800] "GET /movies2/4vs4_random.zip HTTP/1.1" 200 78319623
81.242.182.226 - - [30/Nov/2005:14:21:08 -0800] "GET /movies/Indecent%20II.zip HTTP/1.1" 200 3405912
84.141.70.34 - - [30/Nov/2005:14:21:21 -0800] "GET /movies2/Purified.zip HTTP/1.1" 200 160426511
172.212.152.48 - - [30/Nov/2005:14:22:14 -0800] "GET /movies/RIP%20OF.zip HTTP/1.1" 200 428624
69.91.104.150 - - [30/Nov/2005:14:22:40 -0800] "GET /movies/A_moment_of_peace_final.zip HTTP/1.1" 200 66326928
84.160.210.236 - - [30/Nov/2005:14:23:47 -0800] "GET /movies/dragon.zip HTTP/1.1" 200 76833311
69.91.104.150 - - [30/Nov/2005:14:23:48 -0800] "GET /movies/Final_BWE_Ending.zip HTTP/1.1" 200 487396
84.172.213.78 - - [30/Nov/2005:14:23:50 -0800] "GET /movies2/rvr.zip HTTP/1.1" 200 229376012
84.172.213.78 - - [30/Nov/2005:14:23:52 -0800] "HEAD /movies2/rvr.zip HTTP/1.1" 200 0
69.91.104.150 - - [30/Nov/2005:14:23:52 -0800] "GET /movies/dirty%20dancing%20in%20ascalon.zip HTTP/1.1" 200 26428292
84.172.213.78 - - [30/Nov/2005:14:23:53 -0800] "GET /movies2/rvr.zip HTTP/1.1" 200 16143
58.89.206.129 - - [30/Nov/2005:14:24:37 -0800] "GET /movies/Forecast%202%20Final.zip HTTP/1.1" 200 208398536
212.143.22.168 - - [30/Nov/2005:14:24:37 -0800] "GET /movies2/raabes%20abschiedsvid.zip HTTP/1.1" 206 17180
84.172.115.41 - - [30/Nov/2005:14:25:45 -0800] "GET /movies/I%20assist%20now%20bitches..zip HTTP/1.1" 200 154933720
84.230.233.25 - - [30/Nov/2005:14:25:53 -0800] "GET /movies/renamed_DWAzos-PreCatacombs.zip HTTP/1.1" 200 5034844
83.201.193.169 - - [30/Nov/2005:14:26:49 -0800] "GET /favicon.ico HTTP/1.1" 404 283
84.131.228.147 - - [30/Nov/2005:14:27:44 -0800] "GET /movies/baldir_jiv.zip HTTP/1.1" 206 35748024
83.113.232.237 - - [30/Nov/2005:14:28:12 -0800] "GET /movies/Trinnara_Valkyrie_of_Percival.zip HTTP/1.1" 200 50674257
82.48.25.82 - - [30/Nov/2005:14:28:30 -0800] "GET /movies/Heretic%20in%20NF.zip HTTP/1.1" 200 148589455
86.194.160.108 - - [30/Nov/2005:14:29:04 -0800] "GET /movies2/forItawithlove.zip HTTP/1.1" 200 100690079
69.91.104.150 - - [30/Nov/2005:14:29:14 -0800] "GET /movies/SM-Messiah-Divx.zip HTTP/1.1" 200 31111478
66.177.169.54 - - [30/Nov/2005:14:29:23 -0800] "GET /movies/The%20Assassin.zip HTTP/1.1" 200 18460644
66.177.169.54 - - [30/Nov/2005:14:29:32 -0800] "GET /movies/ValiantGlory.zip HTTP/1.1" 200 312436
69.91.104.150 - - [30/Nov/2005:14:29:49 -0800] "GET /movies/Final_BWE_Ending.zip HTTP/1.1" 206 38295328
85.20.107.116 - - [30/Nov/2005:14:30:19 -0800] "GET /movies2/raabes%20abschiedsvid.zip HTTP/1.1" 206 17433372
85.20.107.116 - - [30/Nov/2005:14:30:19 -0800] "GET /movies2/raabes%20abschiedsvid.zip HTTP/1.1" 206 15936872
85.20.107.116 - - [30/Nov/2005:14:30:19 -0800] "GET /movies2/raabes%20abschiedsvid.zip HTTP/1.1" 206 17050993
85.20.107.116 - - [30/Nov/2005:14:30:19 -0800] "GET /movies2/raabes%20abschiedsvid.zip HTTP/1.1" 206 17294672
213.209.75.1 - - [30/Nov/2005:14:30:31 -0800] "GET /movies/Swiftdeathz_v2.zip HTTP/1.1" 200 64933521
84.181.175.95 - - [30/Nov/2005:14:30:51 -0800] "GET /movies/cgrvr.rar HTTP/1.1" 206 33252714
63.214.184.6 - - [30/Nov/2005:14:31:18 -0800] "GET /movies2/rvr.zip HTTP/1.1" 200 327301124
84.181.175.95 - - [30/Nov/2005:14:31:20 -0800] "GET /movies/cgrvr.rar HTTP/1.1" 206 33225476
84.181.175.95 - - [30/Nov/2005:14:31:41 -0800] "GET /movies/cgrvr.rar HTTP/1.1" 206 33247234
84.181.175.95 - - [30/Nov/2005:14:32:00 -0800] "GET /movies/cgrvr.rar HTTP/1.1" 206 34704895
84.148.246.39 - - [30/Nov/2005:14:34:10 -0800] "GET /movies/hibgath.zip HTTP/1.1" 200 129424
195.93.60.112 - - [30/Nov/2005:14:35:14 -0800] "GET /movies/BastVidONE_0002.rar HTTP/1.0" 200 128638080
66.177.169.54 - - [30/Nov/2005:14:35:18 -0800] "GET /movies/Crywin.zip HTTP/1.1" 200 19756564
80.184.171.14 - - [30/Nov/2005:14:36:03 -0800] "GET /movies/Avalon_Sorc_Pzynom-1.zip HTTP/1.1" 200 1227758
70.92.76.181 - - [30/Nov/2005:14:37:56 -0800] "GET /movies2/Cilivielmovie5.zip HTTP/1.1" 200 280459714
82.50.89.159 - - [30/Nov/2005:14:38:10 -0800] "GET /movies2/maelstrom_cluster1.zip HTTP/1.1" 200 308118
84.148.246.39 - - [30/Nov/2005:14:38:10 -0800] "GET /movies/ML10-Fullraid.zip HTTP/1.1" 200 427604
213.39.145.135 - - [30/Nov/2005:14:38:13 -0800] "GET /movies/For%20Science%20-%20Tower%20Camping%20101.zip HTTP/1.1" 200 139842910
211.186.64.178 - - [30/Nov/2005:14:38:19 -0800] "GET /movies/Illusb_RR7_Shadowblade_Movie_1_1500k.rar HTTP/1.1" 200 204528169
70.104.16.36 - - [30/Nov/2005:14:39:38 -0800] "GET /movies2/Solo%20Hero%202.zip HTTP/1.1" 200 210775012
62.117.22.175 - - [30/Nov/2005:14:41:11 -0800] "GET /movies2/TdkBomB2.zip HTTP/1.1" 206 62123577
69.91.104.150 - - [30/Nov/2005:14:41:23 -0800] "GET /movies/GW1_0001.zip HTTP/1.1" 200 21869929
69.91.104.150 - - [30/Nov/2005:14:41:23 -0800] "GET /favicon.ico HTTP/1.1" 404 283
84.148.246.39 - - [30/Nov/2005:14:42:28 -0800] "GET /movies2/FShatin07.zip HTTP/1.1" 200 464100
85.233.18.51 - - [30/Nov/2005:14:42:37 -0800] "GET /movies/Allexiel%20-%20Solo%20Reaver.zip HTTP/1.1" 200 91168691
84.148.246.39 - - [30/Nov/2005:14:42:47 -0800] "GET /movies2/FShatin06.zip HTTP/1.1" 200 690092
82.91.69.117 - - [30/Nov/2005:14:43:43 -0800] "GET /movies2/forItawithlove.zip HTTP/1.1" 200 9535752
66.177.169.54 - - [30/Nov/2005:14:44:11 -0800] "GET /movies2/freerps1.1.zip HTTP/1.1" 200 14934856
66.177.169.54 - - [30/Nov/2005:14:44:11 -0800] "GET /movies/AbsoluteZeroRVR1.zip HTTP/1.1" 200 69499328
82.66.4.16 - - [30/Nov/2005:14:45:02 -0800] "GET /movies/ThaneVid2_by_Iator.zip HTTP/1.1" 200 4498416
69.91.104.150 - - [30/Nov/2005:14:45:06 -0800] "GET /movies/Gwfirstmovie.zip HTTP/1.1" 200 36142555
83.112.172.80 - - [30/Nov/2005:14:45:38 -0800] "GET /movies/Skillout.zip HTTP/1.1" 200 109177
83.112.172.80 - - [30/Nov/2005:14:45:47 -0800] "GET /movies/Skillout.zip HTTP/1.1" 200 194584
208.27.124.183 - - [30/Nov/2005:14:45:57 -0800] "GET /movies/Turca.zip HTTP/1.1" 200 37625301
85.233.18.51 - - [30/Nov/2005:14:46:01 -0800] "GET /movies/Achtungbaby.zip HTTP/1.1" 200 99112097
83.112.172.80 - - [30/Nov/2005:14:46:28 -0800] "GET /movies/Skillout.zip HTTP/1.1" 200 194340
67.68.18.186 - - [30/Nov/2005:14:46:43 -0800] "GET /movies/Against%20All%20Odds%20-%20Polv4g.zip HTTP/1.1" 200 30310399
82.50.89.159 - - [30/Nov/2005:14:46:44 -0800] "GET /movies2/maelstrom_cluster1.zip HTTP/1.1" 200 11942954
67.68.18.186 - - [30/Nov/2005:14:47:41 -0800] "GET /movies/Alcx%20Mord.zip HTTP/1.1" 200 32217902
83.112.172.80 - - [30/Nov/2005:14:47:49 -0800] "GET /movies/Skillout.zip HTTP/1.1" 200 37637
85.201.17.21 - - [30/Nov/2005:14:47:50 -0800] "GET /movies2/Hunter%20in%20brd.zip HTTP/1.1" 200 69459735
84.97.168.73 - - [30/Nov/2005:14:47:50 -0800] "GET /movies/HoA-Adrenaline3.zip HTTP/1.1" 200 43916832
62.34.251.17 - - [30/Nov/2005:14:48:34 -0800] "GET /movies/Black_Out-No_Challenge.zip HTTP/1.1" 200 147225240
213.209.75.1 - - [30/Nov/2005:14:49:21 -0800] "GET /movies/swiftdeathz_v4.zip HTTP/1.1" 200 89927278
213.209.75.1 - - [30/Nov/2005:14:49:24 -0800] "GET /movies/Swiftdeathz_v3.zip HTTP/1.1" 200 90663752
84.133.246.204 - - [30/Nov/2005:14:49:41 -0800] "GET /movies2/CloakedkillerTheCritblade.zip HTTP/1.1" 200 19844288
212.233.34.241 - - [30/Nov/2005:14:50:10 -0800] "GET /movies2/Cux_1.zip HTTP/1.1" 200 167913123
84.186.44.191 - - [30/Nov/2005:14:50:11 -0800] "GET /movies/Loop.zip HTTP/1.1" 200 206001174
84.186.44.191 - - [30/Nov/2005:14:50:20 -0800] "GET /movies/blood1.zip HTTP/1.1" 200 202256028
213.140.22.76 - - [30/Nov/2005:14:52:08 -0800] "GET /movies2/Obso.zip HTTP/1.1" 200 109229556
85.226.167.220 - - [30/Nov/2005:14:52:46 -0800] "GET /movies/Part%202%20-%20Fear%20Of%20The%20Dark.zip HTTP/1.1" 200 129618
85.226.167.220 - - [30/Nov/2005:14:53:57 -0800] "GET /movies/Ciliviel's%20Fourth.zip HTTP/1.1" 200 104797
85.226.167.220 - - [30/Nov/2005:14:54:37 -0800] "GET /movies2/FUN.zip HTTP/1.1" 200 1617358
85.72.164.219 - - [30/Nov/2005:14:54:41 -0800] "GET /favicon.ico HTTP/1.1" 404 283
82.67.163.225 - - [30/Nov/2005:14:54:54 -0800] "GET /movies/baldir_jiv.zip HTTP/1.1" 200 29643156
84.135.240.194 - - [30/Nov/2005:14:55:22 -0800] "GET /movies/Turca.zip HTTP/1.1" 200 2389744
84.135.240.194 - - [30/Nov/2005:14:55:22 -0800] "GET /movies2/8min.zip HTTP/1.1" 200 4578044
84.135.240.194 - - [30/Nov/2005:14:55:24 -0800] "GET /movies2/Obso.zip HTTP/1.1" 200 114968
69.91.104.150 - - [30/Nov/2005:14:55:30 -0800] "GET /movies/GuildWars_Player_Impressions.zip HTTP/1.1" 200 163788158
84.135.240.194 - - [30/Nov/2005:14:55:31 -0800] "GET /movies2/Obso.zip HTTP/1.1" 200 54559
81.246.250.211 - - [30/Nov/2005:14:55:41 -0800] "GET /movies/Heretic%20in%20NF.zip HTTP/1.1" 200 148589455
83.112.172.80 - - [30/Nov/2005:14:55:44 -0800] "GET /movies/hattrick.zip HTTP/1.1" 200 20117
84.135.240.194 - - [30/Nov/2005:14:55:48 -0800] "GET /movies2/Obso.zip HTTP/1.1" 200 94347
84.135.240.194 - - [30/Nov/2005:14:55:59 -0800] "GET /movies2/Obso.zip HTTP/1.1" 200 138251
83.112.172.80 - - [30/Nov/2005:14:56:42 -0800] "GET /movies/hattrick.zip HTTP/1.1" 200 15737
81.247.76.207 - - [30/Nov/2005:14:56:52 -0800] "GET /movies/Dhaz-MerlinsSoloSavageVid2.zip HTTP/1.1" 200 112079841
69.91.104.150 - - [30/Nov/2005:14:57:02 -0800] "GET /movies/darkwinter.zip HTTP/1.1" 200 30934163
83.202.146.91 - - [30/Nov/2005:14:57:26 -0800] "GET /movies/AMAYA_200605-040705_FINAL.rar HTTP/1.1" 200 730552
69.91.104.150 - - [30/Nov/2005:14:57:46 -0800] "GET /movies/Film2.zip HTTP/1.1" 200 2979570
69.91.104.150 - - [30/Nov/2005:14:58:05 -0800] "GET /movies/Film.zip HTTP/1.1" 200 5355522
84.191.233.58 - - [30/Nov/2005:14:58:29 -0800] "GET /movies2/renamed_daoc.TR.tape-2.ausschnitte.ace HTTP/1.1" 200 86895906
84.61.133.112 - - [30/Nov/2005:14:58:34 -0800] "GET /movies/Etti_SB_Ava_Mid.zip HTTP/1.1" 200 132296205
83.202.146.91 - - [30/Nov/2005:14:58:48 -0800] "GET /movies/IGNFinalPart1.zip HTTP/1.1" 200 1278889
83.202.146.91 - - [30/Nov/2005:14:58:51 -0800] "GET /movies/IGNFinalPart2.zip HTTP/1.1" 200 576228
82.212.22.231 - - [30/Nov/2005:14:59:05 -0800] "GET /movies2/FUN.zip HTTP/1.1" 200 141298
