193.255.122.137 - - [04/Dec/2005:18:52:17 -0800] "GET /movies/AdNBombSquad-.zip HTTP/1.1" 206 108694
213.212.194.183 - - [04/Dec/2005:18:52:30 -0800] "GET /movies2/mof2.zip HTTP/1.1" 206 926640
213.212.194.183 - - [04/Dec/2005:18:52:35 -0800] "GET /movies2/mof2.zip HTTP/1.1" 206 118736
213.212.194.183 - - [04/Dec/2005:18:52:39 -0800] "GET /movies2/mof2.zip HTTP/1.1" 206 115271
213.212.194.183 - - [04/Dec/2005:18:52:42 -0800] "GET /movies2/mof2.zip HTTP/1.1" 206 558633
68.203.225.184 - - [04/Dec/2005:18:52:57 -0800] "GET /movies/Shadowkuri.zip HTTP/1.1" 200 125099903
213.212.194.183 - - [04/Dec/2005:18:53:03 -0800] "GET /movies2/mof2.zip HTTP/1.1" 206 851488
213.212.194.183 - - [04/Dec/2005:18:53:21 -0800] "GET /movies2/mof2.zip HTTP/1.1" 206 365344
213.212.194.183 - - [04/Dec/2005:18:53:28 -0800] "GET /movies2/mof2.zip HTTP/1.1" 206 70391
213.212.194.183 - - [04/Dec/2005:18:53:31 -0800] "GET /movies2/mof2.zip HTTP/1.1" 206 69033
82.49.196.141 - - [04/Dec/2005:18:53:40 -0800] "GET /movies/5v5night.zip HTTP/1.1" 200 186478938
213.212.194.183 - - [04/Dec/2005:18:53:43 -0800] "GET /movies2/mof2.zip HTTP/1.1" 206 86712
84.48.67.210 - - [04/Dec/2005:18:53:45 -0800] "GET /movies2/FUN.zip HTTP/1.1" 200 560318
213.212.194.183 - - [04/Dec/2005:18:53:50 -0800] "GET /movies2/mof2.zip HTTP/1.1" 206 302954
193.255.122.137 - - [04/Dec/2005:18:54:10 -0800] "GET /movies/AdNBombSquad-.zip HTTP/1.1" 206 134912
64.146.255.175 - - [04/Dec/2005:18:54:10 -0800] "GET /movies/renamed_No_Surrender_-GuildWarsMovie-_%20-by%20Hellcore-.zip HTTP/1.1" 200 121570890
193.255.122.137 - - [04/Dec/2005:18:54:21 -0800] "GET /movies/AdNBombSquad-.zip HTTP/1.1" 206 46593
193.255.122.137 - - [04/Dec/2005:18:54:33 -0800] "GET /movies/AdNBombSquad-.zip HTTP/1.1" 206 67293
82.237.184.142 - - [04/Dec/2005:18:54:39 -0800] "GET /movies/DonkeyPunch_8v8Diary.zip HTTP/1.1" 200 369790700
213.212.194.183 - - [04/Dec/2005:18:54:39 -0800] "GET /movies2/mof2.zip HTTP/1.1" 206 398151
213.212.194.183 - - [04/Dec/2005:18:54:46 -0800] "GET /movies2/mof2.zip HTTP/1.1" 206 393232
84.60.173.213 - - [04/Dec/2005:18:55:01 -0800] "GET /favicon.ico HTTP/1.1" 404 283
213.212.194.183 - - [04/Dec/2005:18:55:08 -0800] "GET /movies2/mof2.zip HTTP/1.1" 206 164231
213.212.194.183 - - [04/Dec/2005:18:55:14 -0800] "GET /movies2/mof2.zip HTTP/1.1" 206 653168
213.212.194.183 - - [04/Dec/2005:18:55:18 -0800] "GET /movies2/mof2.zip HTTP/1.1" 206 996192
24.164.89.13 - - [04/Dec/2005:18:55:35 -0800] "GET /movies/A%20little%20time%20with%20us.zip HTTP/1.1" 200 97518940
213.212.194.183 - - [04/Dec/2005:18:55:36 -0800] "GET /movies2/mof2.zip HTTP/1.1" 206 122074
24.164.89.13 - - [04/Dec/2005:18:55:43 -0800] "GET /movies/AD_reumia.zip HTTP/1.1" 200 60627780
213.212.194.183 - - [04/Dec/2005:18:55:48 -0800] "GET /movies2/mof2.zip HTTP/1.1" 206 400871
213.212.194.183 - - [04/Dec/2005:18:55:55 -0800] "GET /movies2/mof2.zip HTTP/1.1" 206 177833
213.212.194.183 - - [04/Dec/2005:18:55:56 -0800] "GET /movies2/mof2.zip HTTP/1.1" 206 2064464
80.141.224.78 - - [04/Dec/2005:18:55:58 -0800] "GET /movies2/TDK3.zip HTTP/1.1" 200 384870067
213.212.194.183 - - [04/Dec/2005:18:56:06 -0800] "GET /movies2/mof2.zip HTTP/1.1" 206 2054633
213.212.194.183 - - [04/Dec/2005:18:56:07 -0800] "GET /movies2/mof2.zip HTTP/1.1" 206 4373904
68.203.225.184 - - [04/Dec/2005:18:56:13 -0800] "GET /movies2/Amuny3.zip HTTP/1.1" 200 131623829
213.212.194.183 - - [04/Dec/2005:18:56:15 -0800] "GET /movies2/mof2.zip HTTP/1.1" 206 41831
213.212.194.183 - - [04/Dec/2005:18:56:20 -0800] "GET /movies2/mof2.zip HTTP/1.1" 206 810880
213.212.194.183 - - [04/Dec/2005:18:56:23 -0800] "GET /movies2/mof2.zip HTTP/1.1" 206 39536
213.212.194.183 - - [04/Dec/2005:18:56:26 -0800] "GET /movies2/mof2.zip HTTP/1.1" 206 859191
213.212.194.183 - - [04/Dec/2005:18:56:42 -0800] "GET /movies2/mof2.zip HTTP/1.1" 206 300232
213.212.194.183 - - [04/Dec/2005:18:56:44 -0800] "GET /movies2/mof2.zip HTTP/1.1" 206 1594896
213.212.194.183 - - [04/Dec/2005:18:56:51 -0800] "GET /movies2/mof2.zip HTTP/1.1" 206 194151
213.212.194.183 - - [04/Dec/2005:18:56:51 -0800] "GET /movies2/mof2.zip HTTP/1.1" 206 740871
85.178.191.130 - - [04/Dec/2005:18:57:07 -0800] "GET /movies2/legio_4.zip HTTP/1.1" 200 58231240
69.177.78.37 - - [04/Dec/2005:18:57:12 -0800] "GET /movies/Godmode3.zip HTTP/1.1" 200 94185049
213.212.194.183 - - [04/Dec/2005:18:57:30 -0800] "GET /movies2/mof2.zip HTTP/1.1" 206 181913
213.212.194.183 - - [04/Dec/2005:18:57:32 -0800] "GET /movies2/mof2.zip HTTP/1.1" 206 45911
213.212.194.183 - - [04/Dec/2005:18:57:46 -0800] "GET /movies2/mof2.zip HTTP/1.1" 206 82632
213.212.194.183 - - [04/Dec/2005:18:57:56 -0800] "GET /movies2/mof2.zip HTTP/1.1" 206 316552
213.212.194.183 - - [04/Dec/2005:18:58:16 -0800] "GET /movies2/mof2.zip HTTP/1.1" 206 537504
213.212.194.183 - - [04/Dec/2005:18:58:17 -0800] "GET /movies2/mof2.zip HTTP/1.1" 206 249913
84.183.242.130 - - [04/Dec/2005:18:58:18 -0800] "GET /movies2/Cilivielmovie5.zip HTTP/1.1" 200 280459714
213.212.194.183 - - [04/Dec/2005:18:58:28 -0800] "GET /movies2/mof2.zip HTTP/1.1" 206 909513
213.212.194.183 - - [04/Dec/2005:18:58:31 -0800] "GET /movies2/mof2.zip HTTP/1.1" 206 1797591
213.212.194.183 - - [04/Dec/2005:18:58:48 -0800] "GET /movies2/mof2.zip HTTP/1.1" 206 315024
213.212.194.183 - - [04/Dec/2005:18:59:15 -0800] "GET /movies2/mof2.zip HTTP/1.1" 206 30953
213.212.194.183 - - [04/Dec/2005:18:59:16 -0800] "GET /movies2/mof2.zip HTTP/1.1" 206 1538592
213.212.194.183 - - [04/Dec/2005:18:59:23 -0800] "GET /movies2/mof2.zip HTTP/1.1" 206 765872
213.212.194.183 - - [04/Dec/2005:18:59:23 -0800] "GET /movies2/mof2.zip HTTP/1.1" 206 1180032
213.212.194.183 - - [04/Dec/2005:18:59:36 -0800] "GET /movies2/mof2.zip HTTP/1.1" 206 1380071
213.212.194.183 - - [04/Dec/2005:18:59:41 -0800] "GET /movies2/mof2.zip HTTP/1.1" 206 108471
213.212.194.183 - - [04/Dec/2005:18:59:43 -0800] "GET /movies2/mof2.zip HTTP/1.1" 206 199592
213.212.194.183 - - [04/Dec/2005:18:59:53 -0800] "GET /movies2/mof2.zip HTTP/1.1" 206 1505552
213.212.194.183 - - [04/Dec/2005:19:00:00 -0800] "GET /movies2/mof2.zip HTTP/1.1" 206 953120
213.212.194.183 - - [04/Dec/2005:19:00:01 -0800] "GET /movies2/mof2.zip HTTP/1.1" 206 2386800
24.164.89.13 - - [04/Dec/2005:19:00:16 -0800] "GET /movies/Against%20All%20Odds%20-%20Polv4g.zip HTTP/1.1" 200 30310399
213.212.194.183 - - [04/Dec/2005:19:00:17 -0800] "GET /movies2/mof2.zip HTTP/1.1" 206 15991
68.111.128.196 - - [04/Dec/2005:19:00:19 -0800] "GET /movies2/Dypstyck%20the%20Friar%20Volume%203.zip HTTP/1.1" 200 5706648
213.212.194.183 - - [04/Dec/2005:19:00:26 -0800] "GET /movies2/mof2.zip HTTP/1.1" 206 28231
213.212.194.183 - - [04/Dec/2005:19:00:31 -0800] "GET /movies2/mof2.zip HTTP/1.1" 206 179191
24.13.56.196 - - [04/Dec/2005:19:00:32 -0800] "GET /movies/Baser%20o.0.zip HTTP/1.1" 200 6978609
213.212.194.183 - - [04/Dec/2005:19:00:34 -0800] "GET /movies2/mof2.zip HTTP/1.1" 206 137034
213.212.194.183 - - [04/Dec/2005:19:00:52 -0800] "GET /movies2/mof2.zip HTTP/1.1" 206 100313
213.212.194.183 - - [04/Dec/2005:19:00:55 -0800] "GET /movies2/mof2.zip HTTP/1.1" 206 1120311
213.212.194.183 - - [04/Dec/2005:19:01:03 -0800] "GET /movies2/mof2.zip HTTP/1.1" 206 407673
213.212.194.183 - - [04/Dec/2005:19:01:10 -0800] "GET /movies2/mof2.zip HTTP/1.1" 206 1145744
62.216.104.189 - - [04/Dec/2005:19:01:15 -0800] "GET /movies2/robusto.zip HTTP/1.1" 200 236601932
84.128.176.102 - - [04/Dec/2005:19:01:18 -0800] "GET /movies2/renamed_Raabes%20First.zip HTTP/1.1" 200 221576454
84.128.176.102 - - [04/Dec/2005:19:01:35 -0800] "GET /movies/Baenok_Solo.zip HTTP/1.1" 200 91139849
213.212.194.183 - - [04/Dec/2005:19:01:37 -0800] "GET /movies2/mof2.zip HTTP/1.1" 206 37751
213.212.194.183 - - [04/Dec/2005:19:01:45 -0800] "GET /movies2/mof2.zip HTTP/1.1" 206 14631
213.212.194.183 - - [04/Dec/2005:19:01:57 -0800] "GET /movies2/mof2.zip HTTP/1.1" 206 1358311
213.212.194.183 - - [04/Dec/2005:19:02:02 -0800] "GET /movies2/mof2.zip HTTP/1.1" 206 100313
87.78.9.61 - - [04/Dec/2005:19:02:08 -0800] "GET /movies/ValiantGlory.zip HTTP/1.1" 200 219007828
68.225.229.109 - - [04/Dec/2005:19:02:14 -0800] "GET /movies2/sepp_0001.zip HTTP/1.1" 200 18144822
213.212.194.183 - - [04/Dec/2005:19:02:19 -0800] "GET /movies2/mof2.zip HTTP/1.1" 206 101671
213.212.194.183 - - [04/Dec/2005:19:02:22 -0800] "GET /movies2/mof2.zip HTTP/1.1" 206 302976
80.145.46.178 - - [04/Dec/2005:19:02:28 -0800] "GET /movies2/WaffenbundTheMovie.zip HTTP/1.1" 200 379691340
213.212.194.183 - - [04/Dec/2005:19:02:34 -0800] "GET /movies2/mof2.zip HTTP/1.1" 206 141111
213.212.194.183 - - [04/Dec/2005:19:02:57 -0800] "GET /movies2/mof2.zip HTTP/1.1" 206 198231
213.212.194.183 - - [04/Dec/2005:19:03:00 -0800] "GET /movies2/mof2.zip HTTP/1.1" 206 1187136
213.212.194.183 - - [04/Dec/2005:19:03:17 -0800] "GET /movies2/mof2.zip HTTP/1.1" 206 553191
213.212.194.183 - - [04/Dec/2005:19:03:20 -0800] "GET /movies2/mof2.zip HTTP/1.1" 206 362793
213.212.194.183 - - [04/Dec/2005:19:03:24 -0800] "GET /movies2/mof2.zip HTTP/1.1" 206 727271
213.212.194.183 - - [04/Dec/2005:19:03:27 -0800] "GET /movies2/mof2.zip HTTP/1.1" 206 222711
213.212.194.183 - - [04/Dec/2005:19:03:36 -0800] "GET /movies2/mof2.zip HTTP/1.1" 206 890112
213.212.194.183 - - [04/Dec/2005:19:03:44 -0800] "GET /movies2/mof2.zip HTTP/1.1" 206 1290640
213.212.194.183 - - [04/Dec/2005:19:03:53 -0800] "GET /movies2/mof2.zip HTTP/1.1" 206 592632
213.212.194.183 - - [04/Dec/2005:19:03:57 -0800] "GET /movies2/mof2.zip HTTP/1.1" 206 89431
213.212.194.183 - - [04/Dec/2005:19:04:06 -0800] "GET /movies2/mof2.zip HTTP/1.1" 206 249552
213.212.194.183 - - [04/Dec/2005:19:04:06 -0800] "GET /movies2/mof2.zip HTTP/1.1" 206 285296
213.212.194.183 - - [04/Dec/2005:19:04:08 -0800] "GET /movies2/mof2.zip HTTP/1.1" 206 1851472
213.212.194.183 - - [04/Dec/2005:19:04:16 -0800] "GET /movies2/mof2.zip HTTP/1.1" 206 210048
216.201.32.98 - - [04/Dec/2005:19:04:17 -0800] "GET /movies/Paladium.zip HTTP/1.1" 200 150059
82.67.10.55 - - [04/Dec/2005:19:04:20 -0800] "GET /movies2/Aedhas_SB_Ector_NF_01_01.zip HTTP/1.1" 200 110118834
213.212.194.183 - - [04/Dec/2005:19:04:22 -0800] "GET /movies2/mof2.zip HTTP/1.1" 206 532288
216.201.32.98 - - [04/Dec/2005:19:04:27 -0800] "GET /movies/Paladium.zip HTTP/1.1" 206 31801
213.212.194.183 - - [04/Dec/2005:19:04:30 -0800] "GET /movies2/mof2.zip HTTP/1.1" 206 122528
213.212.194.183 - - [04/Dec/2005:19:04:42 -0800] "GET /movies2/mof2.zip HTTP/1.1" 206 76448
213.212.194.183 - - [04/Dec/2005:19:04:49 -0800] "GET /movies2/mof2.zip HTTP/1.1" 206 316551
213.212.194.183 - - [04/Dec/2005:19:04:54 -0800] "GET /movies2/mof2.zip HTTP/1.1" 206 150631
213.212.194.183 - - [04/Dec/2005:19:05:08 -0800] "GET /movies2/mof2.zip HTTP/1.1" 206 267591
213.212.194.183 - - [04/Dec/2005:19:05:11 -0800] "GET /movies2/mof2.zip HTTP/1.1" 206 279831
213.212.194.183 - - [04/Dec/2005:19:05:17 -0800] "GET /movies2/mof2.zip HTTP/1.1" 206 2102240
213.212.194.183 - - [04/Dec/2005:19:05:24 -0800] "GET /movies2/mof2.zip HTTP/1.1" 206 446272
213.212.194.183 - - [04/Dec/2005:19:05:28 -0800] "GET /movies2/mof2.zip HTTP/1.1" 206 44551
213.212.194.183 - - [04/Dec/2005:19:05:34 -0800] "GET /movies2/mof2.zip HTTP/1.1" 206 115272
213.212.194.183 - - [04/Dec/2005:19:05:37 -0800] "GET /movies2/mof2.zip HTTP/1.1" 206 809328
213.212.194.183 - - [04/Dec/2005:19:06:08 -0800] "GET /movies2/mof2.zip HTTP/1.1" 206 62231
213.212.194.183 - - [04/Dec/2005:19:06:21 -0800] "GET /movies2/mof2.zip HTTP/1.1" 206 730912
213.212.194.183 - - [04/Dec/2005:19:06:35 -0800] "GET /movies2/mof2.zip HTTP/1.1" 206 600792
213.212.194.183 - - [04/Dec/2005:19:06:48 -0800] "GET /movies2/mof2.zip HTTP/1.1" 206 45911
213.212.194.183 - - [04/Dec/2005:19:06:49 -0800] "GET /movies2/mof2.zip HTTP/1.1" 206 743591
213.212.194.183 - - [04/Dec/2005:19:06:54 -0800] "GET /movies2/mof2.zip HTTP/1.1" 206 466576
213.212.194.183 - - [04/Dec/2005:19:07:08 -0800] "GET /movies2/mof2.zip HTTP/1.1" 206 320272
24.206.214.172 - - [04/Dec/2005:19:07:10 -0800] "GET /movies2/sepp_0001.zip HTTP/1.1" 200 18144822
24.164.89.13 - - [04/Dec/2005:19:07:17 -0800] "GET /movies/adayofrvr.zip HTTP/1.1" 200 122045948
213.212.194.183 - - [04/Dec/2005:19:07:25 -0800] "GET /movies2/mof2.zip HTTP/1.1" 206 281191
213.212.194.183 - - [04/Dec/2005:19:07:38 -0800] "GET /movies2/mof2.zip HTTP/1.1" 206 569408
213.212.194.183 - - [04/Dec/2005:19:07:42 -0800] "GET /movies2/mof2.zip HTTP/1.1" 206 263511
213.212.194.183 - - [04/Dec/2005:19:07:53 -0800] "GET /movies2/mof2.zip HTTP/1.1" 206 524631
24.24.100.6 - - [04/Dec/2005:19:07:58 -0800] "GET /movies/Dhaz-MerlinsSoloSavageVid2.zip HTTP/1.1" 200 20378996
24.24.100.6 - - [04/Dec/2005:19:08:00 -0800] "GET /movies2/Snarf4.zip HTTP/1.1" 200 1496180
213.212.194.183 - - [04/Dec/2005:19:08:09 -0800] "GET /movies2/mof2.zip HTTP/1.1" 206 1487664
213.212.194.183 - - [04/Dec/2005:19:08:16 -0800] "GET /movies2/mof2.zip HTTP/1.1" 206 925664
144.122.155.55 - - [04/Dec/2005:19:08:20 -0800] "GET /movies2/caerleon.zip HTTP/1.1" 206 15800033
213.212.194.183 - - [04/Dec/2005:19:08:26 -0800] "GET /movies2/mof2.zip HTTP/1.1" 206 372313
213.212.194.183 - - [04/Dec/2005:19:08:42 -0800] "GET /movies2/mof2.zip HTTP/1.1" 206 1318208
86.192.235.140 - - [04/Dec/2005:19:08:42 -0800] "GET /movies/Illusb_RR7_Shadowblade_Movie_1_1500k.rar HTTP/1.1" 200 59048
193.167.250.155 - - [04/Dec/2005:19:08:47 -0800] "GET /favicon.ico HTTP/1.1" 404 283
213.212.194.183 - - [04/Dec/2005:19:08:56 -0800] "GET /movies2/mof2.zip HTTP/1.1" 206 1384151
213.212.194.183 - - [04/Dec/2005:19:08:57 -0800] "GET /movies2/mof2.zip HTTP/1.1" 206 666071
213.212.194.183 - - [04/Dec/2005:19:08:57 -0800] "GET /movies2/mof2.zip HTTP/1.1" 206 310656
213.212.194.183 - - [04/Dec/2005:19:09:14 -0800] "GET /movies2/mof2.zip HTTP/1.1" 206 713671
144.122.155.55 - - [04/Dec/2005:19:09:18 -0800] "GET /movies2/caerleon.zip HTTP/1.1" 206 15825069
144.122.155.55 - - [04/Dec/2005:19:09:30 -0800] "GET /movies2/caerleon.zip HTTP/1.1" 206 15877333
213.212.194.183 - - [04/Dec/2005:19:09:35 -0800] "GET /movies2/mof2.zip HTTP/1.1" 206 103031
213.212.194.183 - - [04/Dec/2005:19:09:40 -0800] "GET /movies2/mof2.zip HTTP/1.1" 206 41831
213.212.194.183 - - [04/Dec/2005:19:09:47 -0800] "GET /movies2/mof2.zip HTTP/1.1" 206 39113
213.212.194.183 - - [04/Dec/2005:19:10:06 -0800] "GET /movies2/mof2.zip HTTP/1.1" 206 846951
213.212.194.183 - - [04/Dec/2005:19:10:08 -0800] "GET /movies2/mof2.zip HTTP/1.1" 206 124791
213.212.194.183 - - [04/Dec/2005:19:10:14 -0800] "GET /movies2/mof2.zip HTTP/1.1" 206 478393
213.212.194.183 - - [04/Dec/2005:19:10:15 -0800] "GET /movies2/mof2.zip HTTP/1.1" 206 525991
213.212.194.183 - - [04/Dec/2005:19:10:19 -0800] "GET /movies2/mof2.zip HTTP/1.1" 206 648480
213.212.194.183 - - [04/Dec/2005:19:10:22 -0800] "GET /movies2/mof2.zip HTTP/1.1" 206 162000
24.164.89.13 - - [04/Dec/2005:19:10:40 -0800] "GET /movies/Alcx%20Mord.zip HTTP/1.1" 200 32217902
144.122.155.55 - - [04/Dec/2005:19:10:44 -0800] "GET /movies2/caerleon.zip HTTP/1.1" 206 16408517
213.212.194.183 - - [04/Dec/2005:19:11:03 -0800] "GET /movies2/mof2.zip HTTP/1.1" 206 474312
213.212.194.183 - - [04/Dec/2005:19:11:05 -0800] "GET /movies2/mof2.zip HTTP/1.1" 206 237671
213.212.194.183 - - [04/Dec/2005:19:11:16 -0800] "GET /movies2/mof2.zip HTTP/1.1" 206 806592
213.212.194.183 - - [04/Dec/2005:19:11:17 -0800] "GET /movies2/mof2.zip HTTP/1.1" 206 513751
213.212.194.183 - - [04/Dec/2005:19:11:19 -0800] "GET /movies2/mof2.zip HTTP/1.1" 206 1960928
213.212.194.183 - - [04/Dec/2005:19:11:30 -0800] "GET /movies2/mof2.zip HTTP/1.1" 206 203674
213.212.194.183 - - [04/Dec/2005:19:11:42 -0800] "GET /movies2/mof2.zip HTTP/1.1" 206 982976
69.217.90.187 - - [04/Dec/2005:19:11:42 -0800] "GET /movies/theurg2ndmovie.zip HTTP/1.1" 200 111524092
144.122.155.55 - - [04/Dec/2005:19:12:02 -0800] "GET /movies2/caerleon.zip HTTP/1.1" 206 18212817
213.212.194.183 - - [04/Dec/2005:19:12:12 -0800] "GET /movies2/mof2.zip HTTP/1.1" 206 785751
213.212.194.183 - - [04/Dec/2005:19:12:19 -0800] "GET /movies2/mof2.zip HTTP/1.1" 206 171031
80.171.186.41 - - [04/Dec/2005:19:12:26 -0800] "GET /movies2/Obso.zip HTTP/1.0" 206 36409852
86.193.141.144 - - [04/Dec/2005:19:12:27 -0800] "GET /movies2/Aedhas_SB_Ector_NF_01_01.zip HTTP/1.1" 200 110118834
213.212.194.183 - - [04/Dec/2005:19:12:28 -0800] "GET /movies2/mof2.zip HTTP/1.1" 206 389991
213.212.194.183 - - [04/Dec/2005:19:12:33 -0800] "GET /movies2/mof2.zip HTTP/1.1" 206 249914
213.212.194.183 - - [04/Dec/2005:19:12:36 -0800] "GET /movies2/mof2.zip HTTP/1.1" 206 1438352
24.164.89.13 - - [04/Dec/2005:19:12:43 -0800] "GET /movies/Albstalker.zip HTTP/1.1" 200 62567639
71.14.116.152 - - [04/Dec/2005:19:12:45 -0800] "GET /movies/Xora_MeleeRanger.zip HTTP/1.1" 200 86312106
213.212.194.183 - - [04/Dec/2005:19:12:52 -0800] "GET /movies2/mof2.zip HTTP/1.1" 206 192794
213.212.194.183 - - [04/Dec/2005:19:12:59 -0800] "GET /movies2/mof2.zip HTTP/1.1" 206 40471
213.212.194.183 - - [04/Dec/2005:19:13:00 -0800] "GET /movies2/mof2.zip HTTP/1.1" 206 599431
213.212.194.183 - - [04/Dec/2005:19:13:05 -0800] "GET /movies2/mof2.zip HTTP/1.1" 206 1296336
213.212.194.183 - - [04/Dec/2005:19:13:07 -0800] "GET /movies2/mof2.zip HTTP/1.1" 206 1718368
213.212.194.183 - - [04/Dec/2005:19:13:11 -0800] "GET /movies2/mof2.zip HTTP/1.1" 206 785472
213.105.224.12 - - [04/Dec/2005:19:13:12 -0800] "GET /movies/excal_vw.zip HTTP/1.1" 200 152350466
213.212.194.183 - - [04/Dec/2005:19:13:14 -0800] "GET /movies2/mof2.zip HTTP/1.1" 206 253952
67.83.54.128 - - [04/Dec/2005:19:13:22 -0800] "GET /movies/HexruneMord2.zip HTTP/1.1" 200 11504596
213.212.194.183 - - [04/Dec/2005:19:13:24 -0800] "GET /movies2/mof2.zip HTTP/1.1" 206 2159232
213.212.194.183 - - [04/Dec/2005:19:13:26 -0800] "GET /movies2/mof2.zip HTTP/1.1" 206 1084768
213.212.194.183 - - [04/Dec/2005:19:13:55 -0800] "GET /movies2/mof2.zip HTTP/1.1" 206 548816
213.212.194.183 - - [04/Dec/2005:19:14:06 -0800] "GET /movies2/mof2.zip HTTP/1.1" 206 387104
213.212.194.183 - - [04/Dec/2005:19:14:17 -0800] "GET /movies2/mof2.zip HTTP/1.1" 206 1636368
85.224.172.221 - - [04/Dec/2005:19:14:25 -0800] "GET /movies/bloodinbloodout.zip HTTP/1.1" 200 154127864
213.212.194.183 - - [04/Dec/2005:19:14:29 -0800] "GET /movies2/mof2.zip HTTP/1.1" 206 88071
213.212.194.183 - - [04/Dec/2005:19:14:32 -0800] "GET /movies2/mof2.zip HTTP/1.1" 206 457072
213.212.194.183 - - [04/Dec/2005:19:14:34 -0800] "GET /movies2/mof2.zip HTTP/1.1" 206 347831
71.113.178.35 - - [04/Dec/2005:19:15:03 -0800] "GET /movies2/sepp_0001.zip HTTP/1.1" 200 1184460
193.167.250.155 - - [04/Dec/2005:19:15:03 -0800] "GET /movies/eclipsedeira.zip HTTP/1.1" 200 21859060
213.212.194.183 - - [04/Dec/2005:19:15:05 -0800] "GET /movies2/mof2.zip HTTP/1.1" 206 537152
24.164.89.13 - - [04/Dec/2005:19:15:10 -0800] "GET /movies2/Aloca1.zip HTTP/1.1" 200 28906463
213.212.194.183 - - [04/Dec/2005:19:15:20 -0800] "GET /movies2/mof2.zip HTTP/1.1" 206 1577696
213.212.194.183 - - [04/Dec/2005:19:15:38 -0800] "GET /movies2/mof2.zip HTTP/1.1" 206 35031
213.212.194.183 - - [04/Dec/2005:19:15:43 -0800] "GET /movies2/mof2.zip HTTP/1.1" 206 562711
213.212.194.183 - - [04/Dec/2005:19:15:43 -0800] "GET /movies2/mof2.zip HTTP/1.1" 206 487912
80.171.186.41 - - [04/Dec/2005:19:15:46 -0800] "GET /movies2/Obso.zip HTTP/1.0" 206 36409853
80.171.186.41 - - [04/Dec/2005:19:15:58 -0800] "GET /movies2/Obso.zip HTTP/1.0" 206 36409853
213.212.194.183 - - [04/Dec/2005:19:16:05 -0800] "GET /movies2/mof2.zip HTTP/1.1" 206 224071
213.212.194.183 - - [04/Dec/2005:19:16:05 -0800] "GET /movies2/mof2.zip HTTP/1.1" 206 266231
83.113.135.37 - - [04/Dec/2005:19:16:12 -0800] "GET /movies2/WaffenbundTheMovie.zip HTTP/1.1" 200 1010038
213.212.194.183 - - [04/Dec/2005:19:16:16 -0800] "GET /movies2/mof2.zip HTTP/1.1" 206 342912
213.212.194.183 - - [04/Dec/2005:19:16:17 -0800] "GET /movies2/mof2.zip HTTP/1.1" 206 1593008
213.212.194.183 - - [04/Dec/2005:19:16:18 -0800] "GET /movies2/mof2.zip HTTP/1.1" 206 131591
213.212.194.183 - - [04/Dec/2005:19:16:19 -0800] "GET /movies2/mof2.zip HTTP/1.1" 206 285271
83.113.135.37 - - [04/Dec/2005:19:16:29 -0800] "GET /movies2/Senile%20Video.zip HTTP/1.1" 200 581775
213.212.194.183 - - [04/Dec/2005:19:16:33 -0800] "GET /movies2/mof2.zip HTTP/1.1" 206 758553
84.156.217.138 - - [04/Dec/2005:19:16:50 -0800] "GET /movies/NamelessPugApril27th.zip HTTP/1.1" 200 239136
213.212.194.183 - - [04/Dec/2005:19:17:00 -0800] "GET /movies2/mof2.zip HTTP/1.1" 206 119352
24.164.89.13 - - [04/Dec/2005:19:17:06 -0800] "GET /movies/Ampz%20Mordred-1.zip HTTP/1.1" 200 48918540
24.217.29.1 - - [04/Dec/2005:19:17:19 -0800] "GET /movies2/maelstrom_cluster1.zip HTTP/1.1" 200 345369905
213.212.194.183 - - [04/Dec/2005:19:17:28 -0800] "GET /movies2/mof2.zip HTTP/1.1" 206 826736
213.212.194.183 - - [04/Dec/2005:19:17:32 -0800] "GET /movies2/mof2.zip HTTP/1.1" 206 339671
213.212.194.183 - - [04/Dec/2005:19:17:37 -0800] "GET /movies2/mof2.zip HTTP/1.1" 206 1270592
212.183.55.43 - - [04/Dec/2005:19:17:40 -0800] "GET /movies/Loop.zip HTTP/1.1" 200 197507012
213.212.194.183 - - [04/Dec/2005:19:17:58 -0800] "GET /movies2/mof2.zip HTTP/1.1" 206 784391
24.164.89.13 - - [04/Dec/2005:19:18:22 -0800] "GET /movies/apz_dragon.zip HTTP/1.1" 200 26770643
213.212.194.183 - - [04/Dec/2005:19:18:27 -0800] "GET /movies2/mof2.zip HTTP/1.1" 206 863824
213.212.194.183 - - [04/Dec/2005:19:18:30 -0800] "GET /movies2/mof2.zip HTTP/1.1" 206 260791
213.212.194.183 - - [04/Dec/2005:19:18:35 -0800] "GET /movies2/mof2.zip HTTP/1.1" 206 55431
213.212.194.183 - - [04/Dec/2005:19:18:51 -0800] "GET /movies2/mof2.zip HTTP/1.1" 206 1232832
71.113.178.35 - - [04/Dec/2005:19:18:55 -0800] "GET /movies2/sepp_0001.zip HTTP/1.1" 200 18144822
213.212.194.183 - - [04/Dec/2005:19:19:03 -0800] "GET /movies2/mof2.zip HTTP/1.1" 206 477031
213.212.194.183 - - [04/Dec/2005:19:19:15 -0800] "GET /movies2/mof2.zip HTTP/1.1" 206 378880
213.212.194.183 - - [04/Dec/2005:19:19:21 -0800] "GET /movies2/mof2.zip HTTP/1.1" 206 278473
83.113.135.37 - - [04/Dec/2005:19:19:23 -0800] "GET /movies2/kewle_fights.zip HTTP/1.1" 200 139272
213.212.194.183 - - [04/Dec/2005:19:20:16 -0800] "GET /movies2/mof2.zip HTTP/1.1" 206 32311
213.212.194.183 - - [04/Dec/2005:19:20:19 -0800] "GET /movies2/mof2.zip HTTP/1.1" 206 806153
67.83.54.128 - - [04/Dec/2005:19:20:19 -0800] "GET /movies/PD%20leirvik.zip HTTP/1.1" 200 12909357
213.212.194.183 - - [04/Dec/2005:19:20:21 -0800] "GET /movies2/mof2.zip HTTP/1.1" 206 505591
213.212.194.183 - - [04/Dec/2005:19:20:48 -0800] "GET /movies2/mof2.zip HTTP/1.1" 206 1411353
213.212.194.183 - - [04/Dec/2005:19:21:23 -0800] "GET /movies2/mof2.zip HTTP/1.1" 206 404880
213.212.194.183 - - [04/Dec/2005:19:21:41 -0800] "GET /movies2/mof2.zip HTTP/1.1" 206 1111328
213.212.194.183 - - [04/Dec/2005:19:21:43 -0800] "GET /movies2/mof2.zip HTTP/1.1" 206 270311
213.212.194.183 - - [04/Dec/2005:19:21:58 -0800] "GET /movies2/mof2.zip HTTP/1.1" 206 686224
68.231.237.203 - - [04/Dec/2005:19:22:32 -0800] "GET /movies2/sepp_0001.zip HTTP/1.1" 200 18144822
83.113.135.37 - - [04/Dec/2005:19:22:39 -0800] "GET /movies2/Vegr.zip HTTP/1.1" 200 4375046
82.49.196.141 - - [04/Dec/2005:19:22:55 -0800] "GET /movies/hibgath.zip HTTP/1.1" 200 141447
213.212.194.183 - - [04/Dec/2005:19:23:09 -0800] "GET /movies2/mof2.zip HTTP/1.1" 206 514480
213.212.194.183 - - [04/Dec/2005:19:23:17 -0800] "GET /movies2/mof2.zip HTTP/1.1" 206 124793
213.212.194.183 - - [04/Dec/2005:19:23:20 -0800] "GET /movies2/mof2.zip HTTP/1.1" 206 1045511
213.212.194.183 - - [04/Dec/2005:19:23:29 -0800] "GET /movies2/mof2.zip HTTP/1.1" 206 193472
213.212.194.183 - - [04/Dec/2005:19:23:29 -0800] "GET /movies2/mof2.zip HTTP/1.1" 206 962551
213.212.194.183 - - [04/Dec/2005:19:23:34 -0800] "GET /movies2/mof2.zip HTTP/1.1" 206 475671
213.212.194.183 - - [04/Dec/2005:19:23:52 -0800] "GET /movies2/mof2.zip HTTP/1.1" 206 1351511
203.246.132.77 - - [04/Dec/2005:19:24:17 -0800] "GET /movies2/WaffenbundTheMovie.zip HTTP/1.0" 200 231887576
213.212.194.183 - - [04/Dec/2005:19:24:49 -0800] "GET /movies2/mof2.zip HTTP/1.1" 206 51351
213.212.194.183 - - [04/Dec/2005:19:24:50 -0800] "GET /movies2/mof2.zip HTTP/1.1" 206 962551
87.78.9.61 - - [04/Dec/2005:19:24:57 -0800] "GET /movies2/ValiantGlory2.zip HTTP/1.1" 200 285631566
213.212.194.183 - - [04/Dec/2005:19:25:05 -0800] "GET /movies2/mof2.zip HTTP/1.1" 206 1562311
213.212.194.183 - - [04/Dec/2005:19:25:09 -0800] "GET /movies2/mof2.zip HTTP/1.1" 206 253888
213.212.194.183 - - [04/Dec/2005:19:25:15 -0800] "GET /movies2/mof2.zip HTTP/1.1" 206 622552
213.212.194.183 - - [04/Dec/2005:19:25:39 -0800] "GET /movies2/mof2.zip HTTP/1.1" 206 48631
213.212.194.183 - - [04/Dec/2005:19:25:48 -0800] "GET /movies2/mof2.zip HTTP/1.1" 206 1114872
213.212.194.183 - - [04/Dec/2005:19:25:49 -0800] "GET /movies2/mof2.zip HTTP/1.1" 206 924473
213.212.194.183 - - [04/Dec/2005:19:25:51 -0800] "GET /movies2/mof2.zip HTTP/1.1" 206 1343664
69.217.90.187 - - [04/Dec/2005:19:26:15 -0800] "GET /movies/Horason%20Soulfly.zip HTTP/1.1" 200 188949180
213.212.194.183 - - [04/Dec/2005:19:26:21 -0800] "GET /movies2/mof2.zip HTTP/1.1" 206 203671
213.212.194.183 - - [04/Dec/2005:19:26:29 -0800] "GET /movies2/mof2.zip HTTP/1.1" 206 2823033
213.212.194.183 - - [04/Dec/2005:19:26:40 -0800] "GET /movies2/mof2.zip HTTP/1.1" 206 58151
213.212.194.183 - - [04/Dec/2005:19:26:58 -0800] "GET /movies2/mof2.zip HTTP/1.1" 206 341456
213.212.194.183 - - [04/Dec/2005:19:26:59 -0800] "GET /movies2/mof2.zip HTTP/1.1" 206 2282656
213.212.194.183 - - [04/Dec/2005:19:27:07 -0800] "GET /movies2/mof2.zip HTTP/1.1" 206 409031
213.212.194.183 - - [04/Dec/2005:19:27:08 -0800] "GET /movies2/mof2.zip HTTP/1.1" 206 21434
213.212.194.183 - - [04/Dec/2005:19:27:19 -0800] "GET /movies2/mof2.zip HTTP/1.1" 206 824208
213.212.194.183 - - [04/Dec/2005:19:27:21 -0800] "GET /movies2/mof2.zip HTTP/1.1" 206 728816
213.212.194.183 - - [04/Dec/2005:19:28:00 -0800] "GET /movies2/mof2.zip HTTP/1.1" 206 626544
81.240.116.253 - - [04/Dec/2005:19:28:04 -0800] "HEAD /movies2/Camlann%20Shadow%20Zone.zip HTTP/1.1" 200 0
213.212.194.183 - - [04/Dec/2005:19:28:06 -0800] "GET /movies2/mof2.zip HTTP/1.1" 206 119808
81.240.116.253 - - [04/Dec/2005:19:28:11 -0800] "GET /movies2/Camlann%20Shadow%20Zone.zip HTTP/1.1" 200 107552
213.212.194.183 - - [04/Dec/2005:19:28:12 -0800] "GET /movies2/mof2.zip HTTP/1.1" 206 429431
213.212.194.183 - - [04/Dec/2005:19:28:27 -0800] "GET /movies2/mof2.zip HTTP/1.1" 206 1176071
213.212.194.183 - - [04/Dec/2005:19:28:39 -0800] "GET /movies2/mof2.zip HTTP/1.1" 206 459824
213.212.194.183 - - [04/Dec/2005:19:29:17 -0800] "GET /movies2/mof2.zip HTTP/1.1" 206 1203271
213.212.194.183 - - [04/Dec/2005:19:29:19 -0800] "GET /movies2/mof2.zip HTTP/1.1" 206 1755552
213.212.194.183 - - [04/Dec/2005:19:29:21 -0800] "GET /movies2/mof2.zip HTTP/1.1" 206 1749328
213.212.194.183 - - [04/Dec/2005:19:29:26 -0800] "GET /movies2/mof2.zip HTTP/1.1" 206 435584
213.212.194.183 - - [04/Dec/2005:19:29:26 -0800] "GET /movies2/mof2.zip HTTP/1.1" 206 177831
83.195.21.243 - - [04/Dec/2005:19:29:38 -0800] "GET /movies2/Camlann%20Shadow%20Zone.zip HTTP/1.1" 200 15740344
213.212.194.183 - - [04/Dec/2005:19:29:38 -0800] "GET /movies2/mof2.zip HTTP/1.1" 206 796631
213.212.194.183 - - [04/Dec/2005:19:29:44 -0800] "GET /movies2/mof2.zip HTTP/1.1" 206 1192391
213.212.194.183 - - [04/Dec/2005:19:30:01 -0800] "GET /movies2/mof2.zip HTTP/1.1" 206 923114
213.212.194.183 - - [04/Dec/2005:19:30:02 -0800] "GET /movies2/mof2.zip HTTP/1.1" 206 414304
213.212.194.183 - - [04/Dec/2005:19:30:04 -0800] "GET /movies2/mof2.zip HTTP/1.1" 206 74471
213.212.194.183 - - [04/Dec/2005:19:30:34 -0800] "GET /movies2/mof2.zip HTTP/1.1" 206 957111
213.212.194.183 - - [04/Dec/2005:19:30:37 -0800] "GET /movies2/mof2.zip HTTP/1.1" 206 214551
213.212.194.183 - - [04/Dec/2005:19:30:49 -0800] "GET /movies2/mof2.zip HTTP/1.1" 206 92608
24.164.89.13 - - [04/Dec/2005:19:30:54 -0800] "GET /movies/Ampz%20Mordred-1.zip HTTP/1.1" 200 122337763
213.212.194.183 - - [04/Dec/2005:19:30:56 -0800] "GET /movies2/mof2.zip HTTP/1.1" 206 1319520
213.212.194.183 - - [04/Dec/2005:19:30:59 -0800] "GET /movies2/mof2.zip HTTP/1.1" 206 453424
213.212.194.183 - - [04/Dec/2005:19:31:12 -0800] "GET /movies2/mof2.zip HTTP/1.1" 206 36391
213.212.194.183 - - [04/Dec/2005:19:31:16 -0800] "GET /movies2/mof2.zip HTTP/1.1" 206 1850112
213.212.194.183 - - [04/Dec/2005:19:31:52 -0800] "GET /movies2/mof2.zip HTTP/1.1" 206 349191
213.212.194.183 - - [04/Dec/2005:19:31:57 -0800] "GET /movies2/mof2.zip HTTP/1.1" 206 527351
213.212.194.183 - - [04/Dec/2005:19:32:05 -0800] "GET /movies2/mof2.zip HTTP/1.1" 206 1944320
213.212.194.183 - - [04/Dec/2005:19:32:16 -0800] "GET /movies2/mof2.zip HTTP/1.1" 206 264871
213.212.194.183 - - [04/Dec/2005:19:32:55 -0800] "GET /movies2/mof2.zip HTTP/1.1" 206 705513
213.212.194.183 - - [04/Dec/2005:19:32:57 -0800] "GET /movies2/mof2.zip HTTP/1.1" 206 800711
213.212.194.183 - - [04/Dec/2005:19:33:09 -0800] "GET /movies2/mof2.zip HTTP/1.1" 206 48631
213.212.194.183 - - [04/Dec/2005:19:33:16 -0800] "GET /movies2/mof2.zip HTTP/1.1" 206 2213984
213.212.194.183 - - [04/Dec/2005:19:33:24 -0800] "GET /movies2/mof2.zip HTTP/1.1" 206 464791
213.212.194.183 - - [04/Dec/2005:19:33:24 -0800] "GET /movies2/mof2.zip HTTP/1.1" 206 719111
213.212.194.183 - - [04/Dec/2005:19:33:25 -0800] "GET /movies2/mof2.zip HTTP/1.1" 206 117991
213.212.194.183 - - [04/Dec/2005:19:33:59 -0800] "GET /movies2/mof2.zip HTTP/1.1" 206 2539280
213.212.194.183 - - [04/Dec/2005:19:34:08 -0800] "GET /movies2/mof2.zip HTTP/1.1" 206 214551
213.212.194.183 - - [04/Dec/2005:19:34:19 -0800] "GET /movies2/mof2.zip HTTP/1.1" 206 505592
213.212.194.183 - - [04/Dec/2005:19:34:24 -0800] "GET /movies2/mof2.zip HTTP/1.1" 206 265424
213.212.194.183 - - [04/Dec/2005:19:34:24 -0800] "GET /movies2/mof2.zip HTTP/1.1" 206 447111
213.212.194.183 - - [04/Dec/2005:19:34:32 -0800] "GET /movies2/mof2.zip HTTP/1.1" 206 1288464
66.169.169.133 - - [04/Dec/2005:19:34:40 -0800] "GET /movies/flower-pot.zip HTTP/1.1" 200 153139592
213.212.194.183 - - [04/Dec/2005:19:34:54 -0800] "GET /movies2/mof2.zip HTTP/1.1" 206 1407600
213.212.194.183 - - [04/Dec/2005:19:34:59 -0800] "GET /movies2/mof2.zip HTTP/1.1" 206 268951
213.212.194.183 - - [04/Dec/2005:19:35:05 -0800] "GET /movies2/mof2.zip HTTP/1.1" 206 295408
213.212.194.183 - - [04/Dec/2005:19:35:14 -0800] "GET /movies2/mof2.zip HTTP/1.1" 206 728631
213.212.194.183 - - [04/Dec/2005:19:35:29 -0800] "GET /movies2/mof2.zip HTTP/1.1" 206 1193754
213.212.194.183 - - [04/Dec/2005:19:35:34 -0800] "GET /movies2/mof2.zip HTTP/1.1" 206 875511
213.212.194.183 - - [04/Dec/2005:19:35:56 -0800] "GET /movies2/mof2.zip HTTP/1.1" 206 1267360
213.212.194.183 - - [04/Dec/2005:19:35:58 -0800] "GET /movies2/mof2.zip HTTP/1.1" 206 111191
213.212.194.183 - - [04/Dec/2005:19:36:01 -0800] "GET /movies2/mof2.zip HTTP/1.1" 206 104880
213.212.194.183 - - [04/Dec/2005:19:36:01 -0800] "GET /movies2/mof2.zip HTTP/1.1" 206 56791
213.212.194.183 - - [04/Dec/2005:19:36:05 -0800] "GET /movies2/mof2.zip HTTP/1.1" 206 160151
213.212.194.183 - - [04/Dec/2005:19:36:06 -0800] "GET /movies2/mof2.zip HTTP/1.1" 206 557273
213.212.194.183 - - [04/Dec/2005:19:36:07 -0800] "GET /movies2/mof2.zip HTTP/1.1" 206 1161856
84.143.208.72 - - [04/Dec/2005:19:36:25 -0800] "GET /movies2/Cilivielmovie5.zip HTTP/1.1" 206 280459714
213.212.194.183 - - [04/Dec/2005:19:36:38 -0800] "GET /movies2/mof2.zip HTTP/1.1" 206 338312
213.212.194.183 - - [04/Dec/2005:19:36:48 -0800] "GET /movies2/mof2.zip HTTP/1.1" 206 354631
213.212.194.183 - - [04/Dec/2005:19:36:53 -0800] "GET /movies2/mof2.zip HTTP/1.1" 206 1376192
86.199.248.89 - - [04/Dec/2005:19:36:58 -0800] "GET /movies2/FShatin07.zip HTTP/1.1" 200 196607659
86.199.248.89 - - [04/Dec/2005:19:36:58 -0800] "GET /movies2/A5D.zip HTTP/1.1" 200 196885180
213.212.194.183 - - [04/Dec/2005:19:37:01 -0800] "GET /movies2/mof2.zip HTTP/1.1" 206 126151
213.212.194.183 - - [04/Dec/2005:19:37:25 -0800] "GET /movies2/mof2.zip HTTP/1.1" 206 186992
213.212.194.183 - - [04/Dec/2005:19:37:33 -0800] "GET /movies2/mof2.zip HTTP/1.1" 206 1012864
213.212.194.183 - - [04/Dec/2005:19:37:36 -0800] "GET /movies2/mof2.zip HTTP/1.1" 206 865088
80.171.186.41 - - [04/Dec/2005:19:37:42 -0800] "GET /movies2/maelstrom_cluster1.zip HTTP/1.0" 206 115123305
213.212.194.183 - - [04/Dec/2005:19:37:46 -0800] "GET /movies2/mof2.zip HTTP/1.1" 206 241751
82.57.42.20 - - [04/Dec/2005:19:37:55 -0800] "GET /movies/Achtung%20Baby%20II%20-%20March%201.zip HTTP/1.1" 200 117307261
24.145.238.141 - - [04/Dec/2005:19:38:04 -0800] "GET /movies/OctosGareth1.zip HTTP/1.1" 200 77980569
213.212.194.183 - - [04/Dec/2005:19:38:20 -0800] "GET /movies2/mof2.zip HTTP/1.1" 206 2446313
80.171.186.41 - - [04/Dec/2005:19:38:25 -0800] "GET /movies2/maelstrom_cluster1.zip HTTP/1.0" 206 115123305
213.212.194.183 - - [04/Dec/2005:19:38:33 -0800] "GET /movies2/mof2.zip HTTP/1.1" 206 17351
80.171.186.41 - - [04/Dec/2005:19:38:45 -0800] "GET /movies2/maelstrom_cluster1.zip HTTP/1.0" 206 115123297
213.212.194.183 - - [04/Dec/2005:19:38:46 -0800] "GET /movies2/mof2.zip HTTP/1.1" 206 1119408
213.212.194.183 - - [04/Dec/2005:19:38:48 -0800] "GET /movies2/mof2.zip HTTP/1.1" 206 137031
213.212.194.183 - - [04/Dec/2005:19:39:00 -0800] "GET /movies2/mof2.zip HTTP/1.1" 206 674224
24.145.238.141 - - [04/Dec/2005:19:39:09 -0800] "GET /movies/Nosgoth_Untouchabel.zip HTTP/1.1" 200 91310637
213.212.194.183 - - [04/Dec/2005:19:39:15 -0800] "GET /movies2/mof2.zip HTTP/1.1" 206 513168
213.212.194.183 - - [04/Dec/2005:19:39:29 -0800] "GET /movies2/mof2.zip HTTP/1.1" 206 93936
213.212.194.183 - - [04/Dec/2005:19:39:50 -0800] "GET /movies2/mof2.zip HTTP/1.1" 206 311111
213.212.194.183 - - [04/Dec/2005:19:40:02 -0800] "GET /movies2/mof2.zip HTTP/1.1" 206 3050480
213.212.194.183 - - [04/Dec/2005:19:40:14 -0800] "GET /movies2/mof2.zip HTTP/1.1" 206 769433
213.212.194.183 - - [04/Dec/2005:19:40:19 -0800] "GET /movies2/mof2.zip HTTP/1.1" 206 87360
213.212.194.183 - - [04/Dec/2005:19:40:23 -0800] "GET /movies2/mof2.zip HTTP/1.1" 206 579031
213.212.194.183 - - [04/Dec/2005:19:40:34 -0800] "GET /movies2/mof2.zip HTTP/1.1" 206 392713
213.212.194.183 - - [04/Dec/2005:19:40:39 -0800] "GET /movies2/mof2.zip HTTP/1.1" 206 519191
66.169.169.133 - - [04/Dec/2005:19:40:44 -0800] "GET /movies/flower-pot.zip HTTP/1.1" 200 58700260
84.156.217.138 - - [04/Dec/2005:19:40:45 -0800] "GET /movies/NamelessPugApril27th.zip HTTP/1.1" 206 116101752
213.212.194.183 - - [04/Dec/2005:19:41:04 -0800] "GET /movies2/mof2.zip HTTP/1.1" 206 60873
213.212.194.183 - - [04/Dec/2005:19:41:14 -0800] "GET /movies2/mof2.zip HTTP/1.1" 206 328791
62.203.147.73 - - [04/Dec/2005:19:41:26 -0800] "GET /movies/Arctic%20Darkness%208v8%20movie%20Healer%20PoV.rar HTTP/1.1" 200 143808790
213.212.194.183 - - [04/Dec/2005:19:41:27 -0800] "GET /movies2/mof2.zip HTTP/1.1" 206 171031
213.212.194.183 - - [04/Dec/2005:19:41:35 -0800] "GET /movies2/mof2.zip HTTP/1.1" 206 52711
207.235.121.14 - - [04/Dec/2005:19:41:42 -0800] "GET /movies/epilo.zip HTTP/1.1" 200 185693395
72.49.7.172 - - [04/Dec/2005:19:41:47 -0800] "GET /movies2/mof2.zip HTTP/1.1" 200 312575126
213.212.194.183 - - [04/Dec/2005:19:41:47 -0800] "GET /movies2/mof2.zip HTTP/1.1" 206 207751
69.106.120.24 - - [04/Dec/2005:19:41:47 -0800] "GET /movies2/Howto%20deal%20with%20beggars.zip HTTP/1.1" 200 20253520
213.212.194.183 - - [04/Dec/2005:19:41:50 -0800] "GET /movies2/mof2.zip HTTP/1.1" 206 365511
213.212.194.183 - - [04/Dec/2005:19:41:58 -0800] "GET /movies2/mof2.zip HTTP/1.1" 206 362336
213.212.194.183 - - [04/Dec/2005:19:42:19 -0800] "GET /movies2/mof2.zip HTTP/1.1" 206 415833
213.212.194.183 - - [04/Dec/2005:19:42:29 -0800] "GET /movies2/mof2.zip HTTP/1.1" 206 1365112
84.128.176.102 - - [04/Dec/2005:19:42:31 -0800] "GET /movies/Incomparable.rar HTTP/1.1" 200 175212185
213.212.194.183 - - [04/Dec/2005:19:42:37 -0800] "GET /movies2/mof2.zip HTTP/1.1" 206 385911
213.212.194.183 - - [04/Dec/2005:19:42:37 -0800] "GET /movies2/mof2.zip HTTP/1.1" 206 734336
213.212.194.183 - - [04/Dec/2005:19:42:49 -0800] "GET /movies2/mof2.zip HTTP/1.1" 206 576311
71.241.13.149 - - [04/Dec/2005:19:42:55 -0800] "GET /movies2/ValiantGlory2.zip HTTP/1.1" 200 285631566
213.212.194.183 - - [04/Dec/2005:19:43:15 -0800] "GET /movies2/mof2.zip HTTP/1.1" 206 400874
213.212.194.183 - - [04/Dec/2005:19:43:24 -0800] "GET /movies2/mof2.zip HTTP/1.1" 206 44553
82.226.195.76 - - [04/Dec/2005:19:43:47 -0800] "GET /movies/SavageTheMovie.zip HTTP/1.1" 200 164705202
213.212.194.183 - - [04/Dec/2005:19:44:00 -0800] "GET /movies2/mof2.zip HTTP/1.1" 206 989856
213.212.194.183 - - [04/Dec/2005:19:44:06 -0800] "GET /movies2/mof2.zip HTTP/1.1" 206 1140711
213.212.194.183 - - [04/Dec/2005:19:44:11 -0800] "GET /movies2/mof2.zip HTTP/1.1" 206 134311
144.122.155.55 - - [04/Dec/2005:19:44:13 -0800] "GET /movies/Minstral%20video.zip HTTP/1.1" 206 31157288
213.212.194.183 - - [04/Dec/2005:19:44:20 -0800] "GET /movies2/mof2.zip HTTP/1.1" 206 547120
144.122.155.55 - - [04/Dec/2005:19:44:30 -0800] "GET /movies/Minstral%20video.zip HTTP/1.1" 206 31157285
144.122.155.55 - - [04/Dec/2005:19:44:47 -0800] "GET /movies/Minstral%20video.zip HTTP/1.1" 206 31157285
213.212.194.183 - - [04/Dec/2005:19:45:01 -0800] "GET /movies2/mof2.zip HTTP/1.1" 206 30951
144.122.155.55 - - [04/Dec/2005:19:45:03 -0800] "GET /movies/Minstral%20video.zip HTTP/1.1" 206 31181088
213.212.194.183 - - [04/Dec/2005:19:45:04 -0800] "GET /movies2/mof2.zip HTTP/1.1" 206 973920
213.212.194.183 - - [04/Dec/2005:19:45:14 -0800] "GET /movies2/mof2.zip HTTP/1.1" 206 20073
213.212.194.183 - - [04/Dec/2005:19:45:16 -0800] "GET /movies2/mof2.zip HTTP/1.1" 206 670160
213.212.194.183 - - [04/Dec/2005:19:45:17 -0800] "GET /movies2/mof2.zip HTTP/1.1" 206 1499184
213.212.194.183 - - [04/Dec/2005:19:45:17 -0800] "GET /movies2/mof2.zip HTTP/1.1" 206 471593
213.212.194.183 - - [04/Dec/2005:19:45:23 -0800] "GET /movies2/mof2.zip HTTP/1.1" 206 779664
213.212.194.183 - - [04/Dec/2005:19:45:29 -0800] "GET /movies2/mof2.zip HTTP/1.1" 206 531616
213.212.194.183 - - [04/Dec/2005:19:45:38 -0800] "GET /movies2/mof2.zip HTTP/1.1" 206 58151
213.212.194.183 - - [04/Dec/2005:19:45:51 -0800] "GET /movies2/mof2.zip HTTP/1.1" 206 200951
213.212.194.183 - - [04/Dec/2005:19:45:57 -0800] "GET /movies2/mof2.zip HTTP/1.1" 206 987031
144.122.155.55 - - [04/Dec/2005:19:45:57 -0800] "GET /movies/Minstral%20video.zip HTTP/1.1" 206 31157285
213.212.194.183 - - [04/Dec/2005:19:46:02 -0800] "GET /movies2/mof2.zip HTTP/1.1" 206 202311
213.212.194.183 - - [04/Dec/2005:19:46:20 -0800] "GET /movies2/mof2.zip HTTP/1.1" 206 43680
213.212.194.183 - - [04/Dec/2005:19:46:22 -0800] "GET /movies2/mof2.zip HTTP/1.1" 206 17353
83.156.44.81 - - [04/Dec/2005:19:46:26 -0800] "GET /movies2/renamed_daoc.TR.tape-2.ausschnitte.ace HTTP/1.1" 200 510540
213.212.194.183 - - [04/Dec/2005:19:46:26 -0800] "GET /movies2/mof2.zip HTTP/1.1" 206 24151
82.49.196.141 - - [04/Dec/2005:19:46:30 -0800] "GET /movies/hibgath.zip HTTP/1.1" 200 57689712
213.212.194.183 - - [04/Dec/2005:19:46:46 -0800] "GET /movies2/mof2.zip HTTP/1.1" 206 1347952
213.212.194.183 - - [04/Dec/2005:19:46:46 -0800] "GET /movies2/mof2.zip HTTP/1.1" 206 118704
213.212.194.183 - - [04/Dec/2005:19:46:49 -0800] "GET /movies2/mof2.zip HTTP/1.1" 206 49991
213.212.194.183 - - [04/Dec/2005:19:47:01 -0800] "GET /movies2/mof2.zip HTTP/1.1" 206 1920608
213.212.194.183 - - [04/Dec/2005:19:47:05 -0800] "GET /movies2/mof2.zip HTTP/1.1" 206 414474
80.139.235.114 - - [04/Dec/2005:19:47:08 -0800] "GET /movies/Darkmech_FINAL.zip HTTP/1.1" 200 61033279
213.212.194.183 - - [04/Dec/2005:19:47:13 -0800] "GET /movies2/mof2.zip HTTP/1.1" 206 1906032
213.212.194.183 - - [04/Dec/2005:19:47:43 -0800] "GET /movies2/mof2.zip HTTP/1.1" 206 128871
213.212.194.183 - - [04/Dec/2005:19:47:50 -0800] "GET /movies2/mof2.zip HTTP/1.1" 206 1605152
213.212.194.183 - - [04/Dec/2005:19:47:58 -0800] "GET /movies2/mof2.zip HTTP/1.1" 206 574953
80.171.186.41 - - [04/Dec/2005:19:48:02 -0800] "GET /movies2/rvr.zip HTTP/1.0" 206 109100377
80.171.186.41 - - [04/Dec/2005:19:48:07 -0800] "GET /movies2/rvr.zip HTTP/1.0" 206 109100372
80.171.186.41 - - [04/Dec/2005:19:48:16 -0800] "GET /movies2/rvr.zip HTTP/1.0" 206 109100377
213.212.194.183 - - [04/Dec/2005:19:48:21 -0800] "GET /movies2/mof2.zip HTTP/1.1" 206 269696
213.212.194.183 - - [04/Dec/2005:19:48:25 -0800] "GET /movies2/mof2.zip HTTP/1.1" 206 626632
213.212.194.183 - - [04/Dec/2005:19:48:26 -0800] "GET /movies2/mof2.zip HTTP/1.1" 206 209113
213.212.194.183 - - [04/Dec/2005:19:48:57 -0800] "GET /movies2/mof2.zip HTTP/1.1" 206 156496
213.212.194.183 - - [04/Dec/2005:19:49:12 -0800] "GET /movies2/mof2.zip HTTP/1.1" 206 79913
213.212.194.183 - - [04/Dec/2005:19:49:17 -0800] "GET /movies2/mof2.zip HTTP/1.1" 206 349344
213.212.194.183 - - [04/Dec/2005:19:49:17 -0800] "GET /movies2/mof2.zip HTTP/1.1" 206 2685671
213.212.194.183 - - [04/Dec/2005:19:49:18 -0800] "GET /movies2/mof2.zip HTTP/1.1" 206 1297024
85.164.120.194 - - [04/Dec/2005:19:49:35 -0800] "GET /movies2/maelstrom_cluster1.zip HTTP/1.1" 200 345369905
213.212.194.183 - - [04/Dec/2005:19:49:52 -0800] "GET /movies2/mof2.zip HTTP/1.1" 206 1007200
213.212.194.183 - - [04/Dec/2005:19:49:53 -0800] "GET /movies2/mof2.zip HTTP/1.1" 206 13271
213.212.194.183 - - [04/Dec/2005:19:50:08 -0800] "GET /movies2/mof2.zip HTTP/1.1" 206 702064
68.189.223.87 - - [04/Dec/2005:19:50:35 -0800] "GET /favicon.ico HTTP/1.1" 404 283
213.212.194.183 - - [04/Dec/2005:19:50:46 -0800] "GET /movies2/mof2.zip HTTP/1.1" 206 2026448
68.189.223.87 - - [04/Dec/2005:19:50:53 -0800] "GET /movies/mof.zip HTTP/1.1" 200 815817
213.212.194.183 - - [04/Dec/2005:19:50:54 -0800] "GET /movies2/mof2.zip HTTP/1.1" 206 44551
213.212.194.183 - - [04/Dec/2005:19:50:54 -0800] "GET /movies2/mof2.zip HTTP/1.1" 206 1165191
213.212.194.183 - - [04/Dec/2005:19:51:03 -0800] "GET /movies2/mof2.zip HTTP/1.1" 206 29591
213.212.194.183 - - [04/Dec/2005:19:51:05 -0800] "GET /movies2/mof2.zip HTTP/1.1" 206 3093856
213.212.194.183 - - [04/Dec/2005:19:51:16 -0800] "GET /movies2/mof2.zip HTTP/1.1" 206 43191
213.212.194.183 - - [04/Dec/2005:19:51:16 -0800] "GET /movies2/mof2.zip HTTP/1.1" 206 618016
213.212.194.183 - - [04/Dec/2005:19:51:17 -0800] "GET /movies2/mof2.zip HTTP/1.1" 206 394071
24.145.238.141 - - [04/Dec/2005:19:51:34 -0800] "GET /movies/LittleHo2.zip HTTP/1.1" 200 176172
213.212.194.183 - - [04/Dec/2005:19:51:39 -0800] "GET /movies2/mof2.zip HTTP/1.1" 206 955408
213.212.194.183 - - [04/Dec/2005:19:52:03 -0800] "GET /movies2/mof2.zip HTTP/1.1" 206 1961168
213.212.194.183 - - [04/Dec/2005:19:52:05 -0800] "GET /movies2/mof2.zip HTTP/1.1" 206 606231
213.212.194.183 - - [04/Dec/2005:19:52:06 -0800] "GET /movies2/mof2.zip HTTP/1.1" 206 763991
80.140.83.253 - - [04/Dec/2005:19:52:16 -0800] "GET /movies/TW-NFEpisodeOne.zip HTTP/1.1" 200 85502676
80.139.235.114 - - [04/Dec/2005:19:52:24 -0800] "GET /movies/heya.zip HTTP/1.1" 200 85178084
213.212.194.183 - - [04/Dec/2005:19:52:37 -0800] "GET /movies2/mof2.zip HTTP/1.1" 206 536464
83.195.21.243 - - [04/Dec/2005:19:52:40 -0800] "GET /movies2/CloakedkillerTheCritblade.zip HTTP/1.1" 200 2578536
86.134.4.253 - - [04/Dec/2005:19:52:48 -0800] "GET /movies2/sepp_0001.zip HTTP/1.1" 200 18144822
213.212.194.183 - - [04/Dec/2005:19:52:59 -0800] "GET /movies2/mof2.zip HTTP/1.1" 206 185991
213.212.194.183 - - [04/Dec/2005:19:53:02 -0800] "GET /movies2/mof2.zip HTTP/1.1" 206 462073
213.212.194.183 - - [04/Dec/2005:19:53:06 -0800] "GET /movies2/mof2.zip HTTP/1.1" 206 307152
213.212.194.183 - - [04/Dec/2005:19:53:24 -0800] "GET /movies2/mof2.zip HTTP/1.1" 206 13271
213.212.194.183 - - [04/Dec/2005:19:53:25 -0800] "GET /movies2/mof2.zip HTTP/1.1" 206 1018048
212.242.203.224 - - [04/Dec/2005:19:53:37 -0800] "GET /movies/epilo.zip HTTP/1.1" 200 185693395
213.212.194.183 - - [04/Dec/2005:19:53:38 -0800] "GET /movies2/mof2.zip HTTP/1.1" 206 438952
81.53.192.144 - - [04/Dec/2005:19:53:55 -0800] "GET /movies2/Aedhas_SB_Ector_NF_01_01.zip HTTP/1.1" 200 110118834
213.212.194.183 - - [04/Dec/2005:19:54:06 -0800] "GET /movies2/mof2.zip HTTP/1.1" 206 55431
213.212.194.183 - - [04/Dec/2005:19:54:10 -0800] "GET /movies2/mof2.zip HTTP/1.1" 206 591273
213.212.194.183 - - [04/Dec/2005:19:54:11 -0800] "GET /movies2/mof2.zip HTTP/1.1" 206 108473
213.212.194.183 - - [04/Dec/2005:19:54:17 -0800] "GET /movies2/mof2.zip HTTP/1.1" 206 2352544
213.212.194.183 - - [04/Dec/2005:19:54:23 -0800] "GET /movies2/mof2.zip HTTP/1.1" 206 2826304
213.212.194.183 - - [04/Dec/2005:19:54:47 -0800] "GET /movies2/mof2.zip HTTP/1.1" 206 130231
83.195.21.243 - - [04/Dec/2005:19:54:51 -0800] "GET /movies2/Aedhas_SB_Ector_NF_01_01.zip HTTP/1.1" 200 110118834
213.212.194.183 - - [04/Dec/2005:19:54:58 -0800] "GET /movies2/mof2.zip HTTP/1.1" 206 1074192
213.212.194.183 - - [04/Dec/2005:19:54:58 -0800] "GET /movies2/mof2.zip HTTP/1.1" 206 39111
213.212.194.183 - - [04/Dec/2005:19:55:04 -0800] "GET /movies2/mof2.zip HTTP/1.1" 206 606233
213.212.194.183 - - [04/Dec/2005:19:55:08 -0800] "GET /movies2/mof2.zip HTTP/1.1" 206 1365111
213.212.194.183 - - [04/Dec/2005:19:55:10 -0800] "GET /movies2/mof2.zip HTTP/1.1" 206 540951
213.212.194.183 - - [04/Dec/2005:19:55:25 -0800] "GET /movies2/mof2.zip HTTP/1.1" 206 297152
213.212.194.183 - - [04/Dec/2005:19:55:50 -0800] "GET /movies2/mof2.zip HTTP/1.1" 206 26871
213.212.194.183 - - [04/Dec/2005:19:55:52 -0800] "GET /movies2/mof2.zip HTTP/1.1" 206 1913191
213.212.194.183 - - [04/Dec/2005:19:56:01 -0800] "GET /movies2/mof2.zip HTTP/1.1" 206 808064
213.212.194.183 - - [04/Dec/2005:19:56:02 -0800] "GET /movies2/mof2.zip HTTP/1.1" 206 153353
213.212.194.183 - - [04/Dec/2005:19:56:09 -0800] "GET /movies2/mof2.zip HTTP/1.1" 206 615753
213.212.194.183 - - [04/Dec/2005:19:56:11 -0800] "GET /movies2/mof2.zip HTTP/1.1" 206 831616
213.212.194.183 - - [04/Dec/2005:19:56:28 -0800] "GET /movies2/mof2.zip HTTP/1.1" 206 1782432
213.212.194.183 - - [04/Dec/2005:19:56:37 -0800] "GET /movies2/mof2.zip HTTP/1.1" 206 342393
213.212.194.183 - - [04/Dec/2005:19:56:48 -0800] "GET /movies2/mof2.zip HTTP/1.1" 206 783552
213.212.194.183 - - [04/Dec/2005:19:57:00 -0800] "GET /movies2/mof2.zip HTTP/1.1" 206 51351
213.212.194.183 - - [04/Dec/2005:19:57:12 -0800] "GET /movies2/mof2.zip HTTP/1.1" 206 33673
213.212.194.183 - - [04/Dec/2005:19:57:20 -0800] "GET /movies2/mof2.zip HTTP/1.1" 206 447232
213.212.194.183 - - [04/Dec/2005:19:57:37 -0800] "GET /movies2/mof2.zip HTTP/1.1" 206 32312
213.212.194.183 - - [04/Dec/2005:19:57:45 -0800] "GET /movies2/mof2.zip HTTP/1.1" 206 403744
213.212.194.183 - - [04/Dec/2005:19:57:47 -0800] "GET /movies2/mof2.zip HTTP/1.1" 206 100311
213.212.194.183 - - [04/Dec/2005:19:58:12 -0800] "GET /movies2/mof2.zip HTTP/1.1" 206 1272080
213.212.194.183 - - [04/Dec/2005:19:58:14 -0800] "GET /movies2/mof2.zip HTTP/1.1" 206 24153
213.212.194.183 - - [04/Dec/2005:19:58:18 -0800] "GET /movies2/mof2.zip HTTP/1.1" 206 712544
213.212.194.183 - - [04/Dec/2005:19:58:20 -0800] "GET /movies2/mof2.zip HTTP/1.1" 206 418551
213.212.194.183 - - [04/Dec/2005:19:58:25 -0800] "GET /movies2/mof2.zip HTTP/1.1" 206 1001376
67.176.2.14 - - [04/Dec/2005:19:58:39 -0800] "GET /movies/Skillout.zip HTTP/1.1" 200 582460356
213.212.194.183 - - [04/Dec/2005:19:58:49 -0800] "GET /movies2/mof2.zip HTTP/1.1" 206 1723136
83.156.44.81 - - [04/Dec/2005:19:58:50 -0800] "GET /movies/Albion-igraine%20!.zip HTTP/1.1" 200 45774496
213.212.194.183 - - [04/Dec/2005:19:59:06 -0800] "GET /movies2/mof2.zip HTTP/1.1" 206 206391
213.212.194.183 - - [04/Dec/2005:19:59:28 -0800] "GET /movies2/mof2.zip HTTP/1.1" 206 643376
213.212.194.183 - - [04/Dec/2005:19:59:28 -0800] "GET /movies2/mof2.zip HTTP/1.1" 206 1057328
213.212.194.183 - - [04/Dec/2005:19:59:35 -0800] "GET /movies2/mof2.zip HTTP/1.1" 206 90793
213.212.194.183 - - [04/Dec/2005:19:59:48 -0800] "GET /movies2/mof2.zip HTTP/1.1" 206 70391
213.212.194.183 - - [04/Dec/2005:19:59:57 -0800] "GET /movies2/mof2.zip HTTP/1.1" 206 1095952
213.212.194.183 - - [04/Dec/2005:19:59:58 -0800] "GET /movies2/mof2.zip HTTP/1.1" 206 18711
80.130.71.73 - - [04/Dec/2005:20:00:03 -0800] "GET /movies2/Ein%20Tag%20Dartmoor%20Hib.zip HTTP/1.1" 200 76328
213.212.194.183 - - [04/Dec/2005:20:00:06 -0800] "GET /movies2/mof2.zip HTTP/1.1" 206 1722560
213.212.194.183 - - [04/Dec/2005:20:00:12 -0800] "GET /movies2/mof2.zip HTTP/1.1" 206 1325824
213.212.194.183 - - [04/Dec/2005:20:00:53 -0800] "GET /movies2/mof2.zip HTTP/1.1" 206 471328
213.212.194.183 - - [04/Dec/2005:20:00:55 -0800] "GET /movies2/mof2.zip HTTP/1.1" 206 221351
213.212.194.183 - - [04/Dec/2005:20:01:06 -0800] "GET /movies2/mof2.zip HTTP/1.1" 206 3447168
213.212.194.183 - - [04/Dec/2005:20:01:17 -0800] "GET /movies2/mof2.zip HTTP/1.1" 206 1071353
81.19.254.83 - - [04/Dec/2005:20:01:21 -0800] "GET /favicon.ico HTTP/1.1" 404 283
213.212.194.183 - - [04/Dec/2005:20:01:22 -0800] "GET /movies2/mof2.zip HTTP/1.1" 206 706656
213.212.194.183 - - [04/Dec/2005:20:01:26 -0800] "GET /movies2/mof2.zip HTTP/1.1" 206 920288
213.212.194.183 - - [04/Dec/2005:20:01:26 -0800] "GET /movies2/mof2.zip HTTP/1.1" 206 411751
213.212.194.183 - - [04/Dec/2005:20:01:42 -0800] "GET /movies2/mof2.zip HTTP/1.1" 206 769433
80.136.162.60 - - [04/Dec/2005:20:01:42 -0800] "GET /movies/Alb-Merlin.zip HTTP/1.1" 200 110362111
213.212.194.183 - - [04/Dec/2005:20:01:53 -0800] "GET /movies2/mof2.zip HTTP/1.1" 206 48633
213.212.194.183 - - [04/Dec/2005:20:02:01 -0800] "GET /movies2/mof2.zip HTTP/1.1" 206 183888
213.212.194.183 - - [04/Dec/2005:20:02:21 -0800] "GET /movies2/mof2.zip HTTP/1.1" 206 389664
213.212.194.183 - - [04/Dec/2005:20:02:35 -0800] "GET /movies2/mof2.zip HTTP/1.1" 206 523271
213.212.194.183 - - [04/Dec/2005:20:02:35 -0800] "GET /movies2/mof2.zip HTTP/1.1" 206 146553
213.212.194.183 - - [04/Dec/2005:20:02:35 -0800] "GET /movies2/mof2.zip HTTP/1.1" 206 17353
213.212.194.183 - - [04/Dec/2005:20:02:43 -0800] "GET /movies2/mof2.zip HTTP/1.1" 206 833520
213.212.194.183 - - [04/Dec/2005:20:03:08 -0800] "GET /movies2/mof2.zip HTTP/1.1" 206 917671
