58.78.186.237 - - [04/Dec/2005:17:58:30 -0800] "GET /movies/ChosenGuardians-02.zip HTTP/1.1" 200 21591776
193.255.122.137 - - [04/Dec/2005:17:58:43 -0800] "GET /movies/AdNBombSquad-.zip HTTP/1.1" 206 32793
193.255.122.137 - - [04/Dec/2005:17:58:48 -0800] "GET /movies/AdNBombSquad-.zip HTTP/1.1" 206 76953
193.255.122.137 - - [04/Dec/2005:17:58:59 -0800] "GET /movies/AdNBombSquad-.zip HTTP/1.1" 206 47973
193.255.122.137 - - [04/Dec/2005:17:59:02 -0800] "GET /movies/AdNBombSquad-.zip HTTP/1.1" 206 16235
193.255.122.137 - - [04/Dec/2005:17:59:27 -0800] "GET /movies/AdNBombSquad-.zip HTTP/1.1" 206 17613
193.255.122.137 - - [04/Dec/2005:17:59:48 -0800] "GET /movies/AdNBombSquad-.zip HTTP/1.1" 206 61773
193.255.122.137 - - [04/Dec/2005:18:00:02 -0800] "GET /movies/AdNBombSquad-.zip HTTP/1.1" 206 23133
193.255.122.137 - - [04/Dec/2005:18:00:03 -0800] "GET /movies/AdNBombSquad-.zip HTTP/1.1" 206 36935
84.167.83.65 - - [04/Dec/2005:18:00:11 -0800] "GET /movies2/Addiction%20-%20Not%20Uber%20Yet.zip HTTP/1.1" 200 190042682
193.255.122.137 - - [04/Dec/2005:18:00:47 -0800] "GET /movies/AdNBombSquad-.zip HTTP/1.1" 206 25892
193.255.122.137 - - [04/Dec/2005:18:01:08 -0800] "GET /movies/AdNBombSquad-.zip HTTP/1.1" 206 34175
193.255.122.137 - - [04/Dec/2005:18:01:21 -0800] "GET /movies/AdNBombSquad-.zip HTTP/1.1" 206 20373
193.255.122.137 - - [04/Dec/2005:18:01:33 -0800] "GET /movies/AdNBombSquad-.zip HTTP/1.1" 206 49353
193.255.122.137 - - [04/Dec/2005:18:01:57 -0800] "GET /movies/AdNBombSquad-.zip HTTP/1.1" 206 136293
12.216.142.251 - - [04/Dec/2005:18:02:10 -0800] "GET /movies/Life%20of%20a%20Runemaster.zip HTTP/1.1" 200 27418
193.255.122.137 - - [04/Dec/2005:18:02:20 -0800] "GET /movies/AdNBombSquad-.zip HTTP/1.1" 206 63152
193.255.122.137 - - [04/Dec/2005:18:02:20 -0800] "GET /movies/AdNBombSquad-.zip HTTP/1.1" 206 111453
67.83.186.129 - - [04/Dec/2005:18:02:29 -0800] "GET /movies/Nukey_v1.zip HTTP/1.1" 200 1537634
193.255.122.137 - - [04/Dec/2005:18:02:30 -0800] "GET /movies/AdNBombSquad-.zip HTTP/1.1" 206 14853
193.255.122.137 - - [04/Dec/2005:18:02:32 -0800] "GET /movies/AdNBombSquad-.zip HTTP/1.1" 206 38313
193.255.122.137 - - [04/Dec/2005:18:02:42 -0800] "GET /movies/AdNBombSquad-.zip HTTP/1.1" 206 36933
193.255.122.137 - - [04/Dec/2005:18:03:17 -0800] "GET /movies/AdNBombSquad-.zip HTTP/1.1" 206 50733
193.255.122.137 - - [04/Dec/2005:18:03:29 -0800] "GET /movies/AdNBombSquad-.zip HTTP/1.1" 206 68672
84.98.43.153 - - [04/Dec/2005:18:03:34 -0800] "GET /movies/CelticFistHQ.zip HTTP/1.1" 200 281983072
193.255.122.137 - - [04/Dec/2005:18:03:44 -0800] "GET /movies/AdNBombSquad-.zip HTTP/1.1" 206 47973
193.255.122.137 - - [04/Dec/2005:18:04:38 -0800] "GET /movies/AdNBombSquad-.zip HTTP/1.1" 206 252213
193.255.122.137 - - [04/Dec/2005:18:04:41 -0800] "GET /movies/AdNBombSquad-.zip HTTP/1.1" 206 46593
24.231.219.87 - - [04/Dec/2005:18:04:44 -0800] "GET /movies2/sepp_0001.zip HTTP/1.1" 200 18144822
193.255.122.137 - - [04/Dec/2005:18:04:56 -0800] "GET /movies/AdNBombSquad-.zip HTTP/1.1" 206 170795
193.255.122.137 - - [04/Dec/2005:18:05:07 -0800] "GET /movies/AdNBombSquad-.zip HTTP/1.1" 206 21753
193.255.122.137 - - [04/Dec/2005:18:05:13 -0800] "GET /movies/AdNBombSquad-.zip HTTP/1.1" 206 269836
193.255.122.137 - - [04/Dec/2005:18:05:36 -0800] "GET /movies/AdNBombSquad-.zip HTTP/1.1" 206 64533
193.255.122.137 - - [04/Dec/2005:18:05:36 -0800] "GET /movies/AdNBombSquad-.zip HTTP/1.1" 206 38313
193.255.122.137 - - [04/Dec/2005:18:05:41 -0800] "GET /movies/AdNBombSquad-.zip HTTP/1.1" 206 14853
12.216.142.251 - - [04/Dec/2005:18:06:02 -0800] "GET /movies/Life%20of%20a%20Runemaster.zip HTTP/1.1" 206 14235040
193.255.122.137 - - [04/Dec/2005:18:06:05 -0800] "GET /movies/AdNBombSquad-.zip HTTP/1.1" 206 245313
193.255.122.137 - - [04/Dec/2005:18:06:48 -0800] "GET /movies/AdNBombSquad-.zip HTTP/1.1" 206 285333
193.255.122.137 - - [04/Dec/2005:18:06:56 -0800] "GET /movies/AdNBombSquad-.zip HTTP/1.1" 206 14853
193.255.122.137 - - [04/Dec/2005:18:07:05 -0800] "GET /movies/AdNBombSquad-.zip HTTP/1.1" 206 64533
84.178.113.149 - - [04/Dec/2005:18:07:30 -0800] "GET /movies2/maelstrom_cluster1.zip HTTP/1.1" 206 21585620
84.178.113.149 - - [04/Dec/2005:18:07:46 -0800] "GET /movies2/maelstrom_cluster1.zip HTTP/1.1" 206 21629472
193.255.122.137 - - [04/Dec/2005:18:07:52 -0800] "GET /movies/AdNBombSquad-.zip HTTP/1.1" 206 70053
84.178.113.149 - - [04/Dec/2005:18:07:53 -0800] "GET /movies2/maelstrom_cluster1.zip HTTP/1.1" 206 21624100
193.255.122.137 - - [04/Dec/2005:18:07:54 -0800] "GET /movies/AdNBombSquad-.zip HTTP/1.1" 206 71433
84.180.70.142 - - [04/Dec/2005:18:08:01 -0800] "GET /movies/Avalon_Sorc_Pzynom-1.zip HTTP/1.1" 200 134269920
84.178.113.149 - - [04/Dec/2005:18:08:02 -0800] "GET /movies2/maelstrom_cluster1.zip HTTP/1.1" 206 21625872
84.178.113.149 - - [04/Dec/2005:18:08:08 -0800] "GET /movies2/maelstrom_cluster1.zip HTTP/1.1" 206 21640392
193.255.122.137 - - [04/Dec/2005:18:08:11 -0800] "GET /movies/AdNBombSquad-.zip HTTP/1.1" 206 28652
84.178.113.149 - - [04/Dec/2005:18:08:14 -0800] "GET /movies2/maelstrom_cluster1.zip HTTP/1.1" 206 21637380
193.255.122.137 - - [04/Dec/2005:18:08:19 -0800] "GET /movies/AdNBombSquad-.zip HTTP/1.1" 206 27273
84.178.113.149 - - [04/Dec/2005:18:08:28 -0800] "GET /movies2/maelstrom_cluster1.zip HTTP/1.1" 206 21634584
84.178.113.149 - - [04/Dec/2005:18:08:44 -0800] "GET /movies2/maelstrom_cluster1.zip HTTP/1.1" 206 21628776
193.255.122.137 - - [04/Dec/2005:18:08:45 -0800] "GET /movies/AdNBombSquad-.zip HTTP/1.1" 206 63152
193.255.122.137 - - [04/Dec/2005:18:08:53 -0800] "GET /movies/AdNBombSquad-.zip HTTP/1.1" 206 25893
193.255.122.137 - - [04/Dec/2005:18:08:53 -0800] "GET /movies/AdNBombSquad-.zip HTTP/1.1" 206 97653
193.255.122.137 - - [04/Dec/2005:18:09:01 -0800] "GET /movies/AdNBombSquad-.zip HTTP/1.1" 206 27273
193.255.122.137 - - [04/Dec/2005:18:09:02 -0800] "GET /movies/AdNBombSquad-.zip HTTP/1.1" 206 72813
193.255.122.137 - - [04/Dec/2005:18:09:06 -0800] "GET /movies/AdNBombSquad-.zip HTTP/1.1" 206 39693
193.255.122.137 - - [04/Dec/2005:18:09:13 -0800] "GET /movies/AdNBombSquad-.zip HTTP/1.1" 206 23133
84.217.11.191 - - [04/Dec/2005:18:09:25 -0800] "GET /movies/Warrior%20in%20BG.zip HTTP/1.1" 200 41435610
193.255.122.137 - - [04/Dec/2005:18:09:38 -0800] "GET /movies/AdNBombSquad-.zip HTTP/1.1" 206 21753
84.60.173.213 - - [04/Dec/2005:18:09:50 -0800] "GET /favicon.ico HTTP/1.1" 404 283
193.255.122.137 - - [04/Dec/2005:18:09:55 -0800] "GET /movies/AdNBombSquad-.zip HTTP/1.1" 206 212195
217.85.229.154 - - [04/Dec/2005:18:10:12 -0800] "GET /movies/ValiantGlory.zip HTTP/1.1" 200 219007828
193.255.122.137 - - [04/Dec/2005:18:10:14 -0800] "GET /movies/AdNBombSquad-.zip HTTP/1.1" 206 59013
69.231.51.252 - - [04/Dec/2005:18:10:28 -0800] "GET /movies/DREAMOVIE.zip HTTP/1.1" 200 190298852
193.255.122.137 - - [04/Dec/2005:18:10:33 -0800] "GET /movies/AdNBombSquad-.zip HTTP/1.1" 206 42453
193.255.122.137 - - [04/Dec/2005:18:10:35 -0800] "GET /movies/AdNBombSquad-.zip HTTP/1.1" 206 67293
193.255.122.137 - - [04/Dec/2005:18:10:43 -0800] "GET /movies/AdNBombSquad-.zip HTTP/1.1" 206 246692
193.255.122.137 - - [04/Dec/2005:18:10:46 -0800] "GET /movies/AdNBombSquad-.zip HTTP/1.1" 206 12093
193.255.122.137 - - [04/Dec/2005:18:10:57 -0800] "GET /movies/AdNBombSquad-.zip HTTP/1.1" 206 173553
84.143.208.72 - - [04/Dec/2005:18:11:03 -0800] "GET /movies2/Cilivielmovie5.zip HTTP/1.1" 200 495024
71.241.13.149 - - [04/Dec/2005:18:11:06 -0800] "GET /movies2/Solo%20vid.zip HTTP/1.1" 200 165724
193.255.122.137 - - [04/Dec/2005:18:11:20 -0800] "GET /movies/AdNBombSquad-.zip HTTP/1.1" 206 35553
80.171.186.41 - - [04/Dec/2005:18:11:35 -0800] "GET /movies2/maelstrom_cluster1.zip HTTP/1.0" 206 15523
80.171.186.41 - - [04/Dec/2005:18:11:41 -0800] "GET /movies2/maelstrom_cluster1.zip HTTP/1.1" 200 113930
193.255.122.137 - - [04/Dec/2005:18:11:43 -0800] "GET /movies/AdNBombSquad-.zip HTTP/1.1" 206 17613
80.171.186.41 - - [04/Dec/2005:18:11:43 -0800] "GET /movies2/maelstrom_cluster1.zip HTTP/1.0" 206 12879
213.212.194.183 - - [04/Dec/2005:18:12:02 -0800] "GET /movies2/mof2.zip HTTP/1.1" 200 0
193.255.122.137 - - [04/Dec/2005:18:12:14 -0800] "GET /movies/AdNBombSquad-.zip HTTP/1.1" 206 17612
84.178.113.149 - - [04/Dec/2005:18:12:25 -0800] "GET /movies2/maelstrom_cluster1.zip HTTP/1.1" 206 5239640
193.255.122.137 - - [04/Dec/2005:18:12:32 -0800] "GET /movies/AdNBombSquad-.zip HTTP/1.1" 206 52113
193.255.122.137 - - [04/Dec/2005:18:12:33 -0800] "GET /movies/AdNBombSquad-.zip HTTP/1.1" 206 133508
193.255.122.137 - - [04/Dec/2005:18:12:46 -0800] "GET /movies/AdNBombSquad-.zip HTTP/1.1" 206 162513
84.178.113.149 - - [04/Dec/2005:18:12:48 -0800] "GET /movies2/maelstrom_cluster1.zip HTTP/1.1" 206 5681852
84.178.113.149 - - [04/Dec/2005:18:12:53 -0800] "GET /movies2/maelstrom_cluster1.zip HTTP/1.1" 206 5720664
84.178.113.149 - - [04/Dec/2005:18:13:00 -0800] "GET /movies2/maelstrom_cluster1.zip HTTP/1.1" 200 27107308
65.6.135.58 - - [04/Dec/2005:18:13:00 -0800] "GET /movies2/sepp_0001.zip HTTP/1.1" 200 18144822
213.212.194.183 - - [04/Dec/2005:18:13:05 -0800] "GET /movies2/mof2.zip HTTP/1.1" 200 11918
84.178.113.149 - - [04/Dec/2005:18:13:06 -0800] "GET /movies2/maelstrom_cluster1.zip HTTP/1.1" 206 5099512
84.178.113.149 - - [04/Dec/2005:18:13:06 -0800] "GET /movies2/maelstrom_cluster1.zip HTTP/1.1" 206 6529124
193.255.122.137 - - [04/Dec/2005:18:13:07 -0800] "GET /movies/AdNBombSquad-.zip HTTP/1.1" 206 28653
193.255.122.137 - - [04/Dec/2005:18:13:13 -0800] "GET /movies/AdNBombSquad-.zip HTTP/1.1" 206 39692
213.212.194.183 - - [04/Dec/2005:18:13:16 -0800] "GET /movies2/mof2.zip HTTP/1.1" 206 23361
193.255.122.137 - - [04/Dec/2005:18:13:16 -0800] "GET /movies/AdNBombSquad-.zip HTTP/1.1" 206 86612
84.178.113.149 - - [04/Dec/2005:18:13:17 -0800] "GET /movies2/maelstrom_cluster1.zip HTTP/1.1" 206 25936860
84.178.113.149 - - [04/Dec/2005:18:13:27 -0800] "GET /movies2/maelstrom_cluster1.zip HTTP/1.1" 206 5488432
193.255.122.137 - - [04/Dec/2005:18:13:31 -0800] "GET /movies/AdNBombSquad-.zip HTTP/1.1" 206 79713
81.240.116.253 - - [04/Dec/2005:18:13:32 -0800] "GET /movies2/Camlann%20Shadow%20Zone.zip HTTP/1.1" 200 9135484
193.255.122.137 - - [04/Dec/2005:18:13:44 -0800] "GET /movies/AdNBombSquad-.zip HTTP/1.1" 206 35553
193.255.122.137 - - [04/Dec/2005:18:13:46 -0800] "GET /movies/AdNBombSquad-.zip HTTP/1.1" 206 108693
193.255.122.137 - - [04/Dec/2005:18:13:47 -0800] "GET /movies/AdNBombSquad-.zip HTTP/1.1" 206 53492
82.57.42.20 - - [04/Dec/2005:18:13:55 -0800] "GET /movies/Achtung%20Baby%20II%20-%20March%201.zip HTTP/1.1" 200 4427858
193.255.122.137 - - [04/Dec/2005:18:13:57 -0800] "GET /movies/AdNBombSquad-.zip HTTP/1.1" 206 202533
84.178.113.149 - - [04/Dec/2005:18:13:58 -0800] "GET /movies2/maelstrom_cluster1.zip HTTP/1.1" 206 1473152
84.178.113.149 - - [04/Dec/2005:18:14:00 -0800] "GET /movies2/maelstrom_cluster1.zip HTTP/1.1" 206 1317680
84.178.113.149 - - [04/Dec/2005:18:14:09 -0800] "GET /movies2/maelstrom_cluster1.zip HTTP/1.1" 206 27335840
193.255.122.137 - - [04/Dec/2005:18:14:13 -0800] "GET /movies/AdNBombSquad-.zip HTTP/1.1" 206 45213
84.178.113.149 - - [04/Dec/2005:18:14:18 -0800] "GET /movies2/maelstrom_cluster1.zip HTTP/1.1" 206 949176
84.178.113.149 - - [04/Dec/2005:18:14:18 -0800] "GET /movies2/maelstrom_cluster1.zip HTTP/1.1" 206 1598052
84.178.113.149 - - [04/Dec/2005:18:14:19 -0800] "GET /movies2/maelstrom_cluster1.zip HTTP/1.1" 206 1205336
84.178.113.149 - - [04/Dec/2005:18:14:23 -0800] "GET /movies2/maelstrom_cluster1.zip HTTP/1.1" 206 1446532
84.178.113.149 - - [04/Dec/2005:18:14:24 -0800] "GET /movies2/maelstrom_cluster1.zip HTTP/1.1" 206 583576
193.255.122.137 - - [04/Dec/2005:18:14:25 -0800] "GET /movies/AdNBombSquad-.zip HTTP/1.1" 206 39693
84.178.113.149 - - [04/Dec/2005:18:14:26 -0800] "GET /movies2/maelstrom_cluster1.zip HTTP/1.1" 206 2466564
84.178.113.149 - - [04/Dec/2005:18:14:28 -0800] "GET /movies2/maelstrom_cluster1.zip HTTP/1.1" 206 359468
84.178.113.149 - - [04/Dec/2005:18:14:30 -0800] "GET /movies2/maelstrom_cluster1.zip HTTP/1.1" 206 1964124
84.178.113.149 - - [04/Dec/2005:18:14:30 -0800] "GET /movies2/maelstrom_cluster1.zip HTTP/1.1" 206 7843076
84.178.113.149 - - [04/Dec/2005:18:14:32 -0800] "GET /movies2/maelstrom_cluster1.zip HTTP/1.1" 206 875280
84.178.113.149 - - [04/Dec/2005:18:14:34 -0800] "GET /movies2/maelstrom_cluster1.zip HTTP/1.1" 206 6717888
84.178.113.149 - - [04/Dec/2005:18:14:37 -0800] "GET /movies2/maelstrom_cluster1.zip HTTP/1.1" 206 29176272
84.178.113.149 - - [04/Dec/2005:18:14:38 -0800] "GET /movies2/maelstrom_cluster1.zip HTTP/1.1" 206 1816304
12.207.199.207 - - [04/Dec/2005:18:14:44 -0800] "GET /movies/painfoolmovie.zip HTTP/1.1" 200 80207704
213.212.194.183 - - [04/Dec/2005:18:14:47 -0800] "GET /movies2/mof2.zip HTTP/1.1" 206 25511
193.255.122.137 - - [04/Dec/2005:18:14:55 -0800] "GET /movies/AdNBombSquad-.zip HTTP/1.1" 206 59013
213.212.194.183 - - [04/Dec/2005:18:15:07 -0800] "GET /movies2/mof2.zip HTTP/1.1" 206 324896
213.212.194.183 - - [04/Dec/2005:18:15:15 -0800] "GET /movies2/mof2.zip HTTP/1.1" 206 11911
193.255.122.137 - - [04/Dec/2005:18:15:15 -0800] "GET /movies/AdNBombSquad-.zip HTTP/1.1" 206 287628
213.212.194.183 - - [04/Dec/2005:18:15:15 -0800] "GET /movies2/mof2.zip HTTP/1.1" 206 287993
213.212.194.183 - - [04/Dec/2005:18:15:29 -0800] "GET /movies2/mof2.zip HTTP/1.1" 206 214553
213.212.194.183 - - [04/Dec/2005:18:15:30 -0800] "GET /movies2/mof2.zip HTTP/1.1" 206 494718
213.212.194.183 - - [04/Dec/2005:18:16:00 -0800] "GET /movies2/mof2.zip HTTP/1.1" 206 501120
213.212.194.183 - - [04/Dec/2005:18:16:01 -0800] "GET /movies2/mof2.zip HTTP/1.1" 206 527353
213.212.194.183 - - [04/Dec/2005:18:16:06 -0800] "GET /movies2/mof2.zip HTTP/1.1" 206 258072
213.212.194.183 - - [04/Dec/2005:18:16:06 -0800] "GET /movies2/mof2.zip HTTP/1.1" 206 563088
213.212.194.183 - - [04/Dec/2005:18:16:13 -0800] "GET /movies2/mof2.zip HTTP/1.1" 206 378400
193.255.122.137 - - [04/Dec/2005:18:16:19 -0800] "GET /movies/AdNBombSquad-.zip HTTP/1.1" 206 145954
213.212.194.183 - - [04/Dec/2005:18:16:27 -0800] "GET /movies2/mof2.zip HTTP/1.1" 206 470384
213.212.194.183 - - [04/Dec/2005:18:16:39 -0800] "GET /movies2/mof2.zip HTTP/1.1" 206 81272
193.255.122.137 - - [04/Dec/2005:18:16:48 -0800] "GET /movies/AdNBombSquad-.zip HTTP/1.1" 206 57633
84.167.83.65 - - [04/Dec/2005:18:16:49 -0800] "GET /movies/Nosgoth_Untouchabel.zip HTTP/1.1" 200 91310637
71.241.13.149 - - [04/Dec/2005:18:17:12 -0800] "GET /movies2/ValiantGlory2.zip HTTP/1.1" 200 179726
144.122.155.55 - - [04/Dec/2005:18:17:12 -0800] "GET /movies/Asberic2.zip HTTP/1.1" 206 22509698
213.212.194.183 - - [04/Dec/2005:18:17:19 -0800] "GET /movies2/mof2.zip HTTP/1.1" 206 78552
213.212.194.183 - - [04/Dec/2005:18:17:22 -0800] "GET /movies2/mof2.zip HTTP/1.1" 206 460718
213.212.194.183 - - [04/Dec/2005:18:17:31 -0800] "GET /movies2/mof2.zip HTTP/1.1" 206 825191
144.122.155.55 - - [04/Dec/2005:18:17:31 -0800] "GET /movies/Asberic2.zip HTTP/1.1" 206 22509698
213.212.194.183 - - [04/Dec/2005:18:17:35 -0800] "GET /movies2/mof2.zip HTTP/1.1" 206 20071
213.212.194.183 - - [04/Dec/2005:18:17:37 -0800] "GET /movies2/mof2.zip HTTP/1.1" 206 433511
193.255.122.137 - - [04/Dec/2005:18:17:53 -0800] "GET /movies/AdNBombSquad-.zip HTTP/1.1" 206 27273
193.255.122.137 - - [04/Dec/2005:18:18:02 -0800] "GET /movies/AdNBombSquad-.zip HTTP/1.1" 206 39756
144.122.155.55 - - [04/Dec/2005:18:18:04 -0800] "GET /movies/Asberic2.zip HTTP/1.1" 206 22509700
193.255.122.137 - - [04/Dec/2005:18:18:12 -0800] "GET /movies/AdNBombSquad-.zip HTTP/1.1" 206 76953
144.122.155.55 - - [04/Dec/2005:18:18:14 -0800] "GET /movies/Asberic2.zip HTTP/1.1" 206 22509698
24.7.148.14 - - [04/Dec/2005:18:18:18 -0800] "GET /movies/5v5night.zip HTTP/1.1" 200 2146304
213.212.194.183 - - [04/Dec/2005:18:18:19 -0800] "GET /movies2/mof2.zip HTTP/1.1" 206 394071
213.212.194.183 - - [04/Dec/2005:18:18:21 -0800] "GET /movies2/mof2.zip HTTP/1.1" 206 225433
144.122.155.55 - - [04/Dec/2005:18:18:48 -0800] "GET /movies/Asberic2.zip HTTP/1.1" 206 22509698
213.212.194.183 - - [04/Dec/2005:18:18:58 -0800] "GET /movies2/mof2.zip HTTP/1.1" 206 286633
213.212.194.183 - - [04/Dec/2005:18:18:58 -0800] "GET /movies2/mof2.zip HTTP/1.1" 206 558631
213.212.194.183 - - [04/Dec/2005:18:19:04 -0800] "GET /movies2/mof2.zip HTTP/1.1" 206 272608
69.51.205.167 - - [04/Dec/2005:18:19:07 -0800] "GET /movies/Orc.zip HTTP/1.1" 200 261257765
193.255.122.137 - - [04/Dec/2005:18:19:11 -0800] "GET /movies/AdNBombSquad-.zip HTTP/1.1" 206 300513
193.255.122.137 - - [04/Dec/2005:18:19:12 -0800] "GET /movies/AdNBombSquad-.zip HTTP/1.1" 206 25893
213.212.194.183 - - [04/Dec/2005:18:19:28 -0800] "GET /movies2/mof2.zip HTTP/1.1" 206 817031
193.255.122.137 - - [04/Dec/2005:18:19:30 -0800] "GET /movies/AdNBombSquad-.zip HTTP/1.1" 206 72813
213.212.194.183 - - [04/Dec/2005:18:19:41 -0800] "GET /movies2/mof2.zip HTTP/1.1" 206 373671
213.212.194.183 - - [04/Dec/2005:18:19:44 -0800] "GET /movies2/mof2.zip HTTP/1.1" 206 761271
213.212.194.183 - - [04/Dec/2005:18:19:52 -0800] "GET /movies2/mof2.zip HTTP/1.1" 206 722720
213.212.194.183 - - [04/Dec/2005:18:19:56 -0800] "GET /movies2/mof2.zip HTTP/1.1" 206 381832
69.92.48.50 - - [04/Dec/2005:18:19:57 -0800] "GET /movies/8v22.zip HTTP/1.1" 200 23913463
213.212.194.183 - - [04/Dec/2005:18:20:06 -0800] "GET /movies2/mof2.zip HTTP/1.1" 206 483833
213.212.194.183 - - [04/Dec/2005:18:20:06 -0800] "GET /movies2/mof2.zip HTTP/1.1" 206 24151
24.202.24.152 - - [04/Dec/2005:18:20:29 -0800] "GET /movies/Orc.zip HTTP/1.1" 200 261257765
62.216.104.189 - - [04/Dec/2005:18:20:32 -0800] "GET /movies/foxwings_vol3.2.zip HTTP/1.1" 200 281385452
84.143.208.72 - - [04/Dec/2005:18:20:34 -0800] "GET /movies2/Cilivielmovie5.zip HTTP/1.1" 200 944908
213.212.194.183 - - [04/Dec/2005:18:20:36 -0800] "GET /movies2/mof2.zip HTTP/1.1" 206 24153
213.212.194.183 - - [04/Dec/2005:18:20:36 -0800] "GET /movies2/mof2.zip HTTP/1.1" 206 126928
213.212.194.183 - - [04/Dec/2005:18:20:54 -0800] "GET /movies2/mof2.zip HTTP/1.1" 206 372311
213.212.194.183 - - [04/Dec/2005:18:21:05 -0800] "GET /movies2/mof2.zip HTTP/1.1" 206 780311
193.255.122.137 - - [04/Dec/2005:18:21:06 -0800] "GET /movies/AdNBombSquad-.zip HTTP/1.1" 206 18993
213.212.194.183 - - [04/Dec/2005:18:21:17 -0800] "GET /movies2/mof2.zip HTTP/1.1" 206 32311
83.153.247.254 - - [04/Dec/2005:18:21:21 -0800] "GET /movies/PronwanIII.zip HTTP/1.1" 200 139827960
193.255.122.137 - - [04/Dec/2005:18:21:28 -0800] "GET /movies/AdNBombSquad-.zip HTTP/1.1" 206 75196
213.212.194.183 - - [04/Dec/2005:18:21:31 -0800] "GET /movies2/mof2.zip HTTP/1.1" 206 1174711
69.168.205.126 - - [04/Dec/2005:18:21:51 -0800] "GET /movies2/sepp_0001.zip HTTP/1.1" 200 439140
213.212.194.183 - - [04/Dec/2005:18:22:11 -0800] "GET /movies2/mof2.zip HTTP/1.1" 206 18711
213.212.194.183 - - [04/Dec/2005:18:22:13 -0800] "GET /movies2/mof2.zip HTTP/1.1" 206 190071
193.255.122.137 - - [04/Dec/2005:18:22:26 -0800] "GET /movies/AdNBombSquad-.zip HTTP/1.1" 206 319834
213.212.194.183 - - [04/Dec/2005:18:22:35 -0800] "GET /movies2/mof2.zip HTTP/1.1" 206 1052311
84.143.208.72 - - [04/Dec/2005:18:22:41 -0800] "GET /movies2/Cilivielmovie5.zip HTTP/1.1" 200 12746
213.212.194.183 - - [04/Dec/2005:18:22:49 -0800] "GET /movies2/mof2.zip HTTP/1.1" 206 292064
213.212.194.183 - - [04/Dec/2005:18:22:49 -0800] "GET /movies2/mof2.zip HTTP/1.1" 206 196871
84.58.151.177 - - [04/Dec/2005:18:22:55 -0800] "GET /movies2/ValiantGlory2.zip HTTP/1.1" 200 103732010
213.212.194.183 - - [04/Dec/2005:18:22:57 -0800] "GET /movies2/mof2.zip HTTP/1.1" 206 33671
213.212.194.183 - - [04/Dec/2005:18:23:02 -0800] "GET /movies2/mof2.zip HTTP/1.1" 206 551835
193.255.122.137 - - [04/Dec/2005:18:23:04 -0800] "GET /movies/AdNBombSquad-.zip HTTP/1.1" 206 75573
193.255.122.137 - - [04/Dec/2005:18:23:19 -0800] "GET /movies/AdNBombSquad-.zip HTTP/1.1" 206 710373
213.212.194.183 - - [04/Dec/2005:18:23:19 -0800] "GET /movies2/mof2.zip HTTP/1.1" 206 1303911
213.212.194.183 - - [04/Dec/2005:18:23:32 -0800] "GET /movies2/mof2.zip HTTP/1.1" 206 787112
213.212.194.183 - - [04/Dec/2005:18:23:33 -0800] "GET /movies2/mof2.zip HTTP/1.1" 206 1476631
193.255.122.137 - - [04/Dec/2005:18:23:36 -0800] "GET /movies/AdNBombSquad-.zip HTTP/1.1" 206 49353
213.212.194.183 - - [04/Dec/2005:18:23:44 -0800] "GET /movies2/mof2.zip HTTP/1.1" 206 807511
80.139.235.114 - - [04/Dec/2005:18:23:57 -0800] "GET /movies/FC%20Tank%20Video%202.ace HTTP/1.1" 200 71516827
84.98.43.153 - - [04/Dec/2005:18:24:04 -0800] "GET /movies/NS.zip HTTP/1.1" 200 316884137
24.185.224.55 - - [04/Dec/2005:18:24:04 -0800] "GET /movies/Galid.zip HTTP/1.1" 200 324017020
213.212.194.183 - - [04/Dec/2005:18:24:07 -0800] "GET /movies2/mof2.zip HTTP/1.1" 206 260795
193.255.122.137 - - [04/Dec/2005:18:24:08 -0800] "GET /movies/AdNBombSquad-.zip HTTP/1.1" 206 383313
193.255.122.137 - - [04/Dec/2005:18:24:22 -0800] "GET /movies/AdNBombSquad-.zip HTTP/1.1" 206 257733
213.212.194.183 - - [04/Dec/2005:18:24:33 -0800] "GET /movies2/mof2.zip HTTP/1.1" 206 240224
193.255.122.137 - - [04/Dec/2005:18:24:37 -0800] "GET /movies/AdNBombSquad-.zip HTTP/1.1" 206 34173
213.212.194.183 - - [04/Dec/2005:18:24:40 -0800] "GET /movies2/mof2.zip HTTP/1.1" 206 1186000
213.212.194.183 - - [04/Dec/2005:18:24:40 -0800] "GET /movies2/mof2.zip HTTP/1.1" 206 293431
68.42.125.177 - - [04/Dec/2005:18:24:52 -0800] "GET /movies2/World_Of_Roguecraft_Episode_3.zip HTTP/1.1" 200 15682188
213.212.194.183 - - [04/Dec/2005:18:25:06 -0800] "GET /movies2/mof2.zip HTTP/1.1" 206 369591
213.212.194.183 - - [04/Dec/2005:18:25:33 -0800] "GET /movies2/mof2.zip HTTP/1.1" 206 1189168
213.212.194.183 - - [04/Dec/2005:18:25:38 -0800] "GET /movies2/mof2.zip HTTP/1.1" 206 672871
213.212.194.183 - - [04/Dec/2005:18:26:03 -0800] "GET /movies2/mof2.zip HTTP/1.1" 206 655191
209.173.211.82 - - [04/Dec/2005:18:26:20 -0800] "GET /movies2/sepp_0001.zip HTTP/1.1" 200 18144822
213.212.194.183 - - [04/Dec/2005:18:26:30 -0800] "GET /movies2/mof2.zip HTTP/1.1" 206 638624
130.126.87.31 - - [04/Dec/2005:18:26:31 -0800] "GET /movies2/FUN.zip HTTP/1.1" 200 151547884
213.212.194.183 - - [04/Dec/2005:18:26:32 -0800] "GET /movies2/mof2.zip HTTP/1.1" 206 367056
213.212.194.183 - - [04/Dec/2005:18:26:36 -0800] "GET /movies2/mof2.zip HTTP/1.1" 206 2004311
213.212.194.183 - - [04/Dec/2005:18:26:37 -0800] "GET /movies2/mof2.zip HTTP/1.1" 206 430791
213.212.194.183 - - [04/Dec/2005:18:26:40 -0800] "GET /movies2/mof2.zip HTTP/1.1" 206 691632
213.212.194.183 - - [04/Dec/2005:18:26:42 -0800] "GET /movies2/mof2.zip HTTP/1.1" 206 1767671
193.255.122.137 - - [04/Dec/2005:18:26:52 -0800] "GET /movies/AdNBombSquad-.zip HTTP/1.1" 206 373653
213.212.194.183 - - [04/Dec/2005:18:26:54 -0800] "GET /movies2/mof2.zip HTTP/1.1" 206 54073
193.255.122.137 - - [04/Dec/2005:18:26:55 -0800] "GET /movies/AdNBombSquad-.zip HTTP/1.1" 206 413648
213.212.194.183 - - [04/Dec/2005:18:27:03 -0800] "GET /movies2/mof2.zip HTTP/1.1" 206 1369024
213.212.194.183 - - [04/Dec/2005:18:27:18 -0800] "GET /movies2/mof2.zip HTTP/1.1" 206 434874
213.212.194.183 - - [04/Dec/2005:18:27:19 -0800] "GET /movies2/mof2.zip HTTP/1.1" 206 1925431
213.212.194.183 - - [04/Dec/2005:18:27:33 -0800] "GET /movies2/mof2.zip HTTP/1.1" 206 1050953
213.212.194.183 - - [04/Dec/2005:18:27:37 -0800] "GET /movies2/mof2.zip HTTP/1.1" 206 361431
213.212.194.183 - - [04/Dec/2005:18:27:39 -0800] "GET /movies2/mof2.zip HTTP/1.1" 206 29593
193.255.122.137 - - [04/Dec/2005:18:27:40 -0800] "GET /movies/AdNBombSquad-.zip HTTP/1.1" 206 56253
213.212.194.183 - - [04/Dec/2005:18:27:40 -0800] "GET /movies2/mof2.zip HTTP/1.1" 206 436352
193.255.122.137 - - [04/Dec/2005:18:28:05 -0800] "GET /movies/AdNBombSquad-.zip HTTP/1.1" 206 1190613
213.212.194.183 - - [04/Dec/2005:18:28:10 -0800] "GET /movies2/mof2.zip HTTP/1.1" 206 1037352
193.255.122.137 - - [04/Dec/2005:18:28:12 -0800] "GET /movies/AdNBombSquad-.zip HTTP/1.1" 206 17614
213.212.194.183 - - [04/Dec/2005:18:28:14 -0800] "GET /movies2/mof2.zip HTTP/1.1" 206 338304
193.255.122.137 - - [04/Dec/2005:18:28:23 -0800] "GET /movies/AdNBombSquad-.zip HTTP/1.1" 206 93513
213.212.194.183 - - [04/Dec/2005:18:28:29 -0800] "GET /movies2/mof2.zip HTTP/1.1" 206 251888
84.217.11.191 - - [04/Dec/2005:18:28:36 -0800] "GET /movies2/BloodBath1.zip HTTP/1.1" 200 66462259
213.212.194.183 - - [04/Dec/2005:18:28:36 -0800] "GET /movies2/mof2.zip HTTP/1.1" 206 694496
213.212.194.183 - - [04/Dec/2005:18:28:42 -0800] "GET /movies2/mof2.zip HTTP/1.1" 206 460711
193.255.122.137 - - [04/Dec/2005:18:28:48 -0800] "GET /movies/AdNBombSquad-.zip HTTP/1.1" 206 450908
213.212.194.183 - - [04/Dec/2005:18:28:49 -0800] "GET /movies2/mof2.zip HTTP/1.1" 206 1361031
213.212.194.183 - - [04/Dec/2005:18:29:04 -0800] "GET /movies2/mof2.zip HTTP/1.1" 206 92768
193.255.122.137 - - [04/Dec/2005:18:29:06 -0800] "GET /movies/AdNBombSquad-.zip HTTP/1.1" 206 27273
213.212.194.183 - - [04/Dec/2005:18:29:14 -0800] "GET /movies2/mof2.zip HTTP/1.1" 206 259433
193.255.122.137 - - [04/Dec/2005:18:29:46 -0800] "GET /movies/AdNBombSquad-.zip HTTP/1.1" 206 485820
80.63.65.102 - - [04/Dec/2005:18:29:58 -0800] "GET /movies/ChosenGuardians-02.zip HTTP/1.1" 200 173829680
213.212.194.183 - - [04/Dec/2005:18:29:59 -0800] "GET /movies2/mof2.zip HTTP/1.1" 206 1244464
193.255.122.137 - - [04/Dec/2005:18:29:59 -0800] "GET /movies/AdNBombSquad-.zip HTTP/1.1" 206 1213408
193.255.122.137 - - [04/Dec/2005:18:30:00 -0800] "GET /movies/AdNBombSquad-.zip HTTP/1.1" 206 104552
85.124.179.212 - - [04/Dec/2005:18:30:08 -0800] "GET /movies/hattrick.zip HTTP/1.1" 200 30004544
213.212.194.183 - - [04/Dec/2005:18:30:08 -0800] "GET /movies2/mof2.zip HTTP/1.1" 206 1641193
213.212.194.183 - - [04/Dec/2005:18:30:17 -0800] "GET /movies2/mof2.zip HTTP/1.1" 206 475673
213.212.194.183 - - [04/Dec/2005:18:30:23 -0800] "GET /movies2/mof2.zip HTTP/1.1" 206 464791
193.255.122.137 - - [04/Dec/2005:18:30:24 -0800] "GET /movies/AdNBombSquad-.zip HTTP/1.1" 206 52113
12.207.199.207 - - [04/Dec/2005:18:30:24 -0800] "GET /movies/bloodinbloodout.zip HTTP/1.1" 200 154127864
213.212.194.183 - - [04/Dec/2005:18:30:27 -0800] "GET /movies2/mof2.zip HTTP/1.1" 206 139751
213.212.194.183 - - [04/Dec/2005:18:30:27 -0800] "GET /movies2/mof2.zip HTTP/1.1" 206 321991
193.255.122.137 - - [04/Dec/2005:18:30:33 -0800] "GET /movies/AdNBombSquad-.zip HTTP/1.1" 206 17613
213.212.194.183 - - [04/Dec/2005:18:30:33 -0800] "GET /movies2/mof2.zip HTTP/1.1" 206 1547632
193.255.122.137 - - [04/Dec/2005:18:30:41 -0800] "GET /movies/AdNBombSquad-.zip HTTP/1.1" 206 112833
213.212.194.183 - - [04/Dec/2005:18:30:44 -0800] "GET /movies2/mof2.zip HTTP/1.1" 206 263511
193.255.122.137 - - [04/Dec/2005:18:30:48 -0800] "GET /movies/AdNBombSquad-.zip HTTP/1.1" 206 177694
193.255.122.137 - - [04/Dec/2005:18:30:53 -0800] "GET /movies/AdNBombSquad-.zip HTTP/1.1" 206 47974
144.122.155.55 - - [04/Dec/2005:18:30:58 -0800] "GET /movies2/caerleon.zip HTTP/1.1" 206 25325112
213.212.194.183 - - [04/Dec/2005:18:31:02 -0800] "GET /movies2/mof2.zip HTTP/1.1" 206 436234
213.212.194.183 - - [04/Dec/2005:18:31:09 -0800] "GET /movies2/mof2.zip HTTP/1.1" 206 1100176
193.255.122.137 - - [04/Dec/2005:18:31:11 -0800] "GET /movies/AdNBombSquad-.zip HTTP/1.1" 206 624813
213.212.194.183 - - [04/Dec/2005:18:31:11 -0800] "GET /movies2/mof2.zip HTTP/1.1" 206 21431
213.212.194.183 - - [04/Dec/2005:18:31:12 -0800] "GET /movies2/mof2.zip HTTP/1.1" 206 1300576
213.212.194.183 - - [04/Dec/2005:18:31:12 -0800] "GET /movies2/mof2.zip HTTP/1.1" 206 528704
193.255.122.137 - - [04/Dec/2005:18:31:19 -0800] "GET /movies/AdNBombSquad-.zip HTTP/1.1" 206 68673
213.212.194.183 - - [04/Dec/2005:18:31:35 -0800] "GET /movies2/mof2.zip HTTP/1.1" 206 52713
193.255.122.137 - - [04/Dec/2005:18:31:35 -0800] "GET /movies/AdNBombSquad-.zip HTTP/1.1" 206 18992
24.164.89.13 - - [04/Dec/2005:18:31:44 -0800] "GET /movies/2%20Tage%20RVR%20-%20Logres%20Hib.zip HTTP/1.1" 200 36333229
193.255.122.137 - - [04/Dec/2005:18:31:49 -0800] "GET /movies/AdNBombSquad-.zip HTTP/1.1" 206 1401753
213.212.194.183 - - [04/Dec/2005:18:31:50 -0800] "GET /movies2/mof2.zip HTTP/1.1" 206 421712
213.212.194.183 - - [04/Dec/2005:18:31:55 -0800] "GET /movies2/mof2.zip HTTP/1.1" 206 15991
213.212.194.183 - - [04/Dec/2005:18:31:56 -0800] "GET /movies2/mof2.zip HTTP/1.1" 206 316551
193.255.122.137 - - [04/Dec/2005:18:31:58 -0800] "GET /movies/AdNBombSquad-.zip HTTP/1.1" 206 35553
193.255.122.137 - - [04/Dec/2005:18:31:58 -0800] "GET /movies/AdNBombSquad-.zip HTTP/1.1" 206 96272
213.212.194.183 - - [04/Dec/2005:18:32:00 -0800] "GET /movies2/mof2.zip HTTP/1.1" 206 28231
213.212.194.183 - - [04/Dec/2005:18:32:04 -0800] "GET /movies2/mof2.zip HTTP/1.1" 206 204608
213.212.194.183 - - [04/Dec/2005:18:32:06 -0800] "GET /movies2/mof2.zip HTTP/1.1" 206 49991
193.255.122.137 - - [04/Dec/2005:18:32:13 -0800] "GET /movies/AdNBombSquad-.zip HTTP/1.1" 206 165273
69.168.205.126 - - [04/Dec/2005:18:32:18 -0800] "GET /movies2/sepp_0001.zip HTTP/1.1" 200 18144822
213.212.194.183 - - [04/Dec/2005:18:32:42 -0800] "GET /movies2/mof2.zip HTTP/1.1" 206 1046864
213.212.194.183 - - [04/Dec/2005:18:32:48 -0800] "GET /movies2/mof2.zip HTTP/1.1" 206 77194
213.212.194.183 - - [04/Dec/2005:18:32:50 -0800] "GET /movies2/mof2.zip HTTP/1.1" 206 452551
213.212.194.183 - - [04/Dec/2005:18:33:07 -0800] "GET /movies2/mof2.zip HTTP/1.1" 206 433512
193.255.122.137 - - [04/Dec/2005:18:33:21 -0800] "GET /movies/AdNBombSquad-.zip HTTP/1.1" 206 332253
213.212.194.183 - - [04/Dec/2005:18:33:31 -0800] "GET /movies2/mof2.zip HTTP/1.1" 206 20074
193.255.122.137 - - [04/Dec/2005:18:33:35 -0800] "GET /movies/AdNBombSquad-.zip HTTP/1.1" 206 43833
213.212.194.183 - - [04/Dec/2005:18:33:37 -0800] "GET /movies2/mof2.zip HTTP/1.1" 206 912832
193.255.122.137 - - [04/Dec/2005:18:33:41 -0800] "GET /movies/AdNBombSquad-.zip HTTP/1.1" 206 17613
213.212.194.183 - - [04/Dec/2005:18:33:43 -0800] "GET /movies2/mof2.zip HTTP/1.1" 206 678311
213.212.194.183 - - [04/Dec/2005:18:33:45 -0800] "GET /movies2/mof2.zip HTTP/1.1" 206 103712
213.212.194.183 - - [04/Dec/2005:18:33:57 -0800] "GET /movies2/mof2.zip HTTP/1.1" 206 62231
213.212.194.183 - - [04/Dec/2005:18:33:59 -0800] "GET /movies2/mof2.zip HTTP/1.1" 206 77191
193.255.122.137 - - [04/Dec/2005:18:34:02 -0800] "GET /movies/AdNBombSquad-.zip HTTP/1.1" 206 163893
213.212.194.183 - - [04/Dec/2005:18:34:20 -0800] "GET /movies2/mof2.zip HTTP/1.1" 206 365513
213.212.194.183 - - [04/Dec/2005:18:34:25 -0800] "GET /movies2/mof2.zip HTTP/1.1" 206 840153
213.212.194.183 - - [04/Dec/2005:18:34:30 -0800] "GET /movies2/mof2.zip HTTP/1.1" 206 1590416
213.212.194.183 - - [04/Dec/2005:18:34:32 -0800] "GET /movies2/mof2.zip HTTP/1.1" 206 874208
213.212.194.183 - - [04/Dec/2005:18:34:38 -0800] "GET /movies2/mof2.zip HTTP/1.1" 206 39114
213.212.194.183 - - [04/Dec/2005:18:34:56 -0800] "GET /movies2/mof2.zip HTTP/1.1" 206 1056432
213.212.194.183 - - [04/Dec/2005:18:34:58 -0800] "GET /movies2/mof2.zip HTTP/1.1" 206 659271
213.212.194.183 - - [04/Dec/2005:18:35:03 -0800] "GET /movies2/mof2.zip HTTP/1.1" 206 1761360
193.255.122.137 - - [04/Dec/2005:18:35:11 -0800] "GET /movies/AdNBombSquad-.zip HTTP/1.1" 206 70053
213.212.194.183 - - [04/Dec/2005:18:35:13 -0800] "GET /movies2/mof2.zip HTTP/1.1" 206 366871
193.255.122.137 - - [04/Dec/2005:18:35:14 -0800] "GET /movies/AdNBombSquad-.zip HTTP/1.1" 206 219094
130.126.87.31 - - [04/Dec/2005:18:35:18 -0800] "GET /movies/CelticFistHQ.zip HTTP/1.1" 200 281983072
213.212.194.183 - - [04/Dec/2005:18:35:19 -0800] "GET /movies2/mof2.zip HTTP/1.1" 206 351911
213.212.194.183 - - [04/Dec/2005:18:35:22 -0800] "GET /movies2/mof2.zip HTTP/1.1" 206 483831
193.255.122.137 - - [04/Dec/2005:18:35:31 -0800] "GET /movies/AdNBombSquad-.zip HTTP/1.1" 206 14853
213.212.194.183 - - [04/Dec/2005:18:35:47 -0800] "GET /movies2/mof2.zip HTTP/1.1" 206 460711
213.212.194.183 - - [04/Dec/2005:18:35:48 -0800] "GET /movies2/mof2.zip HTTP/1.1" 206 546832
213.212.194.183 - - [04/Dec/2005:18:35:49 -0800] "GET /movies2/mof2.zip HTTP/1.1" 206 81271
193.255.122.137 - - [04/Dec/2005:18:35:57 -0800] "GET /movies/AdNBombSquad-.zip HTTP/1.1" 206 50733
193.255.122.137 - - [04/Dec/2005:18:36:00 -0800] "GET /movies/AdNBombSquad-.zip HTTP/1.1" 206 68673
213.212.194.183 - - [04/Dec/2005:18:36:10 -0800] "GET /movies2/mof2.zip HTTP/1.1" 206 2939552
82.180.34.68 - - [04/Dec/2005:18:36:13 -0800] "GET /movies/SavageTheMovie.zip HTTP/1.1" 200 164705202
213.212.194.183 - - [04/Dec/2005:18:36:18 -0800] "GET /movies2/mof2.zip HTTP/1.1" 206 697353
213.212.194.183 - - [04/Dec/2005:18:36:23 -0800] "GET /movies2/mof2.zip HTTP/1.1" 206 2684432
213.212.194.183 - - [04/Dec/2005:18:36:26 -0800] "GET /movies2/mof2.zip HTTP/1.1" 206 92152
144.122.155.55 - - [04/Dec/2005:18:36:28 -0800] "GET /movies/MaulerzCamlann1.zip HTTP/1.1" 206 8255804
144.122.155.55 - - [04/Dec/2005:18:36:29 -0800] "GET /movies2/caerleon.zip HTTP/1.1" 206 28112304
213.212.194.183 - - [04/Dec/2005:18:36:32 -0800] "GET /movies2/mof2.zip HTTP/1.1" 206 855456
144.122.155.55 - - [04/Dec/2005:18:36:33 -0800] "GET /movies/MaulerzCamlann1.zip HTTP/1.1" 206 9132424
144.122.155.55 - - [04/Dec/2005:18:36:33 -0800] "GET /movies/MaulerzCamlann1.zip HTTP/1.1" 206 9110452
144.122.155.55 - - [04/Dec/2005:18:36:34 -0800] "GET /movies/MaulerzCamlann1.zip HTTP/1.1" 206 8992300
144.122.155.55 - - [04/Dec/2005:18:36:34 -0800] "GET /movies2/caerleon.zip HTTP/1.1" 206 28098944
144.122.155.55 - - [04/Dec/2005:18:36:34 -0800] "GET /movies2/caerleon.zip HTTP/1.1" 206 406528
144.122.155.55 - - [04/Dec/2005:18:36:34 -0800] "GET /movies2/caerleon.zip HTTP/1.1" 206 28049604
144.122.155.55 - - [04/Dec/2005:18:36:34 -0800] "GET /movies/MaulerzCamlann1.zip HTTP/1.1" 206 8596135
144.122.155.55 - - [04/Dec/2005:18:36:34 -0800] "GET /movies2/caerleon.zip HTTP/1.1" 206 27515500
84.180.70.142 - - [04/Dec/2005:18:36:37 -0800] "GET /movies2/rylau2.zip HTTP/1.1" 200 172412251
213.212.194.183 - - [04/Dec/2005:18:36:43 -0800] "GET /movies2/mof2.zip HTTP/1.1" 206 202311
213.212.194.183 - - [04/Dec/2005:18:36:46 -0800] "GET /movies2/mof2.zip HTTP/1.1" 206 21433
24.236.229.156 - - [04/Dec/2005:18:37:05 -0800] "GET /movies2/sepp_0001.zip HTTP/1.1" 200 18144822
193.255.122.137 - - [04/Dec/2005:18:37:12 -0800] "GET /movies/AdNBombSquad-.zip HTTP/1.1" 206 14853
213.212.194.183 - - [04/Dec/2005:18:37:15 -0800] "GET /movies2/mof2.zip HTTP/1.1" 206 594208
24.217.29.1 - - [04/Dec/2005:18:37:17 -0800] "GET /movies2/Camlann%20Shadow%20Zone.zip HTTP/1.1" 200 141905700
213.212.194.183 - - [04/Dec/2005:18:37:23 -0800] "GET /movies2/mof2.zip HTTP/1.1" 206 20071
213.212.194.183 - - [04/Dec/2005:18:37:27 -0800] "GET /movies2/mof2.zip HTTP/1.1" 206 258496
213.212.194.183 - - [04/Dec/2005:18:37:34 -0800] "GET /movies2/mof2.zip HTTP/1.1" 206 1488400
193.255.122.137 - - [04/Dec/2005:18:37:37 -0800] "GET /movies/AdNBombSquad-.zip HTTP/1.1" 206 68673
193.255.122.137 - - [04/Dec/2005:18:37:37 -0800] "GET /movies/AdNBombSquad-.zip HTTP/1.1" 206 223233
213.212.194.183 - - [04/Dec/2005:18:37:39 -0800] "GET /movies2/mof2.zip HTTP/1.1" 206 1539504
193.255.122.137 - - [04/Dec/2005:18:37:40 -0800] "GET /movies/AdNBombSquad-.zip HTTP/1.1" 206 427472
193.255.122.137 - - [04/Dec/2005:18:37:44 -0800] "GET /movies/AdNBombSquad-.zip HTTP/1.1" 206 94894
213.212.194.183 - - [04/Dec/2005:18:37:53 -0800] "GET /movies2/mof2.zip HTTP/1.1" 206 531431
213.212.194.183 - - [04/Dec/2005:18:37:56 -0800] "GET /movies2/mof2.zip HTTP/1.1" 206 56791
213.212.194.183 - - [04/Dec/2005:18:38:03 -0800] "GET /movies2/mof2.zip HTTP/1.1" 206 248551
213.212.194.183 - - [04/Dec/2005:18:38:05 -0800] "GET /movies2/mof2.zip HTTP/1.1" 206 451191
193.255.122.137 - - [04/Dec/2005:18:38:10 -0800] "GET /movies/AdNBombSquad-.zip HTTP/1.1" 206 86613
193.255.122.137 - - [04/Dec/2005:18:38:14 -0800] "GET /movies/AdNBombSquad-.zip HTTP/1.1" 206 123873
213.212.194.183 - - [04/Dec/2005:18:38:23 -0800] "GET /movies2/mof2.zip HTTP/1.1" 206 2196240
193.255.122.137 - - [04/Dec/2005:18:38:44 -0800] "GET /movies/AdNBombSquad-.zip HTTP/1.1" 206 24513
213.212.194.183 - - [04/Dec/2005:18:39:03 -0800] "GET /movies2/mof2.zip HTTP/1.1" 206 700073
193.255.122.137 - - [04/Dec/2005:18:39:40 -0800] "GET /movies/AdNBombSquad-.zip HTTP/1.1" 206 41074
193.255.122.137 - - [04/Dec/2005:18:39:48 -0800] "GET /movies/AdNBombSquad-.zip HTTP/1.1" 206 16233
193.255.122.137 - - [04/Dec/2005:18:39:50 -0800] "GET /movies/AdNBombSquad-.zip HTTP/1.1" 206 72788
213.212.194.183 - - [04/Dec/2005:18:39:52 -0800] "GET /movies2/mof2.zip HTTP/1.1" 206 1921952
213.212.194.183 - - [04/Dec/2005:18:39:53 -0800] "GET /movies2/mof2.zip HTTP/1.1" 206 55431
213.212.194.183 - - [04/Dec/2005:18:39:55 -0800] "GET /movies2/mof2.zip HTTP/1.1" 206 237671
213.212.194.183 - - [04/Dec/2005:18:40:02 -0800] "GET /movies2/mof2.zip HTTP/1.1" 206 480416
213.212.194.183 - - [04/Dec/2005:18:40:06 -0800] "GET /movies2/mof2.zip HTTP/1.1" 206 767264
213.212.194.183 - - [04/Dec/2005:18:40:14 -0800] "GET /movies2/mof2.zip HTTP/1.1" 206 602064
213.212.194.183 - - [04/Dec/2005:18:40:15 -0800] "GET /movies2/mof2.zip HTTP/1.1" 206 600791
213.212.194.183 - - [04/Dec/2005:18:40:19 -0800] "GET /movies2/mof2.zip HTTP/1.1" 206 361433
193.255.122.137 - - [04/Dec/2005:18:40:46 -0800] "GET /movies/AdNBombSquad-.zip HTTP/1.1" 206 272913
68.60.201.29 - - [04/Dec/2005:18:40:55 -0800] "GET /movies2/Cilivielmovie5.zip HTTP/1.1" 200 280459714
213.212.194.183 - - [04/Dec/2005:18:41:04 -0800] "GET /movies2/mof2.zip HTTP/1.1" 206 729993
213.212.194.183 - - [04/Dec/2005:18:41:17 -0800] "GET /movies2/mof2.zip HTTP/1.1" 206 861952
24.7.148.14 - - [04/Dec/2005:18:41:31 -0800] "GET /movies/5v5night.zip HTTP/1.1" 206 184373862
213.212.194.183 - - [04/Dec/2005:18:41:40 -0800] "GET /movies2/mof2.zip HTTP/1.1" 206 66311
193.255.122.137 - - [04/Dec/2005:18:41:44 -0800] "GET /movies/AdNBombSquad-.zip HTTP/1.1" 206 749024
213.212.194.183 - - [04/Dec/2005:18:41:46 -0800] "GET /movies2/mof2.zip HTTP/1.1" 206 1198720
193.255.122.137 - - [04/Dec/2005:18:41:46 -0800] "GET /movies/AdNBombSquad-.zip HTTP/1.1" 206 74194
213.212.194.183 - - [04/Dec/2005:18:41:55 -0800] "GET /movies2/mof2.zip HTTP/1.1" 206 797632
80.171.186.41 - - [04/Dec/2005:18:41:57 -0800] "GET /movies2/Obso.zip HTTP/1.0" 206 15524
80.171.186.41 - - [04/Dec/2005:18:41:58 -0800] "GET /movies2/Obso.zip HTTP/1.1" 200 86970
80.171.186.41 - - [04/Dec/2005:18:42:00 -0800] "GET /movies2/Obso.zip HTTP/1.0" 206 15524
193.255.122.137 - - [04/Dec/2005:18:42:05 -0800] "GET /movies/AdNBombSquad-.zip HTTP/1.1" 206 398493
213.212.194.183 - - [04/Dec/2005:18:42:06 -0800] "GET /movies2/mof2.zip HTTP/1.1" 206 302951
80.171.186.41 - - [04/Dec/2005:18:42:15 -0800] "GET /movies2/rvr.zip HTTP/1.0" 206 15523
80.171.186.41 - - [04/Dec/2005:18:42:16 -0800] "GET /movies2/rvr.zip HTTP/1.1" 200 146980
80.171.186.41 - - [04/Dec/2005:18:42:17 -0800] "GET /movies2/rvr.zip HTTP/1.0" 206 15523
193.255.122.137 - - [04/Dec/2005:18:42:18 -0800] "GET /movies/AdNBombSquad-.zip HTTP/1.1" 206 254973
213.212.194.183 - - [04/Dec/2005:18:42:20 -0800] "GET /movies2/mof2.zip HTTP/1.1" 206 1003376
193.255.122.137 - - [04/Dec/2005:18:42:21 -0800] "GET /movies/AdNBombSquad-.zip HTTP/1.1" 206 35553
193.255.122.137 - - [04/Dec/2005:18:42:28 -0800] "GET /movies/AdNBombSquad-.zip HTTP/1.1" 206 136293
193.255.122.137 - - [04/Dec/2005:18:42:31 -0800] "GET /movies/AdNBombSquad-.zip HTTP/1.1" 206 499233
213.212.194.183 - - [04/Dec/2005:18:42:43 -0800] "GET /movies2/mof2.zip HTTP/1.1" 206 418551
193.255.122.137 - - [04/Dec/2005:18:42:53 -0800] "GET /movies/AdNBombSquad-.zip HTTP/1.1" 206 264633
213.212.194.183 - - [04/Dec/2005:18:43:03 -0800] "GET /movies2/mof2.zip HTTP/1.1" 206 168311
213.212.194.183 - - [04/Dec/2005:18:43:05 -0800] "GET /movies2/mof2.zip HTTP/1.1" 206 145193
213.212.194.183 - - [04/Dec/2005:18:43:09 -0800] "GET /movies2/mof2.zip HTTP/1.1" 206 969072
213.212.194.183 - - [04/Dec/2005:18:43:12 -0800] "GET /movies2/mof2.zip HTTP/1.1" 206 364152
193.255.122.137 - - [04/Dec/2005:18:43:19 -0800] "GET /movies/AdNBombSquad-.zip HTTP/1.1" 206 350193
213.212.194.183 - - [04/Dec/2005:18:43:29 -0800] "GET /movies2/mof2.zip HTTP/1.1" 206 245831
193.255.122.137 - - [04/Dec/2005:18:43:31 -0800] "GET /movies/AdNBombSquad-.zip HTTP/1.1" 206 171356
213.212.194.183 - - [04/Dec/2005:18:43:50 -0800] "GET /movies2/mof2.zip HTTP/1.1" 206 1113376
213.212.194.183 - - [04/Dec/2005:18:43:52 -0800] "GET /movies2/mof2.zip HTTP/1.1" 206 48631
213.212.194.183 - - [04/Dec/2005:18:44:00 -0800] "GET /movies2/mof2.zip HTTP/1.1" 206 206393
213.212.194.183 - - [04/Dec/2005:18:44:10 -0800] "GET /movies2/mof2.zip HTTP/1.1" 206 135024
80.63.65.102 - - [04/Dec/2005:18:44:12 -0800] "GET /movies/epilo.zip HTTP/1.1" 200 37963496
213.212.194.183 - - [04/Dec/2005:18:44:18 -0800] "GET /movies2/mof2.zip HTTP/1.1" 206 209111
213.212.194.183 - - [04/Dec/2005:18:44:20 -0800] "GET /movies2/mof2.zip HTTP/1.1" 206 360071
69.217.90.187 - - [04/Dec/2005:18:44:24 -0800] "GET /movies/Only%20Wizard%20Movie.zip HTTP/1.1" 200 45211088
213.212.194.183 - - [04/Dec/2005:18:44:42 -0800] "GET /movies2/mof2.zip HTTP/1.1" 206 293888
213.212.194.183 - - [04/Dec/2005:18:44:44 -0800] "GET /movies2/mof2.zip HTTP/1.1" 206 98953
213.212.194.183 - - [04/Dec/2005:18:45:04 -0800] "GET /movies2/mof2.zip HTTP/1.1" 206 77191
193.255.122.137 - - [04/Dec/2005:18:45:14 -0800] "GET /movies/AdNBombSquad-.zip HTTP/1.1" 206 197013
213.212.194.183 - - [04/Dec/2005:18:45:15 -0800] "GET /movies2/mof2.zip HTTP/1.1" 206 64951
213.212.194.183 - - [04/Dec/2005:18:45:24 -0800] "GET /movies2/mof2.zip HTTP/1.1" 206 109832
213.212.194.183 - - [04/Dec/2005:18:45:32 -0800] "GET /movies2/mof2.zip HTTP/1.1" 206 251984
68.60.201.29 - - [04/Dec/2005:18:45:33 -0800] "GET /movies/Ciliviel's%20Fourth.zip HTTP/1.1" 200 320938620
213.212.194.183 - - [04/Dec/2005:18:45:35 -0800] "GET /movies2/mof2.zip HTTP/1.1" 206 855111
193.255.122.137 - - [04/Dec/2005:18:45:36 -0800] "GET /movies/AdNBombSquad-.zip HTTP/1.1" 206 213573
193.255.122.137 - - [04/Dec/2005:18:45:44 -0800] "GET /movies/AdNBombSquad-.zip HTTP/1.1" 206 158373
213.212.194.183 - - [04/Dec/2005:18:45:58 -0800] "GET /movies2/mof2.zip HTTP/1.1" 206 1064032
213.212.194.183 - - [04/Dec/2005:18:46:16 -0800] "GET /movies2/mof2.zip HTTP/1.1" 206 488704
193.255.122.137 - - [04/Dec/2005:18:46:22 -0800] "GET /movies/AdNBombSquad-.zip HTTP/1.1" 206 198780
213.212.194.183 - - [04/Dec/2005:18:46:24 -0800] "GET /movies2/mof2.zip HTTP/1.1" 206 59511
144.122.155.55 - - [04/Dec/2005:18:46:26 -0800] "GET /movies/MaulerzCamlann1.zip HTTP/1.1" 206 2716156
213.212.194.183 - - [04/Dec/2005:18:46:29 -0800] "GET /movies2/mof2.zip HTTP/1.1" 206 893920
213.212.194.183 - - [04/Dec/2005:18:46:39 -0800] "GET /movies2/mof2.zip HTTP/1.1" 206 88071
213.212.194.183 - - [04/Dec/2005:18:46:42 -0800] "GET /movies2/mof2.zip HTTP/1.1" 206 1144791
24.164.89.13 - - [04/Dec/2005:18:46:42 -0800] "GET /movies/Bluemezz.zip HTTP/1.1" 200 114695574
213.212.194.183 - - [04/Dec/2005:18:46:48 -0800] "GET /movies2/mof2.zip HTTP/1.1" 206 1264471
217.85.229.154 - - [04/Dec/2005:18:46:48 -0800] "GET /movies2/Cilivielmovie5.zip HTTP/1.1" 200 280459714
193.255.122.137 - - [04/Dec/2005:18:46:57 -0800] "GET /movies/AdNBombSquad-.zip HTTP/1.1" 206 108693
193.255.122.137 - - [04/Dec/2005:18:46:59 -0800] "GET /movies/AdNBombSquad-.zip HTTP/1.1" 206 278432
80.136.162.60 - - [04/Dec/2005:18:47:04 -0800] "GET /movies/theurg2ndmovie.zip HTTP/1.1" 200 111524092
213.212.194.183 - - [04/Dec/2005:18:47:19 -0800] "GET /movies2/mof2.zip HTTP/1.1" 206 1863536
213.212.194.183 - - [04/Dec/2005:18:47:22 -0800] "GET /movies2/mof2.zip HTTP/1.1" 206 67671
213.212.194.183 - - [04/Dec/2005:18:47:24 -0800] "GET /movies2/mof2.zip HTTP/1.1" 206 1231296
213.212.194.183 - - [04/Dec/2005:18:47:25 -0800] "GET /movies2/mof2.zip HTTP/1.1" 206 1682480
213.212.194.183 - - [04/Dec/2005:18:47:28 -0800] "GET /movies2/mof2.zip HTTP/1.1" 206 1148872
193.255.122.137 - - [04/Dec/2005:18:47:30 -0800] "GET /movies/AdNBombSquad-.zip HTTP/1.1" 206 76953
213.212.194.183 - - [04/Dec/2005:18:47:30 -0800] "GET /movies2/mof2.zip HTTP/1.1" 206 243113
213.212.194.183 - - [04/Dec/2005:18:47:34 -0800] "GET /movies2/mof2.zip HTTP/1.1" 206 349193
213.212.194.183 - - [04/Dec/2005:18:47:38 -0800] "GET /movies2/mof2.zip HTTP/1.1" 206 766176
213.212.194.183 - - [04/Dec/2005:18:47:40 -0800] "GET /movies2/mof2.zip HTTP/1.1" 206 802073
213.212.194.183 - - [04/Dec/2005:18:47:44 -0800] "GET /movies2/mof2.zip HTTP/1.1" 206 627991
80.139.235.114 - - [04/Dec/2005:18:48:02 -0800] "GET /movies/FC%20Tank%20Group1.ace HTTP/1.1" 200 107592978
82.57.42.20 - - [04/Dec/2005:18:48:12 -0800] "GET /movies/Darknessvideo.zip HTTP/1.1" 200 26263872
213.212.194.183 - - [04/Dec/2005:18:48:18 -0800] "GET /movies2/mof2.zip HTTP/1.1" 206 402231
213.212.194.183 - - [04/Dec/2005:18:48:24 -0800] "GET /movies2/mof2.zip HTTP/1.1" 206 1701488
213.212.194.183 - - [04/Dec/2005:18:48:38 -0800] "GET /movies2/mof2.zip HTTP/1.1" 206 595168
193.255.122.137 - - [04/Dec/2005:18:48:42 -0800] "GET /movies/AdNBombSquad-.zip HTTP/1.1" 206 104553
213.212.194.183 - - [04/Dec/2005:18:48:42 -0800] "GET /movies2/mof2.zip HTTP/1.1" 206 28231
213.212.194.183 - - [04/Dec/2005:18:48:45 -0800] "GET /movies2/mof2.zip HTTP/1.1" 206 670000
213.212.194.183 - - [04/Dec/2005:18:48:56 -0800] "GET /movies2/mof2.zip HTTP/1.1" 206 296864
68.111.128.196 - - [04/Dec/2005:18:49:00 -0800] "GET /movies/Aledicus%20the%20Friar.zip HTTP/1.1" 200 258099
213.212.194.183 - - [04/Dec/2005:18:49:05 -0800] "GET /movies2/mof2.zip HTTP/1.1" 206 109831
193.255.122.137 - - [04/Dec/2005:18:49:09 -0800] "GET /movies/AdNBombSquad-.zip HTTP/1.1" 206 172173
68.248.197.11 - - [04/Dec/2005:18:49:11 -0800] "GET /movies2/Camlann%20Shadow%20Zone.zip HTTP/1.1" 200 188328
193.255.122.137 - - [04/Dec/2005:18:49:24 -0800] "GET /movies/AdNBombSquad-.zip HTTP/1.1" 206 42454
207.235.121.14 - - [04/Dec/2005:18:49:25 -0800] "GET /movies/epilo.zip HTTP/1.1" 200 185693395
213.212.194.183 - - [04/Dec/2005:18:49:26 -0800] "GET /movies2/mof2.zip HTTP/1.1" 206 652471
213.212.194.183 - - [04/Dec/2005:18:49:26 -0800] "GET /movies2/mof2.zip HTTP/1.1" 206 331511
213.212.194.183 - - [04/Dec/2005:18:49:30 -0800] "GET /movies2/mof2.zip HTTP/1.1" 206 505591
213.212.194.183 - - [04/Dec/2005:18:49:32 -0800] "GET /movies2/mof2.zip HTTP/1.1" 206 565431
193.255.122.137 - - [04/Dec/2005:18:49:33 -0800] "GET /movies/AdNBombSquad-.zip HTTP/1.1" 206 57633
84.60.173.213 - - [04/Dec/2005:18:49:34 -0800] "GET /movies2/November.zip HTTP/1.1" 200 35649334
213.212.194.183 - - [04/Dec/2005:18:49:34 -0800] "GET /movies2/mof2.zip HTTP/1.1" 206 460112
193.255.122.137 - - [04/Dec/2005:18:49:34 -0800] "GET /movies/AdNBombSquad-.zip HTTP/1.1" 206 156993
84.60.173.213 - - [04/Dec/2005:18:49:37 -0800] "GET /movies2/8min.zip HTTP/1.1" 200 35780932
193.255.122.137 - - [04/Dec/2005:18:49:40 -0800] "GET /movies/AdNBombSquad-.zip HTTP/1.1" 206 267393
193.255.122.137 - - [04/Dec/2005:18:49:40 -0800] "GET /movies/AdNBombSquad-.zip HTTP/1.1" 206 52114
193.255.122.137 - - [04/Dec/2005:18:49:41 -0800] "GET /movies/AdNBombSquad-.zip HTTP/1.1" 206 60393
144.122.155.55 - - [04/Dec/2005:18:49:41 -0800] "GET /movies/MaulerzCamlann1.zip HTTP/1.1" 206 5622955
193.255.122.137 - - [04/Dec/2005:18:49:43 -0800] "GET /movies/AdNBombSquad-.zip HTTP/1.1" 206 291680
213.212.194.183 - - [04/Dec/2005:18:49:48 -0800] "GET /movies2/mof2.zip HTTP/1.1" 206 1207776
213.212.194.183 - - [04/Dec/2005:18:50:01 -0800] "GET /movies2/mof2.zip HTTP/1.1" 206 1849136
213.212.194.183 - - [04/Dec/2005:18:50:10 -0800] "GET /movies2/mof2.zip HTTP/1.1" 206 240391
193.255.122.137 - - [04/Dec/2005:18:50:13 -0800] "GET /movies/AdNBombSquad-.zip HTTP/1.1" 206 39693
144.122.155.55 - - [04/Dec/2005:18:50:18 -0800] "GET /movies/MaulerzCamlann1.zip HTTP/1.1" 206 5466771
213.212.194.183 - - [04/Dec/2005:18:50:22 -0800] "GET /movies2/mof2.zip HTTP/1.1" 206 184631
193.255.122.137 - - [04/Dec/2005:18:50:24 -0800] "GET /movies/AdNBombSquad-.zip HTTP/1.1" 206 201154
193.255.122.137 - - [04/Dec/2005:18:50:43 -0800] "GET /movies/AdNBombSquad-.zip HTTP/1.1" 206 252213
213.212.194.183 - - [04/Dec/2005:18:50:52 -0800] "GET /movies2/mof2.zip HTTP/1.1" 206 115271
213.212.194.183 - - [04/Dec/2005:18:50:56 -0800] "GET /movies2/mof2.zip HTTP/1.1" 206 1211431
213.212.194.183 - - [04/Dec/2005:18:50:57 -0800] "GET /movies2/mof2.zip HTTP/1.1" 206 147911
213.212.194.183 - - [04/Dec/2005:18:50:58 -0800] "GET /movies2/mof2.zip HTTP/1.1" 206 219993
213.212.194.183 - - [04/Dec/2005:18:51:01 -0800] "GET /movies2/mof2.zip HTTP/1.1" 206 400873
213.212.194.183 - - [04/Dec/2005:18:51:11 -0800] "GET /movies2/mof2.zip HTTP/1.1" 206 519648
213.212.194.183 - - [04/Dec/2005:18:51:15 -0800] "GET /movies2/mof2.zip HTTP/1.1" 206 40471
144.122.155.55 - - [04/Dec/2005:18:51:18 -0800] "GET /movies/MaulerzCamlann1.zip HTTP/1.1" 206 6349231
213.212.194.183 - - [04/Dec/2005:18:51:20 -0800] "GET /movies2/mof2.zip HTTP/1.1" 206 40471
213.212.194.183 - - [04/Dec/2005:18:51:25 -0800] "GET /movies2/mof2.zip HTTP/1.1" 206 17351
144.122.155.55 - - [04/Dec/2005:18:51:30 -0800] "GET /movies/MaulerzCamlann1.zip HTTP/1.1" 206 6017656
144.122.155.55 - - [04/Dec/2005:18:51:43 -0800] "GET /movies/MaulerzCamlann1.zip HTTP/1.1" 206 2798867
213.212.194.183 - - [04/Dec/2005:18:51:46 -0800] "GET /movies2/mof2.zip HTTP/1.1" 206 13271
213.212.194.183 - - [04/Dec/2005:18:51:51 -0800] "GET /movies2/mof2.zip HTTP/1.1" 206 60871
213.212.194.183 - - [04/Dec/2005:18:51:53 -0800] "GET /movies2/mof2.zip HTTP/1.1" 206 373672
193.255.122.137 - - [04/Dec/2005:18:51:57 -0800] "GET /movies/AdNBombSquad-.zip HTTP/1.1" 206 341913
213.212.194.183 - - [04/Dec/2005:18:51:58 -0800] "GET /movies2/mof2.zip HTTP/1.1" 206 860552
84.73.103.199 - - [04/Dec/2005:18:51:59 -0800] "GET /movies/excal_vw.zip HTTP/1.1" 200 152350466
213.212.194.183 - - [04/Dec/2005:18:52:04 -0800] "GET /movies2/mof2.zip HTTP/1.1" 206 1662720
71.105.24.96 - - [04/Dec/2005:18:52:08 -0800] "GET /movies/GladricSoloRvrMovie4.zip HTTP/1.1" 200 12818
213.212.194.183 - - [04/Dec/2005:18:52:10 -0800] "GET /movies2/mof2.zip HTTP/1.1" 206 611520
