82.54.187.199 - - [01/Dec/2005:09:46:13 -0800] "GET /movies/Arctic%20Darkness%208v8%20movie%20Healer%20PoV.rar HTTP/1.1" 200 5308243
83.192.127.193 - - [01/Dec/2005:09:46:21 -0800] "GET /movies/Nukey_v1.zip HTTP/1.1" 200 164036993
193.174.25.29 - - [01/Dec/2005:09:46:24 -0800] "GET /movies/RvRwithRush.zip HTTP/1.1" 206 83841
193.174.25.29 - - [01/Dec/2005:09:46:24 -0800] "GET /movies/RvRwithRush.zip HTTP/1.1" 206 35534
193.174.25.29 - - [01/Dec/2005:09:46:24 -0800] "GET /movies/RvRwithRush.zip HTTP/1.1" 206 21733
193.174.25.29 - - [01/Dec/2005:09:46:24 -0800] "GET /movies/RvRwithRush.zip HTTP/1.1" 206 12072
193.174.25.29 - - [01/Dec/2005:09:46:25 -0800] "GET /movies/RvRwithRush.zip HTTP/1.1" 206 12072
82.54.187.199 - - [01/Dec/2005:09:46:40 -0800] "GET /movies/Warlocked.zip HTTP/1.1" 200 153784
82.54.187.199 - - [01/Dec/2005:09:46:47 -0800] "GET /movies/Zeltax.zip HTTP/1.1" 200 98959
84.50.125.90 - - [01/Dec/2005:09:47:14 -0800] "GET /movies2/Obso.zip HTTP/1.1" 200 866523
80.145.127.225 - - [01/Dec/2005:09:47:36 -0800] "GET /movies/GladricSoloRvrMovie4.zip HTTP/1.1" 200 15638976
82.211.228.159 - - [01/Dec/2005:09:47:36 -0800] "GET /movies2/rvr.zip HTTP/1.1" 200 132035124
193.174.25.29 - - [01/Dec/2005:09:48:00 -0800] "GET /movies2/walkingissues-c.zip HTTP/1.1" 200 12098
193.174.25.29 - - [01/Dec/2005:09:48:01 -0800] "GET /movies2/walkingissues-c.zip HTTP/1.1" 206 16219
193.174.25.29 - - [01/Dec/2005:09:48:21 -0800] "GET /movies2/walkingissues-c.zip HTTP/1.1" 206 71320
193.174.25.29 - - [01/Dec/2005:09:48:21 -0800] "GET /movies2/walkingissues-c.zip HTTP/1.1" 206 89084
193.174.25.29 - - [01/Dec/2005:09:48:21 -0800] "GET /movies2/walkingissues-c.zip HTTP/1.1" 206 24492
193.174.25.29 - - [01/Dec/2005:09:48:21 -0800] "GET /movies2/walkingissues-c.zip HTTP/1.1" 206 21732
193.174.25.29 - - [01/Dec/2005:09:48:21 -0800] "GET /movies2/walkingissues-c.zip HTTP/1.1" 206 144284
213.140.22.76 - - [01/Dec/2005:09:48:30 -0800] "GET /movies2/song2.zi HTTP/1.1" 404 288
213.140.22.76 - - [01/Dec/2005:09:48:36 -0800] "GET /movies2/song2.zi HTTP/1.1" 404 288
82.54.187.199 - - [01/Dec/2005:09:48:36 -0800] "GET /movies/Warlocked.zip HTTP/1.1" 200 2113925
213.140.22.76 - - [01/Dec/2005:09:48:36 -0800] "GET /favicon.ico HTTP/1.1" 404 283
213.140.22.76 - - [01/Dec/2005:09:48:42 -0800] "GET /movies2/song2.zip HTTP/1.1" 200 414319
213.140.22.76 - - [01/Dec/2005:09:48:44 -0800] "GET /movies2/song2.zi HTTP/1.1" 404 288
213.140.22.76 - - [01/Dec/2005:09:48:56 -0800] "GET /movies2/song2.zip HTTP/1.1" 206 17180
217.80.41.119 - - [01/Dec/2005:09:49:31 -0800] "GET /movies2/November.zip HTTP/1.1" 200 174875294
82.67.237.75 - - [01/Dec/2005:09:49:45 -0800] "GET /movies/uveaforfun.rar HTTP/1.1" 200 29281830
80.201.217.132 - - [01/Dec/2005:09:49:47 -0800] "GET /movies2/legio_4.zip HTTP/1.1" 200 6142212
82.54.187.199 - - [01/Dec/2005:09:50:32 -0800] "GET /movies/WarlockVid.zip HTTP/1.1" 200 3102179
213.140.22.76 - - [01/Dec/2005:09:50:32 -0800] "GET /movies2/archh2.zip HTTP/1.1" 200 561780
213.140.22.76 - - [01/Dec/2005:09:50:38 -0800] "GET /movies2/archh2.zip HTTP/1.1" 206 17183
85.73.0.153 - - [01/Dec/2005:09:51:03 -0800] "GET /movies/Arcane_duo3.zip HTTP/1.0" 206 8227584
85.73.0.153 - - [01/Dec/2005:09:51:04 -0800] "GET /movies/Arcane_duo3.zip HTTP/1.0" 206 8226176
85.73.0.153 - - [01/Dec/2005:09:51:07 -0800] "GET /movies/Arcane_duo3.zip HTTP/1.0" 206 8229415
84.130.33.122 - - [01/Dec/2005:09:51:08 -0800] "GET /movies/renamed_Rangers%20are%20Overpowered%20Xora%20Vol3.zip HTTP/1.1" 200 114015718
85.73.0.153 - - [01/Dec/2005:09:51:09 -0800] "GET /movies/Arcane_duo3.zip HTTP/1.0" 206 8227456
85.73.0.153 - - [01/Dec/2005:09:51:09 -0800] "GET /movies/Arcane_duo3.zip HTTP/1.0" 206 8230400
85.73.0.153 - - [01/Dec/2005:09:51:11 -0800] "GET /movies/Arcane_duo3.zip HTTP/1.0" 206 8189099
212.18.80.18 - - [01/Dec/2005:09:51:12 -0800] "GET /movies2/Thid_inf_backslashrude.zip HTTP/1.0" 200 939056
85.73.0.153 - - [01/Dec/2005:09:51:17 -0800] "GET /movies/Arcane_duo3.zip HTTP/1.0" 206 8231808
85.73.0.153 - - [01/Dec/2005:09:51:20 -0800] "GET /movies/Funtimes.zip HTTP/1.1" 200 93568
71.193.35.59 - - [01/Dec/2005:09:51:34 -0800] "GET /movies/stravok.zip HTTP/1.1" 206 190401376
85.73.0.153 - - [01/Dec/2005:09:51:37 -0800] "GET /movies/Arcane_duo3.zip HTTP/1.0" 206 8231808
213.23.192.117 - - [01/Dec/2005:09:51:58 -0800] "GET /movies2/November.zip HTTP/1.1" 200 174875294
193.174.25.29 - - [01/Dec/2005:09:52:05 -0800] "GET /movies/05-04-16.zip HTTP/1.1" 206 5976076
193.174.25.29 - - [01/Dec/2005:09:52:07 -0800] "GET /movies/05-04-16.zip HTTP/1.1" 206 126613
193.174.25.29 - - [01/Dec/2005:09:52:07 -0800] "GET /movies/05-04-16.zip HTTP/1.1" 206 57612
193.174.25.29 - - [01/Dec/2005:09:52:07 -0800] "GET /movies/05-04-16.zip HTTP/1.1" 206 35532
193.174.25.29 - - [01/Dec/2005:09:52:07 -0800] "GET /movies/05-04-16.zip HTTP/1.1" 206 21734
193.174.25.29 - - [01/Dec/2005:09:52:07 -0800] "GET /movies/05-04-16.zip HTTP/1.1" 206 12074
85.73.0.153 - - [01/Dec/2005:09:52:08 -0800] "GET /movies/Funtimes.zip HTTP/1.0" 206 872192
85.73.0.153 - - [01/Dec/2005:09:52:10 -0800] "GET /movies/Funtimes.zip HTTP/1.0" 206 830205
85.73.0.153 - - [01/Dec/2005:09:52:11 -0800] "GET /movies/Funtimes.zip HTTP/1.0" 206 869376
85.73.0.153 - - [01/Dec/2005:09:52:12 -0800] "GET /movies/Funtimes.zip HTTP/1.0" 206 871424
85.73.0.153 - - [01/Dec/2005:09:52:13 -0800] "GET /movies/Funtimes.zip HTTP/1.0" 206 870784
85.73.0.153 - - [01/Dec/2005:09:52:13 -0800] "GET /movies/Funtimes.zip HTTP/1.0" 206 872192
85.73.0.153 - - [01/Dec/2005:09:52:15 -0800] "GET /movies/Funtimes.zip HTTP/1.0" 206 870784
85.73.0.153 - - [01/Dec/2005:09:52:17 -0800] "GET /movies/Funtimes.zip HTTP/1.0" 206 872192
205.146.52.141 - - [01/Dec/2005:09:53:17 -0800] "GET /movies2/Raila%20Memorial%20good.zip HTTP/1.1" 200 24692536
85.178.214.232 - - [01/Dec/2005:09:53:18 -0800] "GET /movies2/Raila%20Memorial%20good.zip HTTP/1.1" 200 11178496
193.174.25.29 - - [01/Dec/2005:09:54:29 -0800] "GET /movies/Another%20Contender.zip HTTP/1.1" 206 488580
193.174.25.29 - - [01/Dec/2005:09:54:29 -0800] "GET /movies/Another%20Contender.zip HTTP/1.1" 206 461684
193.174.25.29 - - [01/Dec/2005:09:54:29 -0800] "GET /movies/Another%20Contender.zip HTTP/1.1" 206 247784
193.174.25.29 - - [01/Dec/2005:09:54:30 -0800] "GET /movies/Another%20Contender.zip HTTP/1.1" 206 68652
193.174.25.29 - - [01/Dec/2005:09:54:30 -0800] "GET /movies/Another%20Contender.zip HTTP/1.1" 206 46572
82.122.134.225 - - [01/Dec/2005:09:54:45 -0800] "GET /movies/baldir_jiv.zip HTTP/1.1" 200 322338
84.155.201.231 - - [01/Dec/2005:09:55:21 -0800] "GET /movies/Allexiel%20-%20Solo%20Reaver.zip HTTP/1.1" 200 91168691
84.130.56.9 - - [01/Dec/2005:09:55:30 -0800] "GET /movies2/FUN.zip HTTP/1.1" 200 287998396
193.174.25.29 - - [01/Dec/2005:09:55:33 -0800] "GET /movies/05-04-16.zip HTTP/1.1" 206 6903794
193.174.25.29 - - [01/Dec/2005:09:55:36 -0800] "GET /movies/05-04-16.zip HTTP/1.1" 206 5156432
82.53.234.150 - - [01/Dec/2005:09:55:41 -0800] "GET /movies/whoelse2.zip HTTP/1.1" 200 15738
82.53.234.150 - - [01/Dec/2005:09:55:41 -0800] "GET /movies/whoelse2.zip HTTP/1.1" 206 17179
195.2.112.7 - - [01/Dec/2005:09:55:59 -0800] "GET /movies/DREAMOVIE.zip HTTP/1.0" 200 44938
195.2.112.7 - - [01/Dec/2005:09:56:10 -0800] "GET /movies/ReleasE.zip HTTP/1.0" 200 171792
80.201.217.132 - - [01/Dec/2005:09:56:11 -0800] "GET /movies2/maelstrom_cluster1.zip HTTP/1.1" 200 1188118
195.2.112.7 - - [01/Dec/2005:09:56:18 -0800] "GET /movies/seyxfearless.zip HTTP/1.0" 200 236192
80.58.47.42 - - [01/Dec/2005:09:56:23 -0800] "GET /movies2/Raila%20Memorial%20good.zip HTTP/1.0" 200 24692536
195.2.112.7 - - [01/Dec/2005:09:56:32 -0800] "GET /movies/holydot2.zip HTTP/1.0" 200 171548
83.193.244.161 - - [01/Dec/2005:09:56:49 -0800] "GET /movies2/Magicguru2.zip HTTP/1.1" 200 96021121
87.123.101.185 - - [01/Dec/2005:09:57:00 -0800] "GET /movies/AstinusSoloMovie2.zip HTTP/1.1" 200 184522444
193.174.25.29 - - [01/Dec/2005:09:57:04 -0800] "GET /movies/05-04-16.zip HTTP/1.1" 206 6651560
193.174.25.29 - - [01/Dec/2005:09:57:06 -0800] "GET /movies/05-04-16.zip HTTP/1.1" 206 6114076
82.227.130.175 - - [01/Dec/2005:10:00:23 -0800] "GET /movies/AllexielBeonthel-NobodyLeft111.rar HTTP/1.1" 200 45176124
213.140.22.76 - - [01/Dec/2005:10:01:05 -0800] "GET /movies2/archh2.zip HTTP/1.1" 206 9568260
213.140.22.76 - - [01/Dec/2005:10:01:05 -0800] "GET /movies2/archh2.zip HTTP/1.1" 206 9863416
213.140.22.76 - - [01/Dec/2005:10:01:05 -0800] "GET /movies2/archh2.zip HTTP/1.1" 206 9400388
213.140.22.76 - - [01/Dec/2005:10:01:05 -0800] "GET /movies2/archh2.zip HTTP/1.1" 206 8181503
213.140.22.76 - - [01/Dec/2005:10:01:05 -0800] "GET /movies2/archh2.zip HTTP/1.1" 206 8745056
213.140.22.76 - - [01/Dec/2005:10:01:05 -0800] "GET /movies2/archh2.zip HTTP/1.1" 206 9143724
213.140.22.76 - - [01/Dec/2005:10:01:05 -0800] "GET /movies2/archh2.zip HTTP/1.1" 206 9208412
217.208.165.164 - - [01/Dec/2005:10:02:22 -0800] "GET /movies2/HunterGroupPvP.zip HTTP/1.1" 200 3281792
213.140.22.76 - - [01/Dec/2005:10:02:23 -0800] "GET /movies2/Legend%20of%20Zelda.zip HTTP/1.1" 200 11371148
84.154.250.214 - - [01/Dec/2005:10:02:39 -0800] "GET /movies/Incomparable.rar HTTP/1.1" 200 403440
193.174.25.29 - - [01/Dec/2005:10:03:09 -0800] "GET /movies/CelticFistHQ.zip HTTP/1.1" 200 12097
193.174.25.29 - - [01/Dec/2005:10:03:12 -0800] "GET /movies/CelticFistHQ.zip HTTP/1.1" 206 21738
81.208.106.67 - - [01/Dec/2005:10:03:17 -0800] "GET /movies/baldir_jiv.zip HTTP/1.1" 200 63918
193.174.25.29 - - [01/Dec/2005:10:03:18 -0800] "GET /movies/CelticFistHQ.zip HTTP/1.1" 206 24491
193.174.25.29 - - [01/Dec/2005:10:03:18 -0800] "GET /movies/CelticFistHQ.zip HTTP/1.1" 206 36912
193.174.25.29 - - [01/Dec/2005:10:03:18 -0800] "GET /movies/CelticFistHQ.zip HTTP/1.1" 206 14840
193.174.25.29 - - [01/Dec/2005:10:03:18 -0800] "GET /movies/CelticFistHQ.zip HTTP/1.1" 206 24491
193.174.25.29 - - [01/Dec/2005:10:03:19 -0800] "GET /movies/CelticFistHQ.zip HTTP/1.1" 206 41051
193.174.25.29 - - [01/Dec/2005:10:03:24 -0800] "GET /movies/05-04-16.zip HTTP/1.1" 206 11545632
193.174.25.29 - - [01/Dec/2005:10:03:25 -0800] "GET /movies/05-04-16.zip HTTP/1.1" 206 11871824
193.174.25.29 - - [01/Dec/2005:10:03:25 -0800] "GET /movies/05-04-16.zip HTTP/1.1" 206 12340900
193.174.25.29 - - [01/Dec/2005:10:03:25 -0800] "GET /movies/05-04-16.zip HTTP/1.1" 206 10088008
193.174.25.29 - - [01/Dec/2005:10:03:25 -0800] "GET /movies/05-04-16.zip HTTP/1.1" 206 12605720
84.154.250.214 - - [01/Dec/2005:10:03:30 -0800] "GET /movies2/kewle_fights.zip HTTP/1.1" 200 172467
195.2.112.7 - - [01/Dec/2005:10:04:14 -0800] "GET /movies2/Wanshee-2.zip HTTP/1.0" 200 58078
84.185.181.65 - - [01/Dec/2005:10:04:46 -0800] "GET /movies/renamed_Druid%20%20Barden%20Vid.zip HTTP/1.1" 200 172387015
84.130.33.122 - - [01/Dec/2005:10:05:05 -0800] "GET /movies/Xora_BowSpec.zip HTTP/1.1" 200 140569986
217.208.165.164 - - [01/Dec/2005:10:05:07 -0800] "GET /movies/Teeka%20Ninja%20Warrior%20-%20Hard%20Mode.zip HTTP/1.1" 200 6068192
84.130.78.161 - - [01/Dec/2005:10:05:17 -0800] "GET /movies2/TdkBomB2.zip HTTP/1.1" 206 33940152
193.174.25.29 - - [01/Dec/2005:10:06:05 -0800] "GET /movies/05-04-16.zip HTTP/1.1" 206 3696312
193.174.25.29 - - [01/Dec/2005:10:06:05 -0800] "GET /movies/05-04-16.zip HTTP/1.1" 206 3077196
217.208.165.164 - - [01/Dec/2005:10:06:11 -0800] "GET /movies/Teeka%20Ninja%20Warrior%20-%20Hard%20Mode.zip HTTP/1.1" 200 96157
217.208.165.164 - - [01/Dec/2005:10:06:12 -0800] "GET /movies/Teeka%20Ninja%20Warrior%20-%20Hard%20Mode.zip HTTP/1.1" 206 22698
82.227.130.175 - - [01/Dec/2005:10:06:15 -0800] "GET /movies/Alb-Merlin.zip HTTP/1.1" 200 52527056
84.130.78.161 - - [01/Dec/2005:10:06:16 -0800] "GET /movies2/TdkBomB2.zip HTTP/1.1" 206 33941472
84.130.78.161 - - [01/Dec/2005:10:06:17 -0800] "GET /movies2/TdkBomB2.zip HTTP/1.1" 200 32863888
193.174.25.29 - - [01/Dec/2005:10:06:18 -0800] "GET /movies/05-04-16.zip HTTP/1.1" 206 4444574
84.130.78.161 - - [01/Dec/2005:10:06:20 -0800] "GET /movies2/TdkBomB2.zip HTTP/1.1" 206 1157952
84.130.78.161 - - [01/Dec/2005:10:06:30 -0800] "GET /movies2/TdkBomB2.zip HTTP/1.1" 206 33567253
84.130.78.161 - - [01/Dec/2005:10:06:32 -0800] "GET /movies2/TdkBomB2.zip HTTP/1.1" 206 355860
84.130.78.161 - - [01/Dec/2005:10:06:37 -0800] "GET /movies2/TdkBomB2.zip HTTP/1.1" 206 33923653
193.174.25.29 - - [01/Dec/2005:10:06:51 -0800] "GET /movies/05-04-16.zip HTTP/1.1" 206 4979128
193.174.25.29 - - [01/Dec/2005:10:06:52 -0800] "GET /movies/05-04-16.zip HTTP/1.1" 206 6074873
84.130.78.161 - - [01/Dec/2005:10:07:27 -0800] "GET /movies2/walkingissues-c.zip HTTP/1.1" 206 245171
84.130.78.161 - - [01/Dec/2005:10:07:27 -0800] "GET /movies2/walkingissues-c.zip HTTP/1.1" 206 148811
84.130.78.161 - - [01/Dec/2005:10:07:27 -0800] "GET /movies2/walkingissues-c.zip HTTP/1.1" 206 472212
84.130.78.161 - - [01/Dec/2005:10:07:27 -0800] "GET /movies2/walkingissues-c.zip HTTP/1.1" 200 303316
84.130.78.161 - - [01/Dec/2005:10:07:27 -0800] "GET /movies2/walkingissues-c.zip HTTP/1.1" 206 279492
84.130.78.161 - - [01/Dec/2005:10:07:29 -0800] "GET /movies2/FR5.zip HTTP/1.1" 206 138251
84.130.78.161 - - [01/Dec/2005:10:07:29 -0800] "GET /movies2/FR5.zip HTTP/1.1" 206 156732
84.130.78.161 - - [01/Dec/2005:10:07:29 -0800] "GET /movies2/FR5.zip HTTP/1.1" 206 85451
84.130.78.161 - - [01/Dec/2005:10:07:29 -0800] "GET /movies2/FR5.zip HTTP/1.1" 206 155412
84.130.78.161 - - [01/Dec/2005:10:07:29 -0800] "GET /movies2/FR5.zip HTTP/1.1" 200 150196
80.108.65.76 - - [01/Dec/2005:10:09:08 -0800] "GET /movies2/CloakedkillerTheCritblade.zip HTTP/1.1" 200 172368713
66.250.190.110 - - [01/Dec/2005:10:09:28 -0800] "GET /movies/Ampz%20Mordred-1.zip HTTP/1.0" 200 17578640
83.198.118.150 - - [01/Dec/2005:10:10:12 -0800] "GET /favicon.ico HTTP/1.1" 404 283
83.198.118.150 - - [01/Dec/2005:10:10:13 -0800] "GET /movies2/Raila%20Memorial%20good.zip HTTP/1.1" 200 73732
82.209.129.7 - - [01/Dec/2005:10:11:01 -0800] "GET /movies/1NightofOdyssey.zip HTTP/1.1" 200 57228486
84.154.250.214 - - [01/Dec/2005:10:11:47 -0800] "GET /movies/Skullrulez.zip HTTP/1.1" 200 271202
213.140.16.191 - - [01/Dec/2005:10:13:25 -0800] "GET /movies/StealthwarsEPISODE2.zip HTTP/1.1" 200 198238
193.174.25.29 - - [01/Dec/2005:10:13:42 -0800] "GET /movies2/Obso.zip HTTP/1.1" 206 6230616
193.174.25.29 - - [01/Dec/2005:10:13:43 -0800] "GET /movies2/Obso.zip HTTP/1.1" 206 6315608
193.174.25.29 - - [01/Dec/2005:10:13:43 -0800] "GET /movies2/Obso.zip HTTP/1.1" 206 3868112
193.174.25.29 - - [01/Dec/2005:10:13:43 -0800] "GET /movies2/Obso.zip HTTP/1.1" 206 4485784
193.174.25.29 - - [01/Dec/2005:10:13:47 -0800] "GET /movies2/Obso.zip HTTP/1.1" 206 4526055
84.100.162.117 - - [01/Dec/2005:10:14:03 -0800] "GET /movies/renamed_Druid%20%20Barden%20Vid.zip HTTP/1.1" 200 172387015
212.18.80.18 - - [01/Dec/2005:10:14:09 -0800] "GET /movies/Albion-igraine%20!.zip HTTP/1.0" 200 45774496
81.208.106.67 - - [01/Dec/2005:10:14:34 -0800] "GET /movies/Alcegi.zip HTTP/1.1" 200 94306170
84.174.38.183 - - [01/Dec/2005:10:14:58 -0800] "GET /movies/Gauthier.zip HTTP/1.1" 200 112418034
83.198.118.150 - - [01/Dec/2005:10:15:15 -0800] "GET /movies2/Raila%20Memorial%20good.zip HTTP/1.1" 206 12279280
83.198.118.150 - - [01/Dec/2005:10:15:23 -0800] "GET /movies2/Raila%20Memorial%20good.zip HTTP/1.1" 200 12301736
83.198.118.150 - - [01/Dec/2005:10:15:28 -0800] "GET /movies2/Raila%20Memorial%20good.zip HTTP/1.1" 206 269728
83.192.127.193 - - [01/Dec/2005:10:15:33 -0800] "GET /movies/Daily_RvR.zip HTTP/1.1" 200 262410777
84.129.221.100 - - [01/Dec/2005:10:16:02 -0800] "GET /movies2/EQ2%20-%20Look%20Over%20Here.zip HTTP/1.1" 200 3555890
62.241.2.2 - - [01/Dec/2005:10:17:17 -0800] "GET /movies2/maelstrom_cluster1.zip HTTP/1.0" 200 23571980
66.250.190.110 - - [01/Dec/2005:10:18:28 -0800] "GET /movies/Ampz%20Mordred-1.zip HTTP/1.0" 200 30559960
84.167.118.83 - - [01/Dec/2005:10:18:37 -0800] "GET /movies2/Absorbx_Gareth.zip HTTP/1.1" 200 342536526
84.129.221.100 - - [01/Dec/2005:10:19:47 -0800] "GET /movies2/todanceamongthedead_zilreed.zip HTTP/1.1" 200 36570613
68.220.91.7 - - [01/Dec/2005:10:20:24 -0800] "GET /movies2/Raila%20Memorial%20good.zip HTTP/1.1" 200 6182640
213.140.22.76 - - [01/Dec/2005:10:21:29 -0800] "GET /movies2/song2.zip HTTP/1.1" 206 25942343
213.140.22.76 - - [01/Dec/2005:10:21:39 -0800] "GET /movies2/song2.zip HTTP/1.1" 206 25942343
213.140.22.76 - - [01/Dec/2005:10:22:10 -0800] "GET /movies2/song2.zip HTTP/1.1" 206 25942343
81.56.142.96 - - [01/Dec/2005:10:22:17 -0800] "GET /movies/Kauthiir2.zip HTTP/1.1" 200 107210999
213.140.22.76 - - [01/Dec/2005:10:22:44 -0800] "GET /movies2/song2.zip HTTP/1.1" 206 25942343
213.140.22.76 - - [01/Dec/2005:10:23:01 -0800] "GET /movies2/song2.zip HTTP/1.1" 206 25942348
213.140.22.76 - - [01/Dec/2005:10:23:12 -0800] "GET /movies2/song2.zip HTTP/1.1" 206 25942343
213.140.22.76 - - [01/Dec/2005:10:23:15 -0800] "GET /movies2/song2.zip HTTP/1.1" 206 25942343
82.238.153.54 - - [01/Dec/2005:10:23:25 -0800] "GET /movies/Maelstrom1.zip HTTP/1.1" 200 81878829
84.140.143.144 - - [01/Dec/2005:10:24:05 -0800] "GET /movies/cgrvr.rar HTTP/1.1" 200 218908
80.143.89.170 - - [01/Dec/2005:10:24:56 -0800] "GET /movies2/maelstrom_cluster1.zip HTTP/1.1" 206 49345533
80.143.89.170 - - [01/Dec/2005:10:25:04 -0800] "GET /movies2/maelstrom_cluster1.zip HTTP/1.1" 206 235808
82.55.86.37 - - [01/Dec/2005:10:26:04 -0800] "GET /movies2/nov15.zip HTTP/1.1" 200 46935
83.103.41.210 - - [01/Dec/2005:10:26:06 -0800] "GET /movies/maelstrom3.zip HTTP/1.1" 200 896508
82.55.86.37 - - [01/Dec/2005:10:26:20 -0800] "GET /movies2/nov15.zip HTTP/1.1" 200 41207
129.187.44.153 - - [01/Dec/2005:10:26:40 -0800] "GET /movies2/Rush-Devon.zip HTTP/1.0" 200 187487255
82.232.46.143 - - [01/Dec/2005:10:26:52 -0800] "GET /movies/Meeting_Solo_Skald_Video1.rar HTTP/1.1" 200 154681249
84.130.217.163 - - [01/Dec/2005:10:27:17 -0800] "GET /favicon.ico HTTP/1.1" 404 283
134.109.84.247 - - [01/Dec/2005:10:27:18 -0800] "GET /movies/1NightofOdyssey.zip HTTP/1.1" 200 57228486
83.112.162.54 - - [01/Dec/2005:10:27:20 -0800] "GET /movies/hattrick.zip HTTP/1.1" 200 166117
82.82.169.92 - - [01/Dec/2005:10:27:23 -0800] "GET /movies2/Raila%20Memorial%20good.zip HTTP/1.1" 200 24692536
66.250.190.110 - - [01/Dec/2005:10:27:28 -0800] "GET /movies/Ampz%20Mordred-1.zip HTTP/1.0" 200 9751048
84.130.33.122 - - [01/Dec/2005:10:27:28 -0800] "GET /movies/Xora_MeleeRanger.zip HTTP/1.1" 200 12747
83.103.41.210 - - [01/Dec/2005:10:27:33 -0800] "GET /movies2/maelstrom_cluster1.zip HTTP/1.1" 200 1460160
82.55.86.37 - - [01/Dec/2005:10:27:33 -0800] "GET /movies2/nov15.zip HTTP/1.1" 200 24023
216.201.32.90 - - [01/Dec/2005:10:27:37 -0800] "GET /movies2/song2.zip HTTP/1.1" 206 4699413
80.168.227.81 - - [01/Dec/2005:10:27:51 -0800] "GET /movies/Gank+Vid+1+OF+FGH+vs+4+FGM+w+battle+sounds.zip HTTP/1.1" 404 325
80.168.227.81 - - [01/Dec/2005:10:27:54 -0800] "GET /movies/Gank+Vid+1+OF+FGH+vs+4+FGM+w+battle+sounds.zip HTTP/1.1" 404 325
84.144.35.116 - - [01/Dec/2005:10:29:10 -0800] "GET /movies2/November.zip HTTP/1.1" 200 231999
216.201.32.90 - - [01/Dec/2005:10:29:17 -0800] "GET /movies2/song2.zip HTTP/1.1" 206 255173
24.59.166.234 - - [01/Dec/2005:10:29:26 -0800] "GET /movies2/Raila%20Memorial%20good.zip HTTP/1.1" 200 24692536
82.241.60.157 - - [01/Dec/2005:10:29:36 -0800] "GET /movies2/Raila%20Memorial%20good.zip HTTP/1.1" 200 24692536
195.2.112.7 - - [01/Dec/2005:10:30:16 -0800] "GET /movies/DREAMOVIE.zip HTTP/1.1" 206 47574713
80.145.5.53 - - [01/Dec/2005:10:30:44 -0800] "GET /movies2/Raila%20Memorial%20good.zip HTTP/1.1" 200 24692536
195.2.112.7 - - [01/Dec/2005:10:30:53 -0800] "GET /movies/DREAMOVIE.zip HTTP/1.1" 200 47690412
84.172.120.236 - - [01/Dec/2005:10:30:53 -0800] "GET /movies/Jahshua1.zip HTTP/1.1" 200 41464443
195.2.112.7 - - [01/Dec/2005:10:31:12 -0800] "GET /movies/DREAMOVIE.zip HTTP/1.1" 206 47141128
195.2.112.7 - - [01/Dec/2005:10:31:13 -0800] "GET /movies/DREAMOVIE.zip HTTP/1.1" 206 46370896
195.2.112.7 - - [01/Dec/2005:10:31:13 -0800] "GET /movies/DREAMOVIE.zip HTTP/1.1" 206 1278575
195.2.112.7 - - [01/Dec/2005:10:31:21 -0800] "GET /movies/DREAMOVIE.zip HTTP/1.1" 206 423556
193.108.16.126 - - [01/Dec/2005:10:32:02 -0800] "GET /movies2/FUN.zip HTTP/1.0" 200 412093813
83.205.196.232 - - [01/Dec/2005:10:32:12 -0800] "GET /movies2/legio_4.zip HTTP/1.1" 200 356678
81.242.74.248 - - [01/Dec/2005:10:33:28 -0800] "GET /movies/Infensus%20II.zip HTTP/1.1" 200 1499593
85.178.40.127 - - [01/Dec/2005:10:33:35 -0800] "GET /favicon.ico HTTP/1.1" 404 283
84.185.146.115 - - [01/Dec/2005:10:34:17 -0800] "GET /movies/Vampiir%20video.zip HTTP/1.1" 200 30383116
87.3.43.145 - - [01/Dec/2005:10:36:23 -0800] "GET /movies2/legio_4.zip HTTP/1.1" 206 37588348
87.3.43.145 - - [01/Dec/2005:10:36:23 -0800] "GET /movies2/legio_4.zip HTTP/1.1" 206 40193312
87.3.43.145 - - [01/Dec/2005:10:36:23 -0800] "GET /movies2/legio_4.zip HTTP/1.1" 206 37533331
87.3.43.145 - - [01/Dec/2005:10:36:23 -0800] "GET /movies2/legio_4.zip HTTP/1.1" 206 38530048
87.3.43.145 - - [01/Dec/2005:10:36:23 -0800] "GET /movies2/legio_4.zip HTTP/1.1" 206 38251672
82.122.97.60 - - [01/Dec/2005:10:37:18 -0800] "GET /movies/Kauthiir2.zip HTTP/1.1" 200 6378968
217.208.165.164 - - [01/Dec/2005:10:38:56 -0800] "GET /movies/Teeka%20Ninja%20Warrior%20-%20Hard%20Mode.zip HTTP/1.1" 206 89091673
82.53.234.150 - - [01/Dec/2005:10:39:08 -0800] "GET /movies/whoelse2.zip HTTP/1.1" 206 35212060
193.108.16.126 - - [01/Dec/2005:10:39:28 -0800] "GET /movies/A%20little%20time%20with%20us.zip HTTP/1.0" 200 97518940
82.53.234.150 - - [01/Dec/2005:10:40:10 -0800] "GET /movies/whoelse2.zip HTTP/1.1" 206 35212062
217.208.165.164 - - [01/Dec/2005:10:40:19 -0800] "GET /movies/Teeka%20Ninja%20Warrior%20-%20Hard%20Mode.zip HTTP/1.1" 206 89091673
82.56.187.239 - - [01/Dec/2005:10:40:29 -0800] "GET /movies2/maelstrom_cluster1.zip HTTP/1.1" 206 132012468
82.53.234.150 - - [01/Dec/2005:10:40:30 -0800] "GET /movies/whoelse2.zip HTTP/1.1" 206 35212060
82.53.234.150 - - [01/Dec/2005:10:40:31 -0800] "GET /movies/whoelse2.zip HTTP/1.1" 206 35212060
85.124.110.56 - - [01/Dec/2005:10:40:54 -0800] "GET /movies2/November.zip HTTP/1.1" 200 12507599
85.124.110.56 - - [01/Dec/2005:10:41:04 -0800] "GET /movies2/kewle_fights.zip HTTP/1.1" 200 15444928
85.124.110.56 - - [01/Dec/2005:10:41:07 -0800] "GET /movies2/CloakedkillerTheCritblade.zip HTTP/1.1" 200 8201568
217.208.165.164 - - [01/Dec/2005:10:41:14 -0800] "GET /movies/Teeka%20Ninja%20Warrior%20-%20Hard%20Mode.zip HTTP/1.1" 206 89091677
84.134.121.20 - - [01/Dec/2005:10:41:18 -0800] "GET /movies2/Raila%20Memorial%20good.zip HTTP/1.1" 200 24692536
217.208.165.164 - - [01/Dec/2005:10:41:22 -0800] "GET /movies/Teeka%20Ninja%20Warrior%20-%20Hard%20Mode.zip HTTP/1.1" 206 89091673
81.56.142.96 - - [01/Dec/2005:10:41:35 -0800] "GET /movies2/SpeedMouse.zip HTTP/1.1" 200 147138400
82.231.16.108 - - [01/Dec/2005:10:43:21 -0800] "GET /movies2/Absorbx_Gareth.zip HTTP/1.1" 200 342536526
82.55.86.37 - - [01/Dec/2005:10:44:43 -0800] "GET /movies2/nov15.zip HTTP/1.1" 206 32243672
85.124.110.56 - - [01/Dec/2005:10:46:49 -0800] "GET /movies2/CloakedkillerTheCritblade.zip HTTP/1.1" 206 8050544
80.183.46.22 - - [01/Dec/2005:10:46:52 -0800] "GET /movies2/Goodbye%20daoc_0001.zip HTTP/1.1" 200 22560
80.183.46.22 - - [01/Dec/2005:10:46:54 -0800] "GET /movies2/Goodbye%20daoc_0001.zip HTTP/1.1" 206 38273
80.145.229.43 - - [01/Dec/2005:10:47:03 -0800] "GET /movies2/Aerdi.zip HTTP/1.1" 200 40237747
80.183.46.22 - - [01/Dec/2005:10:47:36 -0800] "GET /movies2/rvr.zip HTTP/1.1" 200 22558
80.183.46.22 - - [01/Dec/2005:10:47:37 -0800] "GET /movies2/rvr.zip HTTP/1.1" 206 36839
212.143.22.168 - - [01/Dec/2005:10:47:43 -0800] "GET /movies2/rvr.zip HTTP/1.1" 206 12799
86.198.58.147 - - [01/Dec/2005:10:48:23 -0800] "GET /movies/Alpha%20RVR%20Compilation.zip HTTP/1.1" 200 1179488
85.178.40.127 - - [01/Dec/2005:10:49:56 -0800] "GET /movies2/Raila%20Memorial%20good.zip HTTP/1.1" 200 24692536
83.198.43.240 - - [01/Dec/2005:10:50:33 -0800] "GET /movies2/Raila%20Memorial%20good.zip HTTP/1.1" 200 430924
85.124.110.56 - - [01/Dec/2005:10:50:42 -0800] "GET /movies2/CloakedkillerTheCritblade.zip HTTP/1.1" 206 4664928
85.124.110.56 - - [01/Dec/2005:10:50:49 -0800] "GET /movies2/kewle_fights.zip HTTP/1.1" 206 11452175
85.124.110.56 - - [01/Dec/2005:10:50:52 -0800] "GET /movies2/November.zip HTTP/1.1" 206 14611455
86.197.229.152 - - [01/Dec/2005:10:52:34 -0800] "GET /movies/swiftdeathz_v4.zip HTTP/1.1" 200 87743290
85.178.40.127 - - [01/Dec/2005:10:52:41 -0800] "GET /favicon.ico HTTP/1.1" 404 283
80.145.116.235 - - [01/Dec/2005:10:53:14 -0800] "GET /favicon.ico HTTP/1.1" 404 283
80.183.46.22 - - [01/Dec/2005:10:53:53 -0800] "GET /movies2/Goodbye%20daoc_0001.zip HTTP/1.1" 206 6195998
80.183.46.22 - - [01/Dec/2005:10:54:00 -0800] "GET /movies2/Goodbye%20daoc_0001.zip HTTP/1.1" 206 6195998
80.183.46.22 - - [01/Dec/2005:10:54:02 -0800] "GET /movies2/Goodbye%20daoc_0001.zip HTTP/1.1" 206 6195998
80.183.46.22 - - [01/Dec/2005:10:54:06 -0800] "GET /movies2/Goodbye%20daoc_0001.zip HTTP/1.1" 206 6195998
80.183.46.22 - - [01/Dec/2005:10:54:23 -0800] "GET /movies2/Goodbye%20daoc_0001.zip HTTP/1.1" 206 6195998
80.183.46.22 - - [01/Dec/2005:10:54:32 -0800] "GET /movies2/Goodbye%20daoc_0001.zip HTTP/1.1" 206 6195998
80.145.116.235 - - [01/Dec/2005:10:54:37 -0800] "GET /movies/Folex%20Icanhandletwo.zip HTTP/1.1" 200 99867
82.209.129.7 - - [01/Dec/2005:10:54:46 -0800] "GET /movies/pug_0001.zip HTTP/1.1" 200 174779297
80.183.46.22 - - [01/Dec/2005:10:55:12 -0800] "GET /movies2/Goodbye%20daoc_0001.zip HTTP/1.1" 206 6195998
80.11.107.29 - - [01/Dec/2005:10:55:18 -0800] "GET /movies/Death%20to%20Hydra.zip HTTP/1.1" 200 98727992
192.121.232.7 - - [01/Dec/2005:10:55:25 -0800] "GET /movies2/rvr.zip HTTP/1.1" 200 327301124
81.57.80.18 - - [01/Dec/2005:10:55:28 -0800] "GET /movies/Copy%20of%20DesoReloaded.zip HTTP/1.1" 200 344016129
84.113.191.222 - - [01/Dec/2005:10:56:26 -0800] "GET /movies/skoldsolo.zip HTTP/1.1" 200 288138801
85.226.167.220 - - [01/Dec/2005:10:56:37 -0800] "GET /movies2/Raila%20Memorial%20good.zip HTTP/1.1" 200 24692536
82.56.107.87 - - [01/Dec/2005:10:57:47 -0800] "GET /movies2/legio_4.zip HTTP/1.1" 206 152952
82.56.107.87 - - [01/Dec/2005:10:57:47 -0800] "GET /movies2/legio_4.zip HTTP/1.1" 206 339368
82.56.107.87 - - [01/Dec/2005:10:57:47 -0800] "GET /movies2/legio_4.zip HTTP/1.1" 206 272672
82.56.107.87 - - [01/Dec/2005:10:57:47 -0800] "GET /movies2/legio_4.zip HTTP/1.1" 206 331072
82.56.107.87 - - [01/Dec/2005:10:57:48 -0800] "GET /movies2/legio_4.zip HTTP/1.1" 206 87252
81.208.106.67 - - [01/Dec/2005:10:57:59 -0800] "GET /movies2/song2.zip HTTP/1.1" 200 181596400
85.124.110.56 - - [01/Dec/2005:10:58:11 -0800] "GET /movies2/CloakedkillerTheCritblade.zip HTTP/1.1" 206 10323375
85.178.40.127 - - [01/Dec/2005:10:58:18 -0800] "GET /movies2/todanceamongthedead_zilreed.zip HTTP/1.1" 200 36570613
84.154.97.150 - - [01/Dec/2005:10:58:31 -0800] "GET /favicon.ico HTTP/1.1" 404 283
83.68.212.245 - - [01/Dec/2005:10:58:39 -0800] "GET /movies2/Raila%20Memorial%20good.zip HTTP/1.1" 200 24692536
83.112.162.54 - - [01/Dec/2005:10:59:01 -0800] "GET /movies/hattrick.zip HTTP/1.0" 206 7799724
83.112.162.54 - - [01/Dec/2005:10:59:01 -0800] "GET /movies/hattrick.zip HTTP/1.0" 206 8385428
83.112.162.54 - - [01/Dec/2005:10:59:01 -0800] "GET /movies/hattrick.zip HTTP/1.0" 206 7379950
83.112.162.54 - - [01/Dec/2005:10:59:02 -0800] "GET /movies/hattrick.zip HTTP/1.0" 206 7851068
83.112.162.54 - - [01/Dec/2005:10:59:03 -0800] "GET /movies/hattrick.zip HTTP/1.0" 206 8130188
80.58.47.42 - - [01/Dec/2005:10:59:07 -0800] "GET /movies2/maelstrom_cluster1.zip HTTP/1.0" 206 58791558
82.56.107.87 - - [01/Dec/2005:10:59:12 -0800] "GET /movies2/legio_4.zip HTTP/1.1" 206 1318036
82.56.107.87 - - [01/Dec/2005:10:59:12 -0800] "GET /movies2/legio_4.zip HTTP/1.1" 206 1458584
82.56.107.87 - - [01/Dec/2005:10:59:12 -0800] "GET /movies2/legio_4.zip HTTP/1.1" 206 1910328
82.56.107.87 - - [01/Dec/2005:10:59:12 -0800] "GET /movies2/legio_4.zip HTTP/1.1" 206 1388700
82.56.107.87 - - [01/Dec/2005:10:59:13 -0800] "GET /movies2/legio_4.zip HTTP/1.1" 206 1533972
83.112.162.54 - - [01/Dec/2005:10:59:16 -0800] "GET /movies/hattrick.zip HTTP/1.0" 206 8275192
83.112.162.54 - - [01/Dec/2005:10:59:16 -0800] "GET /movies/hattrick.zip HTTP/1.0" 206 7006720
83.112.162.54 - - [01/Dec/2005:10:59:16 -0800] "GET /movies/hattrick.zip HTTP/1.0" 206 8008704
83.112.162.54 - - [01/Dec/2005:10:59:16 -0800] "GET /movies/hattrick.zip HTTP/1.0" 206 8011668
83.112.162.54 - - [01/Dec/2005:10:59:16 -0800] "GET /movies/hattrick.zip HTTP/1.0" 206 8148908
83.112.162.54 - - [01/Dec/2005:10:59:16 -0800] "GET /movies/hattrick.zip HTTP/1.0" 206 7677648
83.112.162.54 - - [01/Dec/2005:10:59:16 -0800] "GET /movies/hattrick.zip HTTP/1.0" 206 7841310
83.112.162.54 - - [01/Dec/2005:10:59:16 -0800] "GET /movies/hattrick.zip HTTP/1.0" 206 7612512
83.112.162.54 - - [01/Dec/2005:10:59:16 -0800] "GET /movies/hattrick.zip HTTP/1.0" 200 8212660
83.112.162.54 - - [01/Dec/2005:10:59:16 -0800] "GET /movies/hattrick.zip HTTP/1.0" 206 7618928
84.191.255.191 - - [01/Dec/2005:11:00:48 -0800] "GET /movies/BTVideo2.zip HTTP/1.1" 200 40123838
84.155.201.231 - - [01/Dec/2005:11:00:57 -0800] "GET /movies/Eidleon%20RR8%20Reaver.zip HTTP/1.1" 200 116513792
84.56.41.233 - - [01/Dec/2005:11:01:31 -0800] "GET /movies/alive.zip HTTP/1.1" 200 63862265
83.112.162.54 - - [01/Dec/2005:11:01:37 -0800] "GET /movies/BDASCEND1.zip HTTP/1.1" 200 54668
84.134.139.112 - - [01/Dec/2005:11:02:12 -0800] "GET /movies/skoldsolo.zip HTTP/1.1" 200 288138801
85.178.40.127 - - [01/Dec/2005:11:02:41 -0800] "GET /movies2/EQ2%20-%20Look%20Over%20Here.zip HTTP/1.1" 200 43153296
82.250.198.166 - - [01/Dec/2005:11:03:32 -0800] "GET /movies/ThaneVid2_by_Iator.zip HTTP/1.1" 200 8225524
84.164.239.52 - - [01/Dec/2005:11:03:37 -0800] "GET /movies2/Raila%20Memorial%20good.zip HTTP/1.1" 200 18556
84.164.239.52 - - [01/Dec/2005:11:03:40 -0800] "GET /movies2/Raila%20Memorial%20good.zip HTTP/1.1" 206 18539
212.143.22.168 - - [01/Dec/2005:11:03:41 -0800] "GET /movies2/Raila%20Memorial%20good.zip HTTP/1.1" 206 12803
84.134.139.112 - - [01/Dec/2005:11:04:13 -0800] "GET /movies/skoldsolo.zip HTTP/1.1" 200 421276
195.2.112.7 - - [01/Dec/2005:11:04:46 -0800] "GET /movies/ReleasE.zip HTTP/1.1" 206 44514912
195.2.112.7 - - [01/Dec/2005:11:05:01 -0800] "GET /movies/ReleasE.zip HTTP/1.1" 206 44443929
82.50.62.109 - - [01/Dec/2005:11:05:18 -0800] "GET /movies/NS.zip HTTP/1.1" 200 622652
82.50.62.109 - - [01/Dec/2005:11:05:50 -0800] "GET /movies/NS.zip HTTP/1.1" 200 74828
84.144.35.116 - - [01/Dec/2005:11:06:12 -0800] "GET /movies2/nov15.zip HTTP/1.1" 200 67701148
82.58.151.138 - - [01/Dec/2005:11:06:13 -0800] "GET /movies2/maelstrom_cluster1.zip HTTP/1.1" 200 58386538
84.155.78.75 - - [01/Dec/2005:11:06:26 -0800] "GET /movies2/renamed_daoc.TR.tape-2.ausschnitte.ace HTTP/1.1" 200 86895906
80.136.148.190 - - [01/Dec/2005:11:07:25 -0800] "GET /movies/Thidranki%20-%20Smurf%20Army%20in%20action.zip HTTP/1.1" 200 2843104
82.120.9.251 - - [01/Dec/2005:11:07:45 -0800] "GET /movies/ThaneVid2_by_Iator.zip HTTP/1.1" 200 93836824
213.39.157.178 - - [01/Dec/2005:11:08:27 -0800] "GET /movies2/maelstrom_cluster1.zip HTTP/1.1" 200 345369905
84.172.120.236 - - [01/Dec/2005:11:08:31 -0800] "GET /movies/Nosgoth_Untouchabel.zip HTTP/1.1" 200 91310637
84.186.22.179 - - [01/Dec/2005:11:09:23 -0800] "GET /movies/FincloveKeelin.zip HTTP/1.1" 200 9933371
85.178.40.127 - - [01/Dec/2005:11:10:56 -0800] "GET /movies2/Raila%20Memorial%20good.zip HTTP/1.1" 200 24692536
85.124.110.56 - - [01/Dec/2005:11:11:03 -0800] "GET /movies2/CloakedkillerTheCritblade.zip HTTP/1.1" 206 11990735
84.174.38.183 - - [01/Dec/2005:11:11:20 -0800] "GET /movies/LackaberMerc.zip HTTP/1.1" 200 149545201
85.68.212.227 - - [01/Dec/2005:11:11:48 -0800] "GET /movies2/legio_3.zip HTTP/1.1" 200 384442071
80.58.47.42 - - [01/Dec/2005:11:11:49 -0800] "GET /movies2/maelstrom_cluster1.zip HTTP/1.0" 206 81322536
84.164.239.52 - - [01/Dec/2005:11:12:02 -0800] "GET /movies2/Raila%20Memorial%20good.zip HTTP/1.1" 206 6173134
84.145.230.22 - - [01/Dec/2005:11:12:06 -0800] "GET /movies/1NightofOdyssey.zip HTTP/1.1" 200 166244
84.164.239.52 - - [01/Dec/2005:11:12:08 -0800] "GET /movies2/Raila%20Memorial%20good.zip HTTP/1.1" 206 6173134
84.50.125.90 - - [01/Dec/2005:11:12:11 -0800] "GET /movies2/Obso.zip HTTP/1.1" 200 56307
84.164.239.52 - - [01/Dec/2005:11:12:28 -0800] "GET /movies2/Raila%20Memorial%20good.zip HTTP/1.1" 206 6173134
84.164.239.52 - - [01/Dec/2005:11:12:30 -0800] "GET /movies2/Raila%20Memorial%20good.zip HTTP/1.1" 206 6173137
82.57.4.214 - - [01/Dec/2005:11:12:39 -0800] "GET /movies2/rvr.zip HTTP/1.1" 200 13270022
82.37.15.244 - - [01/Dec/2005:11:12:52 -0800] "GET /movies/Warrior%20in%20BG.zip HTTP/1.1" 200 41435610
84.50.125.90 - - [01/Dec/2005:11:12:56 -0800] "GET /movies2/TDK3.zip HTTP/1.1" 200 117290
84.140.155.148 - - [01/Dec/2005:11:13:11 -0800] "GET /favicon.ico HTTP/1.1" 404 283
84.140.155.148 - - [01/Dec/2005:11:13:14 -0800] "GET /movies2/maelstrom_cluster1.zip HTTP/1.1" 200 175476
83.68.212.245 - - [01/Dec/2005:11:13:26 -0800] "GET /movies2/Raila%20Memorial%20good.zip HTTP/1.1" 200 24692536
84.145.230.22 - - [01/Dec/2005:11:13:48 -0800] "GET /movies/Deadstar%20vs%20Metaxa%20Round1.zip HTTP/1.1" 200 179312
84.100.212.144 - - [01/Dec/2005:11:13:51 -0800] "GET /movies2/legio_3.zip HTTP/1.1" 200 18665120
84.100.212.144 - - [01/Dec/2005:11:13:53 -0800] "GET /movies2/legio_4.zip HTTP/1.1" 200 19145760
84.140.155.148 - - [01/Dec/2005:11:14:06 -0800] "GET /movies2/maelstrom_cluster1.zip HTTP/1.1" 200 136272
84.164.239.52 - - [01/Dec/2005:11:14:06 -0800] "GET /movies2/Raila%20Memorial%20good.zip HTTP/1.1" 206 19991
84.140.155.148 - - [01/Dec/2005:11:14:27 -0800] "GET /movies2/maelstrom_cluster1.zip HTTP/1.1" 200 101318
82.37.15.244 - - [01/Dec/2005:11:14:47 -0800] "GET /movies/ThidrankiTurnsOrange.zip HTTP/1.1" 200 51198237
84.154.97.150 - - [01/Dec/2005:11:15:21 -0800] "GET /movies/phylstar.zip HTTP/1.1" 200 20133624
84.154.97.150 - - [01/Dec/2005:11:15:23 -0800] "GET /movies/GladricSoloRvrMovie4.zip HTTP/1.1" 200 23148272
82.250.198.166 - - [01/Dec/2005:11:15:27 -0800] "GET /movies/ThaneVid2_by_Iator.zip HTTP/1.1" 200 137881
84.140.155.148 - - [01/Dec/2005:11:16:13 -0800] "GET /movies2/maelstrom_cluster1.zip HTTP/1.1" 200 113040
84.156.253.155 - - [01/Dec/2005:11:16:36 -0800] "GET /movies/Valkyrie%20Video.zip HTTP/1.1" 200 348766280
212.74.170.202 - - [01/Dec/2005:11:17:01 -0800] "GET /movies2/legio_4.zip HTTP/1.1" 200 532469697
81.53.246.250 - - [01/Dec/2005:11:17:18 -0800] "GET /movies2/forItawithlove.zip HTTP/1.1" 200 100690079
82.55.86.37 - - [01/Dec/2005:11:17:23 -0800] "GET /movies2/nov15.zip HTTP/1.1" 206 49231926
24.59.166.234 - - [01/Dec/2005:11:17:41 -0800] "GET /movies/Aledicus%20the%20Friar.zip HTTP/1.1" 200 75237861
82.55.86.37 - - [01/Dec/2005:11:17:43 -0800] "GET /movies2/nov15.zip HTTP/1.1" 206 49231926
195.2.112.7 - - [01/Dec/2005:11:17:57 -0800] "GET /movies/seyxfearless.zip HTTP/1.1" 200 62898236
84.50.125.90 - - [01/Dec/2005:11:17:58 -0800] "GET /movies2/TDK3.zip HTTP/1.1" 200 4853714
195.2.112.7 - - [01/Dec/2005:11:18:05 -0800] "GET /movies/seyxfearless.zip HTTP/1.1" 206 342910
195.2.112.7 - - [01/Dec/2005:11:18:09 -0800] "GET /movies/seyxfearless.zip HTTP/1.1" 206 62560512
24.214.10.192 - - [01/Dec/2005:11:18:58 -0800] "GET /movies/hibgath.zip HTTP/1.1" 200 57689712
81.243.101.140 - - [01/Dec/2005:11:19:40 -0800] "GET /movies/AllexielBeonthel-NobodyLeft111.rar HTTP/1.1" 200 3531576
81.243.101.140 - - [01/Dec/2005:11:19:50 -0800] "GET /movies/AllexielBeonthel-NobodyLeft111.rar HTTP/1.1" 200 134480
84.185.191.175 - - [01/Dec/2005:11:19:58 -0800] "GET /movies2/legio_4.zip HTTP/1.1" 200 2862398
81.243.101.140 - - [01/Dec/2005:11:19:58 -0800] "GET /movies/ValiantGlory.zip HTTP/1.1" 200 188176
80.58.47.42 - - [01/Dec/2005:11:21:46 -0800] "GET /movies2/maelstrom_cluster1.zip HTTP/1.0" 206 19977670
84.140.155.148 - - [01/Dec/2005:11:22:07 -0800] "GET /movies2/maelstrom_cluster1.zip HTTP/1.1" 200 4229460
84.164.239.52 - - [01/Dec/2005:11:22:35 -0800] "GET /movies2/Raila%20Memorial%20good.zip HTTP/1.1" 206 6173135
84.164.239.52 - - [01/Dec/2005:11:22:37 -0800] "GET /movies2/Raila%20Memorial%20good.zip HTTP/1.1" 206 6173134
84.164.239.52 - - [01/Dec/2005:11:22:38 -0800] "GET /movies2/Raila%20Memorial%20good.zip HTTP/1.1" 206 6173135
84.164.239.52 - - [01/Dec/2005:11:22:45 -0800] "GET /movies2/Raila%20Memorial%20good.zip HTTP/1.1" 206 6173135
195.2.112.7 - - [01/Dec/2005:11:23:05 -0800] "GET /movies/ReleasE.zip HTTP/1.1" 200 65926948
84.100.162.117 - - [01/Dec/2005:11:23:07 -0800] "GET /movies/HoA%20Adrenaline.zip HTTP/1.1" 200 254922759
195.2.112.7 - - [01/Dec/2005:11:23:11 -0800] "GET /movies/ReleasE.zip HTTP/1.1" 206 23036955
86.198.58.147 - - [01/Dec/2005:11:23:17 -0800] "GET /movies/MOLVIK.zip HTTP/1.1" 200 47273330
84.140.155.148 - - [01/Dec/2005:11:23:32 -0800] "GET /movies2/maelstrom_cluster1.zip HTTP/1.1" 206 1673724
82.55.86.37 - - [01/Dec/2005:11:24:19 -0800] "GET /movies2/nov15.zip HTTP/1.1" 206 17009734
82.37.15.244 - - [01/Dec/2005:11:24:27 -0800] "GET /movies/PugGood.rar HTTP/1.1" 200 1176596
80.58.47.42 - - [01/Dec/2005:11:24:31 -0800] "GET /movies2/maelstrom_cluster1.zip HTTP/1.0" 206 9480016
24.59.166.234 - - [01/Dec/2005:11:25:21 -0800] "GET /movies/IPvPFriar.2.zip HTTP/1.1" 200 102437462
80.58.47.42 - - [01/Dec/2005:11:25:50 -0800] "GET /movies2/maelstrom_cluster1.zip HTTP/1.0" 206 4249016
80.58.47.42 - - [01/Dec/2005:11:25:51 -0800] "GET /movies2/maelstrom_cluster1.zip HTTP/1.0" 206 12645
80.58.47.42 - - [01/Dec/2005:11:25:51 -0800] "GET /movies2/maelstrom_cluster1.zip HTTP/1.0" 206 279077
80.58.47.42 - - [01/Dec/2005:11:25:54 -0800] "GET /movies2/TDK3.zip HTTP/1.0" 200 48240
80.58.47.42 - - [01/Dec/2005:11:25:57 -0800] "GET /movies2/maelstrom_cluster1.zip HTTP/1.0" 206 1095056
80.58.47.42 - - [01/Dec/2005:11:25:58 -0800] "GET /movies2/maelstrom_cluster1.zip HTTP/1.0" 200 170867608
84.167.96.66 - - [01/Dec/2005:11:26:16 -0800] "GET /movies2/rvr.zip HTTP/1.1" 200 112064
80.145.116.235 - - [01/Dec/2005:11:26:56 -0800] "GET /movies/Foio2.zip HTTP/1.1" 200 49200995
82.55.86.37 - - [01/Dec/2005:11:27:04 -0800] "GET /movies2/nov15.zip HTTP/1.1" 206 49231926
82.55.96.141 - - [01/Dec/2005:11:27:06 -0800] "GET /movies2/maelstrom_cluster1.zip HTTP/1.1" 200 54384812
84.167.96.66 - - [01/Dec/2005:11:27:10 -0800] "GET /movies2/maelstrom_cluster1.zip HTTP/1.1" 200 32798
84.145.230.22 - - [01/Dec/2005:11:29:03 -0800] "GET /movies/Gremmy2_0001.zip HTTP/1.1" 200 21214814
82.50.62.109 - - [01/Dec/2005:11:29:42 -0800] "GET /movies2/Deceis%20Hey.zip HTTP/1.1" 200 106234
86.192.54.156 - - [01/Dec/2005:11:31:05 -0800] "GET /movies/ThaneVid2_by_Iator.zip HTTP/1.1" 200 364588
86.192.54.156 - - [01/Dec/2005:11:31:05 -0800] "HEAD /movies/ThaneVid2_by_Iator.zip HTTP/1.1" 200 0
86.192.54.156 - - [01/Dec/2005:11:31:05 -0800] "HEAD /movies/ThaneVid2_by_Iator.zip HTTP/1.1" 200 0
86.192.54.156 - - [01/Dec/2005:11:31:06 -0800] "GET /movies/ThaneVid2_by_Iator.zip HTTP/1.1" 200 12386
84.130.33.122 - - [01/Dec/2005:11:31:58 -0800] "GET /movies/Xora_MeleeRanger.zip HTTP/1.1" 200 86312106
86.192.54.156 - - [01/Dec/2005:11:32:37 -0800] "GET /movies/ThaneVid2_by_Iator.zip HTTP/1.1" 200 1457476
84.145.230.22 - - [01/Dec/2005:11:33:34 -0800] "GET /movies/Duels.zip HTTP/1.1" 200 31550857
213.23.169.234 - - [01/Dec/2005:11:34:19 -0800] "GET /movies2/kewle_fights.zip HTTP/1.1" 200 46828344
84.140.155.148 - - [01/Dec/2005:11:34:44 -0800] "GET /movies/whoelse2.zip HTTP/1.1" 200 221940
84.58.99.26 - - [01/Dec/2005:11:34:55 -0800] "GET /movies2/Raila%20Memorial%20good.zip HTTP/1.1" 200 24692536
84.98.252.85 - - [01/Dec/2005:11:35:44 -0800] "GET /movies/soylcamlann.zip HTTP/1.1" 200 157666434
213.140.22.76 - - [01/Dec/2005:11:36:10 -0800] "GET /favicon.ico HTTP/1.1" 404 283
84.222.55.3 - - [01/Dec/2005:11:36:22 -0800] "GET /movies/Severed.zip HTTP/1.1" 200 110357885
83.197.5.166 - - [01/Dec/2005:11:36:53 -0800] "GET /movies2/caerleon.zip HTTP/1.1" 200 219466777
62.197.78.86 - - [01/Dec/2005:11:37:30 -0800] "GET /movies/pvpvid2_Ikaros_Nedom.zip HTTP/1.1" 200 78186148
84.144.35.116 - - [01/Dec/2005:11:37:41 -0800] "GET /movies/SoloZerk.zip HTTP/1.1" 200 126492107
84.140.155.148 - - [01/Dec/2005:11:37:47 -0800] "GET /movies/whoelse2.zip HTTP/1.1" 200 51950
84.140.155.148 - - [01/Dec/2005:11:38:34 -0800] "GET /movies/whoelse2.zip HTTP/1.1" 200 136272
81.208.106.67 - - [01/Dec/2005:11:38:36 -0800] "GET /movies/greygank.zip HTTP/1.1" 200 81975719
172.186.32.141 - - [01/Dec/2005:11:38:39 -0800] "GET /movies2/TDK3.zip HTTP/1.1" 200 315648
82.50.62.109 - - [01/Dec/2005:11:38:56 -0800] "GET /movies/Brite2.zip HTTP/1.1" 200 12703214
82.50.62.109 - - [01/Dec/2005:11:38:57 -0800] "GET /movies/CelticFistHQ.zip HTTP/1.1" 200 12118565
84.155.243.9 - - [01/Dec/2005:11:39:16 -0800] "GET /movies/Opaccus4.zip HTTP/1.1" 200 75636938
82.50.62.109 - - [01/Dec/2005:11:39:20 -0800] "GET /movies/soylcamlann.zip HTTP/1.1" 200 145230
172.186.32.141 - - [01/Dec/2005:11:39:29 -0800] "GET /movies2/TDK3.zip HTTP/1.1" 200 1217328
172.186.32.141 - - [01/Dec/2005:11:39:29 -0800] "GET /movies2/TDK3.zip HTTP/1.1" 206 1587248
83.155.23.65 - - [01/Dec/2005:11:39:36 -0800] "GET /movies/ValiantGlory.zip HTTP/1.1" 200 94878
82.50.62.109 - - [01/Dec/2005:11:40:10 -0800] "GET /movies/soylcamlann.zip HTTP/1.1" 200 243626
172.186.32.141 - - [01/Dec/2005:11:40:20 -0800] "GET /movies2/A%20Day%20in%20a%20Bard's%20Life%20-%20The%20Bard's%20Tale%20IV.zip HTTP/1.1" 200 110288
70.229.36.39 - - [01/Dec/2005:11:40:21 -0800] "GET /movies/Dhaz-MerlinsSoloSavageVid2.zip HTTP/1.1" 200 112079841
172.186.32.141 - - [01/Dec/2005:11:40:39 -0800] "GET /movies2/A%20Day%20in%20a%20Bard's%20Life%20-%20The%20Bard's%20Tale%20IV.zip HTTP/1.1" 206 223744
84.156.27.107 - - [01/Dec/2005:11:41:07 -0800] "GET /movies/Exile.zip HTTP/1.1" 200 110030
213.54.95.127 - - [01/Dec/2005:11:41:30 -0800] "GET /movies2/Raila%20Memorial%20good.zip HTTP/1.1" 200 20920
213.54.95.127 - - [01/Dec/2005:11:41:30 -0800] "GET /movies2/Raila%20Memorial%20good.zip HTTP/1.1" 206 30815
82.67.236.94 - - [01/Dec/2005:11:43:11 -0800] "GET /movies2/walkingissues-c.zip HTTP/1.1" 200 41359852
80.183.46.22 - - [01/Dec/2005:11:43:21 -0800] "GET /movies2/rvr.zip HTTP/1.1" 206 46757306
84.156.27.107 - - [01/Dec/2005:11:43:34 -0800] "GET /movies/Warlocked.zip HTTP/1.1" 200 2113925
82.50.62.109 - - [01/Dec/2005:11:43:37 -0800] "GET /movies/AD_reumia.zip HTTP/1.1" 200 61367
83.155.23.65 - - [01/Dec/2005:11:43:42 -0800] "GET /movies2/ValiantGlory2.zip HTTP/1.1" 200 5584352
84.130.217.163 - - [01/Dec/2005:11:43:51 -0800] "GET /movies/NamelessPugApril27th.zip HTTP/1.1" 200 116101752
80.183.46.22 - - [01/Dec/2005:11:43:53 -0800] "GET /movies2/rvr.zip HTTP/1.1" 206 46757306
80.183.46.22 - - [01/Dec/2005:11:44:04 -0800] "GET /movies2/rvr.zip HTTP/1.1" 206 46757306
83.135.136.193 - - [01/Dec/2005:11:44:06 -0800] "GET /movies/Exile.zip HTTP/1.1" 200 141974
80.183.46.22 - - [01/Dec/2005:11:44:10 -0800] "GET /movies2/rvr.zip HTTP/1.1" 206 46757306
81.208.106.67 - - [01/Dec/2005:11:44:11 -0800] "GET /movies/MauveMinstrel.zip HTTP/1.1" 200 163501464
213.54.95.127 - - [01/Dec/2005:11:44:38 -0800] "GET /movies2/Raila%20Memorial%20good.zip HTTP/1.1" 206 3527506
80.145.200.96 - - [01/Dec/2005:11:44:42 -0800] "GET /movies2/Aerdi.zip HTTP/1.1" 200 40237747
213.54.95.127 - - [01/Dec/2005:11:44:43 -0800] "GET /movies2/Raila%20Memorial%20good.zip HTTP/1.1" 206 3527506
80.183.46.22 - - [01/Dec/2005:11:44:46 -0800] "GET /movies2/rvr.zip HTTP/1.1" 206 46757294
84.140.155.148 - - [01/Dec/2005:11:44:47 -0800] "GET /movies/whoelse2.zip HTTP/1.1" 206 13616424
213.54.95.127 - - [01/Dec/2005:11:44:58 -0800] "GET /movies2/Raila%20Memorial%20good.zip HTTP/1.1" 206 3527506
213.54.95.127 - - [01/Dec/2005:11:45:01 -0800] "GET /movies2/Raila%20Memorial%20good.zip HTTP/1.1" 206 3527506
84.140.155.148 - - [01/Dec/2005:11:45:08 -0800] "GET /movies/whoelse2.zip HTTP/1.1" 200 15650
213.54.95.127 - - [01/Dec/2005:11:45:18 -0800] "GET /movies2/Raila%20Memorial%20good.zip HTTP/1.1" 206 3527506
213.54.95.127 - - [01/Dec/2005:11:45:18 -0800] "GET /movies2/Raila%20Memorial%20good.zip HTTP/1.1" 206 3527506
213.54.95.127 - - [01/Dec/2005:11:45:19 -0800] "GET /movies2/Raila%20Memorial%20good.zip HTTP/1.1" 206 3527506
84.130.78.161 - - [01/Dec/2005:11:45:54 -0800] "GET /movies2/TDK3.zip HTTP/1.1" 206 76807814
80.183.46.22 - - [01/Dec/2005:11:46:02 -0800] "GET /movies2/rvr.zip HTTP/1.1" 206 46757306
80.183.46.22 - - [01/Dec/2005:11:46:27 -0800] "GET /movies2/rvr.zip HTTP/1.1" 206 46757306
172.186.32.141 - - [01/Dec/2005:11:46:50 -0800] "GET /movies2/Obso.zip HTTP/1.1" 200 119359
213.44.1.68 - - [01/Dec/2005:11:46:50 -0800] "GET /movies/Frozen.zip HTTP/1.1" 200 79768479
84.130.78.161 - - [01/Dec/2005:11:47:05 -0800] "GET /movies2/TDK3.zip HTTP/1.1" 206 76813016
84.130.78.161 - - [01/Dec/2005:11:47:14 -0800] "GET /movies2/TDK3.zip HTTP/1.1" 206 857768
84.130.78.161 - - [01/Dec/2005:11:47:21 -0800] "GET /movies2/TDK3.zip HTTP/1.1" 206 76048800
84.130.78.161 - - [01/Dec/2005:11:47:33 -0800] "GET /movies2/TDK3.zip HTTP/1.1" 206 374470
84.130.78.161 - - [01/Dec/2005:11:47:35 -0800] "GET /movies2/TDK3.zip HTTP/1.1" 206 76562291
84.130.78.161 - - [01/Dec/2005:11:47:43 -0800] "GET /movies2/TDK3.zip HTTP/1.1" 206 282132
84.130.78.161 - - [01/Dec/2005:11:47:43 -0800] "GET /movies2/TDK3.zip HTTP/1.1" 206 76443492
81.208.106.67 - - [01/Dec/2005:11:48:51 -0800] "GET /movies2/speeedie_0001.zip HTTP/1.1" 200 78368375
84.140.155.148 - - [01/Dec/2005:11:48:59 -0800] "GET /movies/Black_Out-No_Challenge.zip HTTP/1.1" 200 15650
80.145.116.235 - - [01/Dec/2005:11:50:20 -0800] "GET /movies/Folex%20Icanhandletwo.zip HTTP/1.1" 206 85085974
84.56.41.194 - - [01/Dec/2005:11:50:28 -0800] "GET /favicon.ico HTTP/1.1" 404 283
87.0.216.240 - - [01/Dec/2005:11:51:11 -0800] "GET /favicon.ico HTTP/1.1" 404 283
84.191.255.191 - - [01/Dec/2005:11:51:15 -0800] "GET /movies/AdNBombSquad-.zip HTTP/1.1" 200 106777054
84.130.101.22 - - [01/Dec/2005:11:51:29 -0800] "GET /movies/maelstrom3.zip HTTP/1.1" 200 102768
84.130.101.22 - - [01/Dec/2005:11:51:44 -0800] "GET /movies/maelstrom3.zip HTTP/1.1" 200 12746
84.130.101.22 - - [01/Dec/2005:11:51:44 -0800] "GET /movies/maelstrom3.zip HTTP/1.1" 206 22
84.130.101.22 - - [01/Dec/2005:11:51:44 -0800] "GET /movies/maelstrom3.zip HTTP/1.1" 206 210
84.130.101.22 - - [01/Dec/2005:11:51:55 -0800] "GET /movies/maelstrom3.zip HTTP/1.1" 200 118740
213.54.95.127 - - [01/Dec/2005:11:52:18 -0800] "GET /movies2/raabes%20abschiedsvid.zip HTTP/1.1" 200 26296
213.54.95.127 - - [01/Dec/2005:11:52:19 -0800] "GET /movies2/raabes%20abschiedsvid.zip HTTP/1.1" 206 30812
84.140.155.148 - - [01/Dec/2005:11:52:35 -0800] "GET /movies/Copy%20of%20DesoReloaded.zip HTTP/1.1" 200 15649
172.186.32.141 - - [01/Dec/2005:11:53:12 -0800] "GET /movies2/A%20Day%20in%20a%20Bard's%20Life%20-%20The%20Bard's%20Tale%20IV.zip HTTP/1.1" 206 16896752
172.186.32.141 - - [01/Dec/2005:11:53:18 -0800] "GET /movies2/A%20Day%20in%20a%20Bard's%20Life%20-%20The%20Bard's%20Tale%20IV.zip HTTP/1.1" 200 20892037
213.140.16.191 - - [01/Dec/2005:11:53:33 -0800] "GET /movies/StealthwarsEPISODE2.zip HTTP/1.1" 200 210965592
84.140.155.148 - - [01/Dec/2005:11:53:39 -0800] "GET /movies2/FShatin07.zip HTTP/1.1" 200 15651
172.186.32.141 - - [01/Dec/2005:11:53:45 -0800] "GET /movies2/A%20Day%20in%20a%20Bard's%20Life%20-%20The%20Bard's%20Tale%20IV.zip HTTP/1.1" 206 10208672
84.140.155.148 - - [01/Dec/2005:11:53:47 -0800] "GET /movies2/FShatin06.zip HTTP/1.1" 200 28718
172.186.32.141 - - [01/Dec/2005:11:53:49 -0800] "GET /movies2/A%20Day%20in%20a%20Bard's%20Life%20-%20The%20Bard's%20Tale%20IV.zip HTTP/1.1" 206 18366368
172.186.32.141 - - [01/Dec/2005:11:53:52 -0800] "GET /movies2/A%20Day%20in%20a%20Bard's%20Life%20-%20The%20Bard's%20Tale%20IV.zip HTTP/1.1" 206 901739
172.186.32.141 - - [01/Dec/2005:11:53:53 -0800] "GET /movies2/A%20Day%20in%20a%20Bard's%20Life%20-%20The%20Bard's%20Tale%20IV.zip HTTP/1.1" 206 12957734
172.186.32.141 - - [01/Dec/2005:11:53:56 -0800] "GET /movies2/A%20Day%20in%20a%20Bard's%20Life%20-%20The%20Bard's%20Tale%20IV.zip HTTP/1.1" 206 272256
172.186.32.141 - - [01/Dec/2005:11:53:56 -0800] "GET /movies2/A%20Day%20in%20a%20Bard's%20Life%20-%20The%20Bard's%20Tale%20IV.zip HTTP/1.1" 206 786688
172.186.32.141 - - [01/Dec/2005:11:53:57 -0800] "GET /movies2/A%20Day%20in%20a%20Bard's%20Life%20-%20The%20Bard's%20Tale%20IV.zip HTTP/1.1" 206 286614
172.186.32.141 - - [01/Dec/2005:11:53:57 -0800] "GET /movies2/A%20Day%20in%20a%20Bard's%20Life%20-%20The%20Bard's%20Tale%20IV.zip HTTP/1.1" 206 12516704
172.186.32.141 - - [01/Dec/2005:11:53:58 -0800] "GET /movies2/A%20Day%20in%20a%20Bard's%20Life%20-%20The%20Bard's%20Tale%20IV.zip HTTP/1.1" 206 19573248
172.186.32.141 - - [01/Dec/2005:11:54:05 -0800] "GET /movies2/A%20Day%20in%20a%20Bard's%20Life%20-%20The%20Bard's%20Tale%20IV.zip HTTP/1.1" 206 12364304
84.144.62.191 - - [01/Dec/2005:11:54:20 -0800] "GET /movies2/Absorbx_Gareth.zip HTTP/1.1" 200 112072964
80.182.123.159 - - [01/Dec/2005:11:54:35 -0800] "GET /movies/Back%20in%20Black%20Final.zip HTTP/1.1" 200 128834026
84.130.217.163 - - [01/Dec/2005:11:55:11 -0800] "GET /movies/whoelse2.zip HTTP/1.1" 200 140848239
172.186.32.141 - - [01/Dec/2005:11:55:28 -0800] "GET /movies2/Obso.zip HTTP/1.1" 206 11894
172.186.32.141 - - [01/Dec/2005:11:55:28 -0800] "GET /movies2/Obso.zip HTTP/1.1" 206 11894
172.186.32.141 - - [01/Dec/2005:11:55:28 -0800] "GET /movies2/Obso.zip HTTP/1.1" 206 11894
80.58.47.42 - - [01/Dec/2005:11:57:08 -0800] "GET /movies2/nov01.zip HTTP/1.0" 206 36136562
24.118.73.108 - - [01/Dec/2005:11:57:39 -0800] "GET /movies/WaffenbundTheMovie.zip HTTP/1.1" 404 301
80.182.123.159 - - [01/Dec/2005:11:57:39 -0800] "GET /movies/Grimwart%202%20Final%20Cut.zip HTTP/1.1" 200 0
24.118.73.108 - - [01/Dec/2005:11:57:39 -0800] "GET /movies2/WaffenbundTheMovie.zip HTTP/1.1" 200 12818
