83.112.162.54 - - [01/Dec/2005:13:26:00 -0800] "GET /movies/Indecent.zip HTTP/1.0" 206 469308
83.112.162.54 - - [01/Dec/2005:13:26:13 -0800] "GET /movies/Indecent.zip HTTP/1.0" 206 411375
83.112.162.54 - - [01/Dec/2005:13:26:19 -0800] "GET /movies/Indecent.zip HTTP/1.0" 206 9321755
83.112.162.54 - - [01/Dec/2005:13:26:22 -0800] "GET /movies/Indecent.zip HTTP/1.0" 206 9340992
83.112.162.54 - - [01/Dec/2005:13:26:23 -0800] "GET /movies/Indecent.zip HTTP/1.0" 206 9040968
80.228.67.176 - - [01/Dec/2005:13:26:25 -0800] "GET /movies2/a_painful_day.zip HTTP/1.1" 200 1578312
83.112.162.54 - - [01/Dec/2005:13:26:28 -0800] "GET /movies/Indecent.zip HTTP/1.0" 206 300108
83.112.162.54 - - [01/Dec/2005:13:26:40 -0800] "GET /movies/Indecent.zip HTTP/1.0" 206 2866628
83.112.162.54 - - [01/Dec/2005:13:26:45 -0800] "GET /movies/Indecent.zip HTTP/1.0" 206 122152
83.112.162.54 - - [01/Dec/2005:13:26:46 -0800] "GET /movies/Indecent.zip HTTP/1.0" 206 139752
83.112.162.54 - - [01/Dec/2005:13:26:49 -0800] "GET /movies/Indecent.zip HTTP/1.0" 206 117772
83.112.162.54 - - [01/Dec/2005:13:26:51 -0800] "GET /movies/Indecent.zip HTTP/1.0" 206 3029412
205.236.144.4 - - [01/Dec/2005:13:27:00 -0800] "GET /movies/Time%20to%20Stop%20Talking%20Smack%20IMO.zip HTTP/1.1" 200 20723759
83.112.162.54 - - [01/Dec/2005:13:27:03 -0800] "GET /movies/Indecent.zip HTTP/1.0" 200 9323684
198.62.217.2 - - [01/Dec/2005:13:27:38 -0800] "GET /movies2/BCTphantimtrip.zip HTTP/1.0" 200 39664376
84.56.149.10 - - [01/Dec/2005:13:28:35 -0800] "GET /movies/2%20Tage%20RVR%20-%20Logres%20Hib.zip HTTP/1.1" 200 259587
84.56.149.10 - - [01/Dec/2005:13:29:00 -0800] "GET /movies/Against%20All%20Odds%20-%20Polv4g.zip HTTP/1.1" 200 561276
84.56.149.10 - - [01/Dec/2005:13:29:24 -0800] "GET /movies/Albstalker.zip HTTP/1.1" 200 401988
83.115.1.75 - - [01/Dec/2005:13:30:01 -0800] "GET /movies2/Aerdi.zip HTTP/1.1" 200 40237747
65.24.123.20 - - [01/Dec/2005:13:30:29 -0800] "GET /movies/reydan.rar HTTP/1.1" 200 213494799
24.166.228.147 - - [01/Dec/2005:13:31:03 -0800] "GET /movies/BattleBard.zip HTTP/1.1" 200 29684004
80.58.47.42 - - [01/Dec/2005:13:33:18 -0800] "GET /movies2/TDK3.zip HTTP/1.0" 206 96355200
85.124.110.56 - - [01/Dec/2005:13:33:37 -0800] "GET /movies2/CloakedkillerTheCritblade.zip HTTP/1.1" 206 16293707
84.56.149.10 - - [01/Dec/2005:13:33:38 -0800] "GET /movies/Against%20All%20Odds%20-%20Polv4g.zip HTTP/1.1" 206 6096732
84.56.149.10 - - [01/Dec/2005:13:33:40 -0800] "GET /movies/Against%20All%20Odds%20-%20Polv4g.zip HTTP/1.1" 206 6096732
84.56.149.10 - - [01/Dec/2005:13:33:45 -0800] "GET /movies/Against%20All%20Odds%20-%20Polv4g.zip HTTP/1.1" 206 268277
84.56.149.10 - - [01/Dec/2005:13:33:47 -0800] "GET /movies/Against%20All%20Odds%20-%20Polv4g.zip HTTP/1.1" 206 218325
84.56.149.10 - - [01/Dec/2005:13:33:51 -0800] "GET /movies/Against%20All%20Odds%20-%20Polv4g.zip HTTP/1.1" 200 6119964
84.56.149.10 - - [01/Dec/2005:13:33:51 -0800] "GET /movies/2%20Tage%20RVR%20-%20Logres%20Hib.zip HTTP/1.1" 206 7295116
84.56.149.10 - - [01/Dec/2005:13:34:00 -0800] "GET /movies/Against%20All%20Odds%20-%20Polv4g.zip HTTP/1.1" 206 6098184
84.56.149.10 - - [01/Dec/2005:13:34:01 -0800] "GET /movies/Against%20All%20Odds%20-%20Polv4g.zip HTTP/1.1" 206 5639352
84.56.149.10 - - [01/Dec/2005:13:34:19 -0800] "GET /movies/2%20Tage%20RVR%20-%20Logres%20Hib.zip HTTP/1.1" 206 6834436
86.193.80.77 - - [01/Dec/2005:13:34:23 -0800] "GET /movies/DP4ever.zip HTTP/1.1" 200 3221536
82.233.51.234 - - [01/Dec/2005:13:34:24 -0800] "GET /movies/UnikaOne%20-%20Oracle%20Vs%20LARFO.zip HTTP/1.1" 200 1424388
84.56.149.10 - - [01/Dec/2005:13:34:25 -0800] "GET /movies/2%20Tage%20RVR%20-%20Logres%20Hib.zip HTTP/1.1" 206 525410
84.56.149.10 - - [01/Dec/2005:13:34:26 -0800] "GET /movies/2%20Tage%20RVR%20-%20Logres%20Hib.zip HTTP/1.1" 206 251176
84.56.149.10 - - [01/Dec/2005:13:34:27 -0800] "GET /movies/2%20Tage%20RVR%20-%20Logres%20Hib.zip HTTP/1.1" 206 7292736
84.56.149.10 - - [01/Dec/2005:13:34:28 -0800] "GET /movies/2%20Tage%20RVR%20-%20Logres%20Hib.zip HTTP/1.1" 200 7323672
84.56.149.10 - - [01/Dec/2005:13:34:32 -0800] "GET /movies/2%20Tage%20RVR%20-%20Logres%20Hib.zip HTTP/1.1" 206 7066920
24.59.166.234 - - [01/Dec/2005:13:34:43 -0800] "GET /movies2/Rush-Devon.zip HTTP/1.1" 200 187487255
86.193.80.77 - - [01/Dec/2005:13:34:43 -0800] "GET /movies/DP4ever.zip HTTP/1.1" 200 21457
84.134.233.23 - - [01/Dec/2005:13:35:00 -0800] "GET /movies2/Absorbx_Gareth.zip HTTP/1.1" 200 2814112
84.172.69.31 - - [01/Dec/2005:13:35:02 -0800] "GET /movies/stemar%20pwnt.zip HTTP/1.1" 200 24213766
198.62.217.2 - - [01/Dec/2005:13:35:51 -0800] "GET /movies2/BCTphantimtrip.zip HTTP/1.0" 200 49250188
82.120.212.60 - - [01/Dec/2005:13:36:00 -0800] "GET /movies/Tournoi%20NRvsVIPvsUseless.zip HTTP/1.1" 200 87528180
82.120.212.60 - - [01/Dec/2005:13:36:01 -0800] "GET /movies/frostbite.zip HTTP/1.1" 200 138769072
212.194.55.75 - - [01/Dec/2005:13:36:36 -0800] "GET /movies/Painfool2ndvideo1.zip HTTP/1.1" 200 100122157
84.162.232.248 - - [01/Dec/2005:13:37:10 -0800] "GET /movies2/WaffenbundTheMovie.zip HTTP/1.1" 200 186876
80.121.114.187 - - [01/Dec/2005:13:38:07 -0800] "GET /movies2/renamed_daoc.TR.tape-2.ausschnitte.ace HTTP/1.1" 200 86895906
84.56.149.10 - - [01/Dec/2005:13:38:35 -0800] "GET /movies/Albstalker.zip HTTP/1.1" 206 12526320
195.2.112.7 - - [01/Dec/2005:13:38:42 -0800] "GET /movies/holydot2.zip HTTP/1.1" 206 160866108
84.56.149.10 - - [01/Dec/2005:13:38:55 -0800] "GET /movies/Albstalker.zip HTTP/1.1" 206 12497891
84.56.149.10 - - [01/Dec/2005:13:38:56 -0800] "GET /movies/Albstalker.zip HTTP/1.1" 206 590600
84.56.149.10 - - [01/Dec/2005:13:38:56 -0800] "GET /movies/Albstalker.zip HTTP/1.1" 206 12555228
84.56.149.10 - - [01/Dec/2005:13:38:57 -0800] "GET /movies/Albstalker.zip HTTP/1.1" 200 12065904
195.2.112.7 - - [01/Dec/2005:13:38:58 -0800] "GET /movies/holydot2.zip HTTP/1.1" 206 160418932
195.2.112.7 - - [01/Dec/2005:13:39:02 -0800] "GET /movies/holydot2.zip HTTP/1.1" 206 433179
84.56.149.10 - - [01/Dec/2005:13:39:05 -0800] "GET /movies/Albstalker.zip HTTP/1.1" 206 12303492
84.56.149.10 - - [01/Dec/2005:13:39:06 -0800] "GET /movies/Albstalker.zip HTTP/1.1" 206 249008
84.162.232.248 - - [01/Dec/2005:13:39:24 -0800] "GET /movies2/WaffenbundTheMovie.zip HTTP/1.1" 206 3385632
87.6.47.55 - - [01/Dec/2005:13:39:30 -0800] "GET /movies2/legio_4.zip HTTP/1.1" 206 22067756
68.57.173.62 - - [01/Dec/2005:13:39:52 -0800] "GET / HTTP/1.1" 200 7
80.136.148.190 - - [01/Dec/2005:13:40:07 -0800] "GET /movies/Maladon%20Mezzwalker%20.rar HTTP/1.1" 200 84769642
213.23.192.129 - - [01/Dec/2005:13:40:36 -0800] "GET /favicon.ico HTTP/1.1" 404 283
24.166.228.147 - - [01/Dec/2005:13:40:53 -0800] "GET /movies/BattleBard.zip HTTP/1.1" 200 67260924
68.57.173.62 - - [01/Dec/2005:13:41:13 -0800] "GET /movies/midgard_erinys_charm_10_people.zip HTTP/1.1" 200 6103939
84.145.230.22 - - [01/Dec/2005:13:42:14 -0800] "GET /movies/Meeting_Solo_Skald_Video1.rar HTTP/1.1" 200 154681249
85.20.107.116 - - [01/Dec/2005:13:42:22 -0800] "GET /movies2/raabes%20abschiedsvid.zip HTTP/1.1" 206 31775
85.20.107.116 - - [01/Dec/2005:13:42:22 -0800] "GET /movies2/raabes%20abschiedsvid.zip HTTP/1.1" 206 18634
85.20.107.116 - - [01/Dec/2005:13:42:22 -0800] "GET /movies2/raabes%20abschiedsvid.zip HTTP/1.1" 206 12793
84.154.107.202 - - [01/Dec/2005:13:43:04 -0800] "GET /movies/Maelstrom2.zip HTTP/1.1" 200 36826016
80.132.252.203 - - [01/Dec/2005:13:43:48 -0800] "GET /favicon.ico HTTP/1.1" 404 283
80.117.49.193 - - [01/Dec/2005:13:44:38 -0800] "GET /movies2/Raila%20Memorial%20good.zip HTTP/1.1" 200 24692536
85.20.107.116 - - [01/Dec/2005:13:45:16 -0800] "GET /movies2/renamed_daoc.TR.tape-2.ausschnitte.ace HTTP/1.1" 206 3027624
85.20.107.116 - - [01/Dec/2005:13:45:39 -0800] "GET /movies2/renamed_daoc.TR.tape-2.ausschnitte.ace HTTP/1.1" 206 3361351
85.20.107.116 - - [01/Dec/2005:13:46:00 -0800] "GET /movies2/renamed_daoc.TR.tape-2.ausschnitte.ace HTTP/1.1" 206 3677114
85.20.107.116 - - [01/Dec/2005:13:46:08 -0800] "GET /movies2/renamed_daoc.TR.tape-2.ausschnitte.ace HTTP/1.1" 206 3792124
81.173.224.189 - - [01/Dec/2005:13:47:10 -0800] "GET /movies2/Raila%20Memorial%20good.zip HTTP/1.1" 200 1018984
205.236.144.4 - - [01/Dec/2005:13:47:20 -0800] "GET /movies/evreka.zip HTTP/1.1" 200 485859
80.58.47.42 - - [01/Dec/2005:13:48:08 -0800] "GET /movies2/TDK3.zip HTTP/1.0" 206 18638080
212.233.34.241 - - [01/Dec/2005:13:48:17 -0800] "GET /movies/DH-high.zip HTTP/1.1" 200 596912
80.58.47.42 - - [01/Dec/2005:13:49:08 -0800] "GET /movies2/TDK3.zip HTTP/1.0" 206 29754566
213.39.193.51 - - [01/Dec/2005:13:50:17 -0800] "GET /movies2/WaffenbundTheMovie.zip HTTP/1.1" 200 27531048
220.254.102.144 - - [01/Dec/2005:13:50:33 -0800] "GET /movies/HexruneMord2.zip HTTP/1.1" 200 11504596
83.157.121.6 - - [01/Dec/2005:13:51:22 -0800] "GET /movies/8v22.zip HTTP/1.1" 200 531111
83.157.121.6 - - [01/Dec/2005:13:52:11 -0800] "GET /movies2/A%20Mostly%20Solo%20Shade.zip HTTP/1.1" 200 510784
220.254.102.144 - - [01/Dec/2005:13:53:38 -0800] "GET /movies/Turca.zip HTTP/1.1" 200 37625301
80.58.47.42 - - [01/Dec/2005:13:53:52 -0800] "GET /movies2/TDK3.zip HTTP/1.0" 206 5512496
80.58.47.42 - - [01/Dec/2005:13:54:49 -0800] "GET /movies2/TDK3.zip HTTP/1.0" 206 4785600
84.140.155.148 - - [01/Dec/2005:13:54:59 -0800] "GET /movies/The%20Lone%20Shaman%20-%20Part1.zip HTTP/1.1" 200 62691420
80.58.47.42 - - [01/Dec/2005:13:55:07 -0800] "GET /movies2/TDK3.zip HTTP/1.0" 206 1511325
80.58.47.42 - - [01/Dec/2005:13:55:07 -0800] "GET /movies2/TDK3.zip HTTP/1.0" 206 508624
80.58.47.42 - - [01/Dec/2005:13:55:08 -0800] "GET /movies2/TDK3.zip HTTP/1.0" 206 135725
80.58.47.42 - - [01/Dec/2005:13:55:09 -0800] "GET /movies2/TDK3.zip HTTP/1.0" 206 14093
80.58.47.42 - - [01/Dec/2005:13:55:10 -0800] "GET /movies2/TDK3.zip HTTP/1.0" 206 64128
80.58.47.42 - - [01/Dec/2005:13:55:13 -0800] "GET /movies2/TDK3.zip HTTP/1.0" 200 133313296
84.140.155.148 - - [01/Dec/2005:13:55:16 -0800] "GET /movies/The%20Lone%20Shaman%20-%20Part1.zip HTTP/1.1" 206 62306232
84.140.155.148 - - [01/Dec/2005:13:55:20 -0800] "GET /movies/The%20Lone%20Shaman%20-%20Part1.zip HTTP/1.1" 206 302842
82.207.251.199 - - [01/Dec/2005:13:55:39 -0800] "GET /movies/AChampsLife3high.zip HTTP/1.1" 200 480528
84.140.155.148 - - [01/Dec/2005:13:56:22 -0800] "GET /movies/Copy%20of%20DesoReloaded.zip HTTP/1.1" 206 167132224
80.131.126.220 - - [01/Dec/2005:13:56:31 -0800] "GET /movies2/legio_4.zip HTTP/1.1" 200 199405628
80.131.126.220 - - [01/Dec/2005:13:56:31 -0800] "GET /movies2/legio_3.zip HTTP/1.1" 200 186436684
84.140.155.148 - - [01/Dec/2005:13:56:41 -0800] "GET /movies2/FShatin06.zip HTTP/1.1" 206 167706123
84.140.155.148 - - [01/Dec/2005:13:57:12 -0800] "GET /movies2/FShatin06.zip HTTP/1.1" 206 167698056
84.140.155.148 - - [01/Dec/2005:13:57:16 -0800] "GET /movies2/FShatin06.zip HTTP/1.1" 206 535032
84.140.155.148 - - [01/Dec/2005:13:57:19 -0800] "GET /movies/Copy%20of%20DesoReloaded.zip HTTP/1.1" 206 165889368
84.140.155.148 - - [01/Dec/2005:13:57:20 -0800] "GET /movies/Copy%20of%20DesoReloaded.zip HTTP/1.1" 206 996430
84.140.155.148 - - [01/Dec/2005:13:57:21 -0800] "GET /movies/Newb3.zip HTTP/1.1" 200 142000920
83.113.15.146 - - [01/Dec/2005:13:57:43 -0800] "GET /movies2/Raila%20Memorial%20good.zip HTTP/1.1" 200 24692536
84.140.155.148 - - [01/Dec/2005:13:57:47 -0800] "GET /movies/Newb3.zip HTTP/1.1" 206 141215908
84.61.145.79 - - [01/Dec/2005:13:57:48 -0800] "GET /movies2/renamed_daoc.TR.tape-2.ausschnitte.ace HTTP/1.1" 200 5886528
84.61.145.79 - - [01/Dec/2005:13:57:52 -0800] "HEAD /movies2/renamed_daoc.TR.tape-2.ausschnitte.ace HTTP/1.1" 200 0
84.140.155.148 - - [01/Dec/2005:13:58:02 -0800] "GET /movies/Newb3.zip HTTP/1.1" 206 690725
213.23.192.129 - - [01/Dec/2005:13:58:18 -0800] "GET /movies2/Raila%20Memorial%20good.zip HTTP/1.1" 200 24692536
80.53.202.114 - - [01/Dec/2005:13:59:53 -0800] "GET /movies/ACL%204.zip HTTP/1.1" 200 77460
204.185.99.2 - - [01/Dec/2005:13:59:53 -0800] "GET /movies/PD%20leirvik.zip HTTP/1.0" 200 12909357
84.61.145.79 - - [01/Dec/2005:14:00:13 -0800] "GET /movies2/WaffenbundTheMovie.zip HTTP/1.1" 200 264278
24.171.45.187 - - [01/Dec/2005:14:01:20 -0800] "GET /movies2/WaffenbundTheMovie.zip HTTP/1.1" 200 5374908
24.171.45.187 - - [01/Dec/2005:14:01:53 -0800] "GET /movies2/WaffenbundTheMovie.zip HTTP/1.1" 200 845008
24.171.45.187 - - [01/Dec/2005:14:02:55 -0800] "GET /movies/animus-julae.zip HTTP/1.1" 200 993772
204.185.99.2 - - [01/Dec/2005:14:03:12 -0800] "GET /movies/UO_feat_InExtremo_HerrMannelig.zip HTTP/1.0" 200 5192244
82.67.50.57 - - [01/Dec/2005:14:03:38 -0800] "GET /movies2/WaffenbundTheMovie.zip HTTP/1.1" 200 17356556
85.20.107.116 - - [01/Dec/2005:14:05:31 -0800] "GET /movies2/raabes%20abschiedsvid.zip HTTP/1.1" 206 27295537
82.233.51.234 - - [01/Dec/2005:14:05:34 -0800] "GET /movies/8v22.zip HTTP/1.1" 200 23913463
80.134.135.226 - - [01/Dec/2005:14:06:01 -0800] "GET /movies2/Raila%20Memorial%20good.zip HTTP/1.1" 200 24692536
85.20.107.116 - - [01/Dec/2005:14:06:28 -0800] "GET /movies2/raabes%20abschiedsvid.zip HTTP/1.1" 206 28116867
85.20.107.116 - - [01/Dec/2005:14:06:52 -0800] "GET /movies2/raabes%20abschiedsvid.zip HTTP/1.1" 206 27667414
83.198.86.70 - - [01/Dec/2005:14:06:57 -0800] "GET /movies/Ciliviel's%20Fourth.zip HTTP/1.1" 206 3129351
84.174.67.170 - - [01/Dec/2005:14:07:10 -0800] "GET /movies2/WaffenbundTheMovie.zip HTTP/1.1" 200 28273244
84.174.67.170 - - [01/Dec/2005:14:07:11 -0800] "HEAD /movies2/WaffenbundTheMovie.zip HTTP/1.1" 200 0
84.174.67.170 - - [01/Dec/2005:14:07:11 -0800] "HEAD /movies2/WaffenbundTheMovie.zip HTTP/1.1" 200 0
84.174.67.170 - - [01/Dec/2005:14:07:12 -0800] "GET /movies2/WaffenbundTheMovie.zip HTTP/1.1" 200 12747
81.56.142.96 - - [01/Dec/2005:14:07:46 -0800] "GET /movies/OoSGareth.zip HTTP/1.1" 200 198212148
204.185.99.2 - - [01/Dec/2005:14:07:46 -0800] "GET /movies/larax2.zip HTTP/1.0" 200 12365628
85.20.107.116 - - [01/Dec/2005:14:07:57 -0800] "GET /movies2/raabes%20abschiedsvid.zip HTTP/1.1" 206 30087086
82.83.60.253 - - [01/Dec/2005:14:12:13 -0800] "GET /movies2/WaffenbundTheMovie.zip HTTP/1.1" 200 2666492
84.61.145.79 - - [01/Dec/2005:14:12:38 -0800] "GET /movies2/renamed_daoc.TR.tape-2.ausschnitte.ace HTTP/1.1" 200 21707872
82.237.252.127 - - [01/Dec/2005:14:13:03 -0800] "GET /movies/NamelessPugApril27th.zip HTTP/1.1" 200 244468
84.164.223.106 - - [01/Dec/2005:14:13:08 -0800] "GET /movies2/WaffenbundTheMovie.zip HTTP/1.1" 200 143956
84.60.51.5 - - [01/Dec/2005:14:13:09 -0800] "GET /movies/Saifang2.zip HTTP/1.1" 200 142952
86.200.228.235 - - [01/Dec/2005:14:13:22 -0800] "GET /movies2/legio_4.zip HTTP/1.1" 200 169304
24.182.112.160 - - [01/Dec/2005:14:13:23 -0800] "GET /movies/Tarren%20Mill%20Dust.zip HTTP/1.1" 200 32751760
84.133.47.19 - - [01/Dec/2005:14:13:44 -0800] "GET /movies/Arctic%20Darkness%208v8%20movie%20Healer%20PoV.rar HTTP/1.1" 200 87836
84.167.110.94 - - [01/Dec/2005:14:14:18 -0800] "GET /movies2/rvr.zip HTTP/1.0" 206 20996352
217.255.240.87 - - [01/Dec/2005:14:15:06 -0800] "GET /movies2/WaffenbundTheMovie.zip HTTP/1.1" 200 1110652
86.193.80.77 - - [01/Dec/2005:14:15:17 -0800] "GET /movies/DP4ever.zip HTTP/1.1" 206 61521548
84.167.110.94 - - [01/Dec/2005:14:16:08 -0800] "GET /movies2/rvr.zip HTTP/1.0" 206 20919232
84.167.110.94 - - [01/Dec/2005:14:17:04 -0800] "GET /movies2/rvr.zip HTTP/1.0" 206 21563651
205.236.144.4 - - [01/Dec/2005:14:17:06 -0800] "GET /movies/evreka.zip HTTP/1.1" 200 50003893
84.167.110.94 - - [01/Dec/2005:14:17:09 -0800] "GET /movies2/rvr.zip HTTP/1.0" 206 22434080
84.56.18.166 - - [01/Dec/2005:14:17:46 -0800] "GET /movies/cary.zip HTTP/1.1" 200 134835166
84.167.110.94 - - [01/Dec/2005:14:17:50 -0800] "GET /movies2/rvr.zip HTTP/1.0" 206 21540704
84.60.51.5 - - [01/Dec/2005:14:18:21 -0800] "GET /movies/Saifang2.zip HTTP/1.1" 200 98568
84.154.107.202 - - [01/Dec/2005:14:18:32 -0800] "GET /movies/Maelstrom1.zip HTTP/1.1" 200 81878829
84.167.110.94 - - [01/Dec/2005:14:18:52 -0800] "GET /movies2/rvr.zip HTTP/1.0" 206 21880544
62.101.126.212 - - [01/Dec/2005:14:18:53 -0800] "GET /movies/Sonics.zip HTTP/1.1" 200 234738
82.67.163.225 - - [01/Dec/2005:14:19:04 -0800] "GET /movies/Das%20Trio%20I.zip HTTP/1.1" 200 158819
172.207.194.236 - - [01/Dec/2005:14:19:04 -0800] "GET /movies/Levia.zip HTTP/1.1" 206 1498080
84.173.216.38 - - [01/Dec/2005:14:19:17 -0800] "GET /movies/8v8%20Versus.zip HTTP/1.1" 200 6506360
62.101.126.212 - - [01/Dec/2005:14:19:19 -0800] "GET /movies/Sonics.zip HTTP/1.1" 200 84358
80.132.252.203 - - [01/Dec/2005:14:19:25 -0800] "GET /movies2/WaffenbundTheMovie.zip HTTP/1.1" 200 51751448
84.167.110.94 - - [01/Dec/2005:14:20:17 -0800] "GET /movies2/rvr.zip HTTP/1.0" 206 22799968
62.101.126.212 - - [01/Dec/2005:14:20:43 -0800] "GET /movies/Kronos.zip HTTP/1.1" 200 103339
82.122.193.2 - - [01/Dec/2005:14:21:04 -0800] "GET /movies2/legio_4.zip HTTP/1.1" 200 11186212
84.167.110.94 - - [01/Dec/2005:14:21:07 -0800] "GET /movies2/maelstrom_cluster1.zip HTTP/1.0" 206 23660416
84.167.110.94 - - [01/Dec/2005:14:21:11 -0800] "GET /movies2/maelstrom_cluster1.zip HTTP/1.0" 206 23980256
80.143.110.100 - - [01/Dec/2005:14:21:14 -0800] "GET /movies/AChampsLife3high.zip HTTP/1.1" 200 485684
84.167.110.94 - - [01/Dec/2005:14:21:34 -0800] "GET /movies2/maelstrom_cluster1.zip HTTP/1.0" 206 24974016
84.167.110.94 - - [01/Dec/2005:14:21:45 -0800] "GET /movies2/maelstrom_cluster1.zip HTTP/1.0" 206 24850464
62.101.126.212 - - [01/Dec/2005:14:21:53 -0800] "GET /movies/5v5night.zip HTTP/1.1" 200 191500
84.167.110.94 - - [01/Dec/2005:14:22:06 -0800] "GET /movies2/maelstrom_cluster1.zip HTTP/1.0" 206 24982307
84.144.46.167 - - [01/Dec/2005:14:22:09 -0800] "GET /movies2/Snarf4.zip HTTP/1.1" 200 88231405
84.167.110.94 - - [01/Dec/2005:14:22:28 -0800] "GET /movies2/maelstrom_cluster1.zip HTTP/1.0" 206 25052160
84.167.110.94 - - [01/Dec/2005:14:22:32 -0800] "GET /movies2/rvr.zip HTTP/1.0" 206 26040612
24.17.134.38 - - [01/Dec/2005:14:23:32 -0800] "GET /movies/WarlockVid.zip HTTP/1.1" 200 22035343
84.167.110.94 - - [01/Dec/2005:14:23:36 -0800] "GET /movies2/maelstrom_cluster1.zip HTTP/1.0" 206 25791491
84.135.249.7 - - [01/Dec/2005:14:23:38 -0800] "GET /movies2/WaffenbundTheMovie.zip HTTP/1.1" 200 858880
84.140.155.148 - - [01/Dec/2005:14:24:13 -0800] "GET /movies/Trial%20by%20Fire%20-%20Playing%20Eev%204-1%20and%204-2%20'05.zip HTTP/1.1" 200 104931324
84.217.83.122 - - [01/Dec/2005:14:24:32 -0800] "GET /movies2/WaffenbundTheMovie.zip HTTP/1.1" 200 115451944
220.254.102.144 - - [01/Dec/2005:14:24:36 -0800] "GET /movies/ACL%204.zip HTTP/1.0" 200 1998455
84.167.110.94 - - [01/Dec/2005:14:24:59 -0800] "GET /movies2/maelstrom_cluster1.zip HTTP/1.0" 206 28855360
82.125.130.247 - - [01/Dec/2005:14:25:18 -0800] "GET /movies/CelticFistHQ.zip HTTP/1.1" 200 22713008
84.140.155.148 - - [01/Dec/2005:14:25:22 -0800] "GET /movies/Trial%20by%20Fire%20-%20Playing%20Eev%204-1%20and%204-2%20'05.zip HTTP/1.1" 206 103580312
84.140.155.148 - - [01/Dec/2005:14:25:41 -0800] "GET /movies/Trial%20by%20Fire%20-%20Playing%20Eev%204-1%20and%204-2%20'05.zip HTTP/1.1" 206 1271963
220.254.102.144 - - [01/Dec/2005:14:26:54 -0800] "GET /movies/ACL%204.zip HTTP/1.1" 200 10990557
220.254.102.144 - - [01/Dec/2005:14:28:07 -0800] "GET /movies/Infensus%20II.zip HTTP/1.1" 200 13475477
85.176.168.111 - - [01/Dec/2005:14:28:14 -0800] "GET /movies2/Shen-an-Calhar.zip HTTP/1.1" 200 6474252
84.155.211.1 - - [01/Dec/2005:14:30:39 -0800] "GET /movies2/WaffenbundTheMovie.zip HTTP/1.0" 206 14179
84.155.211.1 - - [01/Dec/2005:14:30:39 -0800] "GET /movies2/WaffenbundTheMovie.zip HTTP/1.1" 200 63780
84.155.211.1 - - [01/Dec/2005:14:30:53 -0800] "GET /movies2/WaffenbundTheMovie.zip HTTP/1.0" 206 14179
84.155.211.1 - - [01/Dec/2005:14:30:54 -0800] "GET /movies2/WaffenbundTheMovie.zip HTTP/1.1" 200 77260
84.155.211.1 - - [01/Dec/2005:14:30:55 -0800] "GET /movies2/WaffenbundTheMovie.zip HTTP/1.0" 206 14179
84.170.209.8 - - [01/Dec/2005:14:31:59 -0800] "GET /movies/Nukey_v1.zip HTTP/1.1" 200 79232
84.170.209.8 - - [01/Dec/2005:14:32:23 -0800] "GET /movies/Nukey_v1.zip HTTP/1.1" 200 118848
87.6.47.55 - - [01/Dec/2005:14:32:31 -0800] "GET /movies2/legio_4.zip HTTP/1.1" 206 55531632
81.244.141.123 - - [01/Dec/2005:14:32:59 -0800] "GET /movies/Daemoj.zip HTTP/1.1" 200 235508
83.112.162.54 - - [01/Dec/2005:14:33:07 -0800] "GET /movies/fotm.zip HTTP/1.0" 206 26120048
83.112.162.54 - - [01/Dec/2005:14:33:07 -0800] "GET /movies/fotm.zip HTTP/1.0" 206 15902968
83.112.162.54 - - [01/Dec/2005:14:33:07 -0800] "GET /movies/fotm.zip HTTP/1.0" 206 17107624
83.112.162.54 - - [01/Dec/2005:14:33:07 -0800] "GET /movies/fotm.zip HTTP/1.0" 206 15825316
83.112.162.54 - - [01/Dec/2005:14:33:07 -0800] "GET /movies/fotm.zip HTTP/1.0" 206 15556076
83.112.162.54 - - [01/Dec/2005:14:33:07 -0800] "GET /movies/fotm.zip HTTP/1.0" 206 16493780
83.112.162.54 - - [01/Dec/2005:14:33:07 -0800] "GET /movies/fotm.zip HTTP/1.0" 206 24803628
83.112.162.54 - - [01/Dec/2005:14:33:07 -0800] "GET /movies/fotm.zip HTTP/1.0" 206 15374448
83.112.162.54 - - [01/Dec/2005:14:33:07 -0800] "GET /movies/fotm.zip HTTP/1.0" 206 24041008
83.112.162.54 - - [01/Dec/2005:14:33:07 -0800] "GET /movies/fotm.zip HTTP/1.0" 206 15733516
83.112.162.54 - - [01/Dec/2005:14:33:07 -0800] "GET /movies/fotm.zip HTTP/1.0" 206 16088388
83.112.162.54 - - [01/Dec/2005:14:33:07 -0800] "GET /movies/fotm.zip HTTP/1.0" 206 16660708
83.112.162.54 - - [01/Dec/2005:14:33:07 -0800] "GET /movies/fotm.zip HTTP/1.0" 206 16697208
83.112.162.54 - - [01/Dec/2005:14:33:07 -0800] "GET /movies/fotm.zip HTTP/1.0" 206 17778740
83.112.162.54 - - [01/Dec/2005:14:33:07 -0800] "GET /movies/fotm.zip HTTP/1.0" 200 25426060
81.243.196.242 - - [01/Dec/2005:14:33:38 -0800] "GET /movies/Zeltax.zip HTTP/1.1" 200 11259740
81.243.196.242 - - [01/Dec/2005:14:33:38 -0800] "GET /favicon.ico HTTP/1.1" 404 283
172.207.194.236 - - [01/Dec/2005:14:33:46 -0800] "GET /movies/Levia.zip HTTP/1.1" 206 761728
82.231.77.197 - - [01/Dec/2005:14:34:06 -0800] "GET /movies/Ascendancy%20Healer%20Video.rar HTTP/1.1" 200 55288332
66.177.169.54 - - [01/Dec/2005:14:34:49 -0800] "GET /movies/Infensus%20II.zip HTTP/1.1" 200 488263037
84.140.203.213 - - [01/Dec/2005:14:35:01 -0800] "GET /movies2/Purified.zip HTTP/1.1" 200 160426511
83.112.162.54 - - [01/Dec/2005:14:35:25 -0800] "GET /movies/fotm.zip HTTP/1.0" 206 554450
83.112.162.54 - - [01/Dec/2005:14:35:25 -0800] "GET /movies/fotm.zip HTTP/1.0" 206 958870
83.112.162.54 - - [01/Dec/2005:14:35:25 -0800] "GET /movies/fotm.zip HTTP/1.0" 206 834308
83.112.162.54 - - [01/Dec/2005:14:35:25 -0800] "GET /movies/fotm.zip HTTP/1.0" 206 542308
83.112.162.54 - - [01/Dec/2005:14:35:25 -0800] "GET /movies/fotm.zip HTTP/1.0" 206 192960
83.112.162.54 - - [01/Dec/2005:14:35:25 -0800] "GET /movies/fotm.zip HTTP/1.0" 206 615308
83.112.162.54 - - [01/Dec/2005:14:35:25 -0800] "GET /movies/fotm.zip HTTP/1.0" 206 282890
83.112.162.54 - - [01/Dec/2005:14:35:26 -0800] "GET /movies/fotm.zip HTTP/1.0" 206 996524
83.112.162.54 - - [01/Dec/2005:14:35:26 -0800] "GET /movies/fotm.zip HTTP/1.0" 206 614311
83.112.162.54 - - [01/Dec/2005:14:35:26 -0800] "GET /movies/fotm.zip HTTP/1.0" 206 400444
83.112.162.54 - - [01/Dec/2005:14:35:26 -0800] "GET /movies/fotm.zip HTTP/1.0" 206 396300
83.112.162.54 - - [01/Dec/2005:14:35:26 -0800] "GET /movies/fotm.zip HTTP/1.0" 206 364184
83.112.162.54 - - [01/Dec/2005:14:35:26 -0800] "GET /movies/fotm.zip HTTP/1.0" 206 544084
83.112.162.54 - - [01/Dec/2005:14:35:26 -0800] "GET /movies/fotm.zip HTTP/1.0" 206 488288
83.112.162.54 - - [01/Dec/2005:14:35:26 -0800] "GET /movies/fotm.zip HTTP/1.0" 206 317468
84.145.229.39 - - [01/Dec/2005:14:36:11 -0800] "GET /movies2/legio_4.zip HTTP/1.1" 200 2255672
84.145.229.39 - - [01/Dec/2005:14:36:22 -0800] "GET /movies2/legio_4.zip HTTP/1.1" 200 262490
83.221.74.210 - - [01/Dec/2005:14:36:23 -0800] "GET /movies/silentduo.zip HTTP/1.1" 200 49769497
80.108.232.178 - - [01/Dec/2005:14:37:28 -0800] "GET /movies/cgrvr.rar HTTP/1.1" 200 134292823
84.133.47.19 - - [01/Dec/2005:14:38:03 -0800] "GET /movies/Arctic%20Darkness%208v8%20movie%20Healer%20PoV.rar HTTP/1.1" 206 35997604
84.133.47.19 - - [01/Dec/2005:14:38:11 -0800] "GET /movies/Arctic%20Darkness%208v8%20movie%20Healer%20PoV.rar HTTP/1.1" 200 35999380
84.133.47.19 - - [01/Dec/2005:14:38:17 -0800] "GET /movies/Arctic%20Darkness%208v8%20movie%20Healer%20PoV.rar HTTP/1.1" 206 562316
84.133.47.19 - - [01/Dec/2005:14:38:30 -0800] "GET /movies/Arctic%20Darkness%208v8%20movie%20Healer%20PoV.rar HTTP/1.1" 206 336500
84.133.47.19 - - [01/Dec/2005:14:38:32 -0800] "GET /movies/Arctic%20Darkness%208v8%20movie%20Healer%20PoV.rar HTTP/1.1" 206 715456
84.133.47.19 - - [01/Dec/2005:14:38:33 -0800] "GET /movies/Arctic%20Darkness%208v8%20movie%20Healer%20PoV.rar HTTP/1.1" 206 35952198
84.133.47.19 - - [01/Dec/2005:14:38:34 -0800] "GET /movies/Arctic%20Darkness%208v8%20movie%20Healer%20PoV.rar HTTP/1.1" 206 34482812
172.207.194.236 - - [01/Dec/2005:14:39:06 -0800] "GET /movies/Levia.zip HTTP/1.1" 206 2428574
12.42.92.6 - - [01/Dec/2005:14:39:16 -0800] "GET /favicon.ico HTTP/1.1" 404 283
213.54.89.213 - - [01/Dec/2005:14:40:12 -0800] "GET /movies2/WaffenbundTheMovie.zip HTTP/1.1" 200 2425504
84.60.51.5 - - [01/Dec/2005:14:40:22 -0800] "GET /movies/Saifang2.zip HTTP/1.1" 200 92552
213.54.89.213 - - [01/Dec/2005:14:40:34 -0800] "GET /favicon.ico HTTP/1.1" 404 283
82.83.91.121 - - [01/Dec/2005:14:40:36 -0800] "GET /movies2/WaffenbundTheMovie.zip HTTP/1.1" 200 156494816
213.54.89.213 - - [01/Dec/2005:14:41:34 -0800] "GET /movies2/WaffenbundTheMovie.zip HTTP/1.1" 206 2103791
172.207.194.236 - - [01/Dec/2005:14:41:46 -0800] "GET /movies/Levia.zip HTTP/1.1" 206 2584974
172.207.194.236 - - [01/Dec/2005:14:41:47 -0800] "GET /movies/Levia.zip HTTP/1.1" 206 290352
172.207.194.236 - - [01/Dec/2005:14:41:47 -0800] "GET /movies/Levia.zip HTTP/1.1" 206 253280
172.207.194.236 - - [01/Dec/2005:14:41:49 -0800] "GET /movies/Levia.zip HTTP/1.1" 206 2665215
65.212.167.227 - - [01/Dec/2005:14:42:01 -0800] "GET /movies/5-15-05%20redone.rar HTTP/1.1" 200 187364
84.44.144.198 - - [01/Dec/2005:14:42:17 -0800] "GET /movies/8v8%20Versus.zip HTTP/1.1" 200 110779410
172.207.194.236 - - [01/Dec/2005:14:42:19 -0800] "GET /movies/Levia.zip HTTP/1.1" 200 11918
84.140.155.148 - - [01/Dec/2005:14:42:21 -0800] "GET /movies/renamed_Intoxication1.rar HTTP/1.1" 206 221361502
172.207.194.236 - - [01/Dec/2005:14:42:33 -0800] "GET /movies/CelticFistHQ.zip HTTP/1.1" 200 11917
81.243.196.242 - - [01/Dec/2005:14:42:34 -0800] "GET /movies/uveaforfun.rar HTTP/1.1" 200 11684960
84.140.155.148 - - [01/Dec/2005:14:42:47 -0800] "GET /movies/renamed_Intoxication1.rar HTTP/1.1" 200 221060912
84.140.155.148 - - [01/Dec/2005:14:42:55 -0800] "GET /movies/renamed_Intoxication1.rar HTTP/1.1" 206 475911
12.42.92.6 - - [01/Dec/2005:14:43:14 -0800] "GET /movies/Xteam%20Vid.zip HTTP/1.1" 200 9583899
86.135.180.100 - - [01/Dec/2005:14:43:39 -0800] "GET /movies2/perfection_vs_ebonroc_Nevand.zip HTTP/1.1" 200 69663579
84.146.202.212 - - [01/Dec/2005:14:44:16 -0800] "GET /movies2/WaffenbundTheMovie.zip HTTP/1.1" 206 94922833
84.103.73.71 - - [01/Dec/2005:14:44:28 -0800] "GET /movies/uveaforfun.rar HTTP/1.1" 200 29281830
12.42.92.6 - - [01/Dec/2005:14:44:47 -0800] "GET /favicon.ico HTTP/1.1" 404 283
84.146.202.212 - - [01/Dec/2005:14:45:17 -0800] "GET /movies2/WaffenbundTheMovie.zip HTTP/1.1" 206 94922844
84.146.202.212 - - [01/Dec/2005:14:45:28 -0800] "GET /movies2/WaffenbundTheMovie.zip HTTP/1.1" 206 94922833
84.61.31.122 - - [01/Dec/2005:14:45:38 -0800] "GET /movies2/WaffenbundTheMovie.zip HTTP/1.1" 200 114050
86.194.107.150 - - [01/Dec/2005:14:45:50 -0800] "GET /movies2/EQ2%20-%20Look%20Over%20Here.zip HTTP/1.1" 200 43153296
12.42.92.6 - - [01/Dec/2005:14:45:58 -0800] "GET /favicon.ico HTTP/1.1" 404 283
87.6.47.55 - - [01/Dec/2005:14:46:02 -0800] "GET /movies2/legio_4.zip HTTP/1.1" 206 67305194
12.42.92.6 - - [01/Dec/2005:14:46:03 -0800] "GET /favicon.ico HTTP/1.1" 404 283
84.146.202.212 - - [01/Dec/2005:14:46:04 -0800] "GET /movies2/WaffenbundTheMovie.zip HTTP/1.1" 206 94922833
12.42.92.6 - - [01/Dec/2005:14:46:08 -0800] "GET /favicon.ico HTTP/1.1" 404 283
12.42.92.6 - - [01/Dec/2005:14:46:13 -0800] "GET /favicon.ico HTTP/1.1" 404 283
12.42.92.6 - - [01/Dec/2005:14:46:18 -0800] "GET /favicon.ico HTTP/1.1" 404 283
87.6.47.55 - - [01/Dec/2005:14:46:19 -0800] "GET /movies2/legio_4.zip HTTP/1.1" 206 64450505
12.42.92.6 - - [01/Dec/2005:14:46:23 -0800] "GET /favicon.ico HTTP/1.1" 404 283
12.42.92.6 - - [01/Dec/2005:14:46:24 -0800] "GET /movies/Vegetables.zip HTTP/1.1" 200 17084778
12.42.92.6 - - [01/Dec/2005:14:46:29 -0800] "GET /favicon.ico HTTP/1.1" 404 283
87.6.47.55 - - [01/Dec/2005:14:47:13 -0800] "GET /movies2/legio_4.zip HTTP/1.1" 206 43761484
84.146.202.212 - - [01/Dec/2005:14:47:25 -0800] "GET /movies2/renamed_daoc.TR.tape-2.ausschnitte.ace HTTP/1.1" 200 33276
84.146.202.212 - - [01/Dec/2005:14:47:28 -0800] "GET /movies2/renamed_daoc.TR.tape-2.ausschnitte.ace HTTP/1.1" 206 16459
85.233.17.119 - - [01/Dec/2005:14:47:29 -0800] "GET /movies2/WaffenbundTheMovie.zip HTTP/1.1" 200 198777654
84.59.38.179 - - [01/Dec/2005:14:48:38 -0800] "GET /movies2/WaffenbundTheMovie.zip HTTP/1.1" 200 59210
87.6.47.55 - - [01/Dec/2005:14:49:09 -0800] "GET /movies2/legio_4.zip HTTP/1.1" 206 11157294
84.170.209.8 - - [01/Dec/2005:14:49:11 -0800] "GET /movies/Nukey_v1.zip HTTP/1.1" 200 12999434
87.6.47.55 - - [01/Dec/2005:14:49:45 -0800] "GET /movies2/legio_4.zip HTTP/1.1" 206 1826818
80.132.182.119 - - [01/Dec/2005:14:49:54 -0800] "GET /movies/Xecret.zip HTTP/1.1" 200 1517716
87.6.47.55 - - [01/Dec/2005:14:50:25 -0800] "GET /movies2/legio_4.zip HTTP/1.1" 206 66261685
84.217.83.122 - - [01/Dec/2005:14:51:09 -0800] "GET /movies2/Raila%20Memorial%20good.zip HTTP/1.1" 200 24692536
82.67.50.57 - - [01/Dec/2005:14:54:27 -0800] "GET /movies2/WaffenbundTheMovie.zip HTTP/1.1" 206 57221188
134.147.31.250 - - [01/Dec/2005:14:54:45 -0800] "GET /movies2/kewle_fights.zip HTTP/1.1" 200 189472
84.60.141.228 - - [01/Dec/2005:14:54:46 -0800] "GET /movies/I%20assist%20now%20bitches..zip HTTP/1.1" 200 154933720
67.187.114.185 - - [01/Dec/2005:14:55:54 -0800] "GET /movies/PolePosition.zip HTTP/1.1" 200 52813800
84.60.51.5 - - [01/Dec/2005:14:57:00 -0800] "GET /movies/Saifang2.zip HTTP/1.1" 200 57822952
69.218.46.52 - - [01/Dec/2005:14:57:13 -0800] "GET /movies2/WaffenbundTheMovie.zip HTTP/1.1" 200 15324992
82.56.187.239 - - [01/Dec/2005:14:57:35 -0800] "GET /movies2/maelstrom_cluster1.zip HTTP/1.1" 206 145664865
24.59.166.234 - - [01/Dec/2005:14:57:54 -0800] "GET /movies/theurg2ndmovie.zip HTTP/1.1" 200 111524092
172.207.194.236 - - [01/Dec/2005:14:58:26 -0800] "GET /movies/Levia.zip HTTP/1.1" 206 25454
85.212.205.15 - - [01/Dec/2005:14:58:27 -0800] "GET /movies/Frozensolid%20The%20Movie.zip HTTP/1.1" 200 211139327
84.132.51.140 - - [01/Dec/2005:14:58:33 -0800] "GET /movies2/WaffenbundTheMovie.zip HTTP/1.1" 200 874288
84.132.51.140 - - [01/Dec/2005:14:59:39 -0800] "GET /movies2/WaffenbundTheMovie.zip HTTP/1.1" 200 128492
172.207.194.236 - - [01/Dec/2005:15:00:45 -0800] "GET /movies/Levia.zip HTTP/1.1" 206 51295
12.42.92.6 - - [01/Dec/2005:15:01:17 -0800] "GET /favicon.ico HTTP/1.1" 404 283
81.244.141.123 - - [01/Dec/2005:15:01:23 -0800] "GET /movies/Argento.zip HTTP/1.1" 200 42117510
82.238.123.90 - - [01/Dec/2005:15:02:04 -0800] "GET /movies/AllexielBeonthel-NobodyLeft111.rar HTTP/1.1" 200 27909196
82.238.123.90 - - [01/Dec/2005:15:02:05 -0800] "GET /movies2/ValiantGlory2.zip HTTP/1.1" 200 27555718
83.114.246.36 - - [01/Dec/2005:15:03:26 -0800] "GET /movies/Ascendancy%20Healer%20Video.rar HTTP/1.1" 200 199685220
172.207.194.236 - - [01/Dec/2005:15:03:42 -0800] "GET /movies/Levia.zip HTTP/1.1" 206 15934
85.201.16.82 - - [01/Dec/2005:15:03:46 -0800] "GET /movies/sibiadahuntercen.zip HTTP/1.1" 200 95013505
172.207.194.236 - - [01/Dec/2005:15:04:57 -0800] "GET /movies/Levia.zip HTTP/1.1" 206 22735
220.254.102.144 - - [01/Dec/2005:15:05:21 -0800] "GET /movies/AChampsLife2.zip HTTP/1.1" 200 150211466
84.146.202.212 - - [01/Dec/2005:15:06:05 -0800] "GET /movies2/renamed_daoc.TR.tape-2.ausschnitte.ace HTTP/1.1" 206 21723978
84.146.202.212 - - [01/Dec/2005:15:06:23 -0800] "GET /movies2/renamed_daoc.TR.tape-2.ausschnitte.ace HTTP/1.1" 206 21723975
69.218.46.52 - - [01/Dec/2005:15:06:33 -0800] "GET /movies2/WaffenbundTheMovie.zip HTTP/1.1" 200 1173792
84.146.202.212 - - [01/Dec/2005:15:06:42 -0800] "GET /movies2/renamed_daoc.TR.tape-2.ausschnitte.ace HTTP/1.1" 206 21723978
84.146.202.212 - - [01/Dec/2005:15:06:50 -0800] "GET /movies2/renamed_daoc.TR.tape-2.ausschnitte.ace HTTP/1.1" 206 21723978
85.177.38.118 - - [01/Dec/2005:15:06:51 -0800] "GET /movies2/WaffenbundTheMovie.zip HTTP/1.1" 200 426152
84.144.46.167 - - [01/Dec/2005:15:08:50 -0800] "GET /movies/AChampsLife2.zip HTTP/1.1" 200 150211466
84.60.181.254 - - [01/Dec/2005:15:09:15 -0800] "GET /movies2/WaffenbundTheMovie.zip HTTP/1.1" 200 1405788
84.144.120.109 - - [01/Dec/2005:15:09:16 -0800] "GET /movies/soylcamlann.zip HTTP/1.1" 200 837252
80.137.205.58 - - [01/Dec/2005:15:09:28 -0800] "GET /movies2/Sadrac-Solo-Infi-Part1.rar HTTP/1.1" 200 76744832
217.17.22.6 - - [01/Dec/2005:15:09:32 -0800] "GET / HTTP/1.1" 200 7
217.17.22.6 - - [01/Dec/2005:15:09:33 -0800] "GET /favicon.ico HTTP/1.1" 404 283
217.17.22.6 - - [01/Dec/2005:15:09:36 -0800] "GET /favicon.ico HTTP/1.1" 404 283
84.174.67.170 - - [01/Dec/2005:15:09:58 -0800] "GET /movies2/WaffenbundTheMovie.zip HTTP/1.1" 200 66926192
84.174.67.170 - - [01/Dec/2005:15:10:00 -0800] "GET /movies2/Obso.zip HTTP/1.1" 200 91745676
80.171.98.253 - - [01/Dec/2005:15:10:01 -0800] "GET /movies2/Raila%20Memorial%20good.zip HTTP/1.1" 200 24692536
85.11.219.2 - - [01/Dec/2005:15:10:07 -0800] "GET /movies/RIP%20OF.zip HTTP/1.1" 200 72856250
172.207.194.236 - - [01/Dec/2005:15:11:15 -0800] "GET /movies/Levia.zip HTTP/1.1" 206 40415
80.132.86.224 - - [01/Dec/2005:15:11:20 -0800] "GET /movies/WarlockVid.zip HTTP/1.1" 200 22035343
80.108.232.178 - - [01/Dec/2005:15:11:25 -0800] "GET /movies/cgrvr.rar HTTP/1.1" 200 392332
84.97.153.190 - - [01/Dec/2005:15:11:36 -0800] "GET /movies/Albstalker.zip HTTP/1.1" 200 62567639
84.151.95.68 - - [01/Dec/2005:15:12:24 -0800] "GET /movies2/Raila%20Memorial%20good.zip HTTP/1.1" 200 24692536
84.188.212.214 - - [01/Dec/2005:15:12:28 -0800] "GET /movies/NS.zip HTTP/1.1" 200 8422688
84.188.212.214 - - [01/Dec/2005:15:12:29 -0800] "GET /movies/Painfool2ndvideo1.zip HTTP/1.1" 200 7180958
84.59.38.179 - - [01/Dec/2005:15:12:48 -0800] "GET /movies/One%20Night%20in%20Elaysa.zip HTTP/1.1" 200 19366545
84.61.54.159 - - [01/Dec/2005:15:13:06 -0800] "GET /movies2/WaffenbundTheMovie.zip HTTP/1.1" 200 923150
85.124.110.56 - - [01/Dec/2005:15:13:22 -0800] "GET /movies2/kewle_fights.zip HTTP/1.1" 206 33576320
84.188.212.214 - - [01/Dec/2005:15:13:24 -0800] "GET /movies2/A%20Mostly%20Solo%20Shade.zip HTTP/1.1" 200 364000
85.124.110.56 - - [01/Dec/2005:15:13:44 -0800] "GET /movies2/November.zip HTTP/1.1" 206 21004992
84.61.54.159 - - [01/Dec/2005:15:14:21 -0800] "GET /movies2/WaffenbundTheMovie.zip HTTP/1.1" 200 1585262
24.225.38.133 - - [01/Dec/2005:15:14:30 -0800] "GET /movies2/WaffenbundTheMovie.zip HTTP/1.1" 200 379691340
80.130.253.238 - - [01/Dec/2005:15:14:47 -0800] "GET /movies2/Raila%20Memorial%20good.zip HTTP/1.1" 200 24692536
84.132.51.140 - - [01/Dec/2005:15:15:29 -0800] "GET /movies2/Raila%20Memorial%20good.zip HTTP/1.1" 200 24692536
213.113.96.32 - - [01/Dec/2005:15:16:08 -0800] "GET /favicon.ico HTTP/1.1" 404 283
69.138.214.81 - - [01/Dec/2005:15:16:31 -0800] "GET /movies/Black_Out-No_Challenge.zip HTTP/1.1" 200 3491264
65.212.167.227 - - [01/Dec/2005:15:16:32 -0800] "GET /movies/5-15-05%20redone.rar HTTP/1.1" 200 155218903
86.196.66.16 - - [01/Dec/2005:15:17:30 -0800] "GET /movies/baldir_jiv.zip HTTP/1.1" 200 1009832
82.91.69.117 - - [01/Dec/2005:15:18:28 -0800] "GET /movies2/forItawithlove.zip HTTP/1.1" 200 243904
172.207.194.236 - - [01/Dec/2005:15:18:36 -0800] "GET /movies/Levia.zip HTTP/1.1" 206 576048
172.207.194.236 - - [01/Dec/2005:15:18:36 -0800] "GET /movies/Levia.zip HTTP/1.1" 206 162064
84.59.38.179 - - [01/Dec/2005:15:19:15 -0800] "GET /movies2/45D.zip HTTP/1.1" 200 127456
84.163.241.247 - - [01/Dec/2005:15:19:21 -0800] "GET /movies2/WaffenbundTheMovie.zip HTTP/1.1" 200 194078
84.135.249.7 - - [01/Dec/2005:15:20:27 -0800] "GET /movies2/WaffenbundTheMovie.zip HTTP/1.1" 206 119578240
84.135.249.7 - - [01/Dec/2005:15:20:27 -0800] "GET /movies2/WaffenbundTheMovie.zip HTTP/1.1" 200 116304928
86.194.107.150 - - [01/Dec/2005:15:21:52 -0800] "GET /movies/swiftdeathz_v4.zip HTTP/1.1" 200 89927278
12.42.92.6 - - [01/Dec/2005:15:22:13 -0800] "GET /movies/Thidranki%20-%20Smurf%20Army%20in%20action.zip HTTP/1.1" 200 87863343
172.207.194.236 - - [01/Dec/2005:15:23:44 -0800] "GET /movies/Levia.zip HTTP/1.1" 206 17294
84.163.241.247 - - [01/Dec/2005:15:24:05 -0800] "GET /movies2/WaffenbundTheMovie.zip HTTP/1.1" 200 5494718
84.132.51.140 - - [01/Dec/2005:15:25:15 -0800] "GET /movies2/WaffenbundTheMovie.zip HTTP/1.1" 200 37158740
81.189.23.25 - - [01/Dec/2005:15:25:40 -0800] "GET /movies2/A%20Mostly%20Solo%20Shade.zip HTTP/1.1" 200 61602614
172.207.194.236 - - [01/Dec/2005:15:26:42 -0800] "GET /movies/Levia.zip HTTP/1.1" 206 73055
81.56.142.96 - - [01/Dec/2005:15:26:59 -0800] "GET /movies2/SpeedMouse.zip HTTP/1.1" 200 322985571
83.95.137.40 - - [01/Dec/2005:15:28:40 -0800] "GET /movies/Trinnara_Valkyrie_of_Percival.zip HTTP/1.1" 200 50674257
217.17.22.6 - - [01/Dec/2005:15:29:41 -0800] "GET /movies2/Raila%20Memorial%20good.zip HTTP/1.1" 200 24692536
83.112.162.54 - - [01/Dec/2005:15:29:57 -0800] "GET /movies/fotm.zip HTTP/1.0" 206 14358776
67.187.114.185 - - [01/Dec/2005:15:30:27 -0800] "GET /movies/xxxPowerburnxxx_0001.zip HTTP/1.1" 200 175788965
84.145.230.22 - - [01/Dec/2005:15:30:59 -0800] "GET /movies/Sig_OutofControl.zip HTTP/1.1" 200 146821829
84.185.216.245 - - [01/Dec/2005:15:31:09 -0800] "GET /movies/ThaneVid2_by_Iator.zip HTTP/1.1" 200 25089628
84.185.216.245 - - [01/Dec/2005:15:31:21 -0800] "GET /movies/ThaneVid2_by_Iator.zip HTTP/1.1" 206 29215016
83.112.162.54 - - [01/Dec/2005:15:32:27 -0800] "GET /movies/fotm.zip HTTP/1.0" 206 14351960
83.112.162.54 - - [01/Dec/2005:15:32:32 -0800] "GET /movies/fotm.zip HTTP/1.0" 206 14450592
80.134.77.156 - - [01/Dec/2005:15:32:58 -0800] "GET /movies2/WaffenbundTheMovie.zip HTTP/1.1" 200 846384
83.112.162.54 - - [01/Dec/2005:15:33:38 -0800] "GET /movies/fotm.zip HTTP/1.0" 206 15005392
24.166.228.147 - - [01/Dec/2005:15:33:54 -0800] "GET /movies2/todanceamongthedead_zilreed.zip HTTP/1.1" 200 36570613
24.166.228.147 - - [01/Dec/2005:15:35:10 -0800] "GET /movies2/EQ2%20-%20Look%20Over%20Here.zip HTTP/1.1" 200 43153296
83.112.162.54 - - [01/Dec/2005:15:36:03 -0800] "GET /movies/fotm.zip HTTP/1.0" 206 15311992
83.112.162.54 - - [01/Dec/2005:15:36:08 -0800] "GET /movies/fotm.zip HTTP/1.0" 206 15118212
83.112.162.54 - - [01/Dec/2005:15:36:11 -0800] "GET /movies/fotm.zip HTTP/1.0" 206 15786876
83.112.162.54 - - [01/Dec/2005:15:37:23 -0800] "GET /movies/fotm.zip HTTP/1.0" 206 14311324
80.134.135.226 - - [01/Dec/2005:15:37:40 -0800] "GET /movies2/WaffenbundTheMovie.zip HTTP/1.1" 200 140016952
83.112.162.54 - - [01/Dec/2005:15:37:44 -0800] "GET /movies/fotm.zip HTTP/1.0" 206 15580388
207.172.240.20 - - [01/Dec/2005:15:37:49 -0800] "GET /movies2/mof2.zip HTTP/1.1" 200 1241480
64.231.60.134 - - [01/Dec/2005:15:37:53 -0800] "GET /movies/dragon.zip HTTP/1.1" 200 76833311
80.145.21.178 - - [01/Dec/2005:15:38:20 -0800] "GET /movies/GladricSoloRvrMovie3.zip HTTP/1.1" 200 201119338
83.112.162.54 - - [01/Dec/2005:15:38:37 -0800] "GET /movies/fotm.zip HTTP/1.0" 206 15973048
83.112.162.54 - - [01/Dec/2005:15:39:01 -0800] "GET /movies/fotm.zip HTTP/1.0" 206 15997868
67.187.114.185 - - [01/Dec/2005:15:40:30 -0800] "GET /movies/Phixed.rar HTTP/1.1" 200 32514031
83.112.162.54 - - [01/Dec/2005:15:40:36 -0800] "GET /movies/fotm.zip HTTP/1.0" 206 16466232
80.58.38.234 - - [01/Dec/2005:15:40:40 -0800] "GET /movies/Allexiel%20-%20Solo%20Reaver.zip HTTP/1.0" 200 91168691
83.112.162.54 - - [01/Dec/2005:15:41:42 -0800] "GET /movies/fotm.zip HTTP/1.0" 206 15877704
83.216.249.227 - - [01/Dec/2005:15:42:10 -0800] "GET /movies/Gauthier.zip HTTP/1.1" 206 27191219
83.112.162.54 - - [01/Dec/2005:15:42:21 -0800] "GET /movies/fotm.zip HTTP/1.0" 206 1917628
83.112.162.54 - - [01/Dec/2005:15:42:58 -0800] "GET /movies/fotm.zip HTTP/1.0" 206 1857768
81.242.150.194 - - [01/Dec/2005:15:43:42 -0800] "GET /movies/Unanimous%20Radar%20User%20Video.zip HTTP/1.1" 200 387772
83.112.162.54 - - [01/Dec/2005:15:43:44 -0800] "GET /movies/fotm.zip HTTP/1.0" 206 1498932
80.132.182.119 - - [01/Dec/2005:15:43:46 -0800] "GET /movies/Eaval's%20First%20Video.zip HTTP/1.1" 200 39077563
172.207.194.236 - - [01/Dec/2005:15:43:48 -0800] "GET /movies/Levia.zip HTTP/1.1" 206 230815
83.205.7.211 - - [01/Dec/2005:15:44:00 -0800] "GET /movies/DP4ever.zip HTTP/1.1" 206 134791792
172.211.115.199 - - [01/Dec/2005:15:44:08 -0800] "GET /movies/Alb-Merlin.zip HTTP/1.1" 200 110362111
83.112.162.54 - - [01/Dec/2005:15:44:13 -0800] "GET /movies/fotm.zip HTTP/1.0" 206 1365929
83.112.162.54 - - [01/Dec/2005:15:44:13 -0800] "GET /movies/fotm.zip HTTP/1.0" 206 2246128
83.112.162.54 - - [01/Dec/2005:15:44:15 -0800] "GET /movies/fotm.zip HTTP/1.0" 206 16763371
83.112.162.54 - - [01/Dec/2005:15:44:22 -0800] "GET /movies/fotm.zip HTTP/1.0" 206 1151912
83.112.162.54 - - [01/Dec/2005:15:44:23 -0800] "GET /movies/fotm.zip HTTP/1.0" 206 1637300
84.191.251.148 - - [01/Dec/2005:15:44:29 -0800] "GET /movies2/maelstrom_cluster1.zip HTTP/1.1" 206 212832721
84.155.211.1 - - [01/Dec/2005:15:44:29 -0800] "GET /movies2/WaffenbundTheMovie.zip HTTP/1.0" 206 126563788
83.112.162.54 - - [01/Dec/2005:15:44:34 -0800] "GET /movies/fotm.zip HTTP/1.0" 206 17110060
83.112.162.54 - - [01/Dec/2005:15:44:37 -0800] "GET /movies/fotm.zip HTTP/1.0" 206 180228
83.112.162.54 - - [01/Dec/2005:15:44:37 -0800] "GET /movies/fotm.zip HTTP/1.0" 206 3258880
83.112.162.54 - - [01/Dec/2005:15:44:41 -0800] "GET /movies/fotm.zip HTTP/1.0" 206 353968
83.112.162.54 - - [01/Dec/2005:15:44:47 -0800] "GET /movies/fotm.zip HTTP/1.0" 206 2883064
83.112.162.54 - - [01/Dec/2005:15:44:47 -0800] "GET /movies/fotm.zip HTTP/1.0" 206 140808
83.112.162.54 - - [01/Dec/2005:15:44:48 -0800] "GET /movies/fotm.zip HTTP/1.0" 206 2990728
83.112.162.54 - - [01/Dec/2005:15:44:51 -0800] "GET /movies/fotm.zip HTTP/1.0" 206 3678572
83.112.162.54 - - [01/Dec/2005:15:44:53 -0800] "GET /movies/fotm.zip HTTP/1.0" 206 660892
83.112.162.54 - - [01/Dec/2005:15:44:54 -0800] "GET /movies/fotm.zip HTTP/1.0" 206 1025568
83.112.162.54 - - [01/Dec/2005:15:44:55 -0800] "GET /movies/fotm.zip HTTP/1.0" 206 123751
83.112.162.54 - - [01/Dec/2005:15:44:55 -0800] "GET /movies/fotm.zip HTTP/1.0" 206 111608
83.112.162.54 - - [01/Dec/2005:15:44:56 -0800] "GET /movies/fotm.zip HTTP/1.0" 206 116451
83.112.162.54 - - [01/Dec/2005:15:44:57 -0800] "GET /movies/fotm.zip HTTP/1.0" 206 99928
83.112.162.54 - - [01/Dec/2005:15:44:57 -0800] "GET /movies/fotm.zip HTTP/1.0" 206 125211
83.112.162.54 - - [01/Dec/2005:15:44:58 -0800] "GET /movies/fotm.zip HTTP/1.0" 206 716048
83.112.162.54 - - [01/Dec/2005:15:44:58 -0800] "GET /movies/fotm.zip HTTP/1.0" 206 62431
83.112.162.54 - - [01/Dec/2005:15:44:58 -0800] "GET /movies/fotm.zip HTTP/1.0" 206 76568
83.112.162.54 - - [01/Dec/2005:15:44:59 -0800] "GET /movies/fotm.zip HTTP/1.0" 206 95548
83.112.162.54 - - [01/Dec/2005:15:44:59 -0800] "GET /movies/fotm.zip HTTP/1.0" 206 3204616
83.112.162.54 - - [01/Dec/2005:15:45:00 -0800] "GET /movies/fotm.zip HTTP/1.0" 206 67564
84.155.211.1 - - [01/Dec/2005:15:46:09 -0800] "GET /movies2/WaffenbundTheMovie.zip HTTP/1.0" 206 126563777
84.155.211.1 - - [01/Dec/2005:15:46:35 -0800] "GET /movies2/WaffenbundTheMovie.zip HTTP/1.0" 206 126563777
84.134.233.23 - - [01/Dec/2005:15:46:47 -0800] "GET /movies/baldir_jiv.zip HTTP/1.1" 200 190803947
67.187.114.185 - - [01/Dec/2005:15:47:13 -0800] "GET /movies/rosa_elefant.zip HTTP/1.1" 200 172644490
67.49.43.160 - - [01/Dec/2005:15:47:17 -0800] "GET /movies2/Deceis%20Hey.zip HTTP/1.1" 200 5146948
12.42.92.6 - - [01/Dec/2005:15:47:44 -0800] "GET /movies/theurg2ndmovie.zip HTTP/1.1" 200 111524092
83.205.221.30 - - [01/Dec/2005:15:47:52 -0800] "GET /movies/DP4ever.zip HTTP/1.1" 206 3239212
84.59.38.179 - - [01/Dec/2005:15:48:00 -0800] "GET /movies2/45D.zip HTTP/1.1" 200 41268037
172.180.181.250 - - [01/Dec/2005:15:48:09 -0800] "GET /movies/baldir_jiv.zip HTTP/1.1" 200 2226098
84.190.205.248 - - [01/Dec/2005:15:48:31 -0800] "GET /movies/Come%20Play%20With%20Me.zip HTTP/1.1" 200 103307379
128.223.189.81 - - [01/Dec/2005:15:50:55 -0800] "GET /movies2/renamed_Kippo2.zip HTTP/1.1" 200 136238530
84.155.211.1 - - [01/Dec/2005:15:50:57 -0800] "GET /movies2/Raila%20Memorial%20good.zip HTTP/1.0" 206 14183
84.155.211.1 - - [01/Dec/2005:15:50:58 -0800] "GET /movies2/Raila%20Memorial%20good.zip HTTP/1.1" 200 60356
84.155.211.1 - - [01/Dec/2005:15:51:08 -0800] "GET /movies2/Raila%20Memorial%20good.zip HTTP/1.0" 206 15635
172.207.194.236 - - [01/Dec/2005:15:51:44 -0800] "GET /movies/Levia.zip HTTP/1.1" 206 627344
84.222.55.3 - - [01/Dec/2005:15:52:07 -0800] "GET /movies/Bigjake%20Movie%201_0002.zip HTTP/1.1" 200 248476942
80.132.182.119 - - [01/Dec/2005:15:52:39 -0800] "GET /movies/Xecret.zip HTTP/1.1" 206 55056820
24.243.171.133 - - [01/Dec/2005:15:52:47 -0800] "GET /movies2/WaffenbundTheMovie.zip HTTP/1.1" 200 3338748
85.226.191.235 - - [01/Dec/2005:15:53:31 -0800] "GET /movies2/Raila%20Memorial%20good.zip HTTP/1.1" 200 24692536
84.155.211.1 - - [01/Dec/2005:15:54:57 -0800] "GET /movies2/Raila%20Memorial%20good.zip HTTP/1.0" 206 8230847
84.155.211.1 - - [01/Dec/2005:15:55:14 -0800] "GET /movies2/Raila%20Memorial%20good.zip HTTP/1.0" 206 8230847
84.155.211.1 - - [01/Dec/2005:15:55:43 -0800] "GET /movies2/Raila%20Memorial%20good.zip HTTP/1.0" 206 8230844
68.162.190.12 - - [01/Dec/2005:15:56:21 -0800] "GET /movies2/kewle_fights.zip HTTP/1.1" 200 12558432
80.134.232.125 - - [01/Dec/2005:15:56:24 -0800] "GET /movies2/CloakedkillerTheCritblade.zip HTTP/1.1" 200 328050
84.61.31.122 - - [01/Dec/2005:15:57:21 -0800] "GET /movies2/WaffenbundTheMovie.zip HTTP/1.1" 206 68363043
68.162.190.12 - - [01/Dec/2005:15:57:32 -0800] "GET /movies2/kewle_fights.zip HTTP/1.1" 200 149408
68.162.190.12 - - [01/Dec/2005:15:57:36 -0800] "GET /movies2/kewle_fights.zip HTTP/1.1" 200 93279
68.162.190.12 - - [01/Dec/2005:15:57:48 -0800] "GET /movies2/kewle_fights.zip HTTP/1.1" 200 239232
68.162.190.12 - - [01/Dec/2005:15:58:01 -0800] "GET /movies2/kewle_fights.zip HTTP/1.1" 200 417792
24.243.171.133 - - [01/Dec/2005:15:58:21 -0800] "GET /movies2/Raila%20Memorial%20good.zip HTTP/1.1" 200 24692536
172.207.194.236 - - [01/Dec/2005:15:58:30 -0800] "GET /movies/Levia.zip HTTP/1.1" 206 647728
80.171.120.84 - - [01/Dec/2005:15:58:48 -0800] "GET /movies/Nosgoth_Untouchabel.zip HTTP/1.1" 200 91310637
69.119.35.204 - - [01/Dec/2005:15:59:19 -0800] "GET /movies/NS.zip HTTP/1.1" 200 2740512
12.214.13.79 - - [01/Dec/2005:16:00:12 -0800] "GET /movies/Poar%202.zip HTTP/1.1" 200 744436
83.221.74.210 - - [01/Dec/2005:16:00:53 -0800] "GET /movies/Daemoj.zip HTTP/1.1" 200 167102912
72.25.98.129 - - [01/Dec/2005:16:01:39 -0800] "GET /movies/LixaMLF.v4.zip HTTP/1.1" 200 37254096
85.75.41.26 - - [01/Dec/2005:16:01:58 -0800] "GET /movies/EvilfoxMLF.zip HTTP/1.1" 200 76751959
172.207.194.236 - - [01/Dec/2005:16:02:42 -0800] "GET /movies/Levia.zip HTTP/1.1" 206 77134
84.60.132.176 - - [01/Dec/2005:16:02:44 -0800] "GET /movies2/FUN.zip HTTP/1.1" 200 138752384
84.151.28.104 - - [01/Dec/2005:16:03:12 -0800] "GET /favicon.ico HTTP/1.1" 404 283
84.135.146.153 - - [01/Dec/2005:16:04:04 -0800] "GET /favicon.ico HTTP/1.1" 404 283
84.61.31.122 - - [01/Dec/2005:16:04:14 -0800] "GET /movies2/WaffenbundTheMovie.zip HTTP/1.1" 200 75990652
69.141.77.242 - - [01/Dec/2005:16:04:14 -0800] "GET /movies/painfoolmovie.zip HTTP/1.1" 200 80207704
67.10.147.245 - - [01/Dec/2005:16:04:18 -0800] "GET /movies/Arcaus%20Solo%20Video%201.zip HTTP/1.1" 200 103599679
84.61.31.122 - - [01/Dec/2005:16:05:00 -0800] "GET /movies2/WaffenbundTheMovie.zip HTTP/1.1" 206 7702111
84.135.146.153 - - [01/Dec/2005:16:05:32 -0800] "GET /movies2/WaffenbundTheMovie.zip HTTP/1.1" 200 2203112
84.61.31.122 - - [01/Dec/2005:16:05:44 -0800] "GET /movies2/WaffenbundTheMovie.zip HTTP/1.1" 206 74351484
84.97.153.190 - - [01/Dec/2005:16:05:53 -0800] "GET /favicon.ico HTTP/1.1" 404 283
84.61.31.122 - - [01/Dec/2005:16:05:54 -0800] "GET /movies2/WaffenbundTheMovie.zip HTTP/1.1" 206 1628478
213.65.245.132 - - [01/Dec/2005:16:06:00 -0800] "GET /favicon.ico HTTP/1.1" 404 283
84.61.31.122 - - [01/Dec/2005:16:06:07 -0800] "GET /movies2/WaffenbundTheMovie.zip HTTP/1.1" 206 74796116
84.61.31.122 - - [01/Dec/2005:16:06:09 -0800] "GET /movies2/WaffenbundTheMovie.zip HTTP/1.1" 206 75273371
84.61.31.122 - - [01/Dec/2005:16:06:11 -0800] "GET /movies2/WaffenbundTheMovie.zip HTTP/1.1" 206 1226679
84.61.31.122 - - [01/Dec/2005:16:06:12 -0800] "GET /movies2/WaffenbundTheMovie.zip HTTP/1.1" 206 248164
213.65.245.132 - - [01/Dec/2005:16:06:27 -0800] "GET /movies/Brite2.zip HTTP/1.1" 200 651968
213.65.245.132 - - [01/Dec/2005:16:06:27 -0800] "HEAD /movies/Brite2.zip HTTP/1.1" 200 0
213.65.245.132 - - [01/Dec/2005:16:06:27 -0800] "HEAD /movies/Brite2.zip HTTP/1.1" 200 0
213.65.245.132 - - [01/Dec/2005:16:06:28 -0800] "GET /movies/Brite2.zip HTTP/1.1" 200 12819
84.61.31.122 - - [01/Dec/2005:16:06:29 -0800] "GET /movies2/WaffenbundTheMovie.zip HTTP/1.1" 206 510796
212.233.34.241 - - [01/Dec/2005:16:07:07 -0800] "GET /movies/epilo.zip HTTP/1.1" 200 185693395
84.97.153.190 - - [01/Dec/2005:16:07:38 -0800] "GET /movies/A%20little%20time%20with%20us.zip HTTP/1.1" 200 2097759
80.121.119.28 - - [01/Dec/2005:16:07:40 -0800] "GET /movies2/renamed_daoc.TR.tape-2.ausschnitte.ace HTTP/1.1" 200 215756
84.97.153.190 - - [01/Dec/2005:16:07:41 -0800] "GET /movies/SavageTheMovie.zip HTTP/1.1" 200 29918
