66.41.214.243 - - [03/Dec/2005:13:28:03 -0800] "GET /movies/Rangers-Life.zip HTTP/1.1" 200 5005676
84.167.244.252 - - [03/Dec/2005:13:28:21 -0800] "GET /movies/Arctic%20Darkness%208v8%20movie%20Healer%20PoV.rar HTTP/1.1" 200 63571
207.112.65.191 - - [03/Dec/2005:13:29:20 -0800] "GET /movies/Ciliviel's%20Fourth.zip HTTP/1.1" 200 427604
84.217.11.191 - - [03/Dec/2005:13:29:23 -0800] "GET /movies2/Camlann%20Shadow%20Zone.zip HTTP/1.1" 200 141905700
66.41.214.243 - - [03/Dec/2005:13:29:47 -0800] "GET /movies2/Amuny3.zip HTTP/1.1" 200 1345799
207.112.65.191 - - [03/Dec/2005:13:30:12 -0800] "GET /movies/Ciliviel's%20Fourth.zip HTTP/1.1" 200 113972
69.195.75.193 - - [03/Dec/2005:13:30:16 -0800] "GET /favicon.ico HTTP/1.1" 404 283
84.0.145.228 - - [03/Dec/2005:13:30:22 -0800] "GET /movies/Pesmerga.rar HTTP/1.1" 200 158363031
81.208.74.189 - - [03/Dec/2005:13:31:39 -0800] "GET /movies/Tjcombo.zip HTTP/1.1" 200 5648418
82.51.5.170 - - [03/Dec/2005:13:32:15 -0800] "GET /movies/sw33t.zip HTTP/1.1" 200 157352
82.51.5.170 - - [03/Dec/2005:13:32:19 -0800] "GET /movies/sw33t.zip HTTP/1.1" 206 12547
212.143.22.168 - - [03/Dec/2005:13:32:38 -0800] "GET /movies/sw33t.zip HTTP/1.1" 206 21559
84.179.227.241 - - [03/Dec/2005:13:32:41 -0800] "GET /movies2/maelstrom_cluster1.zip HTTP/1.1" 200 257410680
66.214.192.254 - - [03/Dec/2005:13:33:24 -0800] "GET /movies2/Gimp_and_Run_DivX.zip HTTP/1.1" 200 120258322
217.83.119.225 - - [03/Dec/2005:13:33:38 -0800] "GET /movies/cgrvr.rar HTTP/1.1" 200 114883
83.157.76.166 - - [03/Dec/2005:13:33:56 -0800] "GET /movies/Maelstrom2.zip HTTP/1.1" 200 5597528
81.230.210.164 - - [03/Dec/2005:13:34:06 -0800] "GET /movies2/sepp_0001.zip HTTP/1.1" 200 18144822
213.182.106.188 - - [03/Dec/2005:13:34:26 -0800] "GET /movies2/Camlann%20Shadow%20Zone.zip HTTP/1.1" 200 145120
80.137.110.91 - - [03/Dec/2005:13:34:54 -0800] "GET /movies2/FUN.zip HTTP/1.1" 200 412093813
24.11.192.128 - - [03/Dec/2005:13:34:55 -0800] "GET /movies2/sepp_0001.zip HTTP/1.1" 200 18144822
66.41.214.243 - - [03/Dec/2005:13:34:59 -0800] "GET /movies/Rangers-Life.zip HTTP/1.1" 200 189479
66.41.214.243 - - [03/Dec/2005:13:35:38 -0800] "GET /movies/Rangers-Life.zip HTTP/1.1" 200 36179
66.41.214.243 - - [03/Dec/2005:13:35:39 -0800] "GET /movies/Rangers-Life.zip HTTP/1.1" 206 21562
83.177.255.110 - - [03/Dec/2005:13:36:33 -0800] "GET /movies/HeretankVideo1.zip HTTP/1.1" 200 964052
83.177.255.110 - - [03/Dec/2005:13:36:36 -0800] "GET /movies/Severed.zip HTTP/1.1" 200 685538
172.187.67.89 - - [03/Dec/2005:13:36:37 -0800] "GET /favicon.ico HTTP/1.1" 404 283
213.182.106.188 - - [03/Dec/2005:13:38:52 -0800] "GET /movies2/sepp_0001.zip HTTP/1.1" 200 737910
69.69.17.194 - - [03/Dec/2005:13:38:58 -0800] "GET /movies2/sepp_0001.zip HTTP/1.1" 200 18144822
66.41.214.243 - - [03/Dec/2005:13:39:44 -0800] "GET /movies/Rangers-Life.zip HTTP/1.1" 206 15234622
82.49.200.28 - - [03/Dec/2005:13:39:58 -0800] "GET /movies/sw33t.zip HTTP/1.1" 206 47628192
66.41.214.243 - - [03/Dec/2005:13:40:04 -0800] "GET /movies/Rangers-Life.zip HTTP/1.1" 206 15234620
66.41.214.243 - - [03/Dec/2005:13:40:21 -0800] "GET /movies/Rangers-Life.zip HTTP/1.1" 206 15234622
70.68.113.128 - - [03/Dec/2005:13:40:26 -0800] "GET /movies2/sepp_0001.zip HTTP/1.1" 200 18144822
82.58.14.179 - - [03/Dec/2005:13:40:27 -0800] "GET /movies/Back%20in%20Black%20Final.zip HTTP/1.1" 200 12746
82.51.5.170 - - [03/Dec/2005:13:40:29 -0800] "GET /movies/Back%20in%20Black%20Final.zip HTTP/1.1" 200 34046
82.58.14.179 - - [03/Dec/2005:13:40:30 -0800] "GET /movies/Back%20in%20Black%20Final.zip HTTP/1.1" 206 21439
82.51.5.170 - - [03/Dec/2005:13:40:30 -0800] "GET /movies/Back%20in%20Black%20Final.zip HTTP/1.1" 206 18275
82.51.5.170 - - [03/Dec/2005:13:40:34 -0800] "GET /movies/Back%20in%20Black%20Final.zip HTTP/1.1" 206 18275
82.51.5.170 - - [03/Dec/2005:13:40:34 -0800] "GET /movies/Back%20in%20Black%20Final.zip HTTP/1.1" 206 18270
82.51.5.170 - - [03/Dec/2005:13:40:34 -0800] "GET /movies/Back%20in%20Black%20Final.zip HTTP/1.1" 206 12542
82.51.5.170 - - [03/Dec/2005:13:40:35 -0800] "GET /movies/Back%20in%20Black%20Final.zip HTTP/1.1" 206 12541
62.35.78.167 - - [03/Dec/2005:13:40:46 -0800] "GET /movies/Dypstyck%20RR4.zip HTTP/1.1" 200 143838
66.41.214.243 - - [03/Dec/2005:13:40:54 -0800] "GET /movies/Rangers-Life.zip HTTP/1.1" 206 15234622
84.185.194.247 - - [03/Dec/2005:13:40:57 -0800] "GET /movies2/TdkBomB2.zip HTTP/1.1" 206 4035092
66.41.214.243 - - [03/Dec/2005:13:41:03 -0800] "GET /movies/Rangers-Life.zip HTTP/1.1" 206 15234622
68.46.214.143 - - [03/Dec/2005:13:42:16 -0800] "GET /movies/EpicEpeenEpisode.zip HTTP/1.1" 200 155403095
82.51.5.170 - - [03/Dec/2005:13:43:55 -0800] "GET /movies/sw33t.zip HTTP/1.1" 206 3609724
82.49.200.28 - - [03/Dec/2005:13:44:44 -0800] "GET /movies/sw33t.zip HTTP/1.1" 206 53307096
82.55.168.69 - - [03/Dec/2005:13:44:45 -0800] "GET /movies/stealthwars.rar HTTP/1.1" 200 3476244
82.55.168.69 - - [03/Dec/2005:13:45:08 -0800] "GET /movies/stealthwars.rar HTTP/1.1" 206 84192
66.41.214.243 - - [03/Dec/2005:13:45:10 -0800] "GET /movies/UDsolo.rar HTTP/1.1" 200 12824
66.41.214.243 - - [03/Dec/2005:13:45:11 -0800] "GET /movies/UDsolo.rar HTTP/1.1" 206 20107
66.41.214.243 - - [03/Dec/2005:13:45:45 -0800] "GET /movies/UDsolo.rar HTTP/1.1" 206 1460776
66.41.214.243 - - [03/Dec/2005:13:45:45 -0800] "GET /movies/UDsolo.rar HTTP/1.1" 206 1281876
66.41.214.243 - - [03/Dec/2005:13:45:45 -0800] "GET /movies/UDsolo.rar HTTP/1.1" 206 1499081
66.41.214.243 - - [03/Dec/2005:13:45:45 -0800] "GET /movies/UDsolo.rar HTTP/1.1" 206 1460956
66.41.214.243 - - [03/Dec/2005:13:45:45 -0800] "GET /movies/UDsolo.rar HTTP/1.1" 206 1366229
67.33.103.109 - - [03/Dec/2005:13:46:12 -0800] "GET /movies2/Purified.zip HTTP/1.1" 200 160426511
83.115.216.163 - - [03/Dec/2005:13:46:18 -0800] "GET /movies/Hisoiltir.zip HTTP/1.1" 200 79631682
84.155.211.24 - - [03/Dec/2005:13:46:44 -0800] "GET /movies/cgrvr.rar HTTP/1.0" 206 44764277
82.83.43.221 - - [03/Dec/2005:13:47:00 -0800] "GET /movies/stealthwars.rar HTTP/1.1" 200 114944
82.49.200.28 - - [03/Dec/2005:13:47:30 -0800] "GET /movies/sw33t.zip HTTP/1.1" 206 27581336
84.155.211.24 - - [03/Dec/2005:13:47:31 -0800] "GET /movies/cgrvr.rar HTTP/1.0" 206 44764277
82.49.200.28 - - [03/Dec/2005:13:47:41 -0800] "GET /movies/sw33t.zip HTTP/1.1" 206 53307096
84.155.211.24 - - [03/Dec/2005:13:47:51 -0800] "GET /movies/cgrvr.rar HTTP/1.0" 206 44764271
71.213.137.228 - - [03/Dec/2005:13:47:55 -0800] "GET /movies2/sepp_0001.zip HTTP/1.1" 200 18144822
66.41.214.243 - - [03/Dec/2005:13:48:21 -0800] "GET /movies/Anightshade-TrueStoryofaGarroteSpammer.zip HTTP/1.1" 200 20118
66.41.214.243 - - [03/Dec/2005:13:48:21 -0800] "GET /movies/Anightshade-TrueStoryofaGarroteSpammer.zip HTTP/1.1" 206 20099
66.41.214.243 - - [03/Dec/2005:13:48:40 -0800] "GET /movies/Anightshade-TrueStoryofaGarroteSpammer.zip HTTP/1.1" 206 666800
66.41.214.243 - - [03/Dec/2005:13:48:40 -0800] "GET /movies/Anightshade-TrueStoryofaGarroteSpammer.zip HTTP/1.1" 206 637764
66.41.214.243 - - [03/Dec/2005:13:48:40 -0800] "GET /movies/Anightshade-TrueStoryofaGarroteSpammer.zip HTTP/1.1" 206 421524
66.41.214.243 - - [03/Dec/2005:13:48:44 -0800] "GET /movies/Anightshade-TrueStoryofaGarroteSpammer.zip HTTP/1.1" 206 142733
66.41.214.243 - - [03/Dec/2005:13:48:45 -0800] "GET /movies/Anightshade-TrueStoryofaGarroteSpammer.zip HTTP/1.1" 206 97088
82.55.168.69 - - [03/Dec/2005:13:49:06 -0800] "GET /movies/stealthwars.rar HTTP/1.1" 206 338340
82.49.200.28 - - [03/Dec/2005:13:49:48 -0800] "GET /movies/sw33t.zip HTTP/1.1" 206 53307077
66.41.214.243 - - [03/Dec/2005:13:50:22 -0800] "GET /movies/Xora_MeleeRanger.zip HTTP/1.1" 200 12819
66.41.214.243 - - [03/Dec/2005:13:50:23 -0800] "GET /movies/Xora_MeleeRanger.zip HTTP/1.1" 206 17182
84.99.224.192 - - [03/Dec/2005:13:50:40 -0800] "GET /movies/Poar%202.zip HTTP/1.0" 206 133016928
66.41.214.243 - - [03/Dec/2005:13:50:47 -0800] "GET /movies/Xora_MeleeRanger.zip HTTP/1.1" 206 668342
66.41.214.243 - - [03/Dec/2005:13:50:47 -0800] "GET /movies/Xora_MeleeRanger.zip HTTP/1.1" 206 645724
66.41.214.243 - - [03/Dec/2005:13:50:47 -0800] "GET /movies/Xora_MeleeRanger.zip HTTP/1.1" 206 537116
66.41.214.243 - - [03/Dec/2005:13:50:47 -0800] "GET /movies/Xora_MeleeRanger.zip HTTP/1.1" 206 589352
66.41.214.243 - - [03/Dec/2005:13:50:48 -0800] "GET /movies/Xora_MeleeRanger.zip HTTP/1.1" 206 414295
84.140.252.42 - - [03/Dec/2005:13:50:55 -0800] "GET /movies2/maelstrom_cluster1.zip HTTP/1.1" 200 292391678
80.132.194.40 - - [03/Dec/2005:13:51:08 -0800] "GET /movies/AdNBombSquad-.zip HTTP/1.1" 206 26694265
81.230.210.164 - - [03/Dec/2005:13:51:10 -0800] "GET /movies/pug_0001.zip HTTP/1.1" 200 174779297
82.49.200.28 - - [03/Dec/2005:13:51:22 -0800] "GET /movies/sw33t.zip HTTP/1.1" 206 5703384
80.132.194.40 - - [03/Dec/2005:13:51:29 -0800] "GET /movies/AdNBombSquad-.zip HTTP/1.1" 206 26694265
80.132.194.40 - - [03/Dec/2005:13:52:36 -0800] "GET /movies/AdNBombSquad-.zip HTTP/1.1" 206 26694265
80.132.194.40 - - [03/Dec/2005:13:52:39 -0800] "GET /movies/AdNBombSquad-.zip HTTP/1.1" 206 26694262
80.81.14.82 - - [03/Dec/2005:13:53:11 -0800] "GET /movies/hibgath.zip HTTP/1.1" 200 57689712
67.9.74.218 - - [03/Dec/2005:13:53:33 -0800] "GET /movies/BarrelOfFun.rar HTTP/1.1" 200 220387
66.190.232.187 - - [03/Dec/2005:13:54:02 -0800] "GET /movies2/sepp_0001.zip HTTP/1.1" 200 18144822
84.169.95.226 - - [03/Dec/2005:13:54:05 -0800] "GET /movies2/sepp_0001.zip HTTP/1.1" 200 18144822
70.72.78.71 - - [03/Dec/2005:13:54:09 -0800] "GET /movies/dragon.zip HTTP/1.1" 200 384952
62.107.148.166 - - [03/Dec/2005:13:54:14 -0800] "GET /movies/Living%20on%20the%20Edge.zip HTTP/1.1" 200 40774808
84.222.52.200 - - [03/Dec/2005:13:54:41 -0800] "GET /movies/renamed_DWAzos-PreCatacombs.zip HTTP/1.1" 200 143788592
213.182.106.188 - - [03/Dec/2005:13:55:31 -0800] "GET /movies2/sepp_0001.zip HTTP/1.1" 200 18144822
82.55.168.69 - - [03/Dec/2005:13:56:43 -0800] "GET /movies/stealthwars.rar HTTP/1.1" 200 39103
82.55.168.69 - - [03/Dec/2005:13:56:44 -0800] "GET /movies/stealthwars.rar HTTP/1.1" 206 20104
62.117.27.141 - - [03/Dec/2005:13:56:53 -0800] "GET /movies/cgrvr.rar HTTP/1.1" 200 444800
81.246.175.82 - - [03/Dec/2005:13:56:53 -0800] "GET /movies/Cavel-II.zip HTTP/1.1" 200 11710059
84.156.203.110 - - [03/Dec/2005:13:57:02 -0800] "GET /movies/Commruned_0001.zip HTTP/1.1" 200 204782938
82.55.168.69 - - [03/Dec/2005:13:57:05 -0800] "GET /movies/stealthwars.rar HTTP/1.1" 206 1518020
82.55.168.69 - - [03/Dec/2005:13:57:55 -0800] "GET /movies/StealthwarsEPISODE2.zip HTTP/1.1" 206 20099
82.55.168.69 - - [03/Dec/2005:13:57:55 -0800] "GET /movies/StealthwarsEPISODE2.zip HTTP/1.1" 200 44938
24.189.43.227 - - [03/Dec/2005:13:58:07 -0800] "GET /movies/Trinnara_Valkyrie_of_Percival.zip HTTP/1.1" 200 50674257
172.182.138.217 - - [03/Dec/2005:13:58:31 -0800] "GET /favicon.ico HTTP/1.1" 404 283
80.56.189.132 - - [03/Dec/2005:14:00:19 -0800] "GET /movies2/Camlann%20Shadow%20Zone.zip HTTP/1.1" 200 141905700
24.189.43.227 - - [03/Dec/2005:14:00:43 -0800] "GET /movies2/Camlann%20Shadow%20Zone.zip HTTP/1.1" 200 141905700
81.208.74.189 - - [03/Dec/2005:14:01:35 -0800] "GET /movies2/Gimp_and_Run_DivX.zip HTTP/1.1" 200 65379
82.55.168.69 - - [03/Dec/2005:14:01:49 -0800] "GET /movies/Rangers-Life.zip HTTP/1.1" 200 73728
82.55.168.69 - - [03/Dec/2005:14:01:49 -0800] "GET /movies/Rangers-Life.zip HTTP/1.1" 206 18642
24.1.201.114 - - [03/Dec/2005:14:02:15 -0800] "GET /movies2/sepp_0001.zip HTTP/1.1" 200 18144822
212.143.22.168 - - [03/Dec/2005:14:02:26 -0800] "GET /movies/Rangers-Life.zip HTTP/1.1" 206 18642
62.117.27.141 - - [03/Dec/2005:14:02:34 -0800] "GET /movies2/Camlann%20Shadow%20Zone.zip HTTP/1.1" 200 7304868
212.242.138.149 - - [03/Dec/2005:14:02:36 -0800] "GET /movies2/sepp_0001.zip HTTP/1.1" 200 18144822
70.32.96.61 - - [03/Dec/2005:14:03:18 -0800] "GET /movies/Another%20Contender.zip HTTP/1.1" 200 595436
83.112.95.78 - - [03/Dec/2005:14:03:31 -0800] "GET /movies/Nukey_v1.zip HTTP/1.1" 200 67273936
213.182.116.168 - - [03/Dec/2005:14:03:44 -0800] "GET /favicon.ico HTTP/1.1" 404 283
69.40.17.183 - - [03/Dec/2005:14:03:46 -0800] "GET /favicon.ico HTTP/1.1" 404 283
62.178.204.125 - - [03/Dec/2005:14:06:19 -0800] "GET /movies2/maelstrom_cluster1.zip HTTP/1.1" 206 282138633
24.74.142.246 - - [03/Dec/2005:14:07:07 -0800] "GET /movies2/3021.zip HTTP/1.1" 200 2969342
211.215.220.197 - - [03/Dec/2005:14:08:00 -0800] "GET /movies2/sepp_0001.zip HTTP/1.1" 200 6632864
62.107.148.166 - - [03/Dec/2005:14:08:55 -0800] "GET /movies/WoW_Time.zip HTTP/1.1" 200 58057348
82.53.140.15 - - [03/Dec/2005:14:09:44 -0800] "GET /movies2/Camlann%20Shadow%20Zone.zip HTTP/1.1" 200 545631
82.51.5.170 - - [03/Dec/2005:14:10:22 -0800] "GET /movies/Back%20in%20Black%20Final.zip HTTP/1.1" 206 11630560
83.113.15.174 - - [03/Dec/2005:14:10:55 -0800] "GET /movies/uveaforfun.rar HTTP/1.1" 200 2141504
24.47.45.43 - - [03/Dec/2005:14:11:35 -0800] "GET /movies2/Burn%20Baby!!!.zip HTTP/1.1" 200 163199
69.148.170.31 - - [03/Dec/2005:14:11:58 -0800] "GET /movies/movie.rar HTTP/1.1" 200 138764
212.242.138.149 - - [03/Dec/2005:14:12:12 -0800] "GET /movies2/Raila%20Memorial%20good.zip HTTP/1.1" 200 24692536
80.146.125.124 - - [03/Dec/2005:14:12:14 -0800] "GET /favicon.ico HTTP/1.1" 404 283
80.146.125.124 - - [03/Dec/2005:14:12:17 -0800] "GET /movies/cgrvr.rar HTTP/1.1" 200 55683
69.148.170.31 - - [03/Dec/2005:14:12:18 -0800] "GET /movies/movie.rar HTTP/1.1" 200 27326060
84.163.205.14 - - [03/Dec/2005:14:12:42 -0800] "GET /movies2/maelstrom_cluster1.zip HTTP/1.1" 200 73118
82.83.248.79 - - [03/Dec/2005:14:12:51 -0800] "GET /movies2/sepp_0001.zip HTTP/1.1" 200 18144822
212.214.141.231 - - [03/Dec/2005:14:13:18 -0800] "GET /movies2/Stephon.zip HTTP/1.0" 200 26262120
84.163.205.14 - - [03/Dec/2005:14:13:28 -0800] "GET /movies2/maelstrom_cluster1.zip HTTP/1.1" 200 502238
212.7.9.52 - - [03/Dec/2005:14:14:06 -0800] "GET /movies2/Camlann%20Shadow%20Zone.zip HTTP/1.0" 200 246120
212.7.9.52 - - [03/Dec/2005:14:14:16 -0800] "GET /movies2/Camlann%20Shadow%20Zone.zip HTTP/1.0" 200 63391
212.7.9.52 - - [03/Dec/2005:14:15:18 -0800] "GET /movies2/Camlann%20Shadow%20Zone.zip HTTP/1.0" 200 110960
80.218.91.52 - - [03/Dec/2005:14:16:03 -0800] "GET /movies2/Camlann%20Shadow%20Zone.zip HTTP/1.1" 200 141905700
84.131.142.133 - - [03/Dec/2005:14:17:23 -0800] "GET /movies/Armsmen%20Are%20Gimp.zip HTTP/1.1" 200 310594776
88.130.95.100 - - [03/Dec/2005:14:17:36 -0800] "GET /movies2/Absorbx_Gareth.zip HTTP/1.1" 200 70734896
88.130.95.100 - - [03/Dec/2005:14:17:50 -0800] "GET /movies/renamed_DWAzos-PreCatacombs.zip HTTP/1.1" 200 44211212
88.130.95.100 - - [03/Dec/2005:14:17:52 -0800] "HEAD /movies/renamed_DWAzos-PreCatacombs.zip HTTP/1.1" 200 0
88.130.95.100 - - [03/Dec/2005:14:18:03 -0800] "GET /movies/renamed_DWAzos-PreCatacombs.zip HTTP/1.1" 200 229095
82.58.14.179 - - [03/Dec/2005:14:18:09 -0800] "GET /movies/Back%20in%20Black%20Final.zip HTTP/1.1" 206 32208508
82.58.14.179 - - [03/Dec/2005:14:18:11 -0800] "GET /movies/Back%20in%20Black%20Final.zip HTTP/1.1" 206 32208508
88.130.95.100 - - [03/Dec/2005:14:18:23 -0800] "GET /favicon.ico HTTP/1.1" 404 283
84.74.10.83 - - [03/Dec/2005:14:18:36 -0800] "GET /movies2/WaffenbundTheMovie.zip HTTP/1.1" 206 137317988
88.130.95.100 - - [03/Dec/2005:14:18:36 -0800] "GET /movies/Jamez%20Dreadfield%20-%20Notoriously%20Unbuffed.zip HTTP/1.1" 200 210218
82.83.248.79 - - [03/Dec/2005:14:18:43 -0800] "GET /movies2/WaffenbundTheMovie.zip HTTP/1.1" 200 23699744
82.58.14.179 - - [03/Dec/2005:14:19:02 -0800] "GET /movies/Back%20in%20Black%20Final.zip HTTP/1.1" 206 32208505
88.130.95.100 - - [03/Dec/2005:14:19:06 -0800] "GET /movies/Jamez%20Dreadfield%20-%20Notoriously%20Unbuffed.zip HTTP/1.1" 206 298728
24.1.201.114 - - [03/Dec/2005:14:19:12 -0800] "GET /movies/Ciliviel's%20Fourth.zip HTTP/1.1" 200 3697368
82.58.14.179 - - [03/Dec/2005:14:19:30 -0800] "GET /movies/Back%20in%20Black%20Final.zip HTTP/1.1" 206 32208508
69.40.17.183 - - [03/Dec/2005:14:20:11 -0800] "GET /movies2/sepp_0001.zip HTTP/1.1" 200 18144822
84.0.145.228 - - [03/Dec/2005:14:21:06 -0800] "GET /movies/Pesmerga2.rar HTTP/1.1" 200 210498932
87.202.151.121 - - [03/Dec/2005:14:21:32 -0800] "GET /favicon.ico HTTP/1.1" 404 283
85.226.191.235 - - [03/Dec/2005:14:22:43 -0800] "GET /movies2/Camlann%20Shadow%20Zone.zip HTTP/1.1" 200 141905700
68.120.231.232 - - [03/Dec/2005:14:23:05 -0800] "GET /movies/Ciliviel's%20Fourth.zip HTTP/1.1" 200 320938620
70.72.78.71 - - [03/Dec/2005:14:23:43 -0800] "GET /movies/Only%20Wizard%20Movie.zip HTTP/1.1" 200 45211088
206.53.20.168 - - [03/Dec/2005:14:23:45 -0800] "GET /movies/Ciliviel's%20Fourth.zip HTTP/1.0" 200 436044
206.53.20.168 - - [03/Dec/2005:14:24:03 -0800] "GET /movies/Achtungbaby.zip HTTP/1.0" 200 97499
71.129.100.241 - - [03/Dec/2005:14:24:41 -0800] "GET /movies2/sepp_0001.zip HTTP/1.1" 200 1095200
24.47.184.61 - - [03/Dec/2005:14:24:59 -0800] "GET /movies/Ciliviel's%20Fourth.zip HTTP/1.1" 200 320938620
81.174.43.42 - - [03/Dec/2005:14:25:22 -0800] "GET /movies/Achtungbaby.zip HTTP/1.1" 200 99112097
62.101.172.87 - - [03/Dec/2005:14:26:03 -0800] "GET /movies/OMGOOSES!.zip HTTP/1.1" 200 12813832
69.148.170.31 - - [03/Dec/2005:14:26:24 -0800] "GET /movies/movie.rar HTTP/1.1" 200 13040336
67.181.12.163 - - [03/Dec/2005:14:27:18 -0800] "GET /movies/Godmode.zip HTTP/1.1" 200 88228116
212.214.253.126 - - [03/Dec/2005:14:28:08 -0800] "GET /movies/random_grpa_of_dhoom.zip HTTP/1.1" 200 289164451
80.145.237.21 - - [03/Dec/2005:14:28:09 -0800] "GET /movies2/Camlann%20Shadow%20Zone.zip HTTP/1.1" 200 141905700
62.47.151.31 - - [03/Dec/2005:14:28:12 -0800] "GET /movies2/Camlann%20Shadow%20Zone.zip HTTP/1.1" 200 141905700
70.57.113.51 - - [03/Dec/2005:14:28:30 -0800] "GET /movies2/sepp_0001.zip HTTP/1.1" 200 18144822
70.32.96.61 - - [03/Dec/2005:14:28:43 -0800] "GET /movies/Another%20Contender.zip HTTP/1.1" 206 236590647
84.0.145.228 - - [03/Dec/2005:14:28:54 -0800] "GET /movies/Movie.zip HTTP/1.1" 200 37737204
80.145.117.147 - - [03/Dec/2005:14:28:56 -0800] "GET /movies2/Camlann%20Shadow%20Zone.zip HTTP/1.1" 200 141905700
87.202.151.121 - - [03/Dec/2005:14:29:40 -0800] "GET /movies/dirty%20dancing%20in%20ascalon.zip HTTP/1.1" 200 6741959
71.129.100.241 - - [03/Dec/2005:14:30:24 -0800] "GET /movies/Ciliviel's%20Fourth.zip HTTP/1.1" 200 297032
68.22.192.191 - - [03/Dec/2005:14:30:41 -0800] "GET /movies/LixaMLF.v4.zip HTTP/1.1" 200 40999940
80.135.217.115 - - [03/Dec/2005:14:30:43 -0800] "GET /movies2/WaffenbundTheMovie.zip HTTP/1.1" 200 544278
80.135.217.115 - - [03/Dec/2005:14:30:45 -0800] "GET /movies2/Camlann%20Shadow%20Zone.zip HTTP/1.1" 200 275479
172.182.216.30 - - [03/Dec/2005:14:30:46 -0800] "GET /movies2/WaffenbundTheMovie.zip HTTP/1.1" 200 345232
68.46.214.143 - - [03/Dec/2005:14:30:49 -0800] "GET /movies/Copy%20of%20DesoReloaded.zip HTTP/1.1" 200 6294464
68.46.214.143 - - [03/Dec/2005:14:30:49 -0800] "GET /movies/Meeting_Solo_Skald_Video1.rar HTTP/1.1" 200 5571043
84.167.246.174 - - [03/Dec/2005:14:31:15 -0800] "GET /movies/cgrvr.rar HTTP/1.1" 200 192799
80.135.217.115 - - [03/Dec/2005:14:31:32 -0800] "GET /movies/cgrvr.rar HTTP/1.1" 200 120552
84.0.145.228 - - [03/Dec/2005:14:31:38 -0800] "GET /movies/Eulogy.zip HTTP/1.1" 200 86002518
82.55.168.69 - - [03/Dec/2005:14:31:41 -0800] "GET /movies/Rangers-Life.zip HTTP/1.1" 206 19043276
82.55.168.69 - - [03/Dec/2005:14:31:58 -0800] "GET /movies/Rangers-Life.zip HTTP/1.1" 206 19043279
82.55.168.69 - - [03/Dec/2005:14:32:53 -0800] "GET /movies/Rangers-Life.zip HTTP/1.1" 206 19043276
84.185.194.247 - - [03/Dec/2005:14:33:32 -0800] "GET /movies2/TdkBomB2.zip HTTP/1.1" 206 33906757
82.55.168.69 - - [03/Dec/2005:14:33:38 -0800] "GET /movies/Rangers-Life.zip HTTP/1.1" 206 19043276
217.136.9.173 - - [03/Dec/2005:14:33:51 -0800] "GET /movies2/legio_4.zip HTTP/1.1" 200 532469697
81.56.173.2 - - [03/Dec/2005:14:33:52 -0800] "GET /movies2/robusto.zip HTTP/1.1" 200 288060
84.227.135.129 - - [03/Dec/2005:14:33:55 -0800] "GET /movies/UnikaOne%20-%20Oracle%20Vs%20LARFO.zip HTTP/1.1" 200 93382457
84.185.194.247 - - [03/Dec/2005:14:34:01 -0800] "GET /movies2/TdkBomB2.zip HTTP/1.1" 206 33941216
84.185.194.247 - - [03/Dec/2005:14:34:03 -0800] "GET /movies2/TdkBomB2.zip HTTP/1.1" 206 33397200
84.185.194.247 - - [03/Dec/2005:14:34:07 -0800] "GET /movies2/TdkBomB2.zip HTTP/1.1" 206 498102
84.185.194.247 - - [03/Dec/2005:14:34:10 -0800] "GET /movies2/TdkBomB2.zip HTTP/1.1" 206 33887848
81.249.108.251 - - [03/Dec/2005:14:34:21 -0800] "GET /movies2/Cilivielmovie5.zip HTTP/1.1" 200 114444676
84.185.194.247 - - [03/Dec/2005:14:34:22 -0800] "GET /movies2/TdkBomB2.zip HTTP/1.1" 200 33928620
67.190.143.213 - - [03/Dec/2005:14:34:36 -0800] "GET /movies/animus-julae.zip HTTP/1.1" 200 676144
67.190.143.213 - - [03/Dec/2005:14:34:43 -0800] "GET /movies/animus-julae.zip HTTP/1.1" 200 139758
67.190.143.213 - - [03/Dec/2005:14:35:05 -0800] "GET /movies/animus-julae.zip HTTP/1.1" 200 336958
67.190.143.213 - - [03/Dec/2005:14:35:19 -0800] "GET /movies2/Aerdi.zip HTTP/1.1" 200 84000
67.190.143.213 - - [03/Dec/2005:14:35:26 -0800] "GET /movies2/Aerdi.zip HTTP/1.1" 200 105760
206.53.20.168 - - [03/Dec/2005:14:35:28 -0800] "GET /movies2/sepp_0001.zip HTTP/1.0" 200 18144822
84.172.210.11 - - [03/Dec/2005:14:36:31 -0800] "GET /movies/ HTTP/1.1" 200 0
84.172.210.11 - - [03/Dec/2005:14:36:31 -0800] "GET /favicon.ico HTTP/1.1" 404 283
81.56.173.2 - - [03/Dec/2005:14:36:34 -0800] "GET /movies/DG-17-02-05.zip HTTP/1.1" 200 84397
81.56.173.2 - - [03/Dec/2005:14:37:24 -0800] "GET /movies/Lunacide.zip HTTP/1.1" 200 128171
67.190.143.213 - - [03/Dec/2005:14:38:00 -0800] "GET /movies2/Aerdi.zip HTTP/1.1" 200 2915616
70.72.78.71 - - [03/Dec/2005:14:38:19 -0800] "GET /movies/dragon.zip HTTP/1.1" 200 76833311
85.177.44.3 - - [03/Dec/2005:14:38:30 -0800] "GET /favicon.ico HTTP/1.1" 404 283
83.135.102.215 - - [03/Dec/2005:14:38:50 -0800] "GET /movies/cgrvr.rar HTTP/1.1" 200 238304
85.177.44.3 - - [03/Dec/2005:14:39:04 -0800] "GET /movies2/Camlann%20Shadow%20Zone.zip HTTP/1.1" 200 576228
67.190.143.213 - - [03/Dec/2005:14:39:24 -0800] "GET /movies/hibgath.zip HTTP/1.1" 200 970719
80.132.94.189 - - [03/Dec/2005:14:39:40 -0800] "GET /movies/Nukey_v1.zip HTTP/1.1" 200 75689112
67.190.143.213 - - [03/Dec/2005:14:40:19 -0800] "GET /movies/ae.zip HTTP/1.1" 200 66318
84.172.210.11 - - [03/Dec/2005:14:41:02 -0800] "GET /movies/cgrvr.rar HTTP/1.0" 206 1061664
84.172.210.11 - - [03/Dec/2005:14:41:04 -0800] "GET /movies/cgrvr.rar HTTP/1.0" 206 1447544
70.57.113.51 - - [03/Dec/2005:14:41:35 -0800] "GET /movies/random_grpa_of_dhoom.zip HTTP/1.1" 200 579208
65.30.130.209 - - [03/Dec/2005:14:42:05 -0800] "GET /movies/SoloZerk.zip HTTP/1.1" 200 5152462
24.42.35.136 - - [03/Dec/2005:14:43:02 -0800] "GET /movies2/Camlann%20Shadow%20Zone.zip HTTP/1.1" 200 141905700
84.172.210.11 - - [03/Dec/2005:14:43:26 -0800] "GET /movies/cgrvr.rar HTTP/1.0" 206 1529160
87.202.151.121 - - [03/Dec/2005:14:43:41 -0800] "GET /movies2/4vs4_random.zip HTTP/1.1" 200 170576
24.61.77.70 - - [03/Dec/2005:14:43:54 -0800] "GET /movies2/sepp_0001.zip HTTP/1.1" 200 1688488
82.135.75.90 - - [03/Dec/2005:14:44:06 -0800] "GET /favicon.ico HTTP/1.1" 404 283
71.193.53.71 - - [03/Dec/2005:14:44:28 -0800] "GET /movies2/sepp_0001.zip HTTP/1.1" 200 18144822
212.195.133.197 - - [03/Dec/2005:14:46:37 -0800] "GET /movies/Another%20Contender.zip HTTP/1.1" 200 204158
84.172.210.11 - - [03/Dec/2005:14:46:44 -0800] "GET /movies/cgrvr.rar HTTP/1.0" 206 2438872
24.61.77.70 - - [03/Dec/2005:14:47:04 -0800] "GET /movies2/Elvena's%20Story.zip HTTP/1.1" 200 4941856
67.190.143.213 - - [03/Dec/2005:14:47:38 -0800] "GET /movies/ae.zip HTTP/1.1" 200 8431678
67.162.178.70 - - [03/Dec/2005:14:47:50 -0800] "GET /movies/monstera.zip HTTP/1.1" 200 148000450
84.172.210.11 - - [03/Dec/2005:14:47:52 -0800] "GET /movies/cgrvr.rar HTTP/1.0" 206 2811560
84.172.210.11 - - [03/Dec/2005:14:48:24 -0800] "GET /movies/cgrvr.rar HTTP/1.0" 206 3398160
24.148.227.166 - - [03/Dec/2005:14:48:50 -0800] "GET /movies2/Rush-Devon.zip HTTP/1.1" 200 1271064
24.148.227.166 - - [03/Dec/2005:14:48:50 -0800] "GET /movies2/EyescreamVol1.zip HTTP/1.1" 200 649380
134.95.94.89 - - [03/Dec/2005:14:48:50 -0800] "GET /movies/Gank+Vid+1+OF+FGH+vs+4+FGM+w+battle+sounds.zip HTTP/1.1" 404 325
24.148.227.166 - - [03/Dec/2005:14:48:52 -0800] "HEAD /movies2/EyescreamVol1.zip HTTP/1.1" 200 0
134.48.130.99 - - [03/Dec/2005:14:50:46 -0800] "GET /movies/OMGOOSES!.zip HTTP/1.1" 200 29133724
172.211.206.203 - - [03/Dec/2005:14:51:12 -0800] "GET /movies/NS.zip HTTP/1.1" 206 5827416
24.151.58.126 - - [03/Dec/2005:14:51:28 -0800] "GET /movies2/InfensusDraok.zip HTTP/1.1" 200 391200857
84.63.11.167 - - [03/Dec/2005:14:52:15 -0800] "GET /movies/cgrvr.rar HTTP/1.1" 200 134292823
70.179.188.61 - - [03/Dec/2005:14:52:33 -0800] "GET /movies2/sepp_0001.zip HTTP/1.1" 200 659676
82.51.5.170 - - [03/Dec/2005:14:52:37 -0800] "GET /movies/Grimwart%202%20Final%20Cut.zip HTTP/1.1" 200 19727
82.51.5.170 - - [03/Dec/2005:14:52:43 -0800] "GET /movies/Grimwart%202%20Final%20Cut.zip HTTP/1.1" 206 16846
24.168.120.123 - - [03/Dec/2005:14:52:46 -0800] "GET /movies/OMGOOSES!.zip HTTP/1.1" 200 42944864
132.170.32.182 - - [03/Dec/2005:14:52:56 -0800] "GET /movies2/Cilivielmovie5.zip HTTP/1.1" 200 280459714
24.17.85.143 - - [03/Dec/2005:14:53:25 -0800] "GET /movies/KervarrePerc.zip HTTP/1.1" 200 106715068
67.181.12.163 - - [03/Dec/2005:14:53:25 -0800] "GET /movies/Godmode2.zip HTTP/1.1" 200 96303786
24.148.227.166 - - [03/Dec/2005:14:53:28 -0800] "GET /movies/Melmoth%20-%20FINAL%20VERSION%20.zip HTTP/1.1" 200 7124632
82.51.5.170 - - [03/Dec/2005:14:53:41 -0800] "GET /movies/Grimwart%203.zip HTTP/1.1" 200 0
82.51.5.170 - - [03/Dec/2005:14:53:41 -0800] "GET /movies/Grimwart%203.zip HTTP/1.1" 200 0
212.143.22.168 - - [03/Dec/2005:14:53:42 -0800] "GET /movies/Grimwart%202%20Final%20Cut.zip HTTP/1.1" 206 17182
172.211.206.203 - - [03/Dec/2005:14:53:47 -0800] "GET /movies/NS.zip HTTP/1.1" 206 2406813
82.51.5.170 - - [03/Dec/2005:14:53:50 -0800] "GET /movies/Grimwart%203.zip HTTP/1.1" 200 12567
82.51.5.170 - - [03/Dec/2005:14:53:53 -0800] "GET /movies/Grimwart%203.zip HTTP/1.1" 206 12550
83.50.154.238 - - [03/Dec/2005:14:53:54 -0800] "GET /movies/Tzimizepugs1.zip HTTP/1.1" 200 40278
172.211.206.203 - - [03/Dec/2005:14:54:03 -0800] "GET /movies/NS.zip HTTP/1.1" 206 8548572
210.206.191.154 - - [03/Dec/2005:14:54:10 -0800] "GET /movies/EvilAnkleBiter.zip HTTP/1.1" 200 55411984
172.211.206.203 - - [03/Dec/2005:14:54:23 -0800] "GET /movies/NS.zip HTTP/1.1" 206 842812
172.211.206.203 - - [03/Dec/2005:14:54:37 -0800] "GET /movies/NS.zip HTTP/1.1" 206 9763053
82.51.5.170 - - [03/Dec/2005:14:54:37 -0800] "GET /movies/Grimwarts%20Video%20Final%20Cut.zip HTTP/1.1" 200 0
172.211.206.203 - - [03/Dec/2005:14:54:43 -0800] "GET /movies/NS.zip HTTP/1.1" 206 8735888
82.51.5.170 - - [03/Dec/2005:14:54:43 -0800] "GET /movies/Grimwarts%20Video%20Final%20Cut.zip HTTP/1.1" 200 12567
70.32.96.61 - - [03/Dec/2005:14:54:45 -0800] "GET /movies/AYS2.zip HTTP/1.1" 200 227477415
172.211.206.203 - - [03/Dec/2005:14:54:53 -0800] "GET /movies/NS.zip HTTP/1.1" 206 343296
172.211.206.203 - - [03/Dec/2005:14:54:58 -0800] "GET /movies/NS.zip HTTP/1.1" 206 343693
84.172.210.11 - - [03/Dec/2005:14:55:35 -0800] "GET /movies/cgrvr.rar HTTP/1.0" 206 4089760
24.16.197.109 - - [03/Dec/2005:14:58:41 -0800] "GET /movies/Ciliviel's%20Fourth.zip HTTP/1.1" 200 320938620
24.168.120.123 - - [03/Dec/2005:14:59:01 -0800] "GET /movies/Achtungbaby.zip HTTP/1.1" 200 11419708
24.168.120.123 - - [03/Dec/2005:14:59:01 -0800] "GET /movies/Achtung%20Baby%20II%20-%20March%201.zip HTTP/1.1" 200 11752032
24.42.35.136 - - [03/Dec/2005:14:59:13 -0800] "GET /movies2/Absorbx_Gareth.zip HTTP/1.1" 200 342536526
70.36.120.14 - - [03/Dec/2005:14:59:18 -0800] "GET /movies/DarthVon1.zip HTTP/1.1" 200 182827786
66.56.222.74 - - [03/Dec/2005:15:00:25 -0800] "GET /movies/Reaver_Bomb_small2.zip HTTP/1.1" 200 45504414
82.232.245.247 - - [03/Dec/2005:15:00:46 -0800] "GET /movies2/Camlann%20Shadow%20Zone.zip HTTP/1.1" 200 141905700
82.57.27.56 - - [03/Dec/2005:15:01:02 -0800] "GET /movies/Argento.zip HTTP/1.1" 200 42117510
68.209.150.52 - - [03/Dec/2005:15:02:07 -0800] "GET /movies2/sepp_0001.zip HTTP/1.1" 200 18144822
83.205.131.196 - - [03/Dec/2005:15:02:44 -0800] "GET /movies/Deception4.zip HTTP/1.1" 206 115816484
84.172.210.11 - - [03/Dec/2005:15:03:59 -0800] "GET /movies/cgrvr.rar HTTP/1.0" 206 12257
24.141.208.231 - - [03/Dec/2005:15:04:02 -0800] "GET /movies2/sepp_0001.zip HTTP/1.1" 200 18144822
84.172.210.11 - - [03/Dec/2005:15:04:02 -0800] "GET /movies/cgrvr.rar HTTP/1.0" 206 12257
84.172.210.11 - - [03/Dec/2005:15:04:02 -0800] "GET /movies/cgrvr.rar HTTP/1.0" 206 12257
24.74.142.246 - - [03/Dec/2005:15:04:15 -0800] "GET /movies/frostmages2.zip HTTP/1.1" 200 75828919
70.32.96.61 - - [03/Dec/2005:15:04:16 -0800] "GET /movies/RvRwithRush.zip HTTP/1.1" 200 12818
82.55.168.69 - - [03/Dec/2005:15:04:21 -0800] "GET /movies/stealthwars.rar HTTP/1.1" 206 46348278
84.172.210.11 - - [03/Dec/2005:15:04:24 -0800] "GET /movies/cgrvr.rar HTTP/1.0" 206 12257
84.172.210.11 - - [03/Dec/2005:15:04:32 -0800] "GET /movies/cgrvr.rar HTTP/1.0" 206 12257
84.182.193.87 - - [03/Dec/2005:15:04:32 -0800] "GET /movies/drakedog2.zip HTTP/1.1" 200 0
84.182.193.87 - - [03/Dec/2005:15:04:32 -0800] "GET /movies/drakedog2.zip HTTP/1.1" 200 0
70.32.96.61 - - [03/Dec/2005:15:04:32 -0800] "GET /movies/RvRwithRush.zip HTTP/1.1" 200 12818
84.170.89.61 - - [03/Dec/2005:15:04:32 -0800] "GET /movies/Zeltax.zip HTTP/1.1" 200 0
82.55.168.69 - - [03/Dec/2005:15:04:33 -0800] "GET /movies/stealthwars.rar HTTP/1.1" 206 46348276
84.170.89.61 - - [03/Dec/2005:15:04:35 -0800] "GET /movies/Zeltax.zip HTTP/1.1" 200 0
84.182.193.87 - - [03/Dec/2005:15:04:35 -0800] "GET /movies/drakedog2.zip HTTP/1.1" 200 0
84.182.193.87 - - [03/Dec/2005:15:04:35 -0800] "GET /movies/drakedog2.zip HTTP/1.1" 200 0
84.170.89.61 - - [03/Dec/2005:15:04:35 -0800] "GET /movies/Zeltax.zip HTTP/1.1" 200 0
82.55.168.69 - - [03/Dec/2005:15:05:28 -0800] "GET /movies/stealthwars.rar HTTP/1.1" 206 46348276
84.172.210.11 - - [03/Dec/2005:15:05:32 -0800] "GET /movies/cgrvr.rar HTTP/1.0" 206 12257
24.47.45.43 - - [03/Dec/2005:15:05:42 -0800] "GET /movies2/Burn%20Baby!!!.zip HTTP/1.1" 200 77943640
24.47.45.43 - - [03/Dec/2005:15:05:42 -0800] "GET /movies/EvilEyeTribe_To_Ironforge-Chebab.zip HTTP/1.1" 200 73979572
84.44.246.138 - - [03/Dec/2005:15:05:42 -0800] "GET /movies/cgrvr.rar HTTP/1.1" 200 12391
217.85.214.117 - - [03/Dec/2005:15:05:50 -0800] "GET /movies2/maelstrom_cluster1.zip HTTP/1.1" 200 345369905
84.156.203.110 - - [03/Dec/2005:15:06:04 -0800] "GET /movies/ThaneVid2_by_Iator.zip HTTP/1.1" 200 309242562
217.136.169.124 - - [03/Dec/2005:15:06:04 -0800] "GET /movies2/legio_3.zip HTTP/1.1" 200 12746
84.172.210.11 - - [03/Dec/2005:15:06:09 -0800] "GET /movies/cgrvr.rar HTTP/1.0" 206 12257
82.135.75.90 - - [03/Dec/2005:15:06:12 -0800] "GET /movies/UO%20feat%20Manowar%20-%20Hail%20and%20Kill.zip HTTP/1.1" 200 43070919
82.55.168.69 - - [03/Dec/2005:15:06:15 -0800] "GET /movies/stealthwars.rar HTTP/1.1" 206 46348276
217.136.169.124 - - [03/Dec/2005:15:07:26 -0800] "GET /movies2/legio_4.zip HTTP/1.1" 200 12746
84.172.210.11 - - [03/Dec/2005:15:07:46 -0800] "GET /movies/cgrvr.rar HTTP/1.0" 206 12257
67.40.126.85 - - [03/Dec/2005:15:08:12 -0800] "GET /movies/Ciliviel's%20Fourth.zip HTTP/1.1" 200 320938620
71.48.80.208 - - [03/Dec/2005:15:08:13 -0800] "GET /movies2/sepp_0001.zip HTTP/1.1" 200 0
84.172.210.11 - - [03/Dec/2005:15:08:27 -0800] "GET /movies/cgrvr.rar HTTP/1.0" 206 6291824
80.236.52.120 - - [03/Dec/2005:15:08:59 -0800] "GET /movies/WarlockVid.zip HTTP/1.1" 200 22035343
217.136.169.124 - - [03/Dec/2005:15:09:01 -0800] "GET /movies2/legio_4.zip HTTP/1.1" 200 12746
71.48.80.208 - - [03/Dec/2005:15:09:01 -0800] "GET /movies2/sepp_0001.zip HTTP/1.1" 200 0
84.170.89.61 - - [03/Dec/2005:15:09:02 -0800] "GET /movies/Zeltax.zip HTTP/1.1" 200 0
84.172.210.11 - - [03/Dec/2005:15:09:04 -0800] "GET /movies/cgrvr.rar HTTP/1.0" 206 12257
84.172.210.11 - - [03/Dec/2005:15:09:04 -0800] "GET /movies/cgrvr.rar HTTP/1.0" 206 12257
84.172.210.11 - - [03/Dec/2005:15:09:17 -0800] "GET /movies/cgrvr.rar HTTP/1.0" 206 12257
71.48.80.208 - - [03/Dec/2005:15:09:17 -0800] "GET /movies2/sepp_0001.zip HTTP/1.1" 200 0
84.172.210.11 - - [03/Dec/2005:15:09:20 -0800] "GET /movies/cgrvr.rar HTTP/1.0" 206 12257
80.171.163.51 - - [03/Dec/2005:15:09:23 -0800] "GET /movies/rosa_elefant.zip HTTP/1.1" 200 11576
84.172.210.11 - - [03/Dec/2005:15:09:26 -0800] "GET /movies/cgrvr.rar HTTP/1.0" 206 12257
84.172.210.11 - - [03/Dec/2005:15:09:34 -0800] "GET /movies/cgrvr.rar HTTP/1.0" 206 4935056
84.172.210.11 - - [03/Dec/2005:15:09:34 -0800] "GET /movies/cgrvr.rar HTTP/1.0" 206 12257
84.63.11.167 - - [03/Dec/2005:15:09:34 -0800] "GET /movies2/renamed_Bobbyblue%201.zip HTTP/1.1" 200 0
84.172.210.11 - - [03/Dec/2005:15:09:36 -0800] "GET /movies/cgrvr.rar HTTP/1.0" 206 12257
84.172.210.11 - - [03/Dec/2005:15:09:54 -0800] "GET /movies/cgrvr.rar HTTP/1.0" 206 5423960
84.172.210.11 - - [03/Dec/2005:15:09:59 -0800] "GET /movies/cgrvr.rar HTTP/1.0" 206 7144560
71.48.80.208 - - [03/Dec/2005:15:09:59 -0800] "GET /movies2/sepp_0001.zip HTTP/1.1" 200 0
68.42.138.70 - - [03/Dec/2005:15:10:04 -0800] "GET /movies/Achtungbaby.zip HTTP/1.1" 200 99112097
84.172.210.11 - - [03/Dec/2005:15:10:05 -0800] "GET /movies/cgrvr.rar HTTP/1.0" 206 8167936
84.172.210.11 - - [03/Dec/2005:15:10:12 -0800] "GET /movies/cgrvr.rar HTTP/1.0" 206 8082584
67.181.12.163 - - [03/Dec/2005:15:10:13 -0800] "GET /movies/Godmode3.zip HTTP/1.1" 200 94185049
84.172.210.11 - - [03/Dec/2005:15:10:32 -0800] "GET /movies/cgrvr.rar HTTP/1.0" 206 8118584
84.172.210.11 - - [03/Dec/2005:15:10:34 -0800] "GET /movies/cgrvr.rar HTTP/1.0" 206 12257
84.172.210.11 - - [03/Dec/2005:15:10:35 -0800] "GET /movies/cgrvr.rar HTTP/1.0" 206 5743104
65.184.44.25 - - [03/Dec/2005:15:10:42 -0800] "GET /movies/orenishi2.zip HTTP/1.1" 200 33862046
84.172.210.11 - - [03/Dec/2005:15:10:43 -0800] "GET /movies/cgrvr.rar HTTP/1.0" 206 8239480
71.115.43.168 - - [03/Dec/2005:15:10:43 -0800] "GET /movies2/sepp_0001.zip HTTP/1.1" 200 12748
84.172.210.11 - - [03/Dec/2005:15:10:43 -0800] "GET /movies/cgrvr.rar HTTP/1.0" 206 12257
84.172.210.11 - - [03/Dec/2005:15:10:59 -0800] "GET /movies/cgrvr.rar HTTP/1.0" 206 8059032
213.182.116.168 - - [03/Dec/2005:15:11:03 -0800] "GET /movies/Blitzkrieg.zip HTTP/1.1" 200 45922724
80.171.163.51 - - [03/Dec/2005:15:11:06 -0800] "GET /movies/rosa_elefant.zip HTTP/1.1" 200 11576
84.172.210.11 - - [03/Dec/2005:15:11:07 -0800] "GET /movies/cgrvr.rar HTTP/1.0" 206 12257
87.123.30.90 - - [03/Dec/2005:15:11:07 -0800] "GET /movies2/TdkBomB2.zip HTTP/1.1" 200 0
82.192.45.228 - - [03/Dec/2005:15:11:07 -0800] "GET /movies/Zeltax.zip HTTP/1.1" 200 0
206.53.20.168 - - [03/Dec/2005:15:11:07 -0800] "GET /movies2/sepp_0001.zip HTTP/1.0" 200 0
80.171.163.51 - - [03/Dec/2005:15:11:08 -0800] "GET /movies/Soriven-Armsman.zip HTTP/1.1" 200 11577
84.172.210.11 - - [03/Dec/2005:15:11:11 -0800] "GET /movies/cgrvr.rar HTTP/1.0" 206 12257
82.192.45.228 - - [03/Dec/2005:15:11:11 -0800] "GET /movies/Zeltax.zip HTTP/1.1" 200 0
84.172.210.11 - - [03/Dec/2005:15:11:18 -0800] "GET /movies/cgrvr.rar HTTP/1.0" 206 12257
220.99.148.160 - - [03/Dec/2005:15:11:19 -0800] "GET /movies/gwseoulmedqual.zip HTTP/1.1" 200 11937
84.172.210.11 - - [03/Dec/2005:15:11:20 -0800] "GET /movies/cgrvr.rar HTTP/1.0" 206 6606138
84.172.210.11 - - [03/Dec/2005:15:11:25 -0800] "GET /movies/cgrvr.rar HTTP/1.0" 206 8260776
84.63.11.167 - - [03/Dec/2005:15:11:25 -0800] "GET /movies2/renamed_Bobbyblue%201.zip HTTP/1.1" 200 0
84.63.11.167 - - [03/Dec/2005:15:11:25 -0800] "GET /movies2/renamed_Bobbyblue%201.zip HTTP/1.1" 200 0
71.66.238.231 - - [03/Dec/2005:15:11:25 -0800] "GET /movies/An%20Elfs%20Legacy.zip HTTP/1.1" 200 12819
207.112.65.191 - - [03/Dec/2005:15:11:25 -0800] "GET /movies/Ciliviel's%20Fourth.zip HTTP/1.1" 200 0
217.136.169.124 - - [03/Dec/2005:15:11:34 -0800] "GET /movies2/legio_4.zip HTTP/1.1" 200 8429990
84.172.210.11 - - [03/Dec/2005:15:12:28 -0800] "GET /movies/cgrvr.rar HTTP/1.0" 206 12257
71.48.80.208 - - [03/Dec/2005:15:12:28 -0800] "GET /movies/Ciliviel's%20Fourth.zip HTTP/1.1" 200 0
83.135.84.253 - - [03/Dec/2005:15:12:37 -0800] "GET /movies2/8min.zip HTTP/1.1" 200 57728378
24.218.215.200 - - [03/Dec/2005:15:12:37 -0800] "GET /movies2/Cilivielmovie5.zip HTTP/1.1" 200 280459714
84.172.210.11 - - [03/Dec/2005:15:12:48 -0800] "GET /movies/cgrvr.rar HTTP/1.0" 206 12257
82.125.54.119 - - [03/Dec/2005:15:12:53 -0800] "GET /movies2/legio_3.zip HTTP/1.1" 200 0
71.66.238.231 - - [03/Dec/2005:15:12:53 -0800] "GET /movies/An%20Elfs%20Legacy.zip HTTP/1.1" 200 12819
82.125.54.119 - - [03/Dec/2005:15:12:53 -0800] "GET /movies2/legio_4.zip HTTP/1.1" 200 0
84.195.185.148 - - [03/Dec/2005:15:13:07 -0800] "GET /movies2/forItawithlove.zip HTTP/1.1" 200 100690079
24.148.227.166 - - [03/Dec/2005:15:13:08 -0800] "GET /movies2/EyescreamVol1.zip HTTP/1.1" 200 58680471
84.172.210.11 - - [03/Dec/2005:15:13:14 -0800] "GET /movies/cgrvr.rar HTTP/1.0" 206 12257
66.41.37.74 - - [03/Dec/2005:15:13:24 -0800] "GET /movies2/Illusb2k.zip HTTP/1.1" 200 0
84.172.210.11 - - [03/Dec/2005:15:13:28 -0800] "GET /movies/cgrvr.rar HTTP/1.0" 206 12257
85.177.44.3 - - [03/Dec/2005:15:13:34 -0800] "GET /movies2/Camlann%20Shadow%20Zone.zip HTTP/1.1" 206 35476425
85.177.44.3 - - [03/Dec/2005:15:13:39 -0800] "GET /movies2/Camlann%20Shadow%20Zone.zip HTTP/1.1" 206 35503240
24.74.142.246 - - [03/Dec/2005:15:13:49 -0800] "GET /movies2/Burn%20Baby!!!.zip HTTP/1.1" 200 101900034
82.51.5.170 - - [03/Dec/2005:15:14:01 -0800] "GET /movies/Back%20in%20Black%20Final.zip HTTP/1.1" 206 32208508
84.172.210.11 - - [03/Dec/2005:15:14:03 -0800] "GET /movies/cgrvr.rar HTTP/1.0" 206 12257
84.172.210.11 - - [03/Dec/2005:15:14:03 -0800] "GET /movies/cgrvr.rar HTTP/1.0" 206 12257
71.66.238.231 - - [03/Dec/2005:15:14:03 -0800] "GET /movies/An%20Elfs%20Legacy.zip HTTP/1.1" 200 0
84.172.210.11 - - [03/Dec/2005:15:14:06 -0800] "GET /movies/cgrvr.rar HTTP/1.0" 206 12257
84.172.210.11 - - [03/Dec/2005:15:14:06 -0800] "GET /movies/cgrvr.rar HTTP/1.0" 206 12257
85.177.44.3 - - [03/Dec/2005:15:14:10 -0800] "GET /movies2/Camlann%20Shadow%20Zone.zip HTTP/1.1" 200 35511224
84.172.210.11 - - [03/Dec/2005:15:14:19 -0800] "GET /movies/cgrvr.rar HTTP/1.0" 206 12257
88.130.95.100 - - [03/Dec/2005:15:14:22 -0800] "GET /movies/Jamez%20Dreadfield%20-%20Notoriously%20Unbuffed.zip HTTP/1.1" 206 12684
84.172.210.11 - - [03/Dec/2005:15:14:25 -0800] "GET /movies/cgrvr.rar HTTP/1.0" 206 12257
84.172.210.11 - - [03/Dec/2005:15:14:28 -0800] "GET /movies/cgrvr.rar HTTP/1.0" 206 12257
68.22.192.191 - - [03/Dec/2005:15:14:29 -0800] "GET /movies/Langjai's%20First.zip HTTP/1.1" 200 186572
88.130.95.100 - - [03/Dec/2005:15:14:35 -0800] "GET /movies/larax2.zip HTTP/1.1" 200 12746
84.172.210.11 - - [03/Dec/2005:15:14:36 -0800] "GET /movies/cgrvr.rar HTTP/1.0" 206 12257
84.172.210.11 - - [03/Dec/2005:15:14:38 -0800] "GET /movies/cgrvr.rar HTTP/1.0" 200 12173072
24.8.213.122 - - [03/Dec/2005:15:14:38 -0800] "GET /movies2/sepp_0001.zip HTTP/1.1" 206 12760
82.51.5.170 - - [03/Dec/2005:15:14:40 -0800] "GET /movies/Back%20in%20Black%20Final.zip HTTP/1.1" 206 32204849
84.172.210.11 - - [03/Dec/2005:15:14:55 -0800] "GET /movies/cgrvr.rar HTTP/1.0" 206 12257
88.130.95.100 - - [03/Dec/2005:15:15:01 -0800] "GET /movies/Jamez%20Dreadfield%20-%20Notoriously%20Unbuffed.zip HTTP/1.1" 200 12746
84.172.210.11 - - [03/Dec/2005:15:15:06 -0800] "GET /movies/cgrvr.rar HTTP/1.0" 206 12257
84.172.210.11 - - [03/Dec/2005:15:15:06 -0800] "GET /movies/cgrvr.rar HTTP/1.0" 206 12257
81.235.10.113 - - [03/Dec/2005:15:15:08 -0800] "GET /movies2/Camlann%20Shadow%20Zone.zip HTTP/1.1" 200 141905700
88.130.95.100 - - [03/Dec/2005:15:15:14 -0800] "GET /movies/Jamez%20Dreadfield%20-%20Notoriously%20Unbuffed.zip HTTP/1.1" 200 12746
85.177.44.3 - - [03/Dec/2005:15:15:16 -0800] "GET /movies2/Camlann%20Shadow%20Zone.zip HTTP/1.1" 206 35488740
84.172.210.11 - - [03/Dec/2005:15:15:31 -0800] "GET /movies/cgrvr.rar HTTP/1.0" 206 12257
84.172.210.11 - - [03/Dec/2005:15:15:34 -0800] "GET /movies/cgrvr.rar HTTP/1.0" 206 12257
84.172.210.11 - - [03/Dec/2005:15:15:37 -0800] "GET /movies/cgrvr.rar HTTP/1.0" 206 12257
84.0.145.228 - - [03/Dec/2005:15:15:41 -0800] "GET /movies/SoloZerk.zip HTTP/1.1" 200 126492107
84.172.210.11 - - [03/Dec/2005:15:15:44 -0800] "GET /movies/cgrvr.rar HTTP/1.0" 206 12257
84.172.210.11 - - [03/Dec/2005:15:15:45 -0800] "GET /movies/cgrvr.rar HTTP/1.0" 206 12257
84.172.210.11 - - [03/Dec/2005:15:15:45 -0800] "GET /movies/cgrvr.rar HTTP/1.0" 206 12257
84.172.210.11 - - [03/Dec/2005:15:15:45 -0800] "GET /movies/cgrvr.rar HTTP/1.0" 206 12257
84.172.210.11 - - [03/Dec/2005:15:16:00 -0800] "GET /movies/cgrvr.rar HTTP/1.0" 206 12257
71.66.238.231 - - [03/Dec/2005:15:16:00 -0800] "GET /movies2/A%20Mostly%20Solo%20Shade.zip HTTP/1.1" 200 0
84.172.210.11 - - [03/Dec/2005:15:16:05 -0800] "GET /movies/cgrvr.rar HTTP/1.0" 206 12257
84.44.246.138 - - [03/Dec/2005:15:16:05 -0800] "GET /movies/EpicEpeenEpisode.zip HTTP/1.1" 200 12386
84.172.210.11 - - [03/Dec/2005:15:16:08 -0800] "GET /movies/cgrvr.rar HTTP/1.0" 206 12257
84.172.210.11 - - [03/Dec/2005:15:16:09 -0800] "GET /movies/cgrvr.rar HTTP/1.0" 206 12257
84.172.210.11 - - [03/Dec/2005:15:16:20 -0800] "GET /movies/cgrvr.rar HTTP/1.0" 206 12257
84.172.210.11 - - [03/Dec/2005:15:16:23 -0800] "GET /movies/cgrvr.rar HTTP/1.0" 206 12258
84.172.210.11 - - [03/Dec/2005:15:16:27 -0800] "GET /movies/cgrvr.rar HTTP/1.0" 206 12257
84.172.210.11 - - [03/Dec/2005:15:16:27 -0800] "GET /movies/cgrvr.rar HTTP/1.0" 206 16343960
71.115.43.168 - - [03/Dec/2005:15:16:30 -0800] "GET /movies2/sepp_0001.zip HTTP/1.1" 200 18144822
84.172.210.11 - - [03/Dec/2005:15:16:35 -0800] "GET /movies/cgrvr.rar HTTP/1.0" 206 12258
87.123.30.90 - - [03/Dec/2005:15:16:59 -0800] "GET /movies2/TdkBomB2.zip HTTP/1.1" 200 3999559
82.51.5.170 - - [03/Dec/2005:15:17:20 -0800] "GET /movies/Back%20in%20Black%20Final.zip HTTP/1.1" 206 32206853
84.172.210.11 - - [03/Dec/2005:15:17:50 -0800] "GET /movies/cgrvr.rar HTTP/1.0" 206 12257
71.66.238.231 - - [03/Dec/2005:15:17:50 -0800] "GET /movies/Darkmech_FINAL.zip HTTP/1.1" 200 0
84.172.210.11 - - [03/Dec/2005:15:17:55 -0800] "GET /movies/cgrvr.rar HTTP/1.0" 206 12258
84.172.210.11 - - [03/Dec/2005:15:17:55 -0800] "GET /movies/cgrvr.rar HTTP/1.0" 206 12257
84.139.106.74 - - [03/Dec/2005:15:17:55 -0800] "GET /movies/Leader.zip HTTP/1.1" 200 12315
66.41.37.74 - - [03/Dec/2005:15:17:55 -0800] "GET /movies2/Illusb2k.zip HTTP/1.1" 200 0
84.44.246.138 - - [03/Dec/2005:15:17:56 -0800] "GET /movies/EpicEpeenEpisode.zip HTTP/1.1" 200 12386
81.247.64.219 - - [03/Dec/2005:15:17:56 -0800] "GET /movies2/legio_4.zip HTTP/1.1" 200 0
84.139.106.74 - - [03/Dec/2005:15:17:56 -0800] "GET /movies/Leader.zip HTTP/1.1" 200 12315
84.172.210.11 - - [03/Dec/2005:15:18:11 -0800] "GET /movies/cgrvr.rar HTTP/1.0" 206 12258
84.139.106.74 - - [03/Dec/2005:15:18:11 -0800] "GET /movies/5v5night.zip HTTP/1.1" 200 12314
213.211.226.179 - - [03/Dec/2005:15:18:11 -0800] "GET /movies/Daily_Routine.zip HTTP/1.1" 200 0
66.41.37.74 - - [03/Dec/2005:15:18:11 -0800] "GET /movies2/Illusb2k.zip HTTP/1.1" 200 0
84.139.106.74 - - [03/Dec/2005:15:18:12 -0800] "GET /movies/5v5night.zip HTTP/1.1" 200 12314
84.172.210.11 - - [03/Dec/2005:15:18:16 -0800] "GET /movies/cgrvr.rar HTTP/1.0" 206 12258
213.211.226.179 - - [03/Dec/2005:15:18:16 -0800] "GET /movies/Daily_Routine.zip HTTP/1.1" 200 0
213.211.226.179 - - [03/Dec/2005:15:18:16 -0800] "GET /movies/Daily_Routine.zip HTTP/1.1" 200 0
213.211.226.179 - - [03/Dec/2005:15:18:16 -0800] "GET /movies/Daily_Routine.zip HTTP/1.1" 200 0
68.80.192.13 - - [03/Dec/2005:15:18:16 -0800] "GET /movies2/FUN.zip HTTP/1.1" 200 0
84.63.11.167 - - [03/Dec/2005:15:18:16 -0800] "GET /movies/Beyond%20All%20Recognition.zip HTTP/1.1" 200 0
68.80.192.13 - - [03/Dec/2005:15:18:16 -0800] "GET /movies2/FUN.zip HTTP/1.1" 200 0
86.194.21.183 - - [03/Dec/2005:15:18:16 -0800] "GET /movies/ACL%204.zip HTTP/1.1" 503 394
81.65.165.139 - - [03/Dec/2005:15:18:16 -0800] "GET /movies/YummiesDuoVideo.zip HTTP/1.1" 503 394
84.172.210.11 - - [03/Dec/2005:15:18:17 -0800] "GET /movies/cgrvr.rar HTTP/1.0" 206 12258
68.22.192.191 - - [03/Dec/2005:15:18:17 -0800] "GET /movies/Langjai's%20First.zip HTTP/1.1" 200 12746
84.172.210.11 - - [03/Dec/2005:15:18:26 -0800] "GET /movies/cgrvr.rar HTTP/1.0" 206 12258
84.172.210.11 - - [03/Dec/2005:15:18:27 -0800] "GET /movies/cgrvr.rar HTTP/1.0" 206 12258
84.172.210.11 - - [03/Dec/2005:15:18:30 -0800] "GET /movies/cgrvr.rar HTTP/1.0" 206 12257
84.172.210.11 - - [03/Dec/2005:15:18:31 -0800] "GET /movies/cgrvr.rar HTTP/1.0" 200 12321
84.172.210.11 - - [03/Dec/2005:15:18:31 -0800] "GET /movies/cgrvr.rar HTTP/1.0" 206 12258
84.172.210.11 - - [03/Dec/2005:15:18:31 -0800] "GET /movies/cgrvr.rar HTTP/1.0" 206 12258
84.172.210.11 - - [03/Dec/2005:15:18:40 -0800] "GET /movies/cgrvr.rar HTTP/1.0" 206 12258
84.172.210.11 - - [03/Dec/2005:15:18:40 -0800] "GET /movies/cgrvr.rar HTTP/1.0" 206 12258
83.157.76.166 - - [03/Dec/2005:15:18:52 -0800] "GET /movies/Maelstrom1.zip HTTP/1.1" 200 81878829
84.172.210.11 - - [03/Dec/2005:15:18:53 -0800] "GET /movies/cgrvr.rar HTTP/1.0" 206 12258
84.172.210.11 - - [03/Dec/2005:15:18:54 -0800] "GET /movies/cgrvr.rar HTTP/1.0" 206 12258
217.210.150.2 - - [03/Dec/2005:15:18:54 -0800] "GET /favicon.ico HTTP/1.1" 404 283
84.172.210.11 - - [03/Dec/2005:15:19:05 -0800] "GET /movies/cgrvr.rar HTTP/1.0" 206 12258
84.172.210.11 - - [03/Dec/2005:15:19:05 -0800] "GET /movies/cgrvr.rar HTTP/1.0" 206 12257
81.65.165.139 - - [03/Dec/2005:15:19:05 -0800] "GET /movies/Xecret.zip HTTP/1.1" 200 0
84.172.210.11 - - [03/Dec/2005:15:19:06 -0800] "GET /movies/cgrvr.rar HTTP/1.0" 206 12258
84.172.210.11 - - [03/Dec/2005:15:19:08 -0800] "GET /movies/cgrvr.rar HTTP/1.0" 206 12258
84.172.210.11 - - [03/Dec/2005:15:19:08 -0800] "GET /movies/cgrvr.rar HTTP/1.0" 206 12257
213.182.119.180 - - [03/Dec/2005:15:19:08 -0800] "HEAD /movies/Blitzkrieg.zip HTTP/1.1" 200 0
88.130.95.100 - - [03/Dec/2005:15:19:09 -0800] "GET /movies/baldir_jiv.zip HTTP/1.1" 200 190803947
84.172.210.11 - - [03/Dec/2005:15:19:10 -0800] "GET /movies/cgrvr.rar HTTP/1.0" 206 86458
84.172.210.11 - - [03/Dec/2005:15:19:12 -0800] "GET /movies/cgrvr.rar HTTP/1.0" 206 12258
220.99.148.160 - - [03/Dec/2005:15:19:21 -0800] "GET /movies/gwvideo_divx.zip HTTP/1.1" 200 11936
213.182.119.180 - - [03/Dec/2005:15:19:24 -0800] "GET /movies/Blitzkrieg.zip HTTP/1.1" 200 254200
84.172.210.11 - - [03/Dec/2005:15:19:24 -0800] "GET /movies/cgrvr.rar HTTP/1.0" 206 12258
84.172.210.11 - - [03/Dec/2005:15:19:27 -0800] "GET /movies/cgrvr.rar HTTP/1.0" 206 12258
84.172.210.11 - - [03/Dec/2005:15:19:30 -0800] "GET /movies/cgrvr.rar HTTP/1.0" 206 12258
84.172.210.11 - - [03/Dec/2005:15:19:31 -0800] "GET /movies/cgrvr.rar HTTP/1.0" 206 12257
213.182.119.180 - - [03/Dec/2005:15:19:36 -0800] "GET /movies/Blitzkrieg.zip HTTP/1.0" 206 13802
84.172.210.11 - - [03/Dec/2005:15:19:37 -0800] "GET /movies/cgrvr.rar HTTP/1.0" 206 12258
84.172.210.11 - - [03/Dec/2005:15:19:38 -0800] "GET /movies/cgrvr.rar HTTP/1.0" 206 12257
84.172.210.11 - - [03/Dec/2005:15:19:40 -0800] "GET /movies/cgrvr.rar HTTP/1.0" 206 12258
84.172.210.11 - - [03/Dec/2005:15:19:40 -0800] "GET /movies/cgrvr.rar HTTP/1.0" 206 12258
84.172.210.11 - - [03/Dec/2005:15:19:43 -0800] "GET /movies/cgrvr.rar HTTP/1.0" 206 12258
81.57.138.27 - - [03/Dec/2005:15:19:45 -0800] "GET /movies/baldir_jiv.zip HTTP/1.1" 200 246252
86.194.21.183 - - [03/Dec/2005:15:19:54 -0800] "GET /movies/ACL%204.zip HTTP/1.1" 200 104328
84.172.210.11 - - [03/Dec/2005:15:19:57 -0800] "GET /movies/cgrvr.rar HTTP/1.0" 206 12258
84.172.210.11 - - [03/Dec/2005:15:20:08 -0800] "GET /movies/cgrvr.rar HTTP/1.0" 206 12258
84.172.210.11 - - [03/Dec/2005:15:20:08 -0800] "GET /movies/cgrvr.rar HTTP/1.0" 206 12257
84.172.210.11 - - [03/Dec/2005:15:20:09 -0800] "GET /movies/cgrvr.rar HTTP/1.0" 206 606560
84.172.210.11 - - [03/Dec/2005:15:20:10 -0800] "GET /movies/cgrvr.rar HTTP/1.0" 206 420360
207.112.65.191 - - [03/Dec/2005:15:20:10 -0800] "GET /movies/Ciliviel's%20Fourth.zip HTTP/1.1" 200 101317
81.57.138.27 - - [03/Dec/2005:15:20:16 -0800] "GET /movies/Yla-AViewToAKill.zip HTTP/1.1" 200 12819
84.172.210.11 - - [03/Dec/2005:15:20:16 -0800] "GET /movies/cgrvr.rar HTTP/1.0" 206 12258
84.172.210.11 - - [03/Dec/2005:15:20:17 -0800] "GET /movies/cgrvr.rar HTTP/1.0" 206 249560
84.172.210.11 - - [03/Dec/2005:15:20:18 -0800] "GET /movies/cgrvr.rar HTTP/1.1" 200 1140376
84.172.210.11 - - [03/Dec/2005:15:20:18 -0800] "GET /movies/cgrvr.rar HTTP/1.0" 206 12257
69.195.75.193 - - [03/Dec/2005:15:20:24 -0800] "GET /movies2/Gimp_and_Run_DivX.zip HTTP/1.1" 200 120258322
84.172.210.11 - - [03/Dec/2005:15:20:26 -0800] "GET /movies/cgrvr.rar HTTP/1.0" 206 148760
84.172.210.11 - - [03/Dec/2005:15:20:26 -0800] "GET /movies/cgrvr.rar HTTP/1.0" 206 12258
84.172.210.11 - - [03/Dec/2005:15:20:27 -0800] "GET /movies/cgrvr.rar HTTP/1.0" 206 333296
84.172.210.11 - - [03/Dec/2005:15:20:28 -0800] "GET /movies/cgrvr.rar HTTP/1.0" 206 240176
84.172.210.11 - - [03/Dec/2005:15:20:28 -0800] "GET /movies/cgrvr.rar HTTP/1.0" 206 137976
84.172.210.11 - - [03/Dec/2005:15:20:29 -0800] "GET /movies/cgrvr.rar HTTP/1.0" 206 136857
84.172.210.11 - - [03/Dec/2005:15:20:33 -0800] "GET /movies/cgrvr.rar HTTP/1.0" 206 161360
84.172.210.11 - - [03/Dec/2005:15:20:33 -0800] "GET /movies/cgrvr.rar HTTP/1.0" 206 12258
84.172.210.11 - - [03/Dec/2005:15:20:34 -0800] "GET /movies/cgrvr.rar HTTP/1.0" 206 140152
84.172.210.11 - - [03/Dec/2005:15:20:36 -0800] "GET /movies/cgrvr.rar HTTP/1.0" 206 12258
84.172.210.11 - - [03/Dec/2005:15:20:37 -0800] "GET /movies/cgrvr.rar HTTP/1.0" 206 159960
84.172.210.11 - - [03/Dec/2005:15:20:37 -0800] "GET /movies/cgrvr.rar HTTP/1.0" 206 150160
84.172.210.11 - - [03/Dec/2005:15:20:38 -0800] "GET /movies/cgrvr.rar HTTP/1.0" 206 623360
