69.212.159.124 - - [01/Dec/2005:02:30:36 -0800] "GET /movies2/Amuny3.zip HTTP/1.1" 200 131623829
85.73.27.60 - - [01/Dec/2005:02:31:13 -0800] "GET /movies/renamed_Druid%20%20Barden%20Vid.zip HTTP/1.1" 200 172387015
82.55.86.37 - - [01/Dec/2005:02:33:18 -0800] "GET /movies2/rvr.zip HTTP/1.1" 200 36910
82.55.86.37 - - [01/Dec/2005:02:33:18 -0800] "GET /movies2/rvr.zip HTTP/1.1" 206 18275
84.149.50.6 - - [01/Dec/2005:02:33:42 -0800] "GET /movies/Valkyrie%20Video.zip HTTP/1.1" 200 348766280
82.55.86.37 - - [01/Dec/2005:02:33:44 -0800] "GET /movies2/Raila%20Memorial%20good.zip HTTP/1.1" 200 52816
82.55.86.37 - - [01/Dec/2005:02:33:44 -0800] "GET /movies2/Raila%20Memorial%20good.zip HTTP/1.1" 206 16847
84.178.95.242 - - [01/Dec/2005:02:36:58 -0800] "GET /movies/Blitzkrieg.zip HTTP/1.1" 200 15651
84.178.95.242 - - [01/Dec/2005:02:36:58 -0800] "GET /movies/Blitzkrieg.zip HTTP/1.1" 206 17086
84.178.95.242 - - [01/Dec/2005:02:38:17 -0800] "GET /movies2/CloakedkillerTheCritblade.zip HTTP/1.1" 200 15651
84.178.95.242 - - [01/Dec/2005:02:38:17 -0800] "GET /movies2/CloakedkillerTheCritblade.zip HTTP/1.1" 206 19988
69.161.64.214 - - [01/Dec/2005:02:38:51 -0800] "GET /movies2/stigmata_october.zip HTTP/1.1" 200 374738522
83.112.172.80 - - [01/Dec/2005:02:39:24 -0800] "GET /movies/Tarren%20Mill%20Dust.zip HTTP/1.0" 206 3495176
83.112.172.80 - - [01/Dec/2005:02:39:27 -0800] "GET /movies/Tarren%20Mill%20Dust.zip HTTP/1.0" 206 3387176
69.162.83.133 - - [01/Dec/2005:02:40:22 -0800] "GET /movies/Fuzzylumpkins%20and%20Perrln%20Magical%20Journey.zip HTTP/1.1" 200 136686757
83.112.172.80 - - [01/Dec/2005:02:40:24 -0800] "GET /movies/Tarren%20Mill%20Dust.zip HTTP/1.0" 206 3349387
70.17.104.175 - - [01/Dec/2005:02:41:00 -0800] "GET /movies2/Raila%20Memorial%20good.zip HTTP/1.1" 200 24692536
84.178.95.242 - - [01/Dec/2005:02:41:21 -0800] "GET /movies/Blitzkrieg.zip HTTP/1.1" 206 11977002
84.178.95.242 - - [01/Dec/2005:02:41:26 -0800] "GET /movies/Blitzkrieg.zip HTTP/1.1" 206 11977002
82.55.86.37 - - [01/Dec/2005:02:41:28 -0800] "GET /movies2/Raila%20Memorial%20good.zip HTTP/1.1" 206 6173134
84.178.95.242 - - [01/Dec/2005:02:41:29 -0800] "GET /movies/Blitzkrieg.zip HTTP/1.1" 206 11977001
84.178.95.242 - - [01/Dec/2005:02:41:30 -0800] "GET /movies/Blitzkrieg.zip HTTP/1.1" 206 11977002
82.55.86.37 - - [01/Dec/2005:02:41:50 -0800] "GET /movies2/Raila%20Memorial%20good.zip HTTP/1.1" 206 6173135
82.55.86.37 - - [01/Dec/2005:02:41:57 -0800] "GET /movies2/Raila%20Memorial%20good.zip HTTP/1.1" 206 6173135
82.55.86.37 - - [01/Dec/2005:02:42:20 -0800] "GET /movies2/Raila%20Memorial%20good.zip HTTP/1.1" 206 6173135
84.178.95.242 - - [01/Dec/2005:02:42:31 -0800] "GET /movies2/angathid.zip HTTP/1.1" 200 15651
84.178.95.242 - - [01/Dec/2005:02:42:32 -0800] "GET /movies2/angathid.zip HTTP/1.1" 206 17084
83.112.172.80 - - [01/Dec/2005:02:42:54 -0800] "GET /movies/Tarren%20Mill%20Dust.zip HTTP/1.0" 206 3326536
83.112.172.80 - - [01/Dec/2005:02:44:04 -0800] "GET /movies/Tarren%20Mill%20Dust.zip HTTP/1.0" 206 988084
83.112.172.80 - - [01/Dec/2005:02:44:29 -0800] "GET /movies/Tarren%20Mill%20Dust.zip HTTP/1.0" 206 5008924
84.154.97.150 - - [01/Dec/2005:02:45:00 -0800] "GET /movies/Moffx%20video%201.5.zip HTTP/1.1" 200 303455856
83.112.172.80 - - [01/Dec/2005:02:45:35 -0800] "GET /movies/Tarren%20Mill%20Dust.zip HTTP/1.0" 206 1013296
86.199.101.65 - - [01/Dec/2005:02:45:50 -0800] "GET /movies/Frozensolid%20The%20Movie.zip HTTP/1.1" 200 211139327
83.112.172.80 - - [01/Dec/2005:02:45:51 -0800] "GET /movies/Tarren%20Mill%20Dust.zip HTTP/1.0" 206 707116
82.82.167.139 - - [01/Dec/2005:02:45:54 -0800] "GET /movies/Ciliviemovie2.zip HTTP/1.1" 200 51822385
83.112.172.80 - - [01/Dec/2005:02:45:55 -0800] "GET /movies/Tarren%20Mill%20Dust.zip HTTP/1.0" 206 436940
83.112.172.80 - - [01/Dec/2005:02:46:01 -0800] "GET /movies/Tarren%20Mill%20Dust.zip HTTP/1.0" 200 11849832
220.145.155.127 - - [01/Dec/2005:02:47:11 -0800] "GET /movies2/Shen-an-Calhar.zip HTTP/1.1" 200 450856768
84.178.95.242 - - [01/Dec/2005:02:47:38 -0800] "GET /movies2/angathid.zip HTTP/1.1" 206 429320
84.178.95.242 - - [01/Dec/2005:02:47:39 -0800] "GET /movies2/angathid.zip HTTP/1.1" 206 253972
84.178.95.242 - - [01/Dec/2005:02:47:39 -0800] "GET /movies2/angathid.zip HTTP/1.1" 206 326376
84.178.95.242 - - [01/Dec/2005:02:47:39 -0800] "GET /movies2/angathid.zip HTTP/1.1" 206 214464
68.34.130.179 - - [01/Dec/2005:02:50:45 -0800] "GET /favicon.ico HTTP/1.0" 404 271
193.198.159.22 - - [01/Dec/2005:02:51:55 -0800] "GET /movies/holydot2.zip HTTP/1.1" 200 374202537
84.178.95.242 - - [01/Dec/2005:02:53:09 -0800] "GET /movies/Body%20Count.zip HTTP/1.1" 200 15650
84.178.95.242 - - [01/Dec/2005:02:53:10 -0800] "GET /movies/Body%20Count.zip HTTP/1.1" 206 19987
83.112.172.80 - - [01/Dec/2005:02:53:12 -0800] "GET /movies/Twitch.zip HTTP/1.0" 206 694613
68.34.130.179 - - [01/Dec/2005:02:54:11 -0800] "GET /movies/Rangers-Life.zip HTTP/1.0" 200 76173104
24.58.245.230 - - [01/Dec/2005:02:54:19 -0800] "GET /movies/Blitzkrieg.zip HTTP/1.1" 200 47908004
24.58.245.230 - - [01/Dec/2005:02:54:49 -0800] "GET /movies2/Aerdi.zip HTTP/1.1" 200 40237747
67.77.76.203 - - [01/Dec/2005:02:54:51 -0800] "GET /movies/zegardtheanimist.zip HTTP/1.1" 200 19114678
82.67.236.94 - - [01/Dec/2005:02:55:46 -0800] "GET /movies2/A%20Day%20in%20a%20Bard's%20Life%20-%20The%20Bard's%20Tale%20IV.zip HTTP/1.1" 200 125418395
84.178.95.242 - - [01/Dec/2005:02:56:24 -0800] "GET /movies/Drakzon_Rev1.0.zip HTTP/1.1" 200 15649
84.178.95.242 - - [01/Dec/2005:02:56:25 -0800] "GET /movies/Drakzon_Rev1.0.zip HTTP/1.1" 206 19986
67.77.76.203 - - [01/Dec/2005:02:56:48 -0800] "GET /movies/hibgath.zip HTTP/1.1" 200 57689712
82.97.137.86 - - [01/Dec/2005:02:57:26 -0800] "GET /movies2/Sadrac-Solo-Infi-Part1.rar HTTP/1.1" 200 2595540
83.112.172.80 - - [01/Dec/2005:02:57:56 -0800] "GET /movies/Twitch.zip HTTP/1.0" 206 9740772
83.112.172.80 - - [01/Dec/2005:02:58:06 -0800] "GET /movies/Twitch.zip HTTP/1.0" 206 9008200
84.178.95.242 - - [01/Dec/2005:02:58:14 -0800] "GET /movies/Body%20Count.zip HTTP/1.1" 206 120192
84.178.95.242 - - [01/Dec/2005:02:58:14 -0800] "GET /movies/Body%20Count.zip HTTP/1.1" 206 115532
84.178.95.242 - - [01/Dec/2005:02:58:15 -0800] "GET /movies/Body%20Count.zip HTTP/1.1" 206 124548
84.178.95.242 - - [01/Dec/2005:02:58:15 -0800] "GET /movies/Body%20Count.zip HTTP/1.1" 206 117396
83.112.172.80 - - [01/Dec/2005:02:58:33 -0800] "GET /movies/Twitch.zip HTTP/1.0" 206 10680304
83.112.172.80 - - [01/Dec/2005:02:59:04 -0800] "GET /movies/Twitch.zip HTTP/1.0" 206 4630852
83.112.172.80 - - [01/Dec/2005:02:59:05 -0800] "GET /movies/Twitch.zip HTTP/1.0" 206 7225440
213.140.22.76 - - [01/Dec/2005:02:59:31 -0800] "GET /movies2/TDK3.zip HTTP/1.1" 200 384870067
83.112.172.80 - - [01/Dec/2005:02:59:59 -0800] "GET /movies/Twitch.zip HTTP/1.0" 206 8235844
83.112.172.80 - - [01/Dec/2005:03:00:11 -0800] "GET /movies/Twitch.zip HTTP/1.0" 206 15383708
84.178.95.242 - - [01/Dec/2005:03:01:05 -0800] "GET /movies2/CloakedkillerTheCritblade.zip HTTP/1.1" 206 43092176
84.178.95.242 - - [01/Dec/2005:03:01:16 -0800] "GET /movies2/CloakedkillerTheCritblade.zip HTTP/1.1" 206 43092180
84.178.95.242 - - [01/Dec/2005:03:01:23 -0800] "GET /movies2/CloakedkillerTheCritblade.zip HTTP/1.1" 206 43092180
82.67.236.94 - - [01/Dec/2005:03:01:26 -0800] "GET /movies/Ixavideogroup1.zip HTTP/1.1" 200 47576961
84.178.95.242 - - [01/Dec/2005:03:01:26 -0800] "GET /movies2/CloakedkillerTheCritblade.zip HTTP/1.1" 206 43092180
84.178.95.242 - - [01/Dec/2005:03:01:28 -0800] "GET /movies/Drakzon_Rev1.0.zip HTTP/1.1" 206 115944
84.178.95.242 - - [01/Dec/2005:03:01:29 -0800] "GET /movies/Drakzon_Rev1.0.zip HTTP/1.1" 206 124656
84.178.95.242 - - [01/Dec/2005:03:01:29 -0800] "GET /movies/Drakzon_Rev1.0.zip HTTP/1.1" 206 120192
84.178.95.242 - - [01/Dec/2005:03:01:30 -0800] "GET /movies/Drakzon_Rev1.0.zip HTTP/1.1" 206 113040
83.112.172.80 - - [01/Dec/2005:03:01:40 -0800] "GET /movies/Twitch.zip HTTP/1.0" 206 3965600
83.112.172.80 - - [01/Dec/2005:03:01:51 -0800] "GET /movies/Twitch.zip HTTP/1.0" 206 1197028
83.112.172.80 - - [01/Dec/2005:03:02:01 -0800] "GET /movies/Twitch.zip HTTP/1.0" 206 13923928
83.112.172.80 - - [01/Dec/2005:03:02:02 -0800] "GET /movies/Twitch.zip HTTP/1.0" 206 5878600
80.124.137.124 - - [01/Dec/2005:03:02:06 -0800] "GET /movies/2%20Tage%20RVR%20-%20Logres%20Hib.zip HTTP/1.1" 200 36333229
195.64.206.110 - - [01/Dec/2005:03:02:06 -0800] "GET /movies/Gank+Vid+1+OF+FGH+vs+4+FGM+w+battle+sounds.zip HTTP/1.1" 404 325
195.64.206.110 - - [01/Dec/2005:03:02:14 -0800] "GET /movies/Gank+Vid+1+OF+FGH+vs+4+FGM+w+battle+sounds.zip HTTP/1.1" 404 325
83.112.172.80 - - [01/Dec/2005:03:02:21 -0800] "GET /movies/Twitch.zip HTTP/1.0" 206 5049644
83.112.172.80 - - [01/Dec/2005:03:02:37 -0800] "GET /movies/Twitch.zip HTTP/1.0" 206 3099576
83.112.172.80 - - [01/Dec/2005:03:02:44 -0800] "GET /movies/Twitch.zip HTTP/1.0" 206 1214468
83.112.172.80 - - [01/Dec/2005:03:02:45 -0800] "GET /movies/Twitch.zip HTTP/1.0" 206 841184
83.112.172.80 - - [01/Dec/2005:03:02:49 -0800] "GET /movies/Twitch.zip HTTP/1.0" 206 624624
83.112.172.80 - - [01/Dec/2005:03:02:50 -0800] "GET /movies/Twitch.zip HTTP/1.0" 206 1903468
83.112.172.80 - - [01/Dec/2005:03:02:51 -0800] "GET /movies/Twitch.zip HTTP/1.0" 206 3768664
83.112.172.80 - - [01/Dec/2005:03:02:54 -0800] "GET /movies/Twitch.zip HTTP/1.0" 206 811096
83.112.172.80 - - [01/Dec/2005:03:02:58 -0800] "GET /movies/Twitch.zip HTTP/1.0" 206 757393
83.112.172.80 - - [01/Dec/2005:03:03:00 -0800] "GET /movies/Twitch.zip HTTP/1.0" 206 800472
83.112.172.80 - - [01/Dec/2005:03:03:07 -0800] "GET /movies/Twitch.zip HTTP/1.0" 206 913856
83.112.172.80 - - [01/Dec/2005:03:03:08 -0800] "GET /movies/Twitch.zip HTTP/1.0" 206 133910
83.112.172.80 - - [01/Dec/2005:03:03:10 -0800] "GET /movies/Twitch.zip HTTP/1.0" 206 183148
83.112.172.80 - - [01/Dec/2005:03:03:18 -0800] "GET /movies/Twitch.zip HTTP/1.0" 206 155873
83.112.172.80 - - [01/Dec/2005:03:03:20 -0800] "GET /movies/Twitch.zip HTTP/1.0" 206 199208
83.112.172.80 - - [01/Dec/2005:03:03:21 -0800] "GET /movies/Twitch.zip HTTP/1.0" 206 122293
83.112.172.80 - - [01/Dec/2005:03:03:21 -0800] "GET /movies/Twitch.zip HTTP/1.0" 206 222568
83.112.172.80 - - [01/Dec/2005:03:03:21 -0800] "GET /movies/Twitch.zip HTTP/1.0" 206 189454
83.112.172.80 - - [01/Dec/2005:03:03:23 -0800] "GET /movies/Twitch.zip HTTP/1.0" 206 197748
83.112.172.80 - - [01/Dec/2005:03:03:23 -0800] "GET /movies/Twitch.zip HTTP/1.0" 206 177772
83.112.172.80 - - [01/Dec/2005:03:03:26 -0800] "GET /movies/Twitch.zip HTTP/1.0" 206 143240
83.112.172.80 - - [01/Dec/2005:03:03:27 -0800] "GET /movies/Twitch.zip HTTP/1.0" 206 162708
83.112.172.80 - - [01/Dec/2005:03:03:28 -0800] "GET /movies/Twitch.zip HTTP/1.0" 206 120833
83.112.172.80 - - [01/Dec/2005:03:03:30 -0800] "GET /movies/Twitch.zip HTTP/1.0" 206 50753
83.112.172.80 - - [01/Dec/2005:03:03:30 -0800] "GET /movies/Twitch.zip HTTP/1.0" 206 42096
83.112.172.80 - - [01/Dec/2005:03:03:30 -0800] "GET /movies/Twitch.zip HTTP/1.0" 206 43556
83.112.172.80 - - [01/Dec/2005:03:03:31 -0800] "GET /movies/Twitch.zip HTTP/1.0" 206 69733
83.112.172.80 - - [01/Dec/2005:03:03:31 -0800] "GET /movies/Twitch.zip HTTP/1.0" 206 63996
83.112.172.80 - - [01/Dec/2005:03:03:32 -0800] "GET /movies/Twitch.zip HTTP/1.0" 206 63996
83.112.172.80 - - [01/Dec/2005:03:03:34 -0800] "GET /movies/Twitch.zip HTTP/1.0" 200 25446940
213.45.35.130 - - [01/Dec/2005:03:03:37 -0800] "GET /movies/AstinusSoloMovie2.zip HTTP/1.1" 200 156188
195.64.206.110 - - [01/Dec/2005:03:03:46 -0800] "GET /movies2/Obso.zip HTTP/1.1" 200 139936
195.64.206.110 - - [01/Dec/2005:03:03:53 -0800] "GET /movies2/Obso.zip HTTP/1.1" 200 120160
195.64.206.110 - - [01/Dec/2005:03:09:04 -0800] "GET /movies2/Obso.zip HTTP/1.1" 200 92079
80.124.137.124 - - [01/Dec/2005:03:09:32 -0800] "GET /movies/hibgath.zip HTTP/1.1" 200 57689712
86.199.101.65 - - [01/Dec/2005:03:13:52 -0800] "GET /movies/excal_vw.zip HTTP/1.1" 200 152350466
195.64.206.110 - - [01/Dec/2005:03:16:04 -0800] "GET /Hib%20Merlin%20PuG.zip HTTP/1.1" 404 290
195.64.206.110 - - [01/Dec/2005:03:16:23 -0800] "GET /Hib%20Merlin%20PuG.zip HTTP/1.1" 404 290
144.122.153.153 - - [01/Dec/2005:03:16:57 -0800] "GET /movies/dragon.zip HTTP/1.1" 200 76833311
218.134.104.47 - - [01/Dec/2005:03:17:41 -0800] "GET /movies2/renamed_daoc.TR.tape-2.ausschnitte.ace HTTP/1.1" 200 128884
84.178.95.242 - - [01/Dec/2005:03:18:16 -0800] "GET /movies2/angathid.zip HTTP/1.1" 206 41724042
84.178.95.242 - - [01/Dec/2005:03:18:20 -0800] "GET /movies2/angathid.zip HTTP/1.1" 206 41527934
84.178.95.242 - - [01/Dec/2005:03:18:26 -0800] "GET /movies2/angathid.zip HTTP/1.1" 206 41747682
84.178.95.242 - - [01/Dec/2005:03:18:26 -0800] "GET /movies2/angathid.zip HTTP/1.1" 206 41651550
69.143.147.100 - - [01/Dec/2005:03:18:55 -0800] "GET /movies/AChampsLife2.zip HTTP/1.1" 200 150211466
218.134.104.47 - - [01/Dec/2005:03:19:17 -0800] "GET /movies2/renamed_daoc.TR.tape-2.ausschnitte.ace HTTP/1.1" 200 128884
85.20.107.116 - - [01/Dec/2005:03:20:59 -0800] "GET /movies2/raabes%20abschiedsvid.zip HTTP/1.1" 200 60508
24.18.62.10 - - [01/Dec/2005:03:21:01 -0800] "GET /movies2/mof2.zip HTTP/1.1" 200 312575126
68.34.130.179 - - [01/Dec/2005:03:21:51 -0800] "GET /movies2/Elvena's%20Story.zip HTTP/1.0" 200 153329645
85.20.107.116 - - [01/Dec/2005:03:22:06 -0800] "GET /movies2/renamed_daoc.TR.tape-2.ausschnitte.ace HTTP/1.1" 200 12816
85.20.107.116 - - [01/Dec/2005:03:22:07 -0800] "GET /movies2/renamed_daoc.TR.tape-2.ausschnitte.ace HTTP/1.1" 206 12799
68.34.130.179 - - [01/Dec/2005:03:22:30 -0800] "GET /movies/Body%20Count.zip HTTP/1.0" 200 101481212
24.58.245.230 - - [01/Dec/2005:03:24:03 -0800] "GET /movies2/Goldencam.rar HTTP/1.1" 200 266654160
212.201.24.24 - - [01/Dec/2005:03:25:14 -0800] "GET /movies2/raabes%20abschiedsvid.zip HTTP/1.0" 200 226185820
82.127.58.57 - - [01/Dec/2005:03:26:07 -0800] "GET /movies/Rangers-Life.zip HTTP/1.0" 200 76173104
85.20.107.116 - - [01/Dec/2005:03:26:21 -0800] "GET /movies2/raabes%20abschiedsvid.zip HTTP/1.1" 206 3901768
85.20.107.116 - - [01/Dec/2005:03:26:21 -0800] "GET /movies2/raabes%20abschiedsvid.zip HTTP/1.1" 206 3760472
85.20.107.116 - - [01/Dec/2005:03:26:21 -0800] "GET /movies2/raabes%20abschiedsvid.zip HTTP/1.1" 206 3748933
85.20.107.116 - - [01/Dec/2005:03:26:21 -0800] "GET /movies2/raabes%20abschiedsvid.zip HTTP/1.1" 206 3525088
85.20.107.116 - - [01/Dec/2005:03:26:24 -0800] "GET /movies2/renamed_daoc.TR.tape-2.ausschnitte.ace HTTP/1.1" 206 6861652
85.20.107.116 - - [01/Dec/2005:03:26:24 -0800] "GET /movies2/renamed_daoc.TR.tape-2.ausschnitte.ace HTTP/1.1" 206 6861188
85.20.107.116 - - [01/Dec/2005:03:26:24 -0800] "GET /movies2/renamed_daoc.TR.tape-2.ausschnitte.ace HTTP/1.1" 206 7074348
85.20.107.116 - - [01/Dec/2005:03:26:24 -0800] "GET /movies2/renamed_daoc.TR.tape-2.ausschnitte.ace HTTP/1.1" 206 6707888
84.178.95.242 - - [01/Dec/2005:03:28:45 -0800] "GET /movies/Body%20Count.zip HTTP/1.1" 206 25254772
84.178.95.242 - - [01/Dec/2005:03:28:53 -0800] "GET /movies/Body%20Count.zip HTTP/1.1" 206 25362654
84.178.95.242 - - [01/Dec/2005:03:28:54 -0800] "GET /movies/Body%20Count.zip HTTP/1.1" 206 25250112
82.97.137.86 - - [01/Dec/2005:03:28:54 -0800] "GET /movies2/Sadrac-Solo-Infi-Part1.rar HTTP/1.1" 200 93579653
84.178.95.242 - - [01/Dec/2005:03:28:55 -0800] "GET /movies/Body%20Count.zip HTTP/1.1" 206 25360655
84.185.204.247 - - [01/Dec/2005:03:29:41 -0800] "GET /movies2/Raila%20Memorial%20good.zip HTTP/1.1" 200 24692536
83.39.217.245 - - [01/Dec/2005:03:31:56 -0800] "GET /movies2/Goldencam.rar HTTP/1.1" 200 1478328
24.58.245.230 - - [01/Dec/2005:03:32:29 -0800] "GET /movies2/maelstrom_cluster1.zip HTTP/1.1" 200 345369905
218.134.104.47 - - [01/Dec/2005:03:32:30 -0800] "GET /movies2/renamed_daoc.TR.tape-2.ausschnitte.ace HTTP/1.1" 200 86895906
67.110.213.55 - - [01/Dec/2005:03:35:50 -0800] "GET /movies/iced-8v8.zip HTTP/1.1" 200 398652
84.185.204.247 - - [01/Dec/2005:03:36:22 -0800] "GET /movies2/Raila%20Memorial%20good.zip HTTP/1.1" 200 24692536
218.134.104.47 - - [01/Dec/2005:03:36:46 -0800] "GET /movies2/speeedie_0001.zip HTTP/1.1" 200 78368375
82.67.244.40 - - [01/Dec/2005:03:38:38 -0800] "GET /movies/AllexielBeonthel-NobodyLeft111.rar HTTP/1.1" 200 72512
86.195.38.104 - - [01/Dec/2005:03:38:38 -0800] "GET /movies/Tournoi%20NRvsVIPvsUseless.zip HTTP/1.1" 200 184965184
82.67.244.40 - - [01/Dec/2005:03:38:39 -0800] "GET /movies/AllexielBeonthel-NobodyLeft111.rar HTTP/1.1" 206 21563
84.148.246.39 - - [01/Dec/2005:03:38:54 -0800] "GET /movies/hibgath.zip HTTP/1.1" 200 57689712
213.140.22.76 - - [01/Dec/2005:03:39:40 -0800] "GET /movies2/walkingissues-c.zip HTTP/1.1" 200 490841336
218.232.213.178 - - [01/Dec/2005:03:39:46 -0800] "GET /movies/ChosenGuardians-02.zip HTTP/1.1" 200 14431772
218.232.213.178 - - [01/Dec/2005:03:39:46 -0800] "GET /movies/chosenguardians-01.zip HTTP/1.1" 200 15428792
218.232.213.178 - - [01/Dec/2005:03:39:47 -0800] "GET /movies2/amaya2_healplz.zip HTTP/1.1" 200 26992384
218.232.213.178 - - [01/Dec/2005:03:40:16 -0800] "GET /movies/NS.zip HTTP/1.1" 200 321196
86.199.101.65 - - [01/Dec/2005:03:41:26 -0800] "GET /movies/PaleFace2.zip HTTP/1.1" 200 177499567
84.162.241.144 - - [01/Dec/2005:03:43:50 -0800] "GET /movies2/Raila%20Memorial%20good.zip HTTP/1.1" 200 24692536
82.82.167.139 - - [01/Dec/2005:03:44:22 -0800] "GET /movies2/Cilivielmovie5.zip HTTP/1.1" 200 280459714
84.168.131.62 - - [01/Dec/2005:03:49:42 -0800] "GET /movies/apz1.zip HTTP/1.1" 200 1011722
84.148.246.39 - - [01/Dec/2005:03:49:47 -0800] "GET /movies2/kewle_fights.zip HTTP/1.1" 200 131789614
82.127.58.57 - - [01/Dec/2005:03:50:47 -0800] "GET /movies/Come%20Play%20With%20Me.zip HTTP/1.0" 200 23605360
82.67.244.40 - - [01/Dec/2005:03:54:25 -0800] "GET /movies/AllexielBeonthel-NobodyLeft111.rar HTTP/1.1" 206 73483417
82.67.244.40 - - [01/Dec/2005:03:54:57 -0800] "GET /movies/AllexielBeonthel-NobodyLeft111.rar HTTP/1.1" 206 73483417
82.67.244.40 - - [01/Dec/2005:03:55:31 -0800] "GET /movies/AllexielBeonthel-NobodyLeft111.rar HTTP/1.1" 206 73483409
82.67.244.40 - - [01/Dec/2005:03:55:52 -0800] "GET /movies/AllexielBeonthel-NobodyLeft111.rar HTTP/1.1" 206 73483417
218.232.213.178 - - [01/Dec/2005:03:56:49 -0800] "GET /movies/NV-2004-Final.zip HTTP/1.1" 200 101225980
84.178.95.242 - - [01/Dec/2005:03:56:50 -0800] "GET /movies/Drakzon_Rev1.0.zip HTTP/1.1" 206 77586474
84.178.95.242 - - [01/Dec/2005:03:57:03 -0800] "GET /movies/Drakzon_Rev1.0.zip HTTP/1.1" 206 77574864
84.178.95.242 - - [01/Dec/2005:03:57:20 -0800] "GET /movies/Drakzon_Rev1.0.zip HTTP/1.1" 206 77583576
84.178.95.242 - - [01/Dec/2005:03:57:27 -0800] "GET /movies/Drakzon_Rev1.0.zip HTTP/1.1" 206 77579328
217.74.217.54 - - [01/Dec/2005:03:57:54 -0800] "GET /movies2/Purified.zip HTTP/1.1" 200 160426511
144.122.153.153 - - [01/Dec/2005:03:58:47 -0800] "GET /movies/Baenok_Solo.zip HTTP/1.1" 200 91139849
84.168.131.62 - - [01/Dec/2005:03:58:48 -0800] "GET /movies/Silverfist%20Brigade%20Warmongers%20Vol%201.zip HTTP/1.1" 206 31376108
213.45.35.130 - - [01/Dec/2005:03:59:02 -0800] "GET /movies/AstinusSoloMovie2.zip HTTP/1.1" 200 184522444
84.63.40.82 - - [01/Dec/2005:03:59:04 -0800] "GET /movies2/rvr.zip HTTP/1.1" 200 9917260
83.113.181.208 - - [01/Dec/2005:03:59:29 -0800] "GET /movies/AllexielBeonthel-NobodyLeft111.rar HTTP/1.1" 200 293933657
67.190.251.178 - - [01/Dec/2005:04:00:24 -0800] "GET /movies2/Raila%20Memorial%20good.zip HTTP/1.1" 200 24692536
84.151.28.104 - - [01/Dec/2005:04:00:25 -0800] "GET /favicon.ico HTTP/1.1" 404 283
84.63.31.175 - - [01/Dec/2005:04:01:14 -0800] "GET /movies2/rvr.zip HTTP/1.1" 200 212600
67.190.251.178 - - [01/Dec/2005:04:04:11 -0800] "GET /movies2/Raila%20Memorial%20good.zip HTTP/1.1" 200 24692536
84.119.72.49 - - [01/Dec/2005:04:04:23 -0800] "GET /movies/cgrvr.rar HTTP/1.1" 200 134292823
68.53.149.207 - - [01/Dec/2005:04:04:28 -0800] "GET /movies/Illusb_RR7_Shadowblade_Movie_1_1500k.rar HTTP/1.1" 200 204528169
144.122.153.153 - - [01/Dec/2005:04:04:33 -0800] "GET /movies/Arcaus%20Solo%20Video%201.zip HTTP/1.1" 200 103599679
84.63.15.211 - - [01/Dec/2005:04:05:15 -0800] "GET /movies2/rvr.zip HTTP/1.1" 200 1237652
195.64.206.110 - - [01/Dec/2005:04:05:58 -0800] "GET /movies2/Obso.zip HTTP/1.1" 200 109229556
86.195.38.104 - - [01/Dec/2005:04:07:29 -0800] "GET /movies/Vid\xe9o%20NR.zip HTTP/1.1" 200 276428276
194.154.200.108 - - [01/Dec/2005:04:07:58 -0800] "GET /movies/alliancebodies.zip HTTP/1.1" 200 35058761
68.34.130.179 - - [01/Dec/2005:04:09:33 -0800] "GET /favicon.ico HTTP/1.0" 404 271
195.158.174.208 - - [01/Dec/2005:04:10:07 -0800] "GET /movies/Aledicus%20the%20Friar.zip HTTP/1.1" 200 65919
194.154.200.108 - - [01/Dec/2005:04:10:53 -0800] "GET /movies/Leader.zip HTTP/1.1" 200 59604608
84.144.74.41 - - [01/Dec/2005:04:11:36 -0800] "GET /movies/Etti_SB_Ava_Mid.zip HTTP/1.1" 200 132296205
69.143.147.100 - - [01/Dec/2005:04:13:10 -0800] "GET /movies/NS-part1.zip HTTP/1.1" 200 472796
68.34.130.179 - - [01/Dec/2005:04:14:23 -0800] "GET /movies/The%20Dark%20Ages.zip HTTP/1.0" 200 65265544
144.138.217.91 - - [01/Dec/2005:04:14:40 -0800] "GET /movies2/Rush-Devon.zip HTTP/1.1" 200 187487255
67.110.213.55 - - [01/Dec/2005:04:14:59 -0800] "GET /movies/iced-8v8.zip HTTP/1.1" 206 217625033
217.74.217.54 - - [01/Dec/2005:04:15:28 -0800] "GET /movies2/Goldencam.rar HTTP/1.1" 200 266654160
217.74.217.54 - - [01/Dec/2005:04:15:30 -0800] "GET /favicon.ico HTTP/1.1" 404 283
69.143.147.100 - - [01/Dec/2005:04:16:09 -0800] "GET /movies/The%20fixed%20UBER%20movie.zip HTTP/1.1" 200 62980682
202.74.211.83 - - [01/Dec/2005:04:16:40 -0800] "GET /movies2/mof2.zip HTTP/1.1" 200 312575126
194.154.200.108 - - [01/Dec/2005:04:18:09 -0800] "GET /movies/an_elementalist_in_warsong.zip HTTP/1.1" 200 73955162
24.231.219.87 - - [01/Dec/2005:04:19:45 -0800] "GET /movies/Darkmech_FINAL.zip HTTP/1.1" 200 61033279
68.69.202.254 - - [01/Dec/2005:04:19:56 -0800] "GET /movies/Ascendancy%20Healer%20Video.rar HTTP/1.1" 200 199685220
82.55.86.37 - - [01/Dec/2005:04:20:01 -0800] "GET /movies2/rvr.zip HTTP/1.1" 206 81825275
217.84.32.160 - - [01/Dec/2005:04:20:39 -0800] "GET /movies/HeretankVideo1.zip HTTP/1.1" 200 143353189
195.158.174.208 - - [01/Dec/2005:04:20:54 -0800] "GET /movies/Aledicus%20the%20Friar.zip HTTP/1.1" 206 18840577
195.158.174.208 - - [01/Dec/2005:04:21:11 -0800] "GET /movies/Aledicus%20the%20Friar.zip HTTP/1.1" 206 18343777
195.158.174.208 - - [01/Dec/2005:04:21:12 -0800] "GET /movies/Aledicus%20the%20Friar.zip HTTP/1.1" 200 18880959
195.158.174.208 - - [01/Dec/2005:04:21:12 -0800] "GET /movies/Aledicus%20the%20Friar.zip HTTP/1.1" 206 504521
84.119.72.49 - - [01/Dec/2005:04:21:14 -0800] "GET /movies/AllexielBeonthel-NobodyLeft111.rar HTTP/1.1" 200 293933657
195.158.174.208 - - [01/Dec/2005:04:21:15 -0800] "GET /movies/Aledicus%20the%20Friar.zip HTTP/1.1" 206 18810337
82.55.86.37 - - [01/Dec/2005:04:21:53 -0800] "GET /movies2/rvr.zip HTTP/1.1" 206 81825284
81.241.82.75 - - [01/Dec/2005:04:21:56 -0800] "GET /movies2/legio_4.zip HTTP/1.1" 200 532469697
86.200.35.18 - - [01/Dec/2005:04:22:41 -0800] "GET /movies/Gauthier.zip HTTP/1.1" 200 112418034
84.99.234.80 - - [01/Dec/2005:04:23:26 -0800] "GET /movies2/maelstrom_cluster1.zip HTTP/1.1" 200 345369905
82.55.86.37 - - [01/Dec/2005:04:23:28 -0800] "GET /movies2/rvr.zip HTTP/1.1" 206 81825284
82.55.86.37 - - [01/Dec/2005:04:23:39 -0800] "GET /movies2/rvr.zip HTTP/1.1" 206 81825284
212.194.141.135 - - [01/Dec/2005:04:25:00 -0800] "GET /movies/Only%20Wizard%20Movie.zip HTTP/1.1" 200 45211088
220.108.228.106 - - [01/Dec/2005:04:25:33 -0800] "GET /movies2/Hunters+Gimpspec+Vid.+1.zip HTTP/1.1" 200 86918883
24.231.219.87 - - [01/Dec/2005:04:25:44 -0800] "GET /movies/BladeshadeVol.2.zip HTTP/1.1" 200 57342304
84.148.246.39 - - [01/Dec/2005:04:26:50 -0800] "GET /movies2/FShatin07.zip HTTP/1.1" 200 205046585
83.135.152.7 - - [01/Dec/2005:04:26:53 -0800] "GET /movies2/Aerdi.zip HTTP/1.1" 206 11777888
83.135.152.7 - - [01/Dec/2005:04:26:53 -0800] "GET /movies2/Aerdi.zip HTTP/1.1" 206 11748245
218.232.213.178 - - [01/Dec/2005:04:26:58 -0800] "GET /movies/ACL%204.zip HTTP/1.1" 200 363273861
217.74.217.54 - - [01/Dec/2005:04:27:02 -0800] "GET /movies/Valkyrie%20Video.zip HTTP/1.1" 200 139464640
85.20.107.116 - - [01/Dec/2005:04:27:28 -0800] "GET /movies2/renamed_daoc.TR.tape-2.ausschnitte.ace HTTP/1.1" 206 1279608
85.20.107.116 - - [01/Dec/2005:04:27:28 -0800] "GET /movies2/renamed_daoc.TR.tape-2.ausschnitte.ace HTTP/1.1" 206 1290476
85.20.107.116 - - [01/Dec/2005:04:27:28 -0800] "GET /movies2/renamed_daoc.TR.tape-2.ausschnitte.ace HTTP/1.1" 206 1285604
85.20.107.116 - - [01/Dec/2005:04:27:28 -0800] "GET /movies2/renamed_daoc.TR.tape-2.ausschnitte.ace HTTP/1.1" 206 1176412
144.122.153.153 - - [01/Dec/2005:04:28:29 -0800] "GET /movies/Eidleon%20RR8%20Reaver.zip HTTP/1.1" 200 116513792
24.231.219.87 - - [01/Dec/2005:04:28:37 -0800] "GET /movies/Pipzor1.zip HTTP/1.1" 200 41940844
24.231.219.87 - - [01/Dec/2005:04:31:56 -0800] "GET /movies/Grimwart%202%20Final%20Cut.zip HTTP/1.1" 200 76450351
132.170.45.23 - - [01/Dec/2005:04:33:08 -0800] "GET /movies/LixaMLF.v2.zip HTTP/1.1" 200 103984161
84.168.131.62 - - [01/Dec/2005:04:34:25 -0800] "GET /movies/RUOldFrontiers.zip HTTP/1.1" 206 177212047
68.34.130.179 - - [01/Dec/2005:04:34:35 -0800] "GET /movies/senile_video.zip HTTP/1.0" 200 112485586
220.108.228.106 - - [01/Dec/2005:04:34:50 -0800] "GET /movies/RamgeV.1.zip HTTP/1.1" 200 42296488
68.34.130.179 - - [01/Dec/2005:04:35:41 -0800] "GET /movies/finalfarewell.zip HTTP/1.0" 200 150011031
84.151.28.104 - - [01/Dec/2005:04:35:44 -0800] "GET /movies/AnimusFotmAnimusFotmAnimusFotm.zip HTTP/1.1" 200 126995306
84.168.131.62 - - [01/Dec/2005:04:39:59 -0800] "GET /movies/2toTango_divx2.zip HTTP/1.1" 206 205033460
144.122.153.153 - - [01/Dec/2005:04:40:33 -0800] "GET /movies/RadardByQQkaChew.zip HTTP/1.1" 200 179257272
151.46.19.131 - - [01/Dec/2005:04:41:13 -0800] "GET /movies/Dypstyck%20RR4.zip HTTP/1.1" 200 115550297
24.8.213.122 - - [01/Dec/2005:04:42:17 -0800] "GET /movies/AZ%20Final%20(Alb).zip HTTP/1.1" 200 117871055
66.74.238.189 - - [01/Dec/2005:04:44:38 -0800] "GET /movies/1NightofOdyssey.zip HTTP/1.1" 200 57228486
84.148.246.39 - - [01/Dec/2005:04:44:58 -0800] "GET /movies2/FShatin06.zip HTTP/1.1" 200 135189152
151.46.19.131 - - [01/Dec/2005:04:46:13 -0800] "GET /movies2/Dypstyck%20the%20Friar%20Volume%203.zip HTTP/1.1" 200 120447954
84.160.103.55 - - [01/Dec/2005:04:47:16 -0800] "GET /movies/ZenshenMiniVID.zip HTTP/1.1" 200 402852
84.63.31.175 - - [01/Dec/2005:04:48:17 -0800] "GET /movies2/rvr.zip HTTP/1.1" 200 44812124
84.151.86.18 - - [01/Dec/2005:04:48:19 -0800] "GET /movies2/maelstrom_cluster1.zip HTTP/1.1" 200 345369905
84.63.31.175 - - [01/Dec/2005:04:48:21 -0800] "GET /movies2/Obso.zip HTTP/1.1" 200 29338888
217.84.32.160 - - [01/Dec/2005:04:48:24 -0800] "GET /movies/Heretic%20in%20NF.zip HTTP/1.1" 200 65139516
24.8.213.122 - - [01/Dec/2005:04:48:56 -0800] "GET /movies/AbsoluteZeroRVR1.zip HTTP/1.1" 200 221777803
220.108.228.106 - - [01/Dec/2005:04:49:25 -0800] "GET /movies/Only%20in%20Thidranki%202.0.zip HTTP/1.1" 200 186343087
213.114.109.221 - - [01/Dec/2005:04:49:44 -0800] "GET /favicon.ico HTTP/1.1" 404 283
222.13.227.186 - - [01/Dec/2005:04:50:20 -0800] "GET /movies/Kauthiir2.zip HTTP/1.1" 200 5493882
153.29.16.34 - - [01/Dec/2005:04:50:36 -0800] "GET /movies/Drak%20and%20Scot%20Farewell.zip HTTP/1.1" 200 50358
153.29.16.34 - - [01/Dec/2005:04:50:48 -0800] "GET /movies/Drak%20and%20Scot%20Farewell.zip HTTP/1.1" 200 92350
87.231.18.222 - - [01/Dec/2005:04:51:30 -0800] "GET /movies2/Raila%20Memorial%20good.zip HTTP/1.1" 200 24692536
82.127.58.57 - - [01/Dec/2005:04:51:47 -0800] "GET /movies/A%20Life%20in%20Danger.zip HTTP/1.0" 200 91773374
84.162.219.161 - - [01/Dec/2005:04:52:28 -0800] "GET /movies2/Cilivielmovie5.zip HTTP/1.1" 200 47594
153.29.16.34 - - [01/Dec/2005:04:53:05 -0800] "GET /movies2/renamed_Kippo2.zip HTTP/1.1" 200 353232
83.236.13.119 - - [01/Dec/2005:04:54:49 -0800] "GET /movies2/Raila%20Memorial%20good.zip HTTP/1.1" 200 24692536
61.35.82.105 - - [01/Dec/2005:04:58:32 -0800] "GET /movies2/Snarf4.zip HTTP/1.1" 200 88231405
83.99.92.156 - - [01/Dec/2005:04:59:11 -0800] "GET /movies/Frozensolid%20The%20Movie.zip HTTP/1.1" 200 550396
213.114.109.221 - - [01/Dec/2005:05:01:00 -0800] "GET /movies/hibgath.zip HTTP/1.1" 200 57689712
82.58.144.238 - - [01/Dec/2005:05:02:44 -0800] "GET /movies/Fini's%20Hib%20Highlights.zip HTTP/1.1" 200 9766004
83.236.13.119 - - [01/Dec/2005:05:03:08 -0800] "GET /movies2/Raila%20Memorial%20good.zip HTTP/1.1" 200 24692536
84.156.201.198 - - [01/Dec/2005:05:04:58 -0800] "GET /movies2/Raila%20Memorial%20good.zip HTTP/1.1" 200 15080
84.156.201.198 - - [01/Dec/2005:05:04:59 -0800] "HEAD /movies2/Raila%20Memorial%20good.zip HTTP/1.1" 200 0
60.42.235.163 - - [01/Dec/2005:05:05:48 -0800] "GET /movies2/Raila%20Memorial%20good.zip HTTP/1.1" 200 24692536
84.156.201.198 - - [01/Dec/2005:05:08:48 -0800] "GET /movies2/Raila%20Memorial%20good.zip HTTP/1.1" 206 24692536
84.156.201.198 - - [01/Dec/2005:05:10:14 -0800] "GET /movies/darklegion_hq.zip HTTP/1.1" 200 12277
84.156.201.198 - - [01/Dec/2005:05:10:15 -0800] "HEAD /movies/darklegion_hq.zip HTTP/1.1" 200 0
84.156.201.198 - - [01/Dec/2005:05:10:29 -0800] "GET /movies/darklegion_hq.zip HTTP/1.1" 206 1109936
84.156.201.198 - - [01/Dec/2005:05:10:35 -0800] "GET /movies/darklegion_hq.zip HTTP/1.1" 206 15017
84.156.201.198 - - [01/Dec/2005:05:10:40 -0800] "GET /movies/darklegion_hq.zip HTTP/1.1" 206 365760
84.156.201.198 - - [01/Dec/2005:05:10:53 -0800] "GET /movies/darklegion_hq.zip HTTP/1.1" 206 15017
84.156.201.198 - - [01/Dec/2005:05:11:11 -0800] "GET /favicon.ico HTTP/1.1" 404 283
84.156.201.198 - - [01/Dec/2005:05:11:16 -0800] "GET /movies/Ascendancy%20Healer%20Video.rar HTTP/1.1" 200 454736
84.156.201.198 - - [01/Dec/2005:05:11:21 -0800] "GET /movies/Ascendancy%20Healer%20Video.rar HTTP/1.1" 206 63360
84.156.201.198 - - [01/Dec/2005:05:12:08 -0800] "GET /movies/Ascendancy%20Healer%20Video.rar HTTP/1.1" 206 64760
62.178.111.55 - - [01/Dec/2005:05:12:15 -0800] "GET /movies/Meeting_Solo_Skald_Video1.rar HTTP/1.1" 200 154681249
83.99.92.156 - - [01/Dec/2005:05:12:16 -0800] "GET /movies/Frozensolid%20The%20Movie.zip HTTP/1.1" 200 211139327
87.231.18.222 - - [01/Dec/2005:05:14:04 -0800] "GET /movies2/November.zip HTTP/1.1" 200 174875294
61.35.82.105 - - [01/Dec/2005:05:14:14 -0800] "GET /movies2/FUN.zip HTTP/1.1" 200 412093813
195.93.60.14 - - [01/Dec/2005:05:14:16 -0800] "HEAD /movies2/Obso.zip HTTP/1.0" 200 0
195.93.60.14 - - [01/Dec/2005:05:14:27 -0800] "HEAD /movies2/Obso.zip HTTP/1.1" 200 0
195.93.60.14 - - [01/Dec/2005:05:14:31 -0800] "HEAD /movies2/Obso.zip HTTP/1.1" 200 0
195.93.60.14 - - [01/Dec/2005:05:14:46 -0800] "HEAD /movies2/Obso.zip HTTP/1.1" 200 0
195.93.60.14 - - [01/Dec/2005:05:14:55 -0800] "HEAD /movies2/Obso.zip HTTP/1.1" 200 0
195.93.60.14 - - [01/Dec/2005:05:15:14 -0800] "HEAD /movies2/Obso.zip HTTP/1.1" 200 0
195.93.60.14 - - [01/Dec/2005:05:15:23 -0800] "HEAD /movies2/Obso.zip HTTP/1.1" 200 0
195.93.60.14 - - [01/Dec/2005:05:15:37 -0800] "HEAD /movies2/Obso.zip HTTP/1.1" 200 0
195.93.60.14 - - [01/Dec/2005:05:16:00 -0800] "HEAD /movies2/Obso.zip HTTP/1.1" 200 0
195.93.60.14 - - [01/Dec/2005:05:16:08 -0800] "HEAD /movies2/Obso.zip HTTP/1.1" 200 0
84.156.201.198 - - [01/Dec/2005:05:16:08 -0800] "GET /movies/HoAAdren2.zip HTTP/1.1" 200 15077
195.93.60.14 - - [01/Dec/2005:05:16:32 -0800] "HEAD /movies2/Obso.zip HTTP/1.1" 200 0
195.93.60.14 - - [01/Dec/2005:05:16:46 -0800] "HEAD /movies2/Obso.zip HTTP/1.1" 200 0
195.93.60.14 - - [01/Dec/2005:05:16:53 -0800] "HEAD /movies2/Obso.zip HTTP/1.1" 200 0
195.93.60.14 - - [01/Dec/2005:05:17:05 -0800] "HEAD /movies2/Obso.zip HTTP/1.1" 200 0
193.194.132.39 - - [01/Dec/2005:05:17:19 -0800] "GET /movies/AllexielBeonthel-NobodyLeft111.rar HTTP/1.1" 200 293933657
83.204.203.56 - - [01/Dec/2005:05:17:20 -0800] "GET /movies2/legio_4.zip HTTP/1.1" 200 532469697
195.93.60.14 - - [01/Dec/2005:05:17:27 -0800] "HEAD /movies2/Obso.zip HTTP/1.1" 200 0
195.93.60.14 - - [01/Dec/2005:05:17:46 -0800] "HEAD /movies2/Obso.zip HTTP/1.1" 200 0
195.93.60.14 - - [01/Dec/2005:05:17:58 -0800] "HEAD /movies2/Obso.zip HTTP/1.1" 200 0
195.93.60.14 - - [01/Dec/2005:05:18:09 -0800] "HEAD /movies2/Obso.zip HTTP/1.1" 200 0
195.93.60.14 - - [01/Dec/2005:05:18:21 -0800] "HEAD /movies2/Obso.zip HTTP/1.1" 200 0
195.93.60.14 - - [01/Dec/2005:05:18:36 -0800] "HEAD /movies2/Obso.zip HTTP/1.1" 200 0
195.93.60.14 - - [01/Dec/2005:05:18:47 -0800] "HEAD /movies2/Obso.zip HTTP/1.1" 200 0
195.93.60.14 - - [01/Dec/2005:05:18:58 -0800] "HEAD /movies2/Obso.zip HTTP/1.1" 200 0
195.93.60.14 - - [01/Dec/2005:05:19:14 -0800] "HEAD /movies2/Obso.zip HTTP/1.1" 200 0
195.93.60.14 - - [01/Dec/2005:05:19:37 -0800] "HEAD /movies2/Obso.zip HTTP/1.1" 200 0
83.236.13.119 - - [01/Dec/2005:05:19:43 -0800] "GET /movies/Part%202%20-%20Fear%20Of%20The%20Dark.zip HTTP/1.1" 200 139364158
195.93.60.14 - - [01/Dec/2005:05:19:49 -0800] "HEAD /movies2/Obso.zip HTTP/1.1" 200 0
195.93.60.14 - - [01/Dec/2005:05:20:03 -0800] "HEAD /movies2/Obso.zip HTTP/1.1" 200 0
195.93.60.14 - - [01/Dec/2005:05:20:09 -0800] "HEAD /movies2/Obso.zip HTTP/1.1" 200 0
84.151.28.104 - - [01/Dec/2005:05:20:10 -0800] "GET /movies/ae-dolex.zip HTTP/1.1" 200 89539928
84.151.28.104 - - [01/Dec/2005:05:20:13 -0800] "GET /favicon.ico HTTP/1.1" 404 283
151.46.19.131 - - [01/Dec/2005:05:20:20 -0800] "GET /movies/Heretic%20in%20NF.zip HTTP/1.1" 200 148589455
195.93.60.14 - - [01/Dec/2005:05:20:21 -0800] "HEAD /movies2/Obso.zip HTTP/1.1" 200 0
195.93.60.14 - - [01/Dec/2005:05:20:37 -0800] "HEAD /movies2/Obso.zip HTTP/1.1" 200 0
195.93.60.14 - - [01/Dec/2005:05:20:51 -0800] "HEAD /movies2/Obso.zip HTTP/1.1" 200 0
195.93.60.14 - - [01/Dec/2005:05:21:02 -0800] "HEAD /movies2/Obso.zip HTTP/1.1" 200 0
195.93.60.14 - - [01/Dec/2005:05:21:19 -0800] "HEAD /movies2/Obso.zip HTTP/1.1" 200 0
195.93.60.14 - - [01/Dec/2005:05:21:36 -0800] "HEAD /movies2/Obso.zip HTTP/1.1" 200 0
195.93.60.14 - - [01/Dec/2005:05:21:47 -0800] "HEAD /movies2/Obso.zip HTTP/1.1" 200 0
195.93.60.14 - - [01/Dec/2005:05:22:00 -0800] "HEAD /movies2/Obso.zip HTTP/1.1" 200 0
195.93.60.14 - - [01/Dec/2005:05:22:17 -0800] "HEAD /movies2/Obso.zip HTTP/1.1" 200 0
195.93.60.14 - - [01/Dec/2005:05:22:37 -0800] "HEAD /movies2/Obso.zip HTTP/1.1" 200 0
195.93.60.14 - - [01/Dec/2005:05:22:52 -0800] "HEAD /movies2/Obso.zip HTTP/1.1" 200 0
195.93.60.14 - - [01/Dec/2005:05:23:09 -0800] "HEAD /movies2/Obso.zip HTTP/1.1" 200 0
204.154.128.113 - - [01/Dec/2005:05:23:23 -0800] "GET /movies2/Obso.zip HTTP/1.0" 200 109229556
195.93.60.14 - - [01/Dec/2005:05:23:25 -0800] "HEAD /movies2/Obso.zip HTTP/1.1" 200 0
195.93.60.14 - - [01/Dec/2005:05:23:36 -0800] "HEAD /movies2/Obso.zip HTTP/1.1" 200 0
195.93.60.14 - - [01/Dec/2005:05:23:49 -0800] "HEAD /movies2/Obso.zip HTTP/1.1" 200 0
195.93.60.14 - - [01/Dec/2005:05:24:09 -0800] "HEAD /movies2/Obso.zip HTTP/1.1" 200 0
195.93.60.14 - - [01/Dec/2005:05:24:27 -0800] "HEAD /movies2/Obso.zip HTTP/1.1" 200 0
195.93.60.14 - - [01/Dec/2005:05:24:41 -0800] "HEAD /movies2/Obso.zip HTTP/1.1" 200 0
195.93.60.14 - - [01/Dec/2005:05:24:55 -0800] "HEAD /movies2/Obso.zip HTTP/1.1" 200 0
195.93.60.14 - - [01/Dec/2005:05:25:22 -0800] "HEAD /movies2/Obso.zip HTTP/1.1" 200 0
195.93.60.14 - - [01/Dec/2005:05:25:43 -0800] "HEAD /movies2/Obso.zip HTTP/1.1" 200 0
195.93.60.14 - - [01/Dec/2005:05:25:52 -0800] "HEAD /movies2/Obso.zip HTTP/1.1" 200 0
82.83.91.121 - - [01/Dec/2005:05:26:25 -0800] "GET /movies/AYS2.zip HTTP/1.1" 200 227477415
204.154.128.113 - - [01/Dec/2005:05:27:12 -0800] "GET /movies2/TdkBomB2.zip HTTP/1.0" 200 169357489
84.156.201.198 - - [01/Dec/2005:05:27:54 -0800] "GET /movies/darklegion_hq.zip HTTP/1.1" 206 51460648
84.156.201.198 - - [01/Dec/2005:05:27:54 -0800] "GET /movies/darklegion_hq.zip HTTP/1.1" 206 12270
84.156.201.198 - - [01/Dec/2005:05:28:35 -0800] "GET /movies/HoAAdren2.zip HTTP/1.1" 206 14780024
141.39.198.133 - - [01/Dec/2005:05:30:19 -0800] "GET /favicon.ico HTTP/1.1" 404 283
68.83.131.221 - - [01/Dec/2005:05:30:46 -0800] "GET /movies/KIPPO-MasterAddition.zip HTTP/1.1" 200 94347818
84.172.219.19 - - [01/Dec/2005:05:31:29 -0800] "GET /movies2/Raila%20Memorial%20good.zip HTTP/1.1" 200 24692536
86.193.145.245 - - [01/Dec/2005:05:35:22 -0800] "GET /movies/gobstoperandbugbite01.zip HTTP/1.1" 200 15602514
83.113.27.36 - - [01/Dec/2005:05:35:40 -0800] "GET /movies2/Howto%20deal%20with%20beggars.zip HTTP/1.1" 200 20253520
83.113.27.36 - - [01/Dec/2005:05:36:47 -0800] "GET /movies2/Howto%20deal%20with%20beggars.zip HTTP/1.1" 200 134352
222.13.227.186 - - [01/Dec/2005:05:37:24 -0800] "GET /movies/Kauthiir2.zip HTTP/1.1" 206 101759537
68.83.131.221 - - [01/Dec/2005:05:38:23 -0800] "GET /movies2/CloakedkillerTheCritblade.zip HTTP/1.1" 200 172368713
62.178.111.55 - - [01/Dec/2005:05:38:49 -0800] "GET /movies/Grimwart%202%20Final%20Cut.zip HTTP/1.1" 200 34111996
84.151.28.104 - - [01/Dec/2005:05:39:55 -0800] "GET /movies2/amaya2_healplz.zip HTTP/1.1" 200 371806982
82.127.67.25 - - [01/Dec/2005:05:42:04 -0800] "GET /movies/AdNBombSquad-.zip HTTP/1.1" 200 29662660
68.83.131.221 - - [01/Dec/2005:05:42:17 -0800] "GET /movies/Illusb_RR7_Shadowblade_Movie_1_1500k.rar HTTP/1.1" 200 204528169
83.192.117.18 - - [01/Dec/2005:05:42:51 -0800] "GET /movies2/maelstrom_cluster1.zip HTTP/1.1" 200 233272
141.39.198.133 - - [01/Dec/2005:05:43:14 -0800] "GET /movies/Pesmerga2.rar HTTP/1.1" 200 1975052
194.255.6.42 - - [01/Dec/2005:05:43:44 -0800] "GET /movies/RIP%20OF.zip HTTP/1.1" 200 72856250
84.154.250.214 - - [01/Dec/2005:05:43:53 -0800] "GET /movies/ThaneVid2_by_Iator.zip HTTP/1.1" 200 309242562
194.95.177.102 - - [01/Dec/2005:05:43:54 -0800] "GET /movies2/ForHonor_CraftingWorlds.zip HTTP/1.0" 200 85150
194.95.177.102 - - [01/Dec/2005:05:43:54 -0800] "GET /favicon.ico HTTP/1.0" 404 271
61.12.161.235 - - [01/Dec/2005:05:44:05 -0800] "GET /movies/ScoutHowToVideo.zip HTTP/1.1" 200 111388658
194.95.177.102 - - [01/Dec/2005:05:45:34 -0800] "GET /movies/AYS3.zip HTTP/1.0" 200 67064
83.198.165.182 - - [01/Dec/2005:05:48:18 -0800] "GET /movies2/legio_4.zip HTTP/1.1" 200 532469697
86.193.145.245 - - [01/Dec/2005:05:49:35 -0800] "GET /movies/RvR_Movie.zip HTTP/1.1" 200 64377575
81.255.229.6 - - [01/Dec/2005:05:49:48 -0800] "GET /movies2/Snarf4.zip HTTP/1.1" 200 68472
86.193.145.245 - - [01/Dec/2005:05:49:53 -0800] "GET /movies2/Hunters+Gimpspec+Vid.+1.zip HTTP/1.1" 200 86918883
194.95.177.102 - - [01/Dec/2005:05:50:03 -0800] "GET /movies/For%20Science%20-%20Tower%20Camping%20101.zip HTTP/1.0" 200 111212
194.95.177.102 - - [01/Dec/2005:05:51:02 -0800] "GET /movies2/ForHonor_CraftingWorlds.zip HTTP/1.0" 206 7886912
194.95.177.102 - - [01/Dec/2005:05:51:07 -0800] "GET /movies2/ForHonor_CraftingWorlds.zip HTTP/1.0" 206 8690056
204.154.128.113 - - [01/Dec/2005:05:51:26 -0800] "GET /movies2/TDK3.zip HTTP/1.0" 200 384870067
83.192.117.18 - - [01/Dec/2005:05:51:33 -0800] "GET /movies2/maelstrom_cluster1.zip HTTP/1.0" 206 86342477
83.192.117.18 - - [01/Dec/2005:05:51:52 -0800] "GET /movies2/maelstrom_cluster1.zip HTTP/1.0" 206 86444500
83.192.117.18 - - [01/Dec/2005:05:51:56 -0800] "GET /movies2/maelstrom_cluster1.zip HTTP/1.0" 206 86441196
83.192.117.18 - - [01/Dec/2005:05:52:00 -0800] "GET /movies2/maelstrom_cluster1.zip HTTP/1.0" 206 86439876
218.242.75.206 - - [01/Dec/2005:05:52:06 -0800] "GET /movies/assassination.zip HTTP/1.1" 200 4621784
82.55.86.37 - - [01/Dec/2005:05:52:58 -0800] "GET /movies2/Raila%20Memorial%20good.zip HTTP/1.1" 200 26888
84.92.157.248 - - [01/Dec/2005:05:53:04 -0800] "GET /movies/mof.zip HTTP/1.1" 200 22589
84.92.157.248 - - [01/Dec/2005:05:53:05 -0800] "GET /movies/mof.zip HTTP/1.1" 206 22570
82.55.86.37 - - [01/Dec/2005:05:53:11 -0800] "GET /movies2/Raila%20Memorial%20good.zip HTTP/1.1" 206 16847
82.55.86.37 - - [01/Dec/2005:05:53:16 -0800] "GET /movies2/Raila%20Memorial%20good.zip HTTP/1.1" 206 58370
82.55.86.37 - - [01/Dec/2005:05:53:16 -0800] "GET /movies2/Raila%20Memorial%20good.zip HTTP/1.1" 206 95608
82.55.86.37 - - [01/Dec/2005:05:53:16 -0800] "GET /movies2/Raila%20Memorial%20good.zip HTTP/1.1" 206 21137
82.55.86.37 - - [01/Dec/2005:05:53:18 -0800] "GET /movies2/Raila%20Memorial%20good.zip HTTP/1.1" 206 12545
84.92.157.248 - - [01/Dec/2005:05:53:20 -0800] "GET /movies/The%20Soul%20Reaver.zip HTTP/1.1" 200 12566
84.92.157.248 - - [01/Dec/2005:05:53:22 -0800] "GET /movies/The%20Soul%20Reaver.zip HTTP/1.1" 206 15411
82.55.86.37 - - [01/Dec/2005:05:53:30 -0800] "GET /movies2/Raila%20Memorial%20good.zip HTTP/1.1" 206 16847
82.55.86.37 - - [01/Dec/2005:05:53:32 -0800] "GET /movies2/Raila%20Memorial%20good.zip HTTP/1.1" 200 22592
82.55.86.37 - - [01/Dec/2005:05:54:03 -0800] "GET /movies2/angathid.zip HTTP/1.1" 200 36911
82.55.86.37 - - [01/Dec/2005:05:54:04 -0800] "GET /movies2/angathid.zip HTTP/1.1" 206 22572
212.143.22.168 - - [01/Dec/2005:05:54:05 -0800] "GET /movies2/angathid.zip HTTP/1.1" 206 18640
86.195.38.104 - - [01/Dec/2005:05:54:06 -0800] "GET /movies/GladricSoloRvrMovie3.zip HTTP/1.1" 200 201119338
82.55.86.37 - - [01/Dec/2005:05:54:20 -0800] "GET /movies2/Obso.zip HTTP/1.1" 200 12567
82.55.86.37 - - [01/Dec/2005:05:54:21 -0800] "GET /movies2/Obso.zip HTTP/1.1" 206 22572
82.55.86.37 - - [01/Dec/2005:05:54:54 -0800] "GET /movies2/Thid_inf_backslashrude.zip HTTP/1.1" 200 29752
82.55.86.37 - - [01/Dec/2005:05:54:57 -0800] "GET /movies2/Thid_inf_backslashrude.zip HTTP/1.1" 206 12551
84.182.78.171 - - [01/Dec/2005:05:56:14 -0800] "GET /movies/AllSix.zip HTTP/1.1" 200 29873031
80.134.117.121 - - [01/Dec/2005:05:56:15 -0800] "HEAD /movies2/CloakedkillerTheCritblade.zip HTTP/1.1" 200 0
195.93.60.16 - - [01/Dec/2005:05:56:38 -0800] "GET /movies/cgrvr.rar HTTP/1.0" 200 134292823
194.95.177.102 - - [01/Dec/2005:05:56:56 -0800] "GET /movies2/ForHonor_CraftingWorlds.zip HTTP/1.0" 206 15182928
194.95.177.102 - - [01/Dec/2005:05:57:59 -0800] "GET /movies2/ForHonor_CraftingWorlds.zip HTTP/1.0" 200 15275864
194.95.177.102 - - [01/Dec/2005:05:58:49 -0800] "GET /movies2/ForHonor_CraftingWorlds.zip HTTP/1.0" 206 966921
87.6.222.116 - - [01/Dec/2005:05:59:11 -0800] "GET /movies2/raabes%20abschiedsvid.zip HTTP/1.1" 200 1701504
195.148.27.121 - - [01/Dec/2005:06:00:19 -0800] "GET /favicon.ico HTTP/1.0" 404 271
85.100.230.12 - - [01/Dec/2005:06:00:56 -0800] "GET /movies/Yla-AViewToAKill.zip HTTP/1.1" 200 73496
195.54.97.251 - - [01/Dec/2005:06:01:21 -0800] "GET /movies2/rvr.zip HTTP/1.1" 200 97658
80.140.218.176 - - [01/Dec/2005:06:01:28 -0800] "GET /movies/Death%20to%20Hydra.zip HTTP/1.1" 200 835296
85.100.230.12 - - [01/Dec/2005:06:01:32 -0800] "GET /movies/Yla-AViewToAKill.zip HTTP/1.1" 200 336584
85.100.230.12 - - [01/Dec/2005:06:01:36 -0800] "GET /movies/Yla-AViewToAKill.zip HTTP/1.1" 200 32615
194.95.177.102 - - [01/Dec/2005:06:04:02 -0800] "GET /movies2/ForHonor_CraftingWorlds.zip HTTP/1.0" 206 6686520
81.208.83.241 - - [01/Dec/2005:06:04:53 -0800] "GET /movies/bloodinbloodout.zip HTTP/1.1" 200 3040352
86.193.145.245 - - [01/Dec/2005:06:06:59 -0800] "GET /movies/sibiadahunter2.zip HTTP/1.1" 200 78368890
84.92.157.248 - - [01/Dec/2005:06:06:59 -0800] "GET /movies/The%20Soul%20Reaver.zip HTTP/1.1" 206 26198026
82.55.86.37 - - [01/Dec/2005:06:07:18 -0800] "GET /movies2/Raila%20Memorial%20good.zip HTTP/1.1" 206 6173135
84.182.78.171 - - [01/Dec/2005:06:07:28 -0800] "GET /movies/Maelstrom1.zip HTTP/1.1" 200 81878829
84.92.157.248 - - [01/Dec/2005:06:07:44 -0800] "GET /movies/The%20Soul%20Reaver.zip HTTP/1.1" 206 26267304
82.55.86.37 - - [01/Dec/2005:06:07:45 -0800] "GET /movies2/Raila%20Memorial%20good.zip HTTP/1.1" 206 6173135
82.55.86.37 - - [01/Dec/2005:06:08:08 -0800] "GET /movies2/Raila%20Memorial%20good.zip HTTP/1.1" 206 6173134
82.55.86.37 - - [01/Dec/2005:06:08:17 -0800] "GET /movies2/Raila%20Memorial%20good.zip HTTP/1.1" 206 6173135
68.83.131.221 - - [01/Dec/2005:06:08:38 -0800] "GET /movies2/Illusb2k.zip HTTP/1.1" 200 246543263
84.92.157.248 - - [01/Dec/2005:06:08:43 -0800] "GET /movies/The%20Soul%20Reaver.zip HTTP/1.1" 206 26198027
84.92.157.248 - - [01/Dec/2005:06:08:48 -0800] "GET /movies/The%20Soul%20Reaver.zip HTTP/1.1" 206 26198026
194.95.177.102 - - [01/Dec/2005:06:08:52 -0800] "GET /movies2/ForHonor_CraftingWorlds.zip HTTP/1.0" 206 6525179
81.226.39.93 - - [01/Dec/2005:06:09:24 -0800] "GET /movies2/November.zip HTTP/1.1" 200 780779
81.208.83.232 - - [01/Dec/2005:06:10:22 -0800] "GET /movies/Horderaid.zip HTTP/1.1" 200 31052704
192.44.63.52 - - [01/Dec/2005:06:11:54 -0800] "GET /favicon.ico HTTP/1.1" 404 283
84.149.50.6 - - [01/Dec/2005:06:12:43 -0800] "GET /movies/Dypstyck%20RR4.zip HTTP/1.1" 200 115550297
194.95.177.102 - - [01/Dec/2005:06:12:44 -0800] "GET /movies/AYS3.zip HTTP/1.0" 200 3755832
194.95.177.102 - - [01/Dec/2005:06:12:52 -0800] "GET /movies/AYS3.zip HTTP/1.0" 206 200924
192.44.63.52 - - [01/Dec/2005:06:13:32 -0800] "GET /movies2/legio_3.zip HTTP/1.1" 200 235984
84.141.237.233 - - [01/Dec/2005:06:13:42 -0800] "GET /movies2/ForHonor_CraftingWorlds.zip HTTP/1.1" 200 129768
195.93.60.16 - - [01/Dec/2005:06:14:49 -0800] "GET /movies/Arctic%20Darkness%208v8%20movie%20Healer%20PoV.rar HTTP/1.1" 200 143808790
81.226.39.93 - - [01/Dec/2005:06:14:52 -0800] "GET /movies/Blitzkrieg.zip HTTP/1.1" 200 47908004
82.127.67.25 - - [01/Dec/2005:06:15:53 -0800] "GET /movies/AdNBombSquad-.zip HTTP/1.1" 200 106777054
194.95.177.102 - - [01/Dec/2005:06:16:07 -0800] "GET /movies/For%20Science%20-%20Tower%20Camping%20101.zip HTTP/1.0" 206 27589845
194.95.177.102 - - [01/Dec/2005:06:16:07 -0800] "GET /movies/For%20Science%20-%20Tower%20Camping%20101.zip HTTP/1.0" 206 4410260
81.208.83.232 - - [01/Dec/2005:06:16:14 -0800] "GET /movies/Leader.zip HTTP/1.1" 200 59604608
81.208.83.232 - - [01/Dec/2005:06:16:14 -0800] "GET /movies/Mounted%20Combat.zip HTTP/1.1" 200 40598
213.36.1.26 - - [01/Dec/2005:06:16:25 -0800] "GET /movies2/legio_4.zip HTTP/1.1" 200 181064088
82.212.38.11 - - [01/Dec/2005:06:16:45 -0800] "GET /movies/Zeltax.zip HTTP/1.1" 200 98146138
86.195.38.104 - - [01/Dec/2005:06:17:25 -0800] "GET /movies/Covenant.zip HTTP/1.1" 200 271014796
194.95.177.102 - - [01/Dec/2005:06:18:09 -0800] "GET /movies/For%20Science%20-%20Tower%20Camping%20101.zip HTTP/1.0" 200 29392264
194.95.177.102 - - [01/Dec/2005:06:18:09 -0800] "GET /movies/For%20Science%20-%20Tower%20Camping%20101.zip HTTP/1.0" 206 22797768
69.145.241.165 - - [01/Dec/2005:06:19:09 -0800] "GET /movies/Heretic%20in%20NF.zip HTTP/1.1" 200 7126784
24.185.224.55 - - [01/Dec/2005:06:20:20 -0800] "GET /movies/minstreldude.zip HTTP/1.1" 200 34590888
81.231.75.248 - - [01/Dec/2005:06:20:29 -0800] "GET /movies2/rvr.zip HTTP/1.0" 200 428424
84.149.50.6 - - [01/Dec/2005:06:22:29 -0800] "GET /movies/Darkness.zip HTTP/1.1" 200 153163285
84.92.157.248 - - [01/Dec/2005:06:22:52 -0800] "GET /movies/mof.zip HTTP/1.1" 206 83823318
84.141.237.233 - - [01/Dec/2005:06:23:00 -0800] "GET /movies2/ForHonor_CraftingWorlds.zip HTTP/1.1" 206 19682562
84.141.237.233 - - [01/Dec/2005:06:23:12 -0800] "GET /movies2/ForHonor_CraftingWorlds.zip HTTP/1.1" 206 20330693
84.141.237.233 - - [01/Dec/2005:06:23:16 -0800] "GET /movies2/ForHonor_CraftingWorlds.zip HTTP/1.1" 206 717987
84.141.237.233 - - [01/Dec/2005:06:23:17 -0800] "GET /movies2/ForHonor_CraftingWorlds.zip HTTP/1.1" 206 19693867
84.92.157.248 - - [01/Dec/2005:06:24:04 -0800] "GET /movies/mof.zip HTTP/1.1" 206 83823318
194.95.177.102 - - [01/Dec/2005:06:24:29 -0800] "GET /movies/For%20Science%20-%20Tower%20Camping%20101.zip HTTP/1.0" 206 8965616
84.92.157.248 - - [01/Dec/2005:06:24:33 -0800] "GET /movies/mof.zip HTTP/1.1" 206 83823318
213.140.17.104 - - [01/Dec/2005:06:24:38 -0800] "GET /movies/teeka%20and%20meeting%20duo%20preview.zip HTTP/1.1" 200 47429108
84.92.157.248 - - [01/Dec/2005:06:24:39 -0800] "GET /movies/mof.zip HTTP/1.1" 206 83823311
194.95.177.102 - - [01/Dec/2005:06:25:19 -0800] "GET /movies/For%20Science%20-%20Tower%20Camping%20101.zip HTTP/1.0" 206 9097436
194.255.6.42 - - [01/Dec/2005:06:26:05 -0800] "GET /movies/Armsmen%20Are%20Gimp.zip HTTP/1.1" 200 310594776
81.231.75.248 - - [01/Dec/2005:06:26:58 -0800] "GET /movies2/Raila%20Memorial%20good.zip HTTP/1.0" 200 24692536
194.95.177.102 - - [01/Dec/2005:06:29:32 -0800] "GET /movies/For%20Science%20-%20Tower%20Camping%20101.zip HTTP/1.0" 206 15476360
82.55.86.37 - - [01/Dec/2005:06:29:42 -0800] "GET /movies2/Thid_inf_backslashrude.zip HTTP/1.1" 206 15499631
194.95.177.102 - - [01/Dec/2005:06:29:53 -0800] "GET /movies/For%20Science%20-%20Tower%20Camping%20101.zip HTTP/1.0" 206 15051248
81.255.229.6 - - [01/Dec/2005:06:29:54 -0800] "GET /movies/Hisoiltir.zip HTTP/1.1" 200 79631682
84.182.78.171 - - [01/Dec/2005:06:29:55 -0800] "GET /movies/ScoutHowToVideo.zip HTTP/1.1" 200 111388658
194.95.177.102 - - [01/Dec/2005:06:29:57 -0800] "GET /movies/For%20Science%20-%20Tower%20Camping%20101.zip HTTP/1.0" 206 3574426
194.95.177.102 - - [01/Dec/2005:06:30:03 -0800] "GET /movies/For%20Science%20-%20Tower%20Camping%20101.zip HTTP/1.0" 206 4282836
82.54.156.107 - - [01/Dec/2005:06:30:10 -0800] "GET /movies2/maelstrom_cluster1.zip HTTP/1.1" 200 520306
82.54.156.107 - - [01/Dec/2005:06:30:24 -0800] "GET /movies/NS.zip HTTP/1.1" 200 933154
82.55.86.37 - - [01/Dec/2005:06:30:45 -0800] "GET /movies2/Thid_inf_backslashrude.zip HTTP/1.1" 206 15466331
82.55.86.37 - - [01/Dec/2005:06:31:09 -0800] "GET /movies2/Thid_inf_backslashrude.zip HTTP/1.1" 206 15466334
82.55.86.37 - - [01/Dec/2005:06:31:17 -0800] "GET /movies2/Thid_inf_backslashrude.zip HTTP/1.1" 206 15466331
84.182.78.171 - - [01/Dec/2005:06:31:42 -0800] "GET /movies/SavageTheMovie.zip HTTP/1.1" 200 164705202
84.151.28.104 - - [01/Dec/2005:06:31:50 -0800] "GET /movies/ae.zip HTTP/1.1" 200 105465046
141.30.204.79 - - [01/Dec/2005:06:32:24 -0800] "GET /movies2/Raila%20Memorial%20good.zip HTTP/1.1" 200 1504688
85.100.230.12 - - [01/Dec/2005:06:32:29 -0800] "GET /movies/Yla-AViewToAKill.zip HTTP/1.1" 200 23205070
