84.130.78.161 - - [01/Dec/2005:18:35:10 -0800] "GET /movies2/walkingissues-c.zip HTTP/1.1" 206 91756152
202.90.76.21 - - [01/Dec/2005:18:35:10 -0800] "GET /movies/Meeting_Solo_Skald_Video1.rar HTTP/1.1" 206 793123
69.170.70.49 - - [01/Dec/2005:18:35:47 -0800] "GET /movies/Alcegi.zip HTTP/1.1" 200 94306170
83.113.115.163 - - [01/Dec/2005:18:35:54 -0800] "GET /movies2/WaffenbundTheMovie.zip HTTP/1.1" 200 305137908
84.130.78.161 - - [01/Dec/2005:18:37:08 -0800] "GET /movies2/walkingissues-c.zip HTTP/1.1" 206 89710496
84.130.78.161 - - [01/Dec/2005:18:37:23 -0800] "GET /movies2/walkingissues-c.zip HTTP/1.1" 206 2071392
84.141.91.20 - - [01/Dec/2005:18:37:26 -0800] "GET /movies2/WaffenbundTheMovie.zip HTTP/1.1" 200 379691340
84.130.78.161 - - [01/Dec/2005:18:38:35 -0800] "GET /movies2/walkingissues-c.zip HTTP/1.1" 206 90721272
202.90.76.21 - - [01/Dec/2005:18:38:36 -0800] "GET /movies/Meeting_Solo_Skald_Video1.rar HTTP/1.1" 206 1114880
84.130.78.161 - - [01/Dec/2005:18:38:47 -0800] "GET /movies2/walkingissues-c.zip HTTP/1.1" 206 263654
202.90.76.21 - - [01/Dec/2005:18:39:01 -0800] "GET /movies/Meeting_Solo_Skald_Video1.rar HTTP/1.1" 206 690318
202.90.76.21 - - [01/Dec/2005:18:39:09 -0800] "GET /movies/Meeting_Solo_Skald_Video1.rar HTTP/1.1" 206 756648
213.39.157.178 - - [01/Dec/2005:18:39:25 -0800] "GET /movies2/November.zip HTTP/1.1" 200 87709440
84.130.78.161 - - [01/Dec/2005:18:39:31 -0800] "GET /movies2/walkingissues-c.zip HTTP/1.1" 206 91509624
202.90.76.21 - - [01/Dec/2005:18:39:49 -0800] "GET /movies/Meeting_Solo_Skald_Video1.rar HTTP/1.1" 206 531336
207.196.163.1 - - [01/Dec/2005:18:39:49 -0800] "GET /movies/Saves%20the%20Day.zip HTTP/1.1" 200 82531407
68.253.192.15 - - [01/Dec/2005:18:39:49 -0800] "GET /movies2/WaffenbundTheMovie.zip HTTP/1.1" 200 60301092
202.90.76.21 - - [01/Dec/2005:18:39:59 -0800] "GET /movies/Meeting_Solo_Skald_Video1.rar HTTP/1.1" 206 802112
84.130.78.161 - - [01/Dec/2005:18:40:17 -0800] "GET /movies2/walkingissues-c.zip HTTP/1.1" 206 91663752
84.130.78.161 - - [01/Dec/2005:18:40:18 -0800] "GET /movies2/walkingissues-c.zip HTTP/1.1" 206 506129
202.90.76.21 - - [01/Dec/2005:18:40:29 -0800] "GET /movies/Meeting_Solo_Skald_Video1.rar HTTP/1.1" 206 810800
202.90.76.21 - - [01/Dec/2005:18:41:04 -0800] "GET /movies/Meeting_Solo_Skald_Video1.rar HTTP/1.1" 206 675680
202.90.76.21 - - [01/Dec/2005:18:41:08 -0800] "GET /movies/Meeting_Solo_Skald_Video1.rar HTTP/1.1" 206 796019
69.151.117.6 - - [01/Dec/2005:18:41:14 -0800] "GET /movies/Alpha%20RVR%20Compilation.zip HTTP/1.1" 200 357044182
202.90.76.21 - - [01/Dec/2005:18:41:17 -0800] "GET /movies/Meeting_Solo_Skald_Video1.rar HTTP/1.1" 206 395224
202.90.76.21 - - [01/Dec/2005:18:41:35 -0800] "GET /movies/Meeting_Solo_Skald_Video1.rar HTTP/1.1" 206 1041032
202.90.76.21 - - [01/Dec/2005:18:41:39 -0800] "GET /movies/Meeting_Solo_Skald_Video1.rar HTTP/1.1" 206 338454
202.90.76.21 - - [01/Dec/2005:18:41:40 -0800] "GET /movies/Meeting_Solo_Skald_Video1.rar HTTP/1.1" 206 1036387
69.218.46.52 - - [01/Dec/2005:18:41:41 -0800] "GET /movies2/WaffenbundTheMovie.zip HTTP/1.1" 200 692384
202.90.76.21 - - [01/Dec/2005:18:42:03 -0800] "GET /movies/Meeting_Solo_Skald_Video1.rar HTTP/1.1" 206 242886
202.90.76.21 - - [01/Dec/2005:18:43:17 -0800] "GET /movies/Meeting_Solo_Skald_Video1.rar HTTP/1.1" 206 624464
202.90.76.21 - - [01/Dec/2005:18:44:02 -0800] "GET /movies/Meeting_Solo_Skald_Video1.rar HTTP/1.1" 206 500352
202.90.76.21 - - [01/Dec/2005:18:44:51 -0800] "GET /movies/Meeting_Solo_Skald_Video1.rar HTTP/1.1" 206 464427
202.90.76.21 - - [01/Dec/2005:18:44:55 -0800] "GET /movies/Meeting_Solo_Skald_Video1.rar HTTP/1.1" 206 380445
84.177.12.220 - - [01/Dec/2005:18:45:21 -0800] "GET /movies/baldir_jiv.zip HTTP/1.1" 200 190803947
70.125.58.102 - - [01/Dec/2005:18:46:05 -0800] "GET /movies/Tzimizepugs1.zip HTTP/1.1" 200 117648091
70.125.58.102 - - [01/Dec/2005:18:46:13 -0800] "GET /movies/Tzimice_movie.zip HTTP/1.1" 200 119884783
202.90.76.21 - - [01/Dec/2005:18:46:18 -0800] "GET /movies/Meeting_Solo_Skald_Video1.rar HTTP/1.1" 206 565632
202.90.76.21 - - [01/Dec/2005:18:46:21 -0800] "GET /movies/Meeting_Solo_Skald_Video1.rar HTTP/1.1" 206 470024
202.90.76.21 - - [01/Dec/2005:18:46:32 -0800] "GET /movies/Meeting_Solo_Skald_Video1.rar HTTP/1.1" 206 457187
84.139.109.192 - - [01/Dec/2005:18:47:09 -0800] "GET /movies2/maelstrom_cluster1.zip HTTP/1.1" 200 345369905
202.90.76.21 - - [01/Dec/2005:18:47:16 -0800] "GET /movies/Meeting_Solo_Skald_Video1.rar HTTP/1.1" 206 217120
202.90.76.21 - - [01/Dec/2005:18:47:17 -0800] "GET /movies/Meeting_Solo_Skald_Video1.rar HTTP/1.1" 206 630948
82.97.175.111 - - [01/Dec/2005:18:47:59 -0800] "GET /movies2/WaffenbundTheMovie.zip HTTP/1.1" 200 48143748
217.136.162.135 - - [01/Dec/2005:18:48:00 -0800] "GET /movies2/WaffenbundTheMovie.zip HTTP/1.1" 200 1525378
217.136.162.135 - - [01/Dec/2005:18:48:02 -0800] "GET /movies2/Raila%20Memorial%20good.zip HTTP/1.1" 200 2200868
202.90.76.21 - - [01/Dec/2005:18:48:08 -0800] "GET /movies/Meeting_Solo_Skald_Video1.rar HTTP/1.1" 206 694920
82.238.16.231 - - [01/Dec/2005:18:48:26 -0800] "GET /movies2/forItawithlove.zip HTTP/1.1" 200 100690079
202.90.76.21 - - [01/Dec/2005:18:48:52 -0800] "GET /movies/Meeting_Solo_Skald_Video1.rar HTTP/1.1" 206 1062752
202.90.76.21 - - [01/Dec/2005:18:49:09 -0800] "GET /movies/Meeting_Solo_Skald_Video1.rar HTTP/1.1" 206 886432
202.90.76.21 - - [01/Dec/2005:18:49:59 -0800] "GET /movies/Meeting_Solo_Skald_Video1.rar HTTP/1.1" 206 681630
202.90.76.21 - - [01/Dec/2005:18:50:08 -0800] "GET /movies/Meeting_Solo_Skald_Video1.rar HTTP/1.1" 206 769680
202.90.76.21 - - [01/Dec/2005:18:50:48 -0800] "GET /movies/Meeting_Solo_Skald_Video1.rar HTTP/1.1" 206 595424
202.90.76.21 - - [01/Dec/2005:18:50:49 -0800] "GET /movies/Meeting_Solo_Skald_Video1.rar HTTP/1.1" 206 680480
212.179.211.47 - - [01/Dec/2005:18:51:03 -0800] "GET /movies/Alte%20Feind.zip HTTP/1.1" 200 62113
212.179.211.47 - - [01/Dec/2005:18:51:04 -0800] "GET /movies/Alte%20Feind.zip HTTP/1.1" 206 21438
202.90.76.21 - - [01/Dec/2005:18:51:06 -0800] "GET /movies/Meeting_Solo_Skald_Video1.rar HTTP/1.1" 206 374416
202.90.76.21 - - [01/Dec/2005:18:51:26 -0800] "GET /movies/Meeting_Solo_Skald_Video1.rar HTTP/1.1" 206 362912
202.90.76.21 - - [01/Dec/2005:18:51:28 -0800] "GET /movies/Meeting_Solo_Skald_Video1.rar HTTP/1.1" 206 935248
202.90.76.21 - - [01/Dec/2005:18:51:44 -0800] "GET /movies/Meeting_Solo_Skald_Video1.rar HTTP/1.1" 206 393475
86.199.186.139 - - [01/Dec/2005:18:52:17 -0800] "GET /movies2/legio_4.zip HTTP/1.1" 200 532469697
202.90.76.21 - - [01/Dec/2005:18:53:01 -0800] "GET /movies/Meeting_Solo_Skald_Video1.rar HTTP/1.1" 206 557099
202.90.76.21 - - [01/Dec/2005:18:53:07 -0800] "GET /movies/Meeting_Solo_Skald_Video1.rar HTTP/1.1" 206 746789
202.90.76.21 - - [01/Dec/2005:18:53:17 -0800] "GET /movies/Meeting_Solo_Skald_Video1.rar HTTP/1.1" 206 405360
67.190.113.52 - - [01/Dec/2005:18:53:50 -0800] "GET /movies/SpraggonProduction5.zip HTTP/1.1" 200 1462432
202.90.76.21 - - [01/Dec/2005:18:53:56 -0800] "GET /movies/Meeting_Solo_Skald_Video1.rar HTTP/1.1" 206 273291
202.90.76.21 - - [01/Dec/2005:18:53:57 -0800] "GET /movies/Meeting_Solo_Skald_Video1.rar HTTP/1.1" 206 526693
67.190.113.52 - - [01/Dec/2005:18:54:00 -0800] "GET /movies/SpraggonProduction5.zip HTTP/1.1" 200 674032
82.238.16.231 - - [01/Dec/2005:18:54:24 -0800] "GET /movies/Shadowkuri.zip HTTP/1.1" 200 125099903
202.90.76.21 - - [01/Dec/2005:18:54:56 -0800] "GET /movies/Meeting_Solo_Skald_Video1.rar HTTP/1.1" 206 631208
202.90.76.21 - - [01/Dec/2005:18:55:40 -0800] "GET /movies/Meeting_Solo_Skald_Video1.rar HTTP/1.1" 206 458480
202.90.76.21 - - [01/Dec/2005:18:56:11 -0800] "GET /movies/Meeting_Solo_Skald_Video1.rar HTTP/1.1" 206 428528
202.90.76.21 - - [01/Dec/2005:18:56:14 -0800] "GET /movies/Meeting_Solo_Skald_Video1.rar HTTP/1.1" 206 339901
128.8.77.81 - - [01/Dec/2005:18:56:38 -0800] "GET /movies2/Chuva's%20video!.zip HTTP/1.1" 200 221172611
81.251.162.41 - - [01/Dec/2005:18:56:42 -0800] "GET /movies2/Absorbx_Gareth.zip HTTP/1.1" 206 48933793
202.90.76.21 - - [01/Dec/2005:18:56:45 -0800] "GET /movies/Meeting_Solo_Skald_Video1.rar HTTP/1.1" 206 476013
81.251.162.41 - - [01/Dec/2005:18:56:49 -0800] "GET /movies2/Absorbx_Gareth.zip HTTP/1.1" 206 48933793
83.67.76.227 - - [01/Dec/2005:18:56:53 -0800] "GET /movies/I%20assist%20now%20bitches..zip HTTP/1.1" 206 6948931
81.251.162.41 - - [01/Dec/2005:18:56:57 -0800] "GET /movies2/Absorbx_Gareth.zip HTTP/1.1" 206 48933793
202.90.76.21 - - [01/Dec/2005:18:57:11 -0800] "GET /movies/Meeting_Solo_Skald_Video1.rar HTTP/1.1" 206 751392
202.90.76.21 - - [01/Dec/2005:18:57:14 -0800] "GET /movies/Meeting_Solo_Skald_Video1.rar HTTP/1.1" 206 675976
213.44.1.68 - - [01/Dec/2005:18:57:21 -0800] "GET /movies/Horason%20Soulfly.zip HTTP/1.1" 200 188949180
202.90.76.21 - - [01/Dec/2005:18:57:27 -0800] "GET /movies/Meeting_Solo_Skald_Video1.rar HTTP/1.1" 206 675837
81.251.162.41 - - [01/Dec/2005:18:57:30 -0800] "GET /movies2/Absorbx_Gareth.zip HTTP/1.1" 206 48933793
202.90.76.21 - - [01/Dec/2005:18:57:31 -0800] "GET /movies/Meeting_Solo_Skald_Video1.rar HTTP/1.1" 206 222613
81.251.162.41 - - [01/Dec/2005:18:57:37 -0800] "GET /movies2/Absorbx_Gareth.zip HTTP/1.1" 206 48933793
81.251.162.41 - - [01/Dec/2005:18:57:42 -0800] "GET /movies2/Absorbx_Gareth.zip HTTP/1.1" 206 48933774
83.88.67.47 - - [01/Dec/2005:18:57:47 -0800] "GET /movies2/Purified.zip HTTP/1.1" 200 26093324
202.90.76.21 - - [01/Dec/2005:18:57:53 -0800] "GET /movies/Meeting_Solo_Skald_Video1.rar HTTP/1.1" 206 335556
81.251.162.41 - - [01/Dec/2005:18:58:13 -0800] "GET /movies2/Absorbx_Gareth.zip HTTP/1.1" 206 48933793
84.181.248.162 - - [01/Dec/2005:18:59:31 -0800] "GET /movies2/WaffenbundTheMovie.zip HTTP/1.1" 200 379691340
24.82.118.132 - - [01/Dec/2005:18:59:45 -0800] "GET /movies/stemar%20pwnt.zip HTTP/1.1" 200 7950348
80.130.194.123 - - [01/Dec/2005:19:00:08 -0800] "GET /favicon.ico HTTP/1.1" 404 283
202.90.76.21 - - [01/Dec/2005:19:01:18 -0800] "GET /movies/Meeting_Solo_Skald_Video1.rar HTTP/1.1" 206 554464
202.90.76.21 - - [01/Dec/2005:19:01:46 -0800] "GET /movies/Meeting_Solo_Skald_Video1.rar HTTP/1.1" 206 885795
84.175.84.175 - - [01/Dec/2005:19:01:46 -0800] "GET /movies/Anightshade-TrueStoryofaGarroteSpammer.zip HTTP/1.1" 200 77917696
202.90.76.21 - - [01/Dec/2005:19:01:50 -0800] "GET /movies/Meeting_Solo_Skald_Video1.rar HTTP/1.1" 206 809688
80.145.227.72 - - [01/Dec/2005:19:01:52 -0800] "GET /movies2/Gimp_and_Run_DivX.zip HTTP/1.1" 200 1479168
202.90.76.21 - - [01/Dec/2005:19:02:02 -0800] "GET /movies/Meeting_Solo_Skald_Video1.rar HTTP/1.1" 206 529848
202.90.76.21 - - [01/Dec/2005:19:02:05 -0800] "GET /movies/Meeting_Solo_Skald_Video1.rar HTTP/1.1" 206 468000
202.90.76.21 - - [01/Dec/2005:19:02:40 -0800] "GET /movies/Meeting_Solo_Skald_Video1.rar HTTP/1.1" 206 467325
202.90.76.21 - - [01/Dec/2005:19:02:45 -0800] "GET /movies/Meeting_Solo_Skald_Video1.rar HTTP/1.1" 206 791678
202.90.76.21 - - [01/Dec/2005:19:02:54 -0800] "GET /movies/Meeting_Solo_Skald_Video1.rar HTTP/1.1" 206 541171
202.90.76.21 - - [01/Dec/2005:19:03:31 -0800] "GET /movies/Meeting_Solo_Skald_Video1.rar HTTP/1.1" 206 992949
202.90.76.21 - - [01/Dec/2005:19:03:32 -0800] "GET /movies/Meeting_Solo_Skald_Video1.rar HTTP/1.1" 206 467048
216.201.32.4 - - [01/Dec/2005:19:04:29 -0800] "GET /movies2/song2.zip HTTP/1.1" 206 4281852
202.90.76.21 - - [01/Dec/2005:19:04:29 -0800] "GET /movies/Meeting_Solo_Skald_Video1.rar HTTP/1.1" 206 245782
202.90.76.21 - - [01/Dec/2005:19:04:44 -0800] "GET /movies/Meeting_Solo_Skald_Video1.rar HTTP/1.1" 206 368624
202.90.76.21 - - [01/Dec/2005:19:05:15 -0800] "GET /movies/Meeting_Solo_Skald_Video1.rar HTTP/1.1" 206 1030320
67.190.113.52 - - [01/Dec/2005:19:05:57 -0800] "GET /movies/SpraggonProduction5.zip HTTP/1.1" 200 89255018
202.90.76.21 - - [01/Dec/2005:19:06:24 -0800] "GET /movies/Meeting_Solo_Skald_Video1.rar HTTP/1.1" 206 564341
84.145.230.22 - - [01/Dec/2005:19:06:24 -0800] "GET /movies/Brite2.zip HTTP/1.1" 200 149294215
202.90.76.21 - - [01/Dec/2005:19:06:53 -0800] "GET /movies/Meeting_Solo_Skald_Video1.rar HTTP/1.1" 206 499736
83.115.12.235 - - [01/Dec/2005:19:07:02 -0800] "GET /movies/Hypevolumeone.zip HTTP/1.1" 200 75194401
202.90.76.21 - - [01/Dec/2005:19:07:10 -0800] "GET /movies/Meeting_Solo_Skald_Video1.rar HTTP/1.1" 206 451120
202.90.76.21 - - [01/Dec/2005:19:07:12 -0800] "GET /movies/Meeting_Solo_Skald_Video1.rar HTTP/1.1" 206 854240
202.90.76.21 - - [01/Dec/2005:19:07:21 -0800] "GET /movies/Meeting_Solo_Skald_Video1.rar HTTP/1.1" 206 389888
213.140.6.112 - - [01/Dec/2005:19:07:23 -0800] "GET /favicon.ico HTTP/1.1" 404 283
202.90.76.21 - - [01/Dec/2005:19:08:03 -0800] "GET /movies/Meeting_Solo_Skald_Video1.rar HTTP/1.1" 206 541173
84.60.103.14 - - [01/Dec/2005:19:08:07 -0800] "GET /favicon.ico HTTP/1.1" 404 283
67.187.114.185 - - [01/Dec/2005:19:08:13 -0800] "GET /movies/Jamez%20Dreadfield%20-%20Notoriously%20Unbuffed.zip HTTP/1.1" 200 243774284
202.90.76.21 - - [01/Dec/2005:19:08:57 -0800] "GET /movies/Meeting_Solo_Skald_Video1.rar HTTP/1.1" 206 571424
84.223.1.171 - - [01/Dec/2005:19:09:43 -0800] "GET /movies/StealthwarsEPISODE2.zip HTTP/1.1" 200 107718
202.90.76.21 - - [01/Dec/2005:19:09:56 -0800] "GET /movies/Meeting_Solo_Skald_Video1.rar HTTP/1.1" 206 562893
84.145.230.22 - - [01/Dec/2005:19:10:02 -0800] "GET /movies/EpicEpeenEpisode.zip HTTP/1.1" 200 155403095
202.90.76.21 - - [01/Dec/2005:19:10:03 -0800] "GET /movies/Meeting_Solo_Skald_Video1.rar HTTP/1.1" 206 502077
212.179.211.47 - - [01/Dec/2005:19:10:05 -0800] "GET /movies/Alte%20Feind.zip HTTP/1.1" 206 30024348
212.179.211.47 - - [01/Dec/2005:19:10:05 -0800] "GET /movies/Alte%20Feind.zip HTTP/1.1" 206 30879576
212.179.211.47 - - [01/Dec/2005:19:10:05 -0800] "GET /movies/Alte%20Feind.zip HTTP/1.1" 206 28900259
212.179.211.47 - - [01/Dec/2005:19:10:05 -0800] "GET /movies/Alte%20Feind.zip HTTP/1.1" 206 29520504
212.179.211.47 - - [01/Dec/2005:19:10:05 -0800] "GET /movies/Alte%20Feind.zip HTTP/1.1" 206 29351831
68.66.13.37 - - [01/Dec/2005:19:10:09 -0800] "GET /movies/AmishParadise.zip HTTP/1.1" 200 43025780
202.90.76.21 - - [01/Dec/2005:19:11:22 -0800] "GET /movies/Meeting_Solo_Skald_Video1.rar HTTP/1.1" 206 338453
202.90.76.21 - - [01/Dec/2005:19:11:40 -0800] "GET /movies/Meeting_Solo_Skald_Video1.rar HTTP/1.1" 206 887384
202.90.76.21 - - [01/Dec/2005:19:11:44 -0800] "GET /movies/Meeting_Solo_Skald_Video1.rar HTTP/1.1" 206 820936
84.185.227.59 - - [01/Dec/2005:19:12:24 -0800] "GET /movies/ThaneVid2_by_Iator.zip HTTP/1.1" 206 113326030
24.82.118.132 - - [01/Dec/2005:19:12:30 -0800] "GET /movies2/Aedhas_SB_Ector_NF_03_01.zip HTTP/1.1" 200 91126455
84.60.103.14 - - [01/Dec/2005:19:12:48 -0800] "GET /movies2/Raila%20Memorial%20good.zip HTTP/1.1" 200 2963212
202.90.76.21 - - [01/Dec/2005:19:12:50 -0800] "GET /movies/Meeting_Solo_Skald_Video1.rar HTTP/1.1" 206 706544
202.90.76.21 - - [01/Dec/2005:19:13:19 -0800] "GET /movies/Meeting_Solo_Skald_Video1.rar HTTP/1.1" 206 750856
70.68.245.80 - - [01/Dec/2005:19:13:56 -0800] "GET /movies2/WaffenbundTheMovie.zip HTTP/1.1" 200 379691340
202.90.76.21 - - [01/Dec/2005:19:15:09 -0800] "GET /movies/Meeting_Solo_Skald_Video1.rar HTTP/1.1" 206 816592
202.90.76.21 - - [01/Dec/2005:19:15:11 -0800] "GET /movies/Meeting_Solo_Skald_Video1.rar HTTP/1.1" 206 823832
202.90.76.21 - - [01/Dec/2005:19:15:15 -0800] "GET /movies/Meeting_Solo_Skald_Video1.rar HTTP/1.1" 206 791400
207.196.163.1 - - [01/Dec/2005:19:15:55 -0800] "GET /movies/BM_Vid.zip HTTP/1.1" 200 171174834
202.90.76.21 - - [01/Dec/2005:19:16:39 -0800] "GET /movies/Meeting_Solo_Skald_Video1.rar HTTP/1.1" 206 590405
202.90.76.21 - - [01/Dec/2005:19:16:40 -0800] "GET /movies/Meeting_Solo_Skald_Video1.rar HTTP/1.1" 206 674528
62.123.50.199 - - [01/Dec/2005:19:16:47 -0800] "GET /movies2/maelstrom_cluster1.zip HTTP/1.1" 200 345369905
202.90.76.21 - - [01/Dec/2005:19:16:54 -0800] "GET /movies/Meeting_Solo_Skald_Video1.rar HTTP/1.1" 206 606333
84.185.227.59 - - [01/Dec/2005:19:17:18 -0800] "GET /movies2/Rush-Devon.zip HTTP/1.1" 206 123187823
202.90.76.21 - - [01/Dec/2005:19:17:21 -0800] "GET /movies/Meeting_Solo_Skald_Video1.rar HTTP/1.1" 206 551984
202.90.76.21 - - [01/Dec/2005:19:17:46 -0800] "GET /movies/Meeting_Solo_Skald_Video1.rar HTTP/1.1" 206 399268
202.90.76.21 - - [01/Dec/2005:19:17:49 -0800] "GET /movies/Meeting_Solo_Skald_Video1.rar HTTP/1.1" 206 332504
202.90.76.21 - - [01/Dec/2005:19:17:54 -0800] "GET /movies/Meeting_Solo_Skald_Video1.rar HTTP/1.1" 206 864076
202.90.76.21 - - [01/Dec/2005:19:17:57 -0800] "GET /movies/Meeting_Solo_Skald_Video1.rar HTTP/1.1" 206 842080
202.90.76.21 - - [01/Dec/2005:19:18:35 -0800] "GET /movies/Meeting_Solo_Skald_Video1.rar HTTP/1.1" 206 418352
202.90.76.21 - - [01/Dec/2005:19:19:24 -0800] "GET /movies/Meeting_Solo_Skald_Video1.rar HTTP/1.1" 206 541173
202.90.76.21 - - [01/Dec/2005:19:19:37 -0800] "GET /movies/Meeting_Solo_Skald_Video1.rar HTTP/1.1" 206 645152
202.90.76.21 - - [01/Dec/2005:19:20:01 -0800] "GET /movies/Meeting_Solo_Skald_Video1.rar HTTP/1.1" 206 555496
84.176.224.191 - - [01/Dec/2005:19:20:06 -0800] "GET /movies/Nosgoth_Untouchabel.zip HTTP/1.1" 200 91310637
221.186.164.158 - - [01/Dec/2005:19:20:49 -0800] "GET /movies2/FUN.zip HTTP/1.1" 200 84518
202.90.76.21 - - [01/Dec/2005:19:20:50 -0800] "GET /movies/Meeting_Solo_Skald_Video1.rar HTTP/1.1" 206 606332
82.243.180.12 - - [01/Dec/2005:19:21:13 -0800] "GET /movies/malkovok1.zip HTTP/1.1" 200 49318
202.90.76.21 - - [01/Dec/2005:19:21:30 -0800] "GET /movies/Meeting_Solo_Skald_Video1.rar HTTP/1.1" 206 529587
202.90.76.21 - - [01/Dec/2005:19:21:45 -0800] "GET /movies/Meeting_Solo_Skald_Video1.rar HTTP/1.1" 206 424184
202.90.76.21 - - [01/Dec/2005:19:21:50 -0800] "GET /movies/Meeting_Solo_Skald_Video1.rar HTTP/1.1" 206 521576
211.247.171.13 - - [01/Dec/2005:19:22:20 -0800] "GET /movies/fotm.zip HTTP/1.1" 200 251379557
202.90.76.21 - - [01/Dec/2005:19:22:20 -0800] "GET /movies/Meeting_Solo_Skald_Video1.rar HTTP/1.1" 206 303960
202.90.76.21 - - [01/Dec/2005:19:22:22 -0800] "GET /movies/Meeting_Solo_Skald_Video1.rar HTTP/1.1" 206 696408
202.90.76.21 - - [01/Dec/2005:19:23:51 -0800] "GET /movies/Meeting_Solo_Skald_Video1.rar HTTP/1.1" 206 435152
202.90.76.21 - - [01/Dec/2005:19:23:57 -0800] "GET /movies/Meeting_Solo_Skald_Video1.rar HTTP/1.1" 206 403872
84.61.54.159 - - [01/Dec/2005:19:24:12 -0800] "GET /movies2/WaffenbundTheMovie.zip HTTP/1.1" 200 379691340
202.90.76.21 - - [01/Dec/2005:19:24:48 -0800] "GET /movies/Meeting_Solo_Skald_Video1.rar HTTP/1.1" 206 324272
202.90.76.21 - - [01/Dec/2005:19:25:09 -0800] "GET /movies/Meeting_Solo_Skald_Video1.rar HTTP/1.1" 206 570132
83.113.15.146 - - [01/Dec/2005:19:25:43 -0800] "GET /movies2/WaffenbundTheMovie.zip HTTP/1.1" 200 1171568
202.90.76.21 - - [01/Dec/2005:19:26:08 -0800] "GET /movies/Meeting_Solo_Skald_Video1.rar HTTP/1.1" 206 1042480
202.90.76.21 - - [01/Dec/2005:19:26:09 -0800] "GET /movies/Meeting_Solo_Skald_Video1.rar HTTP/1.1" 206 626328
202.90.76.21 - - [01/Dec/2005:19:26:20 -0800] "GET /movies/Meeting_Solo_Skald_Video1.rar HTTP/1.1" 206 647176
220.254.102.144 - - [01/Dec/2005:19:26:25 -0800] "GET /movies/Infensus%20II.zip HTTP/1.0" 200 488263037
202.90.76.21 - - [01/Dec/2005:19:26:26 -0800] "GET /movies/Meeting_Solo_Skald_Video1.rar HTTP/1.1" 206 829624
212.41.65.35 - - [01/Dec/2005:19:26:50 -0800] "GET /movies/blood1.zip HTTP/1.1" 200 202256028
202.90.76.21 - - [01/Dec/2005:19:28:07 -0800] "GET /movies/Meeting_Solo_Skald_Video1.rar HTTP/1.1" 206 363067
202.90.76.21 - - [01/Dec/2005:19:28:18 -0800] "GET /movies/Meeting_Solo_Skald_Video1.rar HTTP/1.1" 206 245504
84.177.12.220 - - [01/Dec/2005:19:28:27 -0800] "GET /movies/sw33t.zip HTTP/1.1" 200 266535457
67.187.114.185 - - [01/Dec/2005:19:28:37 -0800] "GET /movies/Vid\xe9o%20NR.zip HTTP/1.1" 200 276428276
85.226.191.235 - - [01/Dec/2005:19:28:38 -0800] "GET /movies2/WaffenbundTheMovie.zip HTTP/1.1" 200 379691340
202.90.76.21 - - [01/Dec/2005:19:28:44 -0800] "GET /movies/Meeting_Solo_Skald_Video1.rar HTTP/1.1" 206 876832
213.202.240.114 - - [01/Dec/2005:19:29:09 -0800] "GET /movies2/legio_3.zip HTTP/1.1" 200 384442071
217.162.145.212 - - [01/Dec/2005:19:29:10 -0800] "GET /movies2/legio_4.zip HTTP/1.1" 200 432292504
202.90.76.21 - - [01/Dec/2005:19:29:15 -0800] "GET /movies/Meeting_Solo_Skald_Video1.rar HTTP/1.1" 206 1096016
202.90.76.21 - - [01/Dec/2005:19:29:23 -0800] "GET /movies/Meeting_Solo_Skald_Video1.rar HTTP/1.1" 206 726516
202.90.76.21 - - [01/Dec/2005:19:29:39 -0800] "GET /movies/Meeting_Solo_Skald_Video1.rar HTTP/1.1" 206 525544
69.168.195.50 - - [01/Dec/2005:19:29:48 -0800] "GET /movies2/Raila%20Memorial%20good.zip HTTP/1.1" 200 24692536
202.90.76.21 - - [01/Dec/2005:19:30:28 -0800] "GET /movies/Meeting_Solo_Skald_Video1.rar HTTP/1.1" 206 655408
202.90.76.21 - - [01/Dec/2005:19:31:18 -0800] "GET /movies/Meeting_Solo_Skald_Video1.rar HTTP/1.1" 206 651520
202.90.76.21 - - [01/Dec/2005:19:31:19 -0800] "GET /movies/Meeting_Solo_Skald_Video1.rar HTTP/1.1" 206 445605
202.90.76.21 - - [01/Dec/2005:19:32:15 -0800] "GET /movies/Meeting_Solo_Skald_Video1.rar HTTP/1.1" 206 340000
202.90.76.21 - - [01/Dec/2005:19:32:48 -0800] "GET /movies/Meeting_Solo_Skald_Video1.rar HTTP/1.1" 206 677504
202.90.76.21 - - [01/Dec/2005:19:33:07 -0800] "GET /movies/Meeting_Solo_Skald_Video1.rar HTTP/1.1" 206 693512
83.115.12.235 - - [01/Dec/2005:19:33:26 -0800] "GET /movies/Exile.zip HTTP/1.1" 200 116487714
202.90.76.21 - - [01/Dec/2005:19:34:25 -0800] "GET /movies/Meeting_Solo_Skald_Video1.rar HTTP/1.1" 206 800088
202.90.76.21 - - [01/Dec/2005:19:34:31 -0800] "GET /movies/Meeting_Solo_Skald_Video1.rar HTTP/1.1" 206 285888
82.238.16.231 - - [01/Dec/2005:19:34:31 -0800] "GET /movies/DarthVon1.zip HTTP/1.1" 200 182827786
202.90.76.21 - - [01/Dec/2005:19:34:38 -0800] "GET /movies/Meeting_Solo_Skald_Video1.rar HTTP/1.1" 206 717352
68.34.150.24 - - [01/Dec/2005:19:35:06 -0800] "GET /movies2/Raila%20Memorial%20good.zip HTTP/1.1" 200 256632
202.90.76.21 - - [01/Dec/2005:19:35:44 -0800] "GET /movies/Meeting_Solo_Skald_Video1.rar HTTP/1.1" 206 634144
80.171.120.84 - - [01/Dec/2005:19:36:03 -0800] "GET /movies2/Absorbx_Gareth.zip HTTP/1.1" 200 342536526
202.90.76.21 - - [01/Dec/2005:19:36:33 -0800] "GET /movies/Meeting_Solo_Skald_Video1.rar HTTP/1.1" 206 497731
202.90.76.21 - - [01/Dec/2005:19:36:45 -0800] "GET /movies/Meeting_Solo_Skald_Video1.rar HTTP/1.1" 206 728264
68.34.150.24 - - [01/Dec/2005:19:36:54 -0800] "GET /movies2/Solo%20vid.zip HTTP/1.1" 200 120860
202.90.76.21 - - [01/Dec/2005:19:37:13 -0800] "GET /movies/Meeting_Solo_Skald_Video1.rar HTTP/1.1" 206 899424
24.18.4.192 - - [01/Dec/2005:19:37:19 -0800] "GET /movies/LixaMLF.v4.zip HTTP/1.1" 200 178030300
212.41.65.35 - - [01/Dec/2005:19:37:37 -0800] "GET /movies/AYS2.zip HTTP/1.1" 200 227477415
212.195.156.73 - - [01/Dec/2005:19:38:16 -0800] "GET /favicon.ico HTTP/1.1" 404 283
83.198.118.150 - - [01/Dec/2005:19:38:39 -0800] "GET /movies2/WaffenbundTheMovie.zip HTTP/1.1" 206 189820402
84.172.199.56 - - [01/Dec/2005:19:38:43 -0800] "GET /favicon.ico HTTP/1.1" 404 283
202.90.76.21 - - [01/Dec/2005:19:38:54 -0800] "GET /movies/Meeting_Solo_Skald_Video1.rar HTTP/1.1" 206 509536
83.198.118.150 - - [01/Dec/2005:19:39:10 -0800] "GET /movies2/WaffenbundTheMovie.zip HTTP/1.1" 200 188740472
83.198.118.150 - - [01/Dec/2005:19:39:11 -0800] "GET /movies2/WaffenbundTheMovie.zip HTTP/1.1" 206 1331784
213.140.6.112 - - [01/Dec/2005:19:39:12 -0800] "GET /movies2/PUG%20Vid_0001.zip HTTP/1.1" 200 29636958
81.173.147.216 - - [01/Dec/2005:19:39:25 -0800] "GET /movies2/Goldencam.rar HTTP/1.1" 200 266654160
202.90.76.21 - - [01/Dec/2005:19:39:51 -0800] "GET /movies/Meeting_Solo_Skald_Video1.rar HTTP/1.1" 206 1026808
67.84.153.106 - - [01/Dec/2005:19:39:55 -0800] "GET /movies2/amaya2_healplz.zip HTTP/1.1" 200 26453896
202.90.76.21 - - [01/Dec/2005:19:40:28 -0800] "GET /movies/Meeting_Solo_Skald_Video1.rar HTTP/1.1" 206 729136
202.90.76.21 - - [01/Dec/2005:19:40:40 -0800] "GET /movies/Meeting_Solo_Skald_Video1.rar HTTP/1.1" 206 607920
202.90.76.21 - - [01/Dec/2005:19:41:06 -0800] "GET /movies/Meeting_Solo_Skald_Video1.rar HTTP/1.1" 206 716380
202.90.76.21 - - [01/Dec/2005:19:41:23 -0800] "GET /movies/Meeting_Solo_Skald_Video1.rar HTTP/1.1" 206 774600
202.90.76.21 - - [01/Dec/2005:19:41:59 -0800] "GET /movies/Meeting_Solo_Skald_Video1.rar HTTP/1.1" 206 713483
202.90.76.21 - - [01/Dec/2005:19:42:10 -0800] "GET /movies/Meeting_Solo_Skald_Video1.rar HTTP/1.1" 206 853664
128.226.223.109 - - [01/Dec/2005:19:42:56 -0800] "GET /movies/Changed.zip HTTP/1.1" 200 141530045
202.90.76.21 - - [01/Dec/2005:19:43:04 -0800] "GET /movies/Meeting_Solo_Skald_Video1.rar HTTP/1.1" 206 412299
207.196.163.1 - - [01/Dec/2005:19:43:25 -0800] "GET /movies2/TdkBomB2.zip HTTP/1.1" 200 169357489
202.90.76.21 - - [01/Dec/2005:19:43:28 -0800] "GET /movies/Meeting_Solo_Skald_Video1.rar HTTP/1.1" 206 416645
202.90.76.21 - - [01/Dec/2005:19:43:33 -0800] "GET /movies/Meeting_Solo_Skald_Video1.rar HTTP/1.1" 206 884648
202.90.76.21 - - [01/Dec/2005:19:43:43 -0800] "GET /movies/Meeting_Solo_Skald_Video1.rar HTTP/1.1" 206 410852
202.90.76.21 - - [01/Dec/2005:19:44:07 -0800] "GET /movies/Meeting_Solo_Skald_Video1.rar HTTP/1.1" 206 753216
84.139.109.192 - - [01/Dec/2005:19:44:54 -0800] "GET /movies2/WaffenbundTheMovie.zip HTTP/1.1" 200 379691340
84.139.252.252 - - [01/Dec/2005:19:45:14 -0800] "GET /movies/maelstrom3.zip HTTP/1.1" 200 101855408
202.90.76.21 - - [01/Dec/2005:19:45:25 -0800] "GET /movies/Meeting_Solo_Skald_Video1.rar HTTP/1.1" 206 627776
202.90.76.21 - - [01/Dec/2005:19:45:36 -0800] "GET /movies/Meeting_Solo_Skald_Video1.rar HTTP/1.1" 206 557101
202.90.76.21 - - [01/Dec/2005:19:45:43 -0800] "GET /movies/Meeting_Solo_Skald_Video1.rar HTTP/1.1" 206 265776
202.90.76.21 - - [01/Dec/2005:19:46:14 -0800] "GET /movies/Meeting_Solo_Skald_Video1.rar HTTP/1.1" 206 431125
202.90.76.21 - - [01/Dec/2005:19:46:50 -0800] "GET /movies/Meeting_Solo_Skald_Video1.rar HTTP/1.1" 206 503248
202.90.76.21 - - [01/Dec/2005:19:47:00 -0800] "GET /movies/Meeting_Solo_Skald_Video1.rar HTTP/1.1" 206 629344
212.179.211.47 - - [01/Dec/2005:19:47:04 -0800] "GET /movies/Alte%20Feind.zip HTTP/1.1" 206 53182213
212.179.211.47 - - [01/Dec/2005:19:47:12 -0800] "GET /movies/Alte%20Feind.zip HTTP/1.1" 206 52727722
202.90.76.21 - - [01/Dec/2005:19:47:35 -0800] "GET /movies/Meeting_Solo_Skald_Video1.rar HTTP/1.1" 206 480357
202.90.76.21 - - [01/Dec/2005:19:47:41 -0800] "GET /movies/Meeting_Solo_Skald_Video1.rar HTTP/1.1" 206 742445
202.90.76.21 - - [01/Dec/2005:19:47:44 -0800] "GET /movies/Meeting_Solo_Skald_Video1.rar HTTP/1.1" 206 968332
212.179.211.47 - - [01/Dec/2005:19:47:51 -0800] "GET /movies/Alte%20Feind.zip HTTP/1.1" 206 52564872
202.90.76.21 - - [01/Dec/2005:19:48:09 -0800] "GET /movies/Meeting_Solo_Skald_Video1.rar HTTP/1.1" 206 408256
212.179.211.47 - - [01/Dec/2005:19:48:13 -0800] "GET /movies/Alte%20Feind.zip HTTP/1.1" 206 52059576
212.179.211.47 - - [01/Dec/2005:19:49:00 -0800] "GET /movies/Alte%20Feind.zip HTTP/1.1" 206 51204348
202.90.76.21 - - [01/Dec/2005:19:49:12 -0800] "GET /movies/Meeting_Solo_Skald_Video1.rar HTTP/1.1" 206 596197
84.144.198.205 - - [01/Dec/2005:19:49:28 -0800] "GET /movies2/WaffenbundTheMovie.zip HTTP/1.1" 200 379691340
202.90.76.21 - - [01/Dec/2005:19:49:31 -0800] "GET /movies/Meeting_Solo_Skald_Video1.rar HTTP/1.1" 206 528440
202.90.76.21 - - [01/Dec/2005:19:49:52 -0800] "GET /movies/Meeting_Solo_Skald_Video1.rar HTTP/1.1" 206 480356
202.90.76.21 - - [01/Dec/2005:19:49:52 -0800] "GET /movies/Meeting_Solo_Skald_Video1.rar HTTP/1.1" 206 573544
202.90.76.21 - - [01/Dec/2005:19:50:18 -0800] "GET /movies/Meeting_Solo_Skald_Video1.rar HTTP/1.1" 206 435468
70.125.58.102 - - [01/Dec/2005:19:50:41 -0800] "GET /movies/Tjcombo.zip HTTP/1.1" 200 93118
128.226.223.109 - - [01/Dec/2005:19:50:49 -0800] "GET /movies/AdvSetzPlexxv2.zip HTTP/1.1" 200 182600381
202.90.76.21 - - [01/Dec/2005:19:50:59 -0800] "GET /movies/Meeting_Solo_Skald_Video1.rar HTTP/1.1" 206 358568
202.90.76.21 - - [01/Dec/2005:19:51:33 -0800] "GET /movies/Meeting_Solo_Skald_Video1.rar HTTP/1.1" 206 273592
202.90.76.21 - - [01/Dec/2005:19:52:05 -0800] "GET /movies/Meeting_Solo_Skald_Video1.rar HTTP/1.1" 206 687421
86.202.16.184 - - [01/Dec/2005:19:52:26 -0800] "GET /movies/GladricSoloRvrMovie3.zip HTTP/1.1" 200 201119338
202.90.76.21 - - [01/Dec/2005:19:52:55 -0800] "GET /movies/Meeting_Solo_Skald_Video1.rar HTTP/1.1" 206 839720
85.140.89.176 - - [01/Dec/2005:19:53:12 -0800] "GET /movies2/WaffenbundTheMovie.zip HTTP/1.0" 206 47453975
202.90.76.21 - - [01/Dec/2005:19:53:14 -0800] "GET /movies/Meeting_Solo_Skald_Video1.rar HTTP/1.1" 206 495136
202.90.76.21 - - [01/Dec/2005:19:53:21 -0800] "GET /movies/Meeting_Solo_Skald_Video1.rar HTTP/1.1" 206 519176
221.186.164.158 - - [01/Dec/2005:19:53:22 -0800] "GET /movies2/FUN.zip HTTP/1.1" 200 70694264
202.90.76.21 - - [01/Dec/2005:19:54:00 -0800] "GET /movies/Meeting_Solo_Skald_Video1.rar HTTP/1.1" 206 599091
85.140.89.176 - - [01/Dec/2005:19:54:06 -0800] "GET /movies2/WaffenbundTheMovie.zip HTTP/1.0" 206 47492512
202.90.76.21 - - [01/Dec/2005:19:54:18 -0800] "GET /movies/Meeting_Solo_Skald_Video1.rar HTTP/1.1" 206 494600
68.224.208.8 - - [01/Dec/2005:19:55:01 -0800] "GET /movies/Darksuno-SoloThane.rar HTTP/1.1" 200 142125112
80.144.75.245 - - [01/Dec/2005:19:55:13 -0800] "GET /movies2/rvr.zip HTTP/1.1" 200 327301124
80.130.194.123 - - [01/Dec/2005:19:55:20 -0800] "GET /movies/Exile.zip HTTP/1.1" 200 116487714
202.90.76.21 - - [01/Dec/2005:19:55:24 -0800] "GET /movies/Meeting_Solo_Skald_Video1.rar HTTP/1.1" 206 423648
202.90.76.21 - - [01/Dec/2005:19:55:31 -0800] "GET /movies/Meeting_Solo_Skald_Video1.rar HTTP/1.1" 206 474565
202.90.76.21 - - [01/Dec/2005:19:55:50 -0800] "GET /movies/Meeting_Solo_Skald_Video1.rar HTTP/1.1" 206 371757
24.52.248.105 - - [01/Dec/2005:19:56:18 -0800] "GET /favicon.ico HTTP/1.1" 404 283
202.90.76.21 - - [01/Dec/2005:19:56:31 -0800] "GET /movies/Meeting_Solo_Skald_Video1.rar HTTP/1.1" 206 1018856
82.207.248.238 - - [01/Dec/2005:19:57:11 -0800] "GET /movies/Maelstrom1.zip HTTP/1.1" 200 81878829
202.90.76.21 - - [01/Dec/2005:19:57:15 -0800] "GET /movies/Meeting_Solo_Skald_Video1.rar HTTP/1.1" 206 344544
202.90.76.21 - - [01/Dec/2005:19:57:50 -0800] "GET /movies/Meeting_Solo_Skald_Video1.rar HTTP/1.1" 206 624880
84.60.51.5 - - [01/Dec/2005:19:58:12 -0800] "GET /movies/Saifang2.zip HTTP/1.1" 200 190660462
202.90.76.21 - - [01/Dec/2005:19:58:15 -0800] "GET /movies/Meeting_Solo_Skald_Video1.rar HTTP/1.1" 206 559997
84.56.59.25 - - [01/Dec/2005:19:58:20 -0800] "GET /movies2/November.zip HTTP/1.1" 200 174875294
202.90.76.21 - - [01/Dec/2005:19:58:28 -0800] "GET /movies/Meeting_Solo_Skald_Video1.rar HTTP/1.1" 206 590405
202.90.76.21 - - [01/Dec/2005:19:59:23 -0800] "GET /movies/Meeting_Solo_Skald_Video1.rar HTTP/1.1" 206 906368
24.17.81.19 - - [01/Dec/2005:19:59:35 -0800] "GET /movies/Polo.zip HTTP/1.1" 200 135241876
202.90.76.21 - - [01/Dec/2005:19:59:44 -0800] "GET /movies/Meeting_Solo_Skald_Video1.rar HTTP/1.1" 206 719456
24.52.248.105 - - [01/Dec/2005:20:00:15 -0800] "GET /movies/Trinnara_Valkyrie_of_Percival.zip HTTP/1.1" 200 50674257
202.90.76.21 - - [01/Dec/2005:20:00:58 -0800] "GET /movies/Meeting_Solo_Skald_Video1.rar HTTP/1.1" 206 613872
202.90.76.21 - - [01/Dec/2005:20:00:58 -0800] "GET /movies/Meeting_Solo_Skald_Video1.rar HTTP/1.1" 206 448224
202.90.76.21 - - [01/Dec/2005:20:01:43 -0800] "GET /movies/Meeting_Solo_Skald_Video1.rar HTTP/1.1" 206 1075208
202.90.76.21 - - [01/Dec/2005:20:02:47 -0800] "GET /movies/Meeting_Solo_Skald_Video1.rar HTTP/1.1" 206 719276
202.90.76.21 - - [01/Dec/2005:20:03:01 -0800] "GET /movies/Meeting_Solo_Skald_Video1.rar HTTP/1.1" 206 482024
202.90.76.21 - - [01/Dec/2005:20:03:15 -0800] "GET /movies/Meeting_Solo_Skald_Video1.rar HTTP/1.1" 206 316576
68.217.244.159 - - [01/Dec/2005:20:03:21 -0800] "GET /movies2/WaffenbundTheMovie.zip HTTP/1.1" 200 379691340
202.90.76.21 - - [01/Dec/2005:20:03:29 -0800] "GET /movies/Meeting_Solo_Skald_Video1.rar HTTP/1.1" 206 449672
202.90.76.21 - - [01/Dec/2005:20:04:07 -0800] "GET /movies/Meeting_Solo_Skald_Video1.rar HTTP/1.1" 206 465877
64.184.139.43 - - [01/Dec/2005:20:04:56 -0800] "GET /movies/AmishParadise.zip HTTP/1.1" 200 43025780
82.66.206.43 - - [01/Dec/2005:20:04:57 -0800] "GET /movies2/legio_4.zip HTTP/1.1" 200 532469697
202.90.76.21 - - [01/Dec/2005:20:06:01 -0800] "GET /movies/Meeting_Solo_Skald_Video1.rar HTTP/1.1" 206 980136
202.90.76.21 - - [01/Dec/2005:20:06:34 -0800] "GET /movies/Meeting_Solo_Skald_Video1.rar HTTP/1.1" 206 781800
84.44.150.191 - - [01/Dec/2005:20:06:40 -0800] "GET /movies/bckt.zip HTTP/1.1" 200 187161463
202.90.76.21 - - [01/Dec/2005:20:07:01 -0800] "GET /movies/Meeting_Solo_Skald_Video1.rar HTTP/1.1" 206 730624
84.190.205.248 - - [01/Dec/2005:20:07:07 -0800] "GET /movies2/Absorbx_Gareth.zip HTTP/1.1" 200 342536526
24.17.81.19 - - [01/Dec/2005:20:07:39 -0800] "GET /movies2/masteryofmoic1.zip HTTP/1.1" 200 155493820
202.90.76.21 - - [01/Dec/2005:20:07:48 -0800] "GET /movies/Meeting_Solo_Skald_Video1.rar HTTP/1.1" 206 826568
128.226.223.109 - - [01/Dec/2005:20:08:08 -0800] "GET /movies/Leader.zip HTTP/1.1" 200 59604608
194.8.197.205 - - [01/Dec/2005:20:08:17 -0800] "GET /movies/Animists%20Kill%20Dragon%20CTftw.zip HTTP/1.1" 200 5564639
202.90.76.21 - - [01/Dec/2005:20:08:20 -0800] "GET /movies/Meeting_Solo_Skald_Video1.rar HTTP/1.1" 206 860864
80.143.126.13 - - [01/Dec/2005:20:08:24 -0800] "GET /movies2/Raila%20Memorial%20good.zip HTTP/1.1" 200 5797100
220.211.42.239 - - [01/Dec/2005:20:08:28 -0800] "GET /movies/maelstrom3.zip HTTP/1.1" 200 267380357
202.90.76.21 - - [01/Dec/2005:20:08:56 -0800] "GET /movies/Meeting_Solo_Skald_Video1.rar HTTP/1.1" 206 758096
165.190.89.154 - - [01/Dec/2005:20:09:19 -0800] "GET /movies2/FUN.zip HTTP/1.1" 200 412093813
84.136.242.187 - - [01/Dec/2005:20:09:21 -0800] "GET /movies2/walkingissues-c.zip HTTP/1.1" 200 77739468
202.90.76.21 - - [01/Dec/2005:20:09:24 -0800] "GET /movies/Meeting_Solo_Skald_Video1.rar HTTP/1.1" 206 932432
80.143.126.13 - - [01/Dec/2005:20:09:43 -0800] "GET /movies/Composite%20(Aug%2029)%20004.zip HTTP/1.1" 200 4176668
202.90.76.21 - - [01/Dec/2005:20:09:49 -0800] "GET /movies/Meeting_Solo_Skald_Video1.rar HTTP/1.1" 206 573028
68.162.190.12 - - [01/Dec/2005:20:10:00 -0800] "GET /movies2/Hib%20Merlin%20PuG.zip HTTP/1.1" 200 38392032
84.190.205.248 - - [01/Dec/2005:20:10:07 -0800] "GET /movies2/legio_4.zip HTTP/1.1" 200 532469697
202.90.76.21 - - [01/Dec/2005:20:10:09 -0800] "GET /movies/Meeting_Solo_Skald_Video1.rar HTTP/1.1" 206 663104
64.184.139.43 - - [01/Dec/2005:20:10:24 -0800] "GET /movies/AmishParadise.zip HTTP/1.1" 200 43025780
202.90.76.21 - - [01/Dec/2005:20:10:24 -0800] "GET /movies/Meeting_Solo_Skald_Video1.rar HTTP/1.1" 206 1189600
202.90.76.21 - - [01/Dec/2005:20:11:20 -0800] "GET /movies/Meeting_Solo_Skald_Video1.rar HTTP/1.1" 206 646876
202.90.76.21 - - [01/Dec/2005:20:11:54 -0800] "GET /movies/Meeting_Solo_Skald_Video1.rar HTTP/1.1" 206 460384
24.50.236.216 - - [01/Dec/2005:20:12:10 -0800] "GET /movies2/WaffenbundTheMovie.zip HTTP/1.1" 200 379691340
202.90.76.21 - - [01/Dec/2005:20:12:19 -0800] "GET /movies/Meeting_Solo_Skald_Video1.rar HTTP/1.1" 206 507867
84.59.109.65 - - [01/Dec/2005:20:12:32 -0800] "GET /movies2/Purified.zip HTTP/1.1" 200 12138496
84.59.109.65 - - [01/Dec/2005:20:12:33 -0800] "HEAD /movies2/Purified.zip HTTP/1.1" 200 0
202.90.76.21 - - [01/Dec/2005:20:12:43 -0800] "GET /movies/Meeting_Solo_Skald_Video1.rar HTTP/1.1" 206 364240
80.171.13.66 - - [01/Dec/2005:20:13:11 -0800] "GET /movies2/renamed_daoc.TR.tape-2.ausschnitte.ace HTTP/1.1" 200 86895906
202.90.76.21 - - [01/Dec/2005:20:13:57 -0800] "GET /movies/Meeting_Solo_Skald_Video1.rar HTTP/1.1" 206 506144
202.90.76.21 - - [01/Dec/2005:20:14:22 -0800] "GET /movies/Meeting_Solo_Skald_Video1.rar HTTP/1.1" 206 373008
202.90.76.21 - - [01/Dec/2005:20:14:49 -0800] "GET /movies/Meeting_Solo_Skald_Video1.rar HTTP/1.1" 206 420712
202.90.76.21 - - [01/Dec/2005:20:15:55 -0800] "GET /movies/Meeting_Solo_Skald_Video1.rar HTTP/1.1" 206 385088
202.90.76.21 - - [01/Dec/2005:20:16:21 -0800] "GET /movies/Meeting_Solo_Skald_Video1.rar HTTP/1.1" 206 413749
172.177.165.215 - - [01/Dec/2005:20:16:35 -0800] "GET /movies/Arctic%20Darkness%208v8%20movie%20Healer%20PoV.rar HTTP/1.1" 200 143808790
202.90.76.21 - - [01/Dec/2005:20:16:42 -0800] "GET /movies/Meeting_Solo_Skald_Video1.rar HTTP/1.1" 206 565789
202.90.76.21 - - [01/Dec/2005:20:16:47 -0800] "GET /movies/Meeting_Solo_Skald_Video1.rar HTTP/1.1" 206 537424
202.90.76.21 - - [01/Dec/2005:20:17:00 -0800] "GET /movies/Meeting_Solo_Skald_Video1.rar HTTP/1.1" 206 461832
202.90.76.21 - - [01/Dec/2005:20:17:00 -0800] "GET /movies/Meeting_Solo_Skald_Video1.rar HTTP/1.1" 206 1133405
202.90.76.21 - - [01/Dec/2005:20:17:25 -0800] "GET /movies/Meeting_Solo_Skald_Video1.rar HTTP/1.1" 206 962840
202.90.76.21 - - [01/Dec/2005:20:17:42 -0800] "GET /movies/Meeting_Solo_Skald_Video1.rar HTTP/1.1" 206 426780
202.90.76.21 - - [01/Dec/2005:20:18:13 -0800] "GET /movies/Meeting_Solo_Skald_Video1.rar HTTP/1.1" 206 751131
136.206.1.20 - - [01/Dec/2005:20:18:40 -0800] "GET /movies2/abstract.zip HTTP/1.0" 200 22905452
202.90.76.21 - - [01/Dec/2005:20:18:40 -0800] "GET /movies/Meeting_Solo_Skald_Video1.rar HTTP/1.1" 206 264604
62.143.6.75 - - [01/Dec/2005:20:18:49 -0800] "GET /movies/pug_0001.zip HTTP/1.1" 200 174779297
202.90.76.21 - - [01/Dec/2005:20:19:53 -0800] "GET /movies/Meeting_Solo_Skald_Video1.rar HTTP/1.1" 206 612123
202.90.76.21 - - [01/Dec/2005:20:19:58 -0800] "GET /movies/Meeting_Solo_Skald_Video1.rar HTTP/1.1" 206 708784
202.90.76.21 - - [01/Dec/2005:20:20:41 -0800] "GET /movies/Meeting_Solo_Skald_Video1.rar HTTP/1.1" 206 343096
202.90.76.21 - - [01/Dec/2005:20:21:07 -0800] "GET /movies/Meeting_Solo_Skald_Video1.rar HTTP/1.1" 206 995845
202.90.76.21 - - [01/Dec/2005:20:21:35 -0800] "GET /movies/Meeting_Solo_Skald_Video1.rar HTTP/1.1" 206 601712
202.90.76.21 - - [01/Dec/2005:20:21:54 -0800] "GET /movies/Meeting_Solo_Skald_Video1.rar HTTP/1.1" 206 768232
202.90.76.21 - - [01/Dec/2005:20:22:18 -0800] "GET /movies/Meeting_Solo_Skald_Video1.rar HTTP/1.1" 206 361304
202.90.76.21 - - [01/Dec/2005:20:22:35 -0800] "GET /movies/Meeting_Solo_Skald_Video1.rar HTTP/1.1" 206 490216
67.187.114.185 - - [01/Dec/2005:20:23:02 -0800] "GET /movies/Vid\xe9o%20No%20Release.zip HTTP/1.1" 200 360607400
202.90.76.21 - - [01/Dec/2005:20:23:13 -0800] "GET /movies/Meeting_Solo_Skald_Video1.rar HTTP/1.1" 206 1014928
202.90.76.21 - - [01/Dec/2005:20:23:42 -0800] "GET /movies/Meeting_Solo_Skald_Video1.rar HTTP/1.1" 206 369129
84.182.229.5 - - [01/Dec/2005:20:23:49 -0800] "GET /movies/SavageTheMovie.zip HTTP/1.1" 200 12434096
82.83.86.149 - - [01/Dec/2005:20:24:33 -0800] "GET /movies/YummiesDuoVideo.zip HTTP/1.1" 200 303218512
70.125.58.102 - - [01/Dec/2005:20:24:37 -0800] "GET /movies2/rylau3.zip HTTP/1.1" 200 202733626
202.90.76.21 - - [01/Dec/2005:20:24:43 -0800] "GET /movies/Meeting_Solo_Skald_Video1.rar HTTP/1.1" 206 547224
202.90.76.21 - - [01/Dec/2005:20:24:44 -0800] "GET /movies/Meeting_Solo_Skald_Video1.rar HTTP/1.1" 206 441520
202.90.76.21 - - [01/Dec/2005:20:25:21 -0800] "GET /movies/Meeting_Solo_Skald_Video1.rar HTTP/1.1" 206 651221
202.90.76.21 - - [01/Dec/2005:20:25:28 -0800] "GET /movies/Meeting_Solo_Skald_Video1.rar HTTP/1.1" 206 466108
24.21.21.225 - - [01/Dec/2005:20:25:46 -0800] "GET /movies/PD%20leirvik.zip HTTP/1.1" 200 12909357
202.90.76.21 - - [01/Dec/2005:20:25:53 -0800] "GET /movies/Meeting_Solo_Skald_Video1.rar HTTP/1.1" 206 435192
202.90.76.21 - - [01/Dec/2005:20:26:18 -0800] "GET /movies/Meeting_Solo_Skald_Video1.rar HTTP/1.1" 206 522072
202.90.76.21 - - [01/Dec/2005:20:26:23 -0800] "GET /movies/Meeting_Solo_Skald_Video1.rar HTTP/1.1" 206 235021
202.90.76.21 - - [01/Dec/2005:20:26:37 -0800] "GET /movies/Meeting_Solo_Skald_Video1.rar HTTP/1.1" 206 175799
202.90.76.21 - - [01/Dec/2005:20:26:46 -0800] "GET /movies/Meeting_Solo_Skald_Video1.rar HTTP/1.1" 206 193819
202.90.76.21 - - [01/Dec/2005:20:26:48 -0800] "GET /movies/Meeting_Solo_Skald_Video1.rar HTTP/1.1" 206 477184
24.21.21.225 - - [01/Dec/2005:20:26:52 -0800] "GET /movies/2%20Tage%20RVR%20-%20Logres%20Hib.zip HTTP/1.1" 200 36333229
202.90.76.21 - - [01/Dec/2005:20:27:01 -0800] "GET /movies/Meeting_Solo_Skald_Video1.rar HTTP/1.1" 206 385584
202.90.76.21 - - [01/Dec/2005:20:27:05 -0800] "GET /movies/Meeting_Solo_Skald_Video1.rar HTTP/1.1" 206 165574
202.90.76.21 - - [01/Dec/2005:20:27:07 -0800] "GET /movies/Meeting_Solo_Skald_Video1.rar HTTP/1.1" 206 110960
202.90.76.21 - - [01/Dec/2005:20:27:09 -0800] "GET /movies/Meeting_Solo_Skald_Video1.rar HTTP/1.1" 206 411575
84.60.51.5 - - [01/Dec/2005:20:27:10 -0800] "GET /movies2/Kalloth%20ARRVEEARR2.zip HTTP/1.1" 200 275737050
202.90.76.21 - - [01/Dec/2005:20:27:11 -0800] "GET /movies/Meeting_Solo_Skald_Video1.rar HTTP/1.1" 206 92363
202.90.76.21 - - [01/Dec/2005:20:27:24 -0800] "GET /movies/Meeting_Solo_Skald_Video1.rar HTTP/1.1" 206 68053
202.90.76.21 - - [01/Dec/2005:20:27:25 -0800] "GET /movies/Meeting_Solo_Skald_Video1.rar HTTP/1.1" 206 157158
202.90.76.21 - - [01/Dec/2005:20:27:50 -0800] "GET /movies/Meeting_Solo_Skald_Video1.rar HTTP/1.1" 206 27031
202.90.76.21 - - [01/Dec/2005:20:27:50 -0800] "GET /movies/Meeting_Solo_Skald_Video1.rar HTTP/1.1" 206 39323
202.90.76.21 - - [01/Dec/2005:20:27:53 -0800] "GET /movies/Meeting_Solo_Skald_Video1.rar HTTP/1.1" 206 19661
202.90.76.21 - - [01/Dec/2005:20:27:53 -0800] "GET /movies/Meeting_Solo_Skald_Video1.rar HTTP/1.1" 206 26495
202.90.76.21 - - [01/Dec/2005:20:27:53 -0800] "GET /movies/Meeting_Solo_Skald_Video1.rar HTTP/1.1" 206 42318
202.90.76.21 - - [01/Dec/2005:20:28:00 -0800] "GET /movies/Meeting_Solo_Skald_Video1.rar HTTP/1.1" 206 19660
202.90.76.21 - - [01/Dec/2005:20:28:00 -0800] "GET /movies/Meeting_Solo_Skald_Video1.rar HTTP/1.1" 206 13478
202.90.76.21 - - [01/Dec/2005:20:28:00 -0800] "GET /movies/Meeting_Solo_Skald_Video1.rar HTTP/1.1" 206 54060
202.90.76.21 - - [01/Dec/2005:20:28:02 -0800] "GET /movies/Meeting_Solo_Skald_Video1.rar HTTP/1.1" 206 13476
202.90.76.21 - - [01/Dec/2005:20:28:02 -0800] "GET /movies/Meeting_Solo_Skald_Video1.rar HTTP/1.1" 206 22631
202.90.76.21 - - [01/Dec/2005:20:28:03 -0800] "GET /movies/Meeting_Solo_Skald_Video1.rar HTTP/1.1" 206 8299
202.90.76.21 - - [01/Dec/2005:20:28:06 -0800] "GET /movies/Meeting_Solo_Skald_Video1.rar HTTP/1.1" 206 7469
202.90.76.21 - - [01/Dec/2005:20:28:06 -0800] "GET /movies/Meeting_Solo_Skald_Video1.rar HTTP/1.1" 206 9509
202.90.76.21 - - [01/Dec/2005:20:28:07 -0800] "GET /movies/Meeting_Solo_Skald_Video1.rar HTTP/1.1" 206 2467
202.90.76.21 - - [01/Dec/2005:20:28:07 -0800] "GET /movies/Meeting_Solo_Skald_Video1.rar HTTP/1.1" 206 17163
202.90.76.21 - - [01/Dec/2005:20:28:08 -0800] "GET /movies/Meeting_Solo_Skald_Video1.rar HTTP/1.1" 206 15743
202.90.76.21 - - [01/Dec/2005:20:28:08 -0800] "GET /movies/Meeting_Solo_Skald_Video1.rar HTTP/1.1" 206 10198
202.90.76.21 - - [01/Dec/2005:20:28:09 -0800] "GET /movies/Meeting_Solo_Skald_Video1.rar HTTP/1.1" 206 4093
202.90.76.21 - - [01/Dec/2005:20:28:11 -0800] "GET /movies/Meeting_Solo_Skald_Video1.rar HTTP/1.1" 206 3361
202.90.76.21 - - [01/Dec/2005:20:28:16 -0800] "GET /movies/Meeting_Solo_Skald_Video1.rar HTTP/1.1" 206 871536
202.90.76.21 - - [01/Dec/2005:20:28:18 -0800] "GET /movies/Meeting_Solo_Skald_Video1.rar HTTP/1.1" 206 958040
202.90.76.21 - - [01/Dec/2005:20:28:27 -0800] "GET /movies/Meeting_Solo_Skald_Video1.rar HTTP/1.1" 206 756648
202.90.76.21 - - [01/Dec/2005:20:28:46 -0800] "GET /movies/Meeting_Solo_Skald_Video1.rar HTTP/1.1" 206 503524
202.90.76.21 - - [01/Dec/2005:20:31:13 -0800] "GET /movies/Meeting_Solo_Skald_Video1.rar HTTP/1.1" 206 716104
202.90.76.21 - - [01/Dec/2005:20:31:17 -0800] "GET /movies/Meeting_Solo_Skald_Video1.rar HTTP/1.1" 206 16999
202.90.76.21 - - [01/Dec/2005:20:32:06 -0800] "GET /movies/Meeting_Solo_Skald_Video1.rar HTTP/1.1" 206 433368
69.40.82.145 - - [01/Dec/2005:20:32:08 -0800] "GET /movies/AChampsLife2.zip HTTP/1.1" 200 90159288
65.184.44.25 - - [01/Dec/2005:20:32:25 -0800] "GET /movies/mof.zip HTTP/1.1" 200 335293262
24.21.21.225 - - [01/Dec/2005:20:32:33 -0800] "GET /movies/AdNBombSquad-.zip HTTP/1.1" 200 106777054
202.90.76.21 - - [01/Dec/2005:20:32:52 -0800] "GET /movies/Meeting_Solo_Skald_Video1.rar HTTP/1.1" 206 39056
202.90.76.21 - - [01/Dec/2005:20:33:03 -0800] "GET /movies/Meeting_Solo_Skald_Video1.rar HTTP/1.1" 206 93743
67.189.214.248 - - [01/Dec/2005:20:36:01 -0800] "GET /movies/Tzimice_movie.zip HTTP/1.1" 200 119884783
67.189.214.248 - - [01/Dec/2005:20:36:34 -0800] "GET /movies/Tzimizepugs1.zip HTTP/1.1" 200 117648091
67.188.29.196 - - [01/Dec/2005:20:36:37 -0800] "GET /movies/MOLVIK.zip HTTP/1.1" 200 47273330
84.223.1.171 - - [01/Dec/2005:20:36:54 -0800] "GET /movies/StealthwarsEPISODE2.zip HTTP/1.1" 200 128861152
84.223.1.171 - - [01/Dec/2005:20:38:16 -0800] "GET /movies/StealthwarsEPISODE2.zip HTTP/1.1" 206 2296773
84.223.1.171 - - [01/Dec/2005:20:38:33 -0800] "GET /movies/StealthwarsEPISODE2.zip HTTP/1.1" 206 126517332
24.145.238.141 - - [01/Dec/2005:20:41:32 -0800] "GET /movies2/Swichx.zip HTTP/1.1" 200 251784234
67.80.115.242 - - [01/Dec/2005:20:42:53 -0800] "GET /movies/8v22.zip HTTP/1.1" 200 23913463
86.132.198.169 - - [01/Dec/2005:20:44:23 -0800] "GET /movies2/legio_3.zip HTTP/1.1" 200 34717018
213.39.152.46 - - [01/Dec/2005:20:45:14 -0800] "GET /movies/Ampz%20Mordred-1.zip HTTP/1.1" 200 122337763
82.228.174.162 - - [01/Dec/2005:20:46:30 -0800] "GET /movies/warriors.zip HTTP/1.1" 200 34335478
71.243.238.180 - - [01/Dec/2005:20:46:34 -0800] "GET /movies2/Raila%20Memorial%20good.zip HTTP/1.1" 200 24692536
84.172.199.56 - - [01/Dec/2005:20:46:38 -0800] "GET /movies2/WaffenbundTheMovie.zip HTTP/1.1" 200 379691340
67.188.29.196 - - [01/Dec/2005:20:46:48 -0800] "GET /movies/SF1Final.zip HTTP/1.1" 200 175598130
67.80.115.242 - - [01/Dec/2005:20:47:18 -0800] "GET /movies2/4vs4_random.zip HTTP/1.1" 200 78319623
136.206.1.20 - - [01/Dec/2005:20:47:36 -0800] "GET /movies2/November.zip HTTP/1.0" 200 174875294
82.55.196.111 - - [01/Dec/2005:20:47:54 -0800] "GET /favicon.ico HTTP/1.1" 404 283
71.243.238.180 - - [01/Dec/2005:20:48:46 -0800] "GET /movies2/November.zip HTTP/1.1" 200 514684
84.56.59.25 - - [01/Dec/2005:20:50:24 -0800] "GET /movies2/maelstrom_cluster1.zip HTTP/1.1" 200 322623100
85.124.177.98 - - [01/Dec/2005:20:52:11 -0800] "GET /movies/Gjwar-1.zip HTTP/1.1" 200 139641558
71.243.238.180 - - [01/Dec/2005:20:52:15 -0800] "GET /movies2/WaffenbundTheMovie.zip HTTP/1.1" 200 26614144
82.83.86.149 - - [01/Dec/2005:20:54:52 -0800] "GET /movies2/WaffenbundTheMovie.zip HTTP/1.1" 200 379691340
82.228.174.162 - - [01/Dec/2005:20:55:59 -0800] "GET /movies/AD_reumia.zip HTTP/1.1" 200 60627780
213.202.240.114 - - [01/Dec/2005:20:56:25 -0800] "GET /movies2/legio_4.zip HTTP/1.1" 200 532469697
84.165.232.224 - - [01/Dec/2005:20:57:09 -0800] "GET /movies2/Avalon%20Needs%20More%20Solo%20Tanks.zip HTTP/1.1" 200 111020541
213.39.152.46 - - [01/Dec/2005:20:59:21 -0800] "GET /movies/Daemoj.zip HTTP/1.1" 200 167102912
193.253.195.3 - - [01/Dec/2005:21:00:23 -0800] "GET /movies/RidlinTeeka.zip HTTP/1.1" 200 80878
193.253.195.3 - - [01/Dec/2005:21:00:41 -0800] "GET /movies/RidlinTeeka.zip HTTP/1.1" 200 64078
80.167.167.243 - - [01/Dec/2005:21:00:49 -0800] "GET /movies/Swiftdeathz_v2.zip HTTP/1.1" 200 64933521
193.253.195.3 - - [01/Dec/2005:21:00:51 -0800] "GET /movies/RidlinTeeka.zip HTTP/1.1" 200 57968
80.167.167.243 - - [01/Dec/2005:21:01:38 -0800] "GET /movies/Swiftdeathz_v1.zip HTTP/1.1" 200 72023252
82.55.196.111 - - [01/Dec/2005:21:02:46 -0800] "GET /movies/LixaMLF.v3.zip HTTP/1.1" 200 28307188
84.59.109.65 - - [01/Dec/2005:21:02:54 -0800] "GET /movies2/Purified.zip HTTP/1.1" 200 160426511
84.60.225.242 - - [01/Dec/2005:21:03:17 -0800] "GET /movies2/WaffenbundTheMovie.zip HTTP/1.1" 200 379691340
136.206.1.20 - - [01/Dec/2005:21:03:29 -0800] "GET /movies/NS.zip HTTP/1.0" 200 316884137
193.253.195.3 - - [01/Dec/2005:21:03:36 -0800] "GET /movies2/kewle_fights.zip HTTP/1.1" 200 75279
193.253.195.3 - - [01/Dec/2005:21:04:11 -0800] "GET /movies2/wallfight.zip HTTP/1.1" 200 64080
83.56.142.8 - - [01/Dec/2005:21:04:26 -0800] "GET /movies2/walkingissues-c.zip HTTP/1.1" 200 76583316
85.140.89.176 - - [01/Dec/2005:21:04:48 -0800] "GET /movies2/WaffenbundTheMovie.zip HTTP/1.0" 206 23727744
85.140.89.176 - - [01/Dec/2005:21:04:51 -0800] "GET /movies2/WaffenbundTheMovie.zip HTTP/1.0" 206 71262272
68.253.67.104 - - [01/Dec/2005:21:05:08 -0800] "GET /movies2/WaffenbundTheMovie.zip HTTP/1.1" 200 379691340
193.253.195.3 - - [01/Dec/2005:21:05:17 -0800] "GET /movies/Yla-AViewToAKill.zip HTTP/1.1" 200 61279
193.253.195.3 - - [01/Dec/2005:21:05:29 -0800] "GET /movies/AbsoluteZeroRVR1.zip HTTP/1.1" 200 75278
85.140.89.176 - - [01/Dec/2005:21:06:01 -0800] "GET /movies2/WaffenbundTheMovie.zip HTTP/1.0" 206 71425952
24.162.6.16 - - [01/Dec/2005:21:06:13 -0800] "GET /movies/Zanthid.zip HTTP/1.1" 200 120393499
80.171.13.66 - - [01/Dec/2005:21:06:52 -0800] "GET /movies2/ValiantGlory2.zip HTTP/1.1" 200 285631566
82.207.242.105 - - [01/Dec/2005:21:06:54 -0800] "HEAD /movies2/WaffenbundTheMovie.zip HTTP/1.1" 200 0
82.207.248.238 - - [01/Dec/2005:21:07:03 -0800] "GET /movies2/WaffenbundTheMovie.zip HTTP/1.1" 200 275909558
85.140.89.176 - - [01/Dec/2005:21:07:16 -0800] "GET /movies2/WaffenbundTheMovie.zip HTTP/1.0" 206 23506752
80.135.127.207 - - [01/Dec/2005:21:07:37 -0800] "GET /movies/swiftdeathz_v4.zip HTTP/1.1" 200 49656531
80.135.127.207 - - [01/Dec/2005:21:07:41 -0800] "GET /movies/stravok.zip HTTP/1.1" 200 50236270
136.206.1.20 - - [01/Dec/2005:21:08:17 -0800] "GET /movies2/maelstrom_cluster1.zip HTTP/1.0" 200 345369905
194.8.197.205 - - [01/Dec/2005:21:10:19 -0800] "GET /movies/Avalon_Sorc_Pzynom-1.zip HTTP/1.1" 200 134269920
62.143.6.75 - - [01/Dec/2005:21:10:57 -0800] "GET /movies2/A5D.zip HTTP/1.1" 200 296170793
