85.201.107.107 - - [01/Dec/2005:11:57:39 -0800] "GET /movies/For%20Science%20-%20Tower%20Camping%20101.zip HTTP/1.1" 200 12818
127.0.0.1 - - [01/Dec/2005:11:57:39 -0800] "GET /" 200 7
24.118.73.108 - - [01/Dec/2005:11:57:47 -0800] "GET /movies2/WaffenbundTheMovie.zip HTTP/1.1" 200 3221812
24.118.73.108 - - [01/Dec/2005:11:57:49 -0800] "GET /movies/Zek.zip HTTP/1.1" 200 4705292
80.58.47.42 - - [01/Dec/2005:11:57:53 -0800] "GET /movies2/nov01.zip HTTP/1.0" 206 125440
84.140.155.148 - - [01/Dec/2005:11:58:10 -0800] "GET /movies/renamed_Intoxication1.rar HTTP/1.1" 200 2447920
24.118.73.108 - - [01/Dec/2005:11:58:28 -0800] "GET /movies/Zek.zip HTTP/1.1" 206 9073092
84.130.78.161 - - [01/Dec/2005:11:58:55 -0800] "GET /movies2/FR5.zip HTTP/1.1" 206 671532
84.130.78.161 - - [01/Dec/2005:11:58:55 -0800] "GET /movies2/walkingissues-c.zip HTTP/1.1" 206 662952
84.130.78.161 - - [01/Dec/2005:11:58:55 -0800] "GET /movies2/FR5.zip HTTP/1.1" 206 616091
84.130.78.161 - - [01/Dec/2005:11:58:55 -0800] "GET /movies2/walkingissues-c.zip HTTP/1.1" 206 682752
84.130.78.161 - - [01/Dec/2005:11:58:55 -0800] "GET /movies2/walkingissues-c.zip HTTP/1.1" 206 765912
84.130.78.161 - - [01/Dec/2005:11:58:55 -0800] "GET /movies2/FR5.zip HTTP/1.1" 206 648320
84.130.78.161 - - [01/Dec/2005:11:58:55 -0800] "GET /movies2/FR5.zip HTTP/1.1" 206 699252
84.130.78.161 - - [01/Dec/2005:11:58:55 -0800] "GET /movies2/FR5.zip HTTP/1.1" 206 651731
84.130.78.161 - - [01/Dec/2005:11:58:55 -0800] "GET /movies2/walkingissues-c.zip HTTP/1.1" 206 722352
84.130.78.161 - - [01/Dec/2005:11:58:55 -0800] "GET /movies2/walkingissues-c.zip HTTP/1.1" 206 731592
172.186.32.141 - - [01/Dec/2005:11:59:17 -0800] "GET /movies2/Obso.zip HTTP/1.1" 206 3874816
81.228.244.236 - - [01/Dec/2005:11:59:22 -0800] "GET /movies2/Defiance-v1.zip HTTP/1.1" 200 167896
172.186.32.141 - - [01/Dec/2005:11:59:33 -0800] "GET /movies2/Obso.zip HTTP/1.1" 206 3000256
24.118.73.108 - - [01/Dec/2005:12:01:23 -0800] "GET /movies2/WaffenbundTheMovie.zip HTTP/1.1" 206 21411104
172.186.32.141 - - [01/Dec/2005:12:01:32 -0800] "GET /movies2/Obso.zip HTTP/1.1" 206 9078560
172.186.32.141 - - [01/Dec/2005:12:02:00 -0800] "GET /movies2/Obso.zip HTTP/1.1" 206 9736528
172.186.32.141 - - [01/Dec/2005:12:02:01 -0800] "GET /movies2/Obso.zip HTTP/1.1" 206 9449248
83.109.200.238 - - [01/Dec/2005:12:02:41 -0800] "GET /movies/thid%20vid%201.zip HTTP/1.1" 200 14063707
84.140.155.148 - - [01/Dec/2005:12:02:43 -0800] "GET /movies/Black_Out-No_Challenge.zip HTTP/1.1" 206 9357228
172.186.32.141 - - [01/Dec/2005:12:02:44 -0800] "GET /movies2/Obso.zip HTTP/1.1" 206 9865264
84.140.155.148 - - [01/Dec/2005:12:02:45 -0800] "GET /movies/Black_Out-No_Challenge.zip HTTP/1.1" 206 9061620
172.186.32.141 - - [01/Dec/2005:12:02:52 -0800] "GET /movies2/Obso.zip HTTP/1.1" 206 2088614
172.186.32.141 - - [01/Dec/2005:12:02:53 -0800] "GET /movies2/Obso.zip HTTP/1.1" 206 9327952
84.140.155.148 - - [01/Dec/2005:12:02:58 -0800] "GET /movies/Black_Out-No_Challenge.zip HTTP/1.1" 206 9463789
84.140.155.148 - - [01/Dec/2005:12:03:01 -0800] "GET /movies/Black_Out-No_Challenge.zip HTTP/1.1" 206 9567276
84.140.155.148 - - [01/Dec/2005:12:03:02 -0800] "GET /movies/Black_Out-No_Challenge.zip HTTP/1.1" 206 8637780
84.140.155.148 - - [01/Dec/2005:12:03:02 -0800] "GET /movies/Black_Out-No_Challenge.zip HTTP/1.1" 206 304488
84.140.155.148 - - [01/Dec/2005:12:03:03 -0800] "GET /movies/Black_Out-No_Challenge.zip HTTP/1.1" 206 732004
172.186.32.141 - - [01/Dec/2005:12:03:04 -0800] "GET /movies2/Obso.zip HTTP/1.1" 206 1310192
84.140.155.148 - - [01/Dec/2005:12:03:05 -0800] "GET /movies/Black_Out-No_Challenge.zip HTTP/1.1" 206 9480056
84.140.155.148 - - [01/Dec/2005:12:03:06 -0800] "GET /movies/Black_Out-No_Challenge.zip HTTP/1.1" 206 8638060
172.186.32.141 - - [01/Dec/2005:12:03:06 -0800] "GET /movies2/Obso.zip HTTP/1.1" 206 2013085
172.186.32.141 - - [01/Dec/2005:12:03:06 -0800] "GET /movies2/Obso.zip HTTP/1.1" 206 7179648
84.140.155.148 - - [01/Dec/2005:12:03:07 -0800] "GET /movies/Black_Out-No_Challenge.zip HTTP/1.1" 206 9489712
84.140.155.148 - - [01/Dec/2005:12:03:09 -0800] "GET /movies/Black_Out-No_Challenge.zip HTTP/1.1" 206 680050
172.186.32.141 - - [01/Dec/2005:12:03:10 -0800] "GET /movies2/Obso.zip HTTP/1.1" 206 349904
172.186.32.141 - - [01/Dec/2005:12:03:10 -0800] "GET /movies2/Obso.zip HTTP/1.1" 206 4605344
172.186.32.141 - - [01/Dec/2005:12:03:11 -0800] "GET /movies2/Obso.zip HTTP/1.1" 206 535494
172.186.32.141 - - [01/Dec/2005:12:03:12 -0800] "GET /movies2/Obso.zip HTTP/1.1" 206 8220384
172.186.32.141 - - [01/Dec/2005:12:03:16 -0800] "GET /movies2/Obso.zip HTTP/1.1" 206 954374
83.109.200.238 - - [01/Dec/2005:12:03:49 -0800] "GET /movies/cgrvr.rar HTTP/1.1" 200 16206372
83.109.200.238 - - [01/Dec/2005:12:03:50 -0800] "GET /movies/Alcx%20Mord.zip HTTP/1.1" 200 17603360
84.140.155.148 - - [01/Dec/2005:12:04:06 -0800] "GET /movies/Incomparable.rar HTTP/1.1" 200 50503
80.58.47.42 - - [01/Dec/2005:12:04:08 -0800] "GET /movies2/nov01.zip HTTP/1.0" 206 9387000
84.140.155.148 - - [01/Dec/2005:12:04:21 -0800] "GET /movies/Incomparable.rar HTTP/1.1" 206 31566
84.145.230.22 - - [01/Dec/2005:12:04:24 -0800] "GET /movies/Lothrene%20Solo%20Video.zip HTTP/1.1" 200 22157403
80.58.47.42 - - [01/Dec/2005:12:04:52 -0800] "GET /movies2/nov01.zip HTTP/1.0" 206 9311352
83.198.86.70 - - [01/Dec/2005:12:05:16 -0800] "GET /movies/Ciliviel's%20Fourth.zip HTTP/1.1" 200 986024
172.186.32.141 - - [01/Dec/2005:12:05:39 -0800] "GET /movies2/TdkBomB2.zip HTTP/1.1" 200 226016
84.130.101.22 - - [01/Dec/2005:12:05:44 -0800] "GET /movies/maelstrom3.zip HTTP/1.1" 206 16011516
84.130.101.22 - - [01/Dec/2005:12:05:44 -0800] "GET /movies/maelstrom3.zip HTTP/1.1" 206 13161132
84.130.101.22 - - [01/Dec/2005:12:05:44 -0800] "GET /movies/maelstrom3.zip HTTP/1.1" 206 15180512
84.130.101.22 - - [01/Dec/2005:12:05:44 -0800] "GET /movies/maelstrom3.zip HTTP/1.1" 206 12471156
80.58.47.42 - - [01/Dec/2005:12:06:05 -0800] "GET /movies2/nov01.zip HTTP/1.0" 206 3099016
84.167.96.66 - - [01/Dec/2005:12:06:07 -0800] "GET /movies2/rvr.zip HTTP/1.0" 206 4663840
84.167.96.66 - - [01/Dec/2005:12:06:07 -0800] "GET /movies2/rvr.zip HTTP/1.0" 206 4675331
84.167.96.66 - - [01/Dec/2005:12:06:07 -0800] "GET /movies2/rvr.zip HTTP/1.0" 206 3911104
84.167.96.66 - - [01/Dec/2005:12:06:07 -0800] "GET /movies2/rvr.zip HTTP/1.0" 206 4454432
84.167.96.66 - - [01/Dec/2005:12:06:07 -0800] "GET /movies2/rvr.zip HTTP/1.0" 206 4661568
84.167.96.66 - - [01/Dec/2005:12:06:07 -0800] "GET /movies2/rvr.zip HTTP/1.0" 206 4610944
84.167.96.66 - - [01/Dec/2005:12:06:07 -0800] "GET /movies2/rvr.zip HTTP/1.0" 206 4027332
84.167.96.66 - - [01/Dec/2005:12:06:12 -0800] "GET /movies2/maelstrom_cluster1.zip HTTP/1.0" 206 5036960
84.167.96.66 - - [01/Dec/2005:12:06:12 -0800] "GET /movies2/maelstrom_cluster1.zip HTTP/1.0" 206 4819648
84.167.96.66 - - [01/Dec/2005:12:06:12 -0800] "GET /movies2/maelstrom_cluster1.zip HTTP/1.0" 206 4682912
84.167.96.66 - - [01/Dec/2005:12:06:12 -0800] "GET /movies2/maelstrom_cluster1.zip HTTP/1.0" 206 4132000
84.167.96.66 - - [01/Dec/2005:12:06:12 -0800] "GET /movies2/maelstrom_cluster1.zip HTTP/1.0" 206 5043648
84.167.96.66 - - [01/Dec/2005:12:06:12 -0800] "GET /movies2/maelstrom_cluster1.zip HTTP/1.0" 206 3953891
84.167.96.66 - - [01/Dec/2005:12:06:12 -0800] "GET /movies2/maelstrom_cluster1.zip HTTP/1.0" 206 4161216
80.58.47.42 - - [01/Dec/2005:12:06:29 -0800] "GET /movies2/nov01.zip HTTP/1.0" 206 2000952
80.58.47.42 - - [01/Dec/2005:12:06:37 -0800] "GET /movies2/nov01.zip HTTP/1.0" 206 920312
80.58.47.42 - - [01/Dec/2005:12:06:38 -0800] "GET /movies2/nov01.zip HTTP/1.0" 206 404824
80.58.47.42 - - [01/Dec/2005:12:06:39 -0800] "GET /movies2/nov01.zip HTTP/1.0" 206 100328
80.58.47.42 - - [01/Dec/2005:12:06:39 -0800] "GET /movies2/nov01.zip HTTP/1.0" 206 19888
80.58.47.42 - - [01/Dec/2005:12:06:40 -0800] "GET /movies2/nov01.zip HTTP/1.0" 206 12843384
84.140.155.148 - - [01/Dec/2005:12:07:29 -0800] "GET /movies2/masteryofmoic1.zip HTTP/1.1" 200 15651
84.140.155.148 - - [01/Dec/2005:12:08:14 -0800] "GET /movies/Newb3.zip HTTP/1.1" 200 15649
84.140.155.148 - - [01/Dec/2005:12:09:01 -0800] "GET /movies/Polo.zip HTTP/1.1" 200 15650
65.24.123.20 - - [01/Dec/2005:12:09:12 -0800] "GET /movies/Alb-Merlin.zip HTTP/1.1" 200 98958
84.120.134.204 - - [01/Dec/2005:12:09:14 -0800] "GET /movies/Frozen.zip HTTP/1.1" 200 12819
216.201.32.90 - - [01/Dec/2005:12:09:45 -0800] "GET /movies2/song2.zip HTTP/1.1" 206 1630493
83.77.11.169 - - [01/Dec/2005:12:10:34 -0800] "GET /movies2/legio_4.zip HTTP/1.1" 200 564736
84.140.155.148 - - [01/Dec/2005:12:10:40 -0800] "GET /movies/Trial%20by%20Fire%20-%20Playing%20Eev%204-1%20and%204-2%20'05.zip HTTP/1.1" 200 15650
80.58.47.42 - - [01/Dec/2005:12:11:17 -0800] "GET /movies2/TDK3.zip HTTP/1.0" 200 271528
65.24.123.20 - - [01/Dec/2005:12:11:34 -0800] "GET /movies2/Raila%20Memorial%20good.zip HTTP/1.1" 200 24692536
84.140.155.148 - - [01/Dec/2005:12:11:35 -0800] "GET /movies/The%20Lone%20Shaman%20-%20Part1.zip HTTP/1.1" 200 15650
82.55.86.37 - - [01/Dec/2005:12:11:48 -0800] "GET /movies2/renamed_daoc.TR.tape-2.ausschnitte.ace HTTP/1.1" 200 59820
82.55.86.37 - - [01/Dec/2005:12:11:49 -0800] "GET /movies2/renamed_daoc.TR.tape-2.ausschnitte.ace HTTP/1.1" 206 19707
212.143.22.168 - - [01/Dec/2005:12:11:50 -0800] "GET /movies2/renamed_daoc.TR.tape-2.ausschnitte.ace HTTP/1.1" 206 21559
84.162.100.200 - - [01/Dec/2005:12:12:02 -0800] "GET /movies2/bts6.zip HTTP/1.1" 200 3346732
81.139.191.135 - - [01/Dec/2005:12:13:44 -0800] "GET /movies2/Raila%20Memorial%20good.zip HTTP/1.1" 200 24692536
172.186.32.141 - - [01/Dec/2005:12:14:06 -0800] "GET /movies2/TdkBomB2.zip HTTP/1.1" 206 21126624
83.32.208.65 - - [01/Dec/2005:12:14:07 -0800] "GET /movies/DarthVon1.zip HTTP/1.1" 200 15518
83.32.208.65 - - [01/Dec/2005:12:14:09 -0800] "GET /movies/DarthVon1.zip HTTP/1.1" 206 16939
172.186.32.141 - - [01/Dec/2005:12:14:38 -0800] "GET /movies2/TdkBomB2.zip HTTP/1.1" 206 21247712
84.120.134.204 - - [01/Dec/2005:12:14:51 -0800] "GET /movies/PD%20leirvik.zip HTTP/1.1" 200 12909357
213.113.96.32 - - [01/Dec/2005:12:14:54 -0800] "GET /movies2/Raila%20Memorial%20good.zip HTTP/1.1" 200 24692536
69.250.86.32 - - [01/Dec/2005:12:15:03 -0800] "GET /movies2/Raila%20Memorial%20good.zip HTTP/1.1" 200 24692536
83.135.136.193 - - [01/Dec/2005:12:15:14 -0800] "GET /movies/Exile.zip HTTP/1.1" 206 39416168
83.135.136.193 - - [01/Dec/2005:12:15:17 -0800] "GET /movies/Exile.zip HTTP/1.1" 206 238165
83.135.136.193 - - [01/Dec/2005:12:15:25 -0800] "GET /movies/Exile.zip HTTP/1.1" 206 38952457
83.32.208.65 - - [01/Dec/2005:12:16:42 -0800] "GET /movies/noxvshunters.zip HTTP/1.1" 200 15519
83.32.208.65 - - [01/Dec/2005:12:16:43 -0800] "GET /movies/noxvshunters.zip HTTP/1.1" 206 15502
81.228.244.236 - - [01/Dec/2005:12:17:06 -0800] "GET /movies2/Defiance-v1.zip HTTP/1.1" 200 76459088
86.200.228.235 - - [01/Dec/2005:12:17:42 -0800] "GET /movies/HexruneMord2.zip HTTP/1.1" 200 11504596
172.186.32.141 - - [01/Dec/2005:12:18:02 -0800] "GET /movies2/TdkBomB2.zip HTTP/1.1" 206 8409340
172.186.32.141 - - [01/Dec/2005:12:18:52 -0800] "GET /movies2/TdkBomB2.zip HTTP/1.1" 206 33671893
84.4.109.142 - - [01/Dec/2005:12:19:00 -0800] "GET /movies/renamed_Intoxication1.rar HTTP/1.1" 200 560240
83.32.208.65 - - [01/Dec/2005:12:19:16 -0800] "GET /movies/DarthVon1.zip HTTP/1.1" 206 5297056
83.32.208.65 - - [01/Dec/2005:12:19:16 -0800] "GET /movies/DarthVon1.zip HTTP/1.1" 206 6071136
83.32.208.65 - - [01/Dec/2005:12:19:17 -0800] "GET /movies/DarthVon1.zip HTTP/1.1" 206 5546976
83.32.208.65 - - [01/Dec/2005:12:19:17 -0800] "GET /movies/DarthVon1.zip HTTP/1.1" 206 5308933
85.124.110.56 - - [01/Dec/2005:12:19:21 -0800] "GET /movies2/kewle_fights.zip HTTP/1.1" 206 8877696
85.124.110.56 - - [01/Dec/2005:12:19:25 -0800] "GET /movies2/CloakedkillerTheCritblade.zip HTTP/1.1" 206 6936768
85.124.110.56 - - [01/Dec/2005:12:19:29 -0800] "GET /movies2/November.zip HTTP/1.1" 206 7510896
172.186.32.141 - - [01/Dec/2005:12:19:32 -0800] "GET /movies2/TdkBomB2.zip HTTP/1.1" 206 11213680
172.186.32.141 - - [01/Dec/2005:12:19:37 -0800] "GET /movies2/TdkBomB2.zip HTTP/1.1" 206 1521568
172.186.32.141 - - [01/Dec/2005:12:19:40 -0800] "GET /movies2/TdkBomB2.zip HTTP/1.1" 200 36569280
84.147.86.220 - - [01/Dec/2005:12:19:42 -0800] "GET /movies2/Gimp_and_Run_DivX.zip HTTP/1.1" 200 123204
172.186.32.141 - - [01/Dec/2005:12:19:47 -0800] "GET /movies2/TdkBomB2.zip HTTP/1.1" 206 496032
172.186.32.141 - - [01/Dec/2005:12:19:49 -0800] "GET /movies2/TdkBomB2.zip HTTP/1.1" 206 31459376
172.186.32.141 - - [01/Dec/2005:12:19:50 -0800] "GET /movies2/TdkBomB2.zip HTTP/1.1" 206 419328
172.186.32.141 - - [01/Dec/2005:12:19:50 -0800] "GET /movies2/TdkBomB2.zip HTTP/1.1" 206 359360
172.186.32.141 - - [01/Dec/2005:12:19:52 -0800] "GET /movies2/TdkBomB2.zip HTTP/1.1" 206 3528864
69.250.86.32 - - [01/Dec/2005:12:20:33 -0800] "GET /movies2/Increased_Rage.zip HTTP/1.1" 200 25658693
82.242.124.37 - - [01/Dec/2005:12:20:47 -0800] "GET /favicon.ico HTTP/1.1" 404 283
195.2.112.7 - - [01/Dec/2005:12:21:53 -0800] "GET /movies2/Wanshee-2.zip HTTP/1.1" 206 62148754
82.242.124.37 - - [01/Dec/2005:12:22:07 -0800] "GET /movies/Severed.zip HTTP/1.1" 200 2242238
82.242.124.37 - - [01/Dec/2005:12:22:07 -0800] "GET /movies2/Absorbx_Gareth.zip HTTP/1.1" 200 2461868
83.109.200.238 - - [01/Dec/2005:12:22:45 -0800] "GET /movies/cgrvr.rar HTTP/1.1" 200 78569244
210.206.191.154 - - [01/Dec/2005:12:22:47 -0800] "GET /movies/A%20Life%20in%20Danger.zip HTTP/1.1" 200 202144
84.145.230.22 - - [01/Dec/2005:12:22:49 -0800] "GET /movies/RvR_Movie.zip HTTP/1.1" 200 64377575
213.54.95.127 - - [01/Dec/2005:12:22:57 -0800] "GET /movies2/raabes%20abschiedsvid.zip HTTP/1.1" 206 27476933
80.108.143.87 - - [01/Dec/2005:12:23:31 -0800] "GET /favicon.ico HTTP/1.1" 404 283
213.54.95.127 - - [01/Dec/2005:12:24:12 -0800] "GET /movies2/raabes%20abschiedsvid.zip HTTP/1.1" 206 27260319
213.54.95.127 - - [01/Dec/2005:12:24:19 -0800] "GET /movies2/raabes%20abschiedsvid.zip HTTP/1.1" 206 26957957
213.54.95.127 - - [01/Dec/2005:12:24:21 -0800] "GET /movies2/raabes%20abschiedsvid.zip HTTP/1.1" 206 26931869
213.54.95.127 - - [01/Dec/2005:12:24:30 -0800] "GET /movies2/raabes%20abschiedsvid.zip HTTP/1.1" 206 27376432
83.32.208.65 - - [01/Dec/2005:12:24:43 -0800] "GET /movies/noxvshunters.zip HTTP/1.1" 206 11075881
65.69.204.140 - - [01/Dec/2005:12:24:43 -0800] "GET /movies2/Raila%20Memorial%20good.zip HTTP/1.1" 200 580770
195.2.112.7 - - [01/Dec/2005:12:24:56 -0800] "GET /movies2/Wanshee-2.zip HTTP/1.1" 206 62254484
213.54.95.127 - - [01/Dec/2005:12:24:58 -0800] "GET /movies2/raabes%20abschiedsvid.zip HTTP/1.1" 206 27241910
83.32.208.65 - - [01/Dec/2005:12:25:10 -0800] "GET /movies/noxvshunters.zip HTTP/1.1" 206 11075883
83.32.208.65 - - [01/Dec/2005:12:25:16 -0800] "GET /movies/noxvshunters.zip HTTP/1.1" 206 11075881
83.32.208.65 - - [01/Dec/2005:12:25:26 -0800] "GET /movies/noxvshunters.zip HTTP/1.1" 206 11075881
83.32.208.65 - - [01/Dec/2005:12:25:38 -0800] "GET /movies/noxzerg.zip HTTP/1.1" 200 15518
83.32.208.65 - - [01/Dec/2005:12:25:39 -0800] "GET /movies/noxzerg.zip HTTP/1.1" 206 16939
213.54.95.127 - - [01/Dec/2005:12:25:46 -0800] "GET /movies2/raabes%20abschiedsvid.zip HTTP/1.1" 206 27549184
81.139.191.135 - - [01/Dec/2005:12:26:08 -0800] "GET /movies2/Raila%20Memorial%20good.zip HTTP/1.1" 200 471576
86.196.66.16 - - [01/Dec/2005:12:26:12 -0800] "GET /movies2/legio_3.zip HTTP/1.1" 200 163032
84.162.100.200 - - [01/Dec/2005:12:26:14 -0800] "GET /movies/Paysans.zip HTTP/1.1" 200 18360043
81.139.191.135 - - [01/Dec/2005:12:26:22 -0800] "GET /movies2/Raila%20Memorial%20good.zip HTTP/1.1" 200 416260
84.140.155.148 - - [01/Dec/2005:12:26:31 -0800] "GET /movies/whoelse2.zip HTTP/1.1" 206 56607284
172.186.32.141 - - [01/Dec/2005:12:26:52 -0800] "GET /movies2/TDK3.zip HTTP/1.1" 206 147008
84.140.155.148 - - [01/Dec/2005:12:27:42 -0800] "GET /movies/whoelse2.zip HTTP/1.1" 206 1614039
84.140.155.148 - - [01/Dec/2005:12:27:43 -0800] "GET /movies/whoelse2.zip HTTP/1.1" 206 55083184
82.122.197.18 - - [01/Dec/2005:12:27:54 -0800] "GET /movies/1NightofOdyssey.zip HTTP/1.1" 200 36079
81.139.191.135 - - [01/Dec/2005:12:28:07 -0800] "GET /movies2/Raila%20Memorial%20good.zip HTTP/1.1" 200 2863464
81.139.191.135 - - [01/Dec/2005:12:28:13 -0800] "GET /movies2/Raila%20Memorial%20good.zip HTTP/1.1" 200 186148
82.54.99.186 - - [01/Dec/2005:12:28:21 -0800] "GET /movies2/Raila%20Memorial%20good.zip HTTP/1.1" 200 983740
82.122.197.18 - - [01/Dec/2005:12:28:49 -0800] "GET /movies/pug_0001.zip HTTP/1.1" 200 29078
85.182.56.78 - - [01/Dec/2005:12:28:59 -0800] "GET /movies/15_Priests_do_Blackrock_Spire_low_Remake.zip HTTP/1.1" 404 323
85.182.56.78 - - [01/Dec/2005:12:29:03 -0800] "GET /movies/15_Priests_do_Blackrock_Spire_low_Remake.zip HTTP/1.1" 404 323
85.182.56.78 - - [01/Dec/2005:12:29:24 -0800] "GET /movies/wow_action.zip HTTP/1.1" 200 303148
65.69.204.140 - - [01/Dec/2005:12:29:41 -0800] "GET /movies2/Raila%20Memorial%20good.zip HTTP/1.1" 200 24692536
82.122.197.18 - - [01/Dec/2005:12:29:42 -0800] "GET /movies/Dhaz-MerlinsSoloSavageVid2.zip HTTP/1.1" 200 125528
69.250.86.32 - - [01/Dec/2005:12:30:10 -0800] "GET /movies2/kewle_fights.zip HTTP/1.1" 200 131789614
210.206.191.154 - - [01/Dec/2005:12:31:15 -0800] "GET /movies/renamed_Bumsenvollstndigkeit.zip HTTP/1.1" 200 163088
80.121.114.187 - - [01/Dec/2005:12:31:58 -0800] "GET /movies2/renamed_daoc.TR.tape-2.ausschnitte.ace HTTP/1.1" 200 171956
85.182.56.78 - - [01/Dec/2005:12:32:03 -0800] "GET /movies/2%20Tage%20RVR%20-%20Logres%20Hib.zip HTTP/1.1" 200 118632
82.58.14.179 - - [01/Dec/2005:12:32:07 -0800] "GET /movies/Grimwart%202%20Final%20Cut.zip HTTP/1.1" 200 12747
80.121.114.187 - - [01/Dec/2005:12:32:07 -0800] "GET /movies2/renamed_daoc.TR.tape-2.ausschnitte.ace HTTP/1.1" 200 325740
82.58.14.179 - - [01/Dec/2005:12:32:08 -0800] "GET /movies/Grimwart%202%20Final%20Cut.zip HTTP/1.1" 206 17086
83.193.210.61 - - [01/Dec/2005:12:32:19 -0800] "GET /movies/LixaMLF.v1.zip HTTP/1.1" 200 40863314
82.231.255.123 - - [01/Dec/2005:12:32:52 -0800] "GET /movies2/Raila%20Memorial%20good.zip HTTP/1.1" 200 24692536
85.201.16.82 - - [01/Dec/2005:12:33:27 -0800] "GET /movies/noxvshunters.zip HTTP/1.1" 200 44303526
83.112.162.54 - - [01/Dec/2005:12:33:44 -0800] "GET /movies/hattrick.zip HTTP/1.0" 206 8808272
65.69.204.140 - - [01/Dec/2005:12:33:45 -0800] "GET /movies/PD%20leirvik.zip HTTP/1.1" 200 12909357
72.38.220.245 - - [01/Dec/2005:12:34:06 -0800] "GET /movies2/Purified.zip HTTP/1.1" 200 1528764
72.38.220.245 - - [01/Dec/2005:12:34:33 -0800] "GET /movies2/Purified.zip HTTP/1.1" 206 1663584
83.112.162.54 - - [01/Dec/2005:12:35:47 -0800] "GET /movies/hattrick.zip HTTP/1.0" 206 9727628
82.122.197.18 - - [01/Dec/2005:12:36:36 -0800] "GET /movies/1NightofOdyssey.zip HTTP/1.1" 206 14330704
62.99.207.110 - - [01/Dec/2005:12:36:47 -0800] "GET /movies2/rvr.zip HTTP/1.1" 200 497438
62.99.207.110 - - [01/Dec/2005:12:36:48 -0800] "GET /movies2/November.zip HTTP/1.1" 200 1542736
82.122.197.18 - - [01/Dec/2005:12:36:52 -0800] "GET /movies/1NightofOdyssey.zip HTTP/1.1" 200 14352952
82.122.197.18 - - [01/Dec/2005:12:36:55 -0800] "GET /movies/1NightofOdyssey.zip HTTP/1.1" 206 14307122
82.122.197.18 - - [01/Dec/2005:12:37:02 -0800] "GET /movies/1NightofOdyssey.zip HTTP/1.1" 206 13740384
82.122.197.18 - - [01/Dec/2005:12:37:10 -0800] "GET /movies/1NightofOdyssey.zip HTTP/1.1" 206 639952
84.170.209.8 - - [01/Dec/2005:12:37:15 -0800] "GET /movies/Nukey_v1.zip HTTP/1.1" 200 2597548
65.69.204.140 - - [01/Dec/2005:12:37:56 -0800] "GET /movies/LittleHo2.zip HTTP/1.1" 200 150244
83.112.162.54 - - [01/Dec/2005:12:38:55 -0800] "GET /movies/hattrick.zip HTTP/1.0" 206 10549723
83.112.162.54 - - [01/Dec/2005:12:39:03 -0800] "GET /movies/hattrick.zip HTTP/1.0" 206 9820508
83.112.162.54 - - [01/Dec/2005:12:39:05 -0800] "GET /movies/hattrick.zip HTTP/1.0" 206 9788488
83.112.162.54 - - [01/Dec/2005:12:40:07 -0800] "GET /movies/hattrick.zip HTTP/1.0" 206 10358872
83.112.162.54 - - [01/Dec/2005:12:40:08 -0800] "GET /movies/hattrick.zip HTTP/1.0" 206 9718236
83.112.162.54 - - [01/Dec/2005:12:40:28 -0800] "GET /movies/hattrick.zip HTTP/1.0" 206 10704988
84.137.103.141 - - [01/Dec/2005:12:41:10 -0800] "GET /movies/sc-tribute-divx.zip HTTP/1.1" 200 15108128
210.206.191.154 - - [01/Dec/2005:12:41:20 -0800] "GET /movies/BladeshadeVol.2.zip HTTP/1.1" 200 7811344
210.206.191.154 - - [01/Dec/2005:12:41:22 -0800] "GET /movies2/A%20Mostly%20Solo%20Shade.zip HTTP/1.1" 200 24946024
210.206.191.154 - - [01/Dec/2005:12:41:24 -0800] "GET /movies/Another%20Contender.zip HTTP/1.1" 200 24391584
210.206.191.154 - - [01/Dec/2005:12:41:25 -0800] "GET /movies/BarrelOfFun.rar HTTP/1.1" 200 12788419
210.206.191.154 - - [01/Dec/2005:12:41:26 -0800] "GET /movies/blackfalcon.zip HTTP/1.1" 200 10794264
210.206.191.154 - - [01/Dec/2005:12:41:28 -0800] "GET /movies/Shadowkuri.zip HTTP/1.1" 200 8535384
86.199.131.207 - - [01/Dec/2005:12:41:47 -0800] "GET /movies2/legio_4.zip HTTP/1.1" 200 197150
172.187.113.240 - - [01/Dec/2005:12:42:35 -0800] "GET /movies/Levia.zip HTTP/1.1" 200 150638
83.112.162.54 - - [01/Dec/2005:12:42:41 -0800] "GET /movies/hattrick.zip HTTP/1.0" 206 10221864
62.35.78.167 - - [01/Dec/2005:12:43:04 -0800] "GET /movies2/ValiantGlory2.zip HTTP/1.1" 200 2719678
72.38.220.245 - - [01/Dec/2005:12:43:20 -0800] "GET /movies2/Purified.zip HTTP/1.0" 206 20011751
72.38.220.245 - - [01/Dec/2005:12:43:20 -0800] "GET /movies2/Purified.zip HTTP/1.0" 206 20008452
83.112.162.54 - - [01/Dec/2005:12:43:28 -0800] "GET /movies/hattrick.zip HTTP/1.0" 206 10589456
72.38.220.245 - - [01/Dec/2005:12:43:29 -0800] "GET /movies2/Purified.zip HTTP/1.0" 206 20246468
217.189.116.2 - - [01/Dec/2005:12:43:33 -0800] "GET /movies/AllexielBeonthel-NobodyLeft111.rar HTTP/1.1" 200 212524
72.38.220.245 - - [01/Dec/2005:12:43:48 -0800] "GET /movies2/Purified.zip HTTP/1.0" 206 19551344
72.38.220.245 - - [01/Dec/2005:12:43:48 -0800] "GET /movies2/Purified.zip HTTP/1.0" 206 19055156
72.38.220.245 - - [01/Dec/2005:12:43:52 -0800] "GET /movies2/Purified.zip HTTP/1.0" 200 18981177
72.38.220.245 - - [01/Dec/2005:12:43:52 -0800] "GET /movies2/Purified.zip HTTP/1.0" 206 670544
72.38.220.245 - - [01/Dec/2005:12:43:53 -0800] "GET /movies2/Purified.zip HTTP/1.0" 206 1288852
72.38.220.245 - - [01/Dec/2005:12:43:53 -0800] "GET /movies2/Purified.zip HTTP/1.0" 206 20022956
72.38.220.245 - - [01/Dec/2005:12:43:55 -0800] "GET /movies2/Purified.zip HTTP/1.0" 206 950113
72.38.220.245 - - [01/Dec/2005:12:43:58 -0800] "GET /movies2/Purified.zip HTTP/1.0" 206 202593
72.38.220.245 - - [01/Dec/2005:12:43:59 -0800] "GET /movies2/Purified.zip HTTP/1.0" 206 223033
72.38.220.245 - - [01/Dec/2005:12:44:00 -0800] "GET /movies2/Purified.zip HTTP/1.0" 206 19641540
72.38.220.245 - - [01/Dec/2005:12:44:01 -0800] "GET /movies2/Purified.zip HTTP/1.0" 206 140644
86.199.131.207 - - [01/Dec/2005:12:44:07 -0800] "GET /movies2/legio_4.zip HTTP/1.1" 200 273800
65.24.123.20 - - [01/Dec/2005:12:44:08 -0800] "GET /movies/Alb-Merlin.zip HTTP/1.1" 200 110362111
80.108.143.87 - - [01/Dec/2005:12:44:16 -0800] "GET /movies2/CloakedkillerTheCritblade.zip HTTP/1.1" 200 30812524
83.112.162.54 - - [01/Dec/2005:12:44:19 -0800] "GET /movies/hattrick.zip HTTP/1.0" 206 10480528
69.250.86.32 - - [01/Dec/2005:12:44:24 -0800] "GET /movies2/forItawithlove.zip HTTP/1.1" 200 100690079
61.104.103.99 - - [01/Dec/2005:12:44:25 -0800] "GET /movies2/Absorbx_Gareth.zip HTTP/1.1" 200 27950888
84.145.230.22 - - [01/Dec/2005:12:44:47 -0800] "GET /movies/untitled_0001.zip HTTP/1.1" 200 17291564
61.104.103.99 - - [01/Dec/2005:12:45:05 -0800] "GET /movies/Against%20All%20Odds%20-%20Polv4g.zip HTTP/1.1" 200 30310399
83.112.162.54 - - [01/Dec/2005:12:45:06 -0800] "GET /movies/hattrick.zip HTTP/1.0" 206 10876188
83.112.162.54 - - [01/Dec/2005:12:45:42 -0800] "GET /movies/hattrick.zip HTTP/1.0" 206 10682008
83.112.162.54 - - [01/Dec/2005:12:46:01 -0800] "GET /movies/hattrick.zip HTTP/1.0" 206 12336340
83.112.162.54 - - [01/Dec/2005:12:46:58 -0800] "GET /movies/hattrick.zip HTTP/1.0" 206 1777792
83.112.162.54 - - [01/Dec/2005:12:46:58 -0800] "GET /movies/hattrick.zip HTTP/1.0" 206 1797568
172.187.113.240 - - [01/Dec/2005:12:47:22 -0800] "GET /movies/CelticFistHQ.zip HTTP/1.1" 200 54077
83.112.162.54 - - [01/Dec/2005:12:47:45 -0800] "GET /movies/hattrick.zip HTTP/1.0" 206 1667968
83.32.208.65 - - [01/Dec/2005:12:47:56 -0800] "GET /movies/noxzerg.zip HTTP/1.1" 206 32188711
212.201.76.67 - - [01/Dec/2005:12:48:06 -0800] "GET /movies2/kewle_fights.zip HTTP/1.1" 200 171039
212.201.76.67 - - [01/Dec/2005:12:48:23 -0800] "GET /movies2/kewle_fights.zip HTTP/1.1" 200 92608
83.112.162.54 - - [01/Dec/2005:12:48:47 -0800] "GET /movies/hattrick.zip HTTP/1.0" 206 1954328
83.112.162.54 - - [01/Dec/2005:12:48:48 -0800] "GET /movies/hattrick.zip HTTP/1.0" 206 12772596
83.112.162.54 - - [01/Dec/2005:12:48:53 -0800] "GET /movies/hattrick.zip HTTP/1.0" 206 989068
81.251.251.217 - - [01/Dec/2005:12:48:54 -0800] "GET /movies/thidvamp_final.zip HTTP/1.1" 200 57057461
83.112.162.54 - - [01/Dec/2005:12:48:56 -0800] "GET /movies/hattrick.zip HTTP/1.0" 206 1828804
83.32.208.65 - - [01/Dec/2005:12:48:59 -0800] "GET /movies/noxzerg.zip HTTP/1.1" 206 32188711
83.112.162.54 - - [01/Dec/2005:12:49:00 -0800] "GET /movies/hattrick.zip HTTP/1.0" 206 434268
83.112.162.54 - - [01/Dec/2005:12:49:04 -0800] "GET /movies/hattrick.zip HTTP/1.0" 206 949648
195.2.112.7 - - [01/Dec/2005:12:49:05 -0800] "GET /movies2/Wanshee-2.zip HTTP/1.1" 206 95009176
83.112.162.54 - - [01/Dec/2005:12:49:06 -0800] "GET /movies/hattrick.zip HTTP/1.0" 206 15710
83.112.162.54 - - [01/Dec/2005:12:49:16 -0800] "GET /movies/hattrick.zip HTTP/1.0" 206 2225248
85.201.16.82 - - [01/Dec/2005:12:49:16 -0800] "GET /movies/franklin.zip HTTP/1.1" 200 63254724
195.2.112.7 - - [01/Dec/2005:12:49:16 -0800] "GET /movies2/Wanshee-2.zip HTTP/1.1" 206 28777248
83.112.162.54 - - [01/Dec/2005:12:49:18 -0800] "GET /movies/hattrick.zip HTTP/1.0" 206 342288
83.112.162.54 - - [01/Dec/2005:12:49:18 -0800] "POST /movies/hattrick.zip HTTP/1.0" 405 303
83.112.162.54 - - [01/Dec/2005:12:49:19 -0800] "GET /movies/hattrick.zip HTTP/1.0" 206 196288
83.112.162.54 - - [01/Dec/2005:12:49:19 -0800] "GET /movies/hattrick.zip HTTP/1.0" 206 177308
195.2.112.7 - - [01/Dec/2005:12:49:22 -0800] "GET /movies2/Wanshee-2.zip HTTP/1.1" 206 368640
83.112.162.54 - - [01/Dec/2005:12:49:23 -0800] "GET /movies/hattrick.zip HTTP/1.0" 206 1088348
83.112.162.54 - - [01/Dec/2005:12:49:25 -0800] "GET /movies/hattrick.zip HTTP/1.0" 206 1370360
83.112.162.54 - - [01/Dec/2005:12:49:26 -0800] "GET /movies/hattrick.zip HTTP/1.0" 206 3980884
83.32.208.65 - - [01/Dec/2005:12:49:28 -0800] "GET /movies/noxzerg.zip HTTP/1.1" 206 32188711
83.112.162.54 - - [01/Dec/2005:12:49:29 -0800] "GET /movies/hattrick.zip HTTP/1.0" 206 466872
83.112.162.54 - - [01/Dec/2005:12:49:30 -0800] "GET /movies/hattrick.zip HTTP/1.0" 206 117448
83.112.162.54 - - [01/Dec/2005:12:49:31 -0800] "GET /movies/hattrick.zip HTTP/1.0" 206 2262072
83.112.162.54 - - [01/Dec/2005:12:49:31 -0800] "GET /movies/hattrick.zip HTTP/1.0" 206 965380
83.112.162.54 - - [01/Dec/2005:12:49:32 -0800] "GET /movies/hattrick.zip HTTP/1.0" 206 18630
83.112.162.54 - - [01/Dec/2005:12:49:32 -0800] "GET /movies/hattrick.zip HTTP/1.0" 206 58050
83.112.162.54 - - [01/Dec/2005:12:49:33 -0800] "GET /movies/hattrick.zip HTTP/1.0" 206 3295444
83.112.162.54 - - [01/Dec/2005:12:49:35 -0800] "GET /movies/hattrick.zip HTTP/1.0" 206 54668
83.112.162.54 - - [01/Dec/2005:12:49:35 -0800] "GET /movies/hattrick.zip HTTP/1.0" 206 15710
83.112.162.54 - - [01/Dec/2005:12:49:36 -0800] "GET /movies/hattrick.zip HTTP/1.0" 206 63890
83.112.162.54 - - [01/Dec/2005:12:49:36 -0800] "GET /movies/hattrick.zip HTTP/1.0" 206 125210
83.112.162.54 - - [01/Dec/2005:12:49:36 -0800] "GET /movies/hattrick.zip HTTP/1.0" 206 2141008
83.112.162.54 - - [01/Dec/2005:12:49:37 -0800] "GET /movies/hattrick.zip HTTP/1.0" 206 91168
83.112.162.54 - - [01/Dec/2005:12:49:37 -0800] "GET /movies/hattrick.zip HTTP/1.0" 206 51180
83.32.208.65 - - [01/Dec/2005:12:49:43 -0800] "GET /movies/noxzerg.zip HTTP/1.1" 206 32188718
172.186.32.141 - - [01/Dec/2005:12:49:54 -0800] "GET /movies2/TDK3.zip HTTP/1.1" 206 17220448
172.186.32.141 - - [01/Dec/2005:12:50:08 -0800] "GET /movies2/TDK3.zip HTTP/1.1" 206 33195968
62.35.78.167 - - [01/Dec/2005:12:51:24 -0800] "GET /movies2/ValiantGlory2.zip HTTP/1.1" 200 893648
82.58.14.179 - - [01/Dec/2005:12:51:28 -0800] "GET /movies/Grimwart%202%20Final%20Cut.zip HTTP/1.1" 206 19112588
81.10.220.40 - - [01/Dec/2005:12:51:30 -0800] "GET /favicon.ico HTTP/1.1" 404 283
83.112.162.54 - - [01/Dec/2005:12:51:44 -0800] "GET /movies/Indecent.zip HTTP/1.1" 200 157359
83.112.162.54 - - [01/Dec/2005:12:51:58 -0800] "GET /movies/fotm.zip HTTP/1.1" 200 187284
82.58.14.179 - - [01/Dec/2005:12:52:07 -0800] "GET /movies/Grimwart%202%20Final%20Cut.zip HTTP/1.1" 206 19112588
213.39.157.178 - - [01/Dec/2005:12:52:58 -0800] "GET /movies2/WaffenbundTheMovie.zip HTTP/1.1" 200 4917568
82.58.14.179 - - [01/Dec/2005:12:53:23 -0800] "GET /movies/Grimwart%202%20Final%20Cut.zip HTTP/1.1" 206 19112588
82.58.14.179 - - [01/Dec/2005:12:53:57 -0800] "GET /movies/Grimwart%202%20Final%20Cut.zip HTTP/1.1" 206 19112590
83.109.200.238 - - [01/Dec/2005:12:54:23 -0800] "GET /movies/cgrvr.rar HTTP/1.1" 200 3654320
172.186.32.141 - - [01/Dec/2005:12:54:56 -0800] "GET /movies2/TDK3.zip HTTP/1.1" 206 7859568
172.186.32.141 - - [01/Dec/2005:12:55:09 -0800] "GET /movies2/TDK3.zip HTTP/1.1" 206 44103568
172.186.32.141 - - [01/Dec/2005:12:55:25 -0800] "GET /movies2/TDK3.zip HTTP/1.1" 206 8529973
172.186.32.141 - - [01/Dec/2005:12:55:45 -0800] "GET /movies2/TDK3.zip HTTP/1.1" 206 36918960
84.138.35.37 - - [01/Dec/2005:12:56:16 -0800] "GET /movies2/WaffenbundTheMovie.zip HTTP/1.1" 200 170164
62.20.182.245 - - [01/Dec/2005:12:56:35 -0800] "GET /movies2/Raila%20Memorial%20good.zip HTTP/1.1" 200 1905048
84.161.229.81 - - [01/Dec/2005:12:57:02 -0800] "GET /movies/Ciliviemovie2.zip HTTP/1.1" 200 398931
172.186.32.141 - - [01/Dec/2005:12:57:12 -0800] "GET /movies2/TDK3.zip HTTP/1.1" 206 41534000
172.186.32.141 - - [01/Dec/2005:12:57:12 -0800] "GET /movies2/TDK3.zip HTTP/1.1" 206 45002400
172.186.32.141 - - [01/Dec/2005:12:57:16 -0800] "GET /movies2/TDK3.zip HTTP/1.1" 206 3300944
172.186.32.141 - - [01/Dec/2005:12:57:23 -0800] "GET /movies2/TDK3.zip HTTP/1.1" 206 3137171
172.186.32.141 - - [01/Dec/2005:12:57:23 -0800] "GET /movies2/TDK3.zip HTTP/1.1" 200 46136896
24.141.36.255 - - [01/Dec/2005:12:57:24 -0800] "GET /movies2/Raila%20Memorial%20good.zip HTTP/1.1" 200 82900
172.186.32.141 - - [01/Dec/2005:12:57:25 -0800] "GET /movies2/TDK3.zip HTTP/1.1" 206 45418688
172.186.32.141 - - [01/Dec/2005:12:57:30 -0800] "GET /movies2/TDK3.zip HTTP/1.1" 206 2734656
172.186.32.141 - - [01/Dec/2005:12:57:35 -0800] "GET /movies2/TDK3.zip HTTP/1.1" 206 487892
172.186.32.141 - - [01/Dec/2005:12:57:36 -0800] "GET /movies2/TDK3.zip HTTP/1.1" 206 253216
172.186.32.141 - - [01/Dec/2005:12:57:36 -0800] "GET /movies2/TDK3.zip HTTP/1.1" 206 45496832
172.186.32.141 - - [01/Dec/2005:12:57:38 -0800] "GET /movies2/TDK3.zip HTTP/1.1" 206 310336
172.186.32.141 - - [01/Dec/2005:12:57:38 -0800] "GET /movies2/TDK3.zip HTTP/1.1" 206 762112
172.186.32.141 - - [01/Dec/2005:12:57:40 -0800] "GET /movies2/TDK3.zip HTTP/1.1" 206 297936
172.186.32.141 - - [01/Dec/2005:12:57:44 -0800] "GET /movies2/TDK3.zip HTTP/1.1" 206 2496612
172.186.32.141 - - [01/Dec/2005:12:57:45 -0800] "GET /movies2/TDK3.zip HTTP/1.1" 206 520532
80.182.123.159 - - [01/Dec/2005:12:57:58 -0800] "GET /movies/Grimwart%202%20Final%20Cut.zip HTTP/1.1" 200 76450351
83.109.200.238 - - [01/Dec/2005:12:58:17 -0800] "GET /movies/cgrvr.rar HTTP/1.1" 200 81485400
84.60.141.228 - - [01/Dec/2005:12:58:39 -0800] "GET /movies/Nocturne2.zip HTTP/1.1" 200 7817440
80.182.123.159 - - [01/Dec/2005:12:58:39 -0800] "GET /movies/Grimwart%203.zip HTTP/1.1" 200 56579820
84.60.141.228 - - [01/Dec/2005:12:59:09 -0800] "GET /movies/ACL%204.zip HTTP/1.1" 200 3835936
84.56.18.166 - - [01/Dec/2005:12:59:27 -0800] "GET /movies/menethil.zip HTTP/1.1" 200 84158
82.225.112.176 - - [01/Dec/2005:12:59:27 -0800] "GET /movies2/WaffenbundTheMovie.zip HTTP/1.1" 200 9703184
83.113.15.146 - - [01/Dec/2005:13:00:53 -0800] "GET /movies2/Raila%20Memorial%20good.zip HTTP/1.1" 200 1055064
141.24.42.34 - - [01/Dec/2005:13:01:12 -0800] "GET /favicon.ico HTTP/1.1" 404 283
84.100.38.189 - - [01/Dec/2005:13:01:28 -0800] "GET /movies/dragon.zip HTTP/1.1" 200 61170879
155.70.23.45 - - [01/Dec/2005:13:01:41 -0800] "GET /movies2/WaffenbundTheMovie.zip HTTP/1.0" 200 2871224
172.187.113.240 - - [01/Dec/2005:13:01:46 -0800] "GET /movies/NS.zip HTTP/1.1" 200 11917
84.140.155.148 - - [01/Dec/2005:13:01:47 -0800] "GET /movies2/FShatin07.zip HTTP/1.1" 206 98937730
172.187.113.240 - - [01/Dec/2005:13:01:51 -0800] "GET /movies/NS.zip HTTP/1.1" 200 28237
84.4.109.142 - - [01/Dec/2005:13:02:11 -0800] "GET /movies/Daily_RvR.zip HTTP/1.1" 200 58663956
84.134.139.112 - - [01/Dec/2005:13:02:12 -0800] "GET /movies/SavageTheMovie.zip HTTP/1.1" 200 747044
83.113.15.146 - - [01/Dec/2005:13:02:15 -0800] "GET /movies2/WaffenbundTheMovie.zip HTTP/1.1" 200 673432
87.1.195.119 - - [01/Dec/2005:13:02:16 -0800] "GET /movies2/legio_4.zip HTTP/1.1" 200 156410
81.242.74.248 - - [01/Dec/2005:13:02:17 -0800] "GET /movies2/archh2.zip HTTP/1.1" 200 16391308
12.104.119.239 - - [01/Dec/2005:13:03:18 -0800] "GET /movies/A%20little%20time%20with%20us.zip HTTP/1.1" 200 584592
12.104.119.239 - - [01/Dec/2005:13:03:32 -0800] "GET /movies/2%20Tage%20RVR%20-%20Logres%20Hib.zip HTTP/1.1" 200 480564
24.141.36.255 - - [01/Dec/2005:13:03:38 -0800] "GET /movies2/Raila%20Memorial%20good.zip HTTP/1.1" 200 24692536
65.69.204.140 - - [01/Dec/2005:13:03:52 -0800] "GET /movies/LittleHo2.zip HTTP/1.1" 200 96797266
84.140.155.148 - - [01/Dec/2005:13:04:01 -0800] "GET /movies2/FShatin07.zip HTTP/1.1" 206 96253220
84.140.155.148 - - [01/Dec/2005:13:04:04 -0800] "GET /movies2/FShatin07.zip HTTP/1.1" 206 2640832
70.190.155.46 - - [01/Dec/2005:13:04:23 -0800] "GET /movies/KervarrePerc.zip HTTP/1.1" 200 106715068
85.201.107.107 - - [01/Dec/2005:13:04:33 -0800] "GET /movies/For%20Science%20-%20Tower%20Camping%20101.zip HTTP/1.1" 200 93479284
12.104.119.239 - - [01/Dec/2005:13:04:35 -0800] "GET /movies/Ampz%20Mordred-1.zip HTTP/1.1" 200 3151876
84.217.83.122 - - [01/Dec/2005:13:04:55 -0800] "GET /movies2/Raila%20Memorial%20good.zip HTTP/1.1" 200 24692536
84.140.155.148 - - [01/Dec/2005:13:05:07 -0800] "GET /movies2/masteryofmoic1.zip HTTP/1.1" 206 77707814
87.1.195.119 - - [01/Dec/2005:13:05:12 -0800] "GET /movies2/legio_4.zip HTTP/1.1" 200 435540
84.140.155.148 - - [01/Dec/2005:13:05:19 -0800] "GET /movies2/masteryofmoic1.zip HTTP/1.1" 206 406608
84.140.155.148 - - [01/Dec/2005:13:05:26 -0800] "GET /movies2/masteryofmoic1.zip HTTP/1.1" 200 77496064
82.122.197.18 - - [01/Dec/2005:13:05:38 -0800] "GET /movies/pug_0001.zip HTTP/1.1" 206 43710414
82.122.197.18 - - [01/Dec/2005:13:05:50 -0800] "GET /movies/pug_0001.zip HTTP/1.1" 206 43742472
82.122.197.18 - - [01/Dec/2005:13:06:03 -0800] "GET /movies/pug_0001.zip HTTP/1.1" 206 1471344
82.122.197.18 - - [01/Dec/2005:13:06:09 -0800] "GET /movies/pug_0001.zip HTTP/1.1" 206 467396
82.122.197.18 - - [01/Dec/2005:13:06:17 -0800] "GET /movies/pug_0001.zip HTTP/1.1" 200 42345479
82.122.197.18 - - [01/Dec/2005:13:06:19 -0800] "GET /movies/pug_0001.zip HTTP/1.1" 206 680912
86.200.228.235 - - [01/Dec/2005:13:06:20 -0800] "GET /movies/1NightofOdyssey.zip HTTP/1.1" 200 57228486
82.122.197.18 - - [01/Dec/2005:13:06:25 -0800] "GET /movies/pug_0001.zip HTTP/1.1" 206 42606304
84.140.155.148 - - [01/Dec/2005:13:06:47 -0800] "GET /movies/Incomparable.rar HTTP/1.1" 200 87698092
85.20.107.116 - - [01/Dec/2005:13:06:51 -0800] "GET /movies2/renamed_daoc.TR.tape-2.ausschnitte.ace HTTP/1.1" 206 1333952
85.20.107.116 - - [01/Dec/2005:13:06:51 -0800] "GET /movies2/renamed_daoc.TR.tape-2.ausschnitte.ace HTTP/1.1" 206 1140980
85.20.107.116 - - [01/Dec/2005:13:06:51 -0800] "GET /movies2/renamed_daoc.TR.tape-2.ausschnitte.ace HTTP/1.1" 206 1475572
85.20.107.116 - - [01/Dec/2005:13:06:51 -0800] "GET /movies2/raabes%20abschiedsvid.zip HTTP/1.1" 206 1472795
85.20.107.116 - - [01/Dec/2005:13:06:51 -0800] "GET /movies2/raabes%20abschiedsvid.zip HTTP/1.1" 206 1174160
85.20.107.116 - - [01/Dec/2005:13:06:51 -0800] "GET /movies2/raabes%20abschiedsvid.zip HTTP/1.1" 206 1143828
85.20.107.116 - - [01/Dec/2005:13:06:51 -0800] "GET /movies2/renamed_daoc.TR.tape-2.ausschnitte.ace HTTP/1.1" 206 1351613
85.20.107.116 - - [01/Dec/2005:13:06:53 -0800] "GET /movies2/raabes%20abschiedsvid.zip HTTP/1.1" 206 1376292
84.140.155.148 - - [01/Dec/2005:13:07:15 -0800] "GET /movies/Incomparable.rar HTTP/1.1" 206 87065244
84.140.155.148 - - [01/Dec/2005:13:07:17 -0800] "GET /movies/Incomparable.rar HTTP/1.1" 206 590660
84.145.230.22 - - [01/Dec/2005:13:07:24 -0800] "GET /movies/WarlockVid.zip HTTP/1.1" 200 22035343
134.147.31.250 - - [01/Dec/2005:13:08:18 -0800] "GET /movies/Trinnara_Valkyrie_of_Percival.zip HTTP/1.1" 200 50674257
172.187.113.240 - - [01/Dec/2005:13:08:57 -0800] "GET /movies/Levia.zip HTTP/1.1" 206 30343935
172.187.113.240 - - [01/Dec/2005:13:08:58 -0800] "GET /movies/Levia.zip HTTP/1.1" 206 30913920
172.187.113.240 - - [01/Dec/2005:13:08:58 -0800] "GET /movies/Levia.zip HTTP/1.1" 206 29471872
172.187.113.240 - - [01/Dec/2005:13:08:58 -0800] "GET /movies/Levia.zip HTTP/1.1" 200 29551664
84.120.134.204 - - [01/Dec/2005:13:09:53 -0800] "GET /movies/Frozen.zip HTTP/1.1" 200 79768479
84.129.178.180 - - [01/Dec/2005:13:10:37 -0800] "GET /movies2/WaffenbundTheMovie.zip HTTP/1.1" 200 18572032
69.161.161.14 - - [01/Dec/2005:13:10:39 -0800] "GET /movies2/Raila%20Memorial%20good.zip HTTP/1.1" 200 645548
141.24.42.34 - - [01/Dec/2005:13:10:41 -0800] "GET /movies2/WaffenbundTheMovie.zip HTTP/1.1" 200 17802184
69.161.161.14 - - [01/Dec/2005:13:10:56 -0800] "GET /movies2/WaffenbundTheMovie.zip HTTP/1.1" 200 261660
83.115.1.75 - - [01/Dec/2005:13:11:33 -0800] "GET /movies/PD%20leirvik.zip HTTP/1.1" 200 12909357
87.0.216.240 - - [01/Dec/2005:13:11:38 -0800] "GET /movies2/maelstrom_cluster1.zip HTTP/1.1" 206 20306028
216.201.32.90 - - [01/Dec/2005:13:11:39 -0800] "GET /movies2/song2.zip HTTP/1.1" 206 9181613
69.161.161.14 - - [01/Dec/2005:13:11:40 -0800] "GET /movies2/WaffenbundTheMovie.zip HTTP/1.1" 200 633312
84.56.149.10 - - [01/Dec/2005:13:11:45 -0800] "GET /favicon.ico HTTP/1.1" 404 283
85.20.107.116 - - [01/Dec/2005:13:11:47 -0800] "GET /movies2/renamed_daoc.TR.tape-2.ausschnitte.ace HTTP/1.1" 206 4506208
85.20.107.116 - - [01/Dec/2005:13:11:47 -0800] "GET /movies2/renamed_daoc.TR.tape-2.ausschnitte.ace HTTP/1.1" 206 4316212
85.20.107.116 - - [01/Dec/2005:13:11:47 -0800] "GET /movies2/renamed_daoc.TR.tape-2.ausschnitte.ace HTTP/1.1" 206 4770684
85.20.107.116 - - [01/Dec/2005:13:11:48 -0800] "GET /movies2/renamed_daoc.TR.tape-2.ausschnitte.ace HTTP/1.1" 206 5080120
69.161.161.14 - - [01/Dec/2005:13:11:56 -0800] "GET /movies2/Raila%20Memorial%20good.zip HTTP/1.1" 200 332392
85.20.107.116 - - [01/Dec/2005:13:11:56 -0800] "GET /movies2/raabes%20abschiedsvid.zip HTTP/1.1" 206 3963553
85.20.107.116 - - [01/Dec/2005:13:11:57 -0800] "GET /movies2/raabes%20abschiedsvid.zip HTTP/1.1" 206 4499374
85.20.107.116 - - [01/Dec/2005:13:11:57 -0800] "GET /movies2/raabes%20abschiedsvid.zip HTTP/1.1" 206 4357755
85.20.107.116 - - [01/Dec/2005:13:11:57 -0800] "GET /movies2/raabes%20abschiedsvid.zip HTTP/1.1" 206 4699008
82.55.86.37 - - [01/Dec/2005:13:12:00 -0800] "GET /movies2/renamed_daoc.TR.tape-2.ausschnitte.ace HTTP/1.1" 206 21723978
205.236.144.4 - - [01/Dec/2005:13:12:37 -0800] "GET /movies/alive.zip HTTP/1.1" 200 2601399
205.236.144.4 - - [01/Dec/2005:13:12:44 -0800] "GET /movies/alive.zip HTTP/1.1" 200 265636
84.56.149.10 - - [01/Dec/2005:13:13:06 -0800] "GET /movies2/EQ2%20-%20Look%20Over%20Here.zip HTTP/1.1" 200 1883028
80.182.123.159 - - [01/Dec/2005:13:13:08 -0800] "GET /movies/Grimwarts%20Video%20Final%20Cut.zip HTTP/1.1" 200 74876230
82.127.191.30 - - [01/Dec/2005:13:13:42 -0800] "GET /movies2/legio_4.zip HTTP/1.1" 200 7550308
84.56.149.10 - - [01/Dec/2005:13:14:09 -0800] "GET /movies2/todanceamongthedead_zilreed.zip HTTP/1.1" 200 1204316
205.236.144.4 - - [01/Dec/2005:13:14:12 -0800] "GET /movies/Armsmen%20Are%20Gimp.zip HTTP/1.1" 200 2550780
81.251.251.217 - - [01/Dec/2005:13:14:48 -0800] "GET /movies/fotm2.zip HTTP/1.1" 200 87449468
83.112.162.54 - - [01/Dec/2005:13:15:26 -0800] "GET /movies/Indecent.zip HTTP/1.0" 206 6122264
82.55.86.37 - - [01/Dec/2005:13:15:31 -0800] "GET /movies2/renamed_daoc.TR.tape-2.ausschnitte.ace HTTP/1.1" 206 21723978
82.55.86.37 - - [01/Dec/2005:13:15:49 -0800] "GET /movies2/renamed_daoc.TR.tape-2.ausschnitte.ace HTTP/1.1" 206 21723975
83.112.162.54 - - [01/Dec/2005:13:15:56 -0800] "GET /movies/Indecent.zip HTTP/1.0" 206 6090468
83.112.162.54 - - [01/Dec/2005:13:16:03 -0800] "GET /movies/Indecent.zip HTTP/1.0" 206 6236552
83.113.15.146 - - [01/Dec/2005:13:16:04 -0800] "GET /movies2/Increased_Rage.zip HTTP/1.1" 200 2983592
84.56.149.10 - - [01/Dec/2005:13:16:04 -0800] "GET /movies/assassination.zip HTTP/1.1" 200 429471
83.112.162.54 - - [01/Dec/2005:13:16:08 -0800] "GET /movies/Indecent.zip HTTP/1.0" 206 6256832
83.112.162.54 - - [01/Dec/2005:13:16:37 -0800] "GET /movies/Indecent.zip HTTP/1.0" 206 6369392
83.112.162.54 - - [01/Dec/2005:13:17:01 -0800] "GET /movies/Indecent.zip HTTP/1.0" 206 6127190
80.144.116.144 - - [01/Dec/2005:13:17:19 -0800] "GET /movies/Eidleon%20RR8%20Reaver.zip HTTP/1.1" 200 1057872
83.198.86.70 - - [01/Dec/2005:13:17:33 -0800] "GET /movies/Ciliviel's%20Fourth.zip HTTP/1.1" 200 35177
83.198.86.70 - - [01/Dec/2005:13:17:33 -0800] "GET /movies/Ciliviel's%20Fourth.zip HTTP/1.1" 200 21034
84.56.149.10 - - [01/Dec/2005:13:18:22 -0800] "GET /movies2/EQ2%20-%20Look%20Over%20Here.zip HTTP/1.1" 206 8658284
84.56.149.10 - - [01/Dec/2005:13:18:30 -0800] "GET /movies2/todanceamongthedead_zilreed.zip HTTP/1.1" 206 7409712
83.198.86.70 - - [01/Dec/2005:13:18:38 -0800] "GET /movies/Ciliviel's%20Fourth.zip HTTP/1.1" 200 18137
83.198.86.70 - - [01/Dec/2005:13:18:39 -0800] "GET /movies/Ciliviel's%20Fourth.zip HTTP/1.1" 200 21034
84.56.149.10 - - [01/Dec/2005:13:18:46 -0800] "GET /movies2/EQ2%20-%20Look%20Over%20Here.zip HTTP/1.1" 206 7904236
83.198.86.70 - - [01/Dec/2005:13:18:50 -0800] "GET /movies/Ciliviel's%20Fourth.zip HTTP/1.1" 206 12457
84.56.149.10 - - [01/Dec/2005:13:18:52 -0800] "GET /movies2/EQ2%20-%20Look%20Over%20Here.zip HTTP/1.1" 206 8652636
84.56.149.10 - - [01/Dec/2005:13:18:59 -0800] "GET /movies2/EQ2%20-%20Look%20Over%20Here.zip HTTP/1.1" 206 748165
84.56.149.10 - - [01/Dec/2005:13:18:59 -0800] "GET /movies2/todanceamongthedead_zilreed.zip HTTP/1.1" 206 1013172
84.56.149.10 - - [01/Dec/2005:13:19:02 -0800] "GET /movies2/EQ2%20-%20Look%20Over%20Here.zip HTTP/1.1" 206 8299220
84.56.149.10 - - [01/Dec/2005:13:19:05 -0800] "GET /movies2/EQ2%20-%20Look%20Over%20Here.zip HTTP/1.1" 206 377176
84.56.149.10 - - [01/Dec/2005:13:19:07 -0800] "GET /movies2/EQ2%20-%20Look%20Over%20Here.zip HTTP/1.1" 200 8707362
84.56.149.10 - - [01/Dec/2005:13:19:08 -0800] "GET /movies2/todanceamongthedead_zilreed.zip HTTP/1.1" 206 6390468
84.56.149.10 - - [01/Dec/2005:13:19:15 -0800] "GET /movies2/todanceamongthedead_zilreed.zip HTTP/1.1" 206 6992472
84.56.149.10 - - [01/Dec/2005:13:19:17 -0800] "GET /movies2/todanceamongthedead_zilreed.zip HTTP/1.1" 206 211808
84.56.149.10 - - [01/Dec/2005:13:19:20 -0800] "GET /movies2/todanceamongthedead_zilreed.zip HTTP/1.1" 200 7364804
84.56.149.10 - - [01/Dec/2005:13:19:23 -0800] "GET /movies2/todanceamongthedead_zilreed.zip HTTP/1.1" 206 7124336
84.144.46.167 - - [01/Dec/2005:13:19:23 -0800] "GET /movies/Gank+Vid+1+OF+FGH+vs+4+FGM+w+battle+sounds.zip HTTP/1.1" 404 325
84.144.46.167 - - [01/Dec/2005:13:19:24 -0800] "GET /favicon.ico HTTP/1.1" 404 283
84.56.149.10 - - [01/Dec/2005:13:19:24 -0800] "GET /movies2/todanceamongthedead_zilreed.zip HTTP/1.1" 206 391696
85.20.107.116 - - [01/Dec/2005:13:19:42 -0800] "GET /movies2/renamed_daoc.TR.tape-2.ausschnitte.ace HTTP/1.1" 206 4178192
85.20.107.116 - - [01/Dec/2005:13:19:42 -0800] "GET /movies2/renamed_daoc.TR.tape-2.ausschnitte.ace HTTP/1.1" 206 4105216
85.20.107.116 - - [01/Dec/2005:13:19:42 -0800] "GET /movies2/renamed_daoc.TR.tape-2.ausschnitte.ace HTTP/1.1" 206 4795708
85.20.107.116 - - [01/Dec/2005:13:19:43 -0800] "GET /movies2/renamed_daoc.TR.tape-2.ausschnitte.ace HTTP/1.1" 206 4348340
85.20.107.116 - - [01/Dec/2005:13:19:50 -0800] "GET /movies2/raabes%20abschiedsvid.zip HTTP/1.1" 206 2081613
85.20.107.116 - - [01/Dec/2005:13:19:50 -0800] "GET /movies2/raabes%20abschiedsvid.zip HTTP/1.1" 206 2184560
85.20.107.116 - - [01/Dec/2005:13:19:50 -0800] "GET /movies2/raabes%20abschiedsvid.zip HTTP/1.1" 206 2016048
85.20.107.116 - - [01/Dec/2005:13:19:50 -0800] "GET /movies2/raabes%20abschiedsvid.zip HTTP/1.1" 206 2333236
198.62.217.2 - - [01/Dec/2005:13:19:55 -0800] "GET /movies2/ReturnWMV.zip HTTP/1.0" 200 3442876
198.62.217.2 - - [01/Dec/2005:13:20:05 -0800] "GET /movies2/ReturnWMV.zip HTTP/1.0" 200 1008208
84.60.132.176 - - [01/Dec/2005:13:20:07 -0800] "GET /movies2/FUN.zip HTTP/1.1" 206 181257204
84.60.132.176 - - [01/Dec/2005:13:20:09 -0800] "GET /movies2/Purified.zip HTTP/1.1" 200 125514500
198.62.217.2 - - [01/Dec/2005:13:20:11 -0800] "GET /movies2/ReturnWMV.zip HTTP/1.0" 200 373432
85.124.110.56 - - [01/Dec/2005:13:20:19 -0800] "GET /movies2/CloakedkillerTheCritblade.zip HTTP/1.1" 206 46599520
83.198.86.70 - - [01/Dec/2005:13:21:07 -0800] "GET /movies/Ciliviel's%20Fourth.zip HTTP/1.1" 206 3924004
82.122.197.18 - - [01/Dec/2005:13:21:27 -0800] "GET /movies/Dhaz-MerlinsSoloSavageVid2.zip HTTP/1.1" 206 28072415
84.140.155.148 - - [01/Dec/2005:13:21:30 -0800] "GET /movies/Polo.zip HTTP/1.1" 200 67704260
198.62.217.2 - - [01/Dec/2005:13:21:35 -0800] "GET /movies2/ReturnWMV.zip HTTP/1.0" 200 9494792
83.112.162.54 - - [01/Dec/2005:13:21:42 -0800] "GET /movies/Indecent.zip HTTP/1.0" 206 1428852
82.122.197.18 - - [01/Dec/2005:13:21:46 -0800] "GET /movies/Dhaz-MerlinsSoloSavageVid2.zip HTTP/1.1" 206 28019961
82.55.86.37 - - [01/Dec/2005:13:21:46 -0800] "GET /movies2/renamed_daoc.TR.tape-2.ausschnitte.ace HTTP/1.1" 206 21723978
198.62.217.2 - - [01/Dec/2005:13:21:58 -0800] "GET /movies2/BCTphantimtrip.zip HTTP/1.0" 200 3893732
84.140.155.148 - - [01/Dec/2005:13:21:59 -0800] "GET /movies/Polo.zip HTTP/1.1" 206 712325
82.122.197.18 - - [01/Dec/2005:13:22:01 -0800] "GET /movies/Dhaz-MerlinsSoloSavageVid2.zip HTTP/1.1" 206 481216
80.144.116.144 - - [01/Dec/2005:13:22:01 -0800] "GET /movies2/Nand_Thid_Reaver.zip HTTP/1.1" 200 1120672
82.122.197.18 - - [01/Dec/2005:13:22:03 -0800] "GET /movies/Dhaz-MerlinsSoloSavageVid2.zip HTTP/1.1" 200 28115879
84.140.155.148 - - [01/Dec/2005:13:22:04 -0800] "GET /movies/Polo.zip HTTP/1.1" 206 66907184
82.122.197.18 - - [01/Dec/2005:13:22:04 -0800] "GET /movies/Dhaz-MerlinsSoloSavageVid2.zip HTTP/1.1" 206 1058104
82.122.197.18 - - [01/Dec/2005:13:22:21 -0800] "GET /movies/Dhaz-MerlinsSoloSavageVid2.zip HTTP/1.1" 206 26615015
198.62.217.2 - - [01/Dec/2005:13:22:21 -0800] "GET /movies2/BCTphantimtrip.zip HTTP/1.0" 200 718552
83.112.162.54 - - [01/Dec/2005:13:22:48 -0800] "GET /movies/Indecent.zip HTTP/1.0" 206 1757496
165.190.89.154 - - [01/Dec/2005:13:22:49 -0800] "GET /movies2/FUN.zip HTTP/1.1" 200 108414356
165.190.89.154 - - [01/Dec/2005:13:22:50 -0800] "HEAD /movies2/FUN.zip HTTP/1.1" 200 0
165.190.89.154 - - [01/Dec/2005:13:22:51 -0800] "GET /movies2/FUN.zip HTTP/1.1" 200 12819
220.254.102.144 - - [01/Dec/2005:13:22:52 -0800] "GET /movies/AChampsLife3high.zip HTTP/1.1" 200 329472
165.190.89.154 - - [01/Dec/2005:13:22:53 -0800] "HEAD /movies2/FUN.zip HTTP/1.1" 200 0
165.190.89.154 - - [01/Dec/2005:13:22:58 -0800] "GET /movies/maelstrom3.zip HTTP/1.1" 200 74643638
165.190.89.154 - - [01/Dec/2005:13:22:58 -0800] "HEAD /movies/maelstrom3.zip HTTP/1.1" 200 0
81.242.74.248 - - [01/Dec/2005:13:23:31 -0800] "GET /movies/hibgath.zip HTTP/1.1" 200 57689712
83.112.162.54 - - [01/Dec/2005:13:24:05 -0800] "GET /movies/Indecent.zip HTTP/1.0" 206 2670988
84.146.202.212 - - [01/Dec/2005:13:24:09 -0800] "GET /movies2/WaffenbundTheMovie.zip HTTP/1.1" 200 20678
84.146.202.212 - - [01/Dec/2005:13:24:10 -0800] "GET /movies2/WaffenbundTheMovie.zip HTTP/1.1" 206 20659
80.58.47.42 - - [01/Dec/2005:13:24:12 -0800] "GET /movies2/TDK3.zip HTTP/1.0" 206 96190256
84.56.149.10 - - [01/Dec/2005:13:24:20 -0800] "GET /movies2/todanceamongthedead_zilreed.zip HTTP/1.1" 206 183344
85.233.17.119 - - [01/Dec/2005:13:24:29 -0800] "GET /movies2/Raila%20Memorial%20good.zip HTTP/1.1" 200 24692536
83.112.162.54 - - [01/Dec/2005:13:24:36 -0800] "GET /movies/Indecent.zip HTTP/1.0" 206 752548
84.56.149.10 - - [01/Dec/2005:13:25:03 -0800] "GET /movies/assassination.zip HTTP/1.1" 200 13130680
84.56.149.10 - - [01/Dec/2005:13:25:05 -0800] "GET /movies/assassination.zip HTTP/1.1" 206 12983439
84.56.149.10 - - [01/Dec/2005:13:25:13 -0800] "GET /movies/assassination.zip HTTP/1.1" 206 12982116
84.56.149.10 - - [01/Dec/2005:13:25:23 -0800] "GET /movies/assassination.zip HTTP/1.1" 206 11931908
84.56.149.10 - - [01/Dec/2005:13:25:26 -0800] "GET /movies/assassination.zip HTTP/1.1" 206 293480
84.56.149.10 - - [01/Dec/2005:13:25:28 -0800] "GET /movies/assassination.zip HTTP/1.1" 206 833232
83.112.162.54 - - [01/Dec/2005:13:25:30 -0800] "GET /movies/Indecent.zip HTTP/1.0" 206 2810284
84.56.149.10 - - [01/Dec/2005:13:25:30 -0800] "GET /movies/assassination.zip HTTP/1.1" 206 12434732
83.112.162.54 - - [01/Dec/2005:13:25:31 -0800] "GET /movies/Indecent.zip HTTP/1.0" 206 8965515
84.56.149.10 - - [01/Dec/2005:13:25:32 -0800] "GET /movies/assassination.zip HTTP/1.1" 206 538074
82.58.14.179 - - [01/Dec/2005:13:25:39 -0800] "GET /movies/Back%20in%20Black%20Final.zip HTTP/1.1" 200 12746
82.58.14.179 - - [01/Dec/2005:13:25:40 -0800] "GET /movies/Back%20in%20Black%20Final.zip HTTP/1.1" 206 19987
