68.234.152.37 - - [03/Dec/2005:21:26:01 -0800] "GET /movies/Ciliviel's%20Fourth.zip HTTP/1.1" 200 4137552
67.11.201.145 - - [03/Dec/2005:21:26:10 -0800] "GET /favicon.ico HTTP/1.1" 404 283
68.234.152.37 - - [03/Dec/2005:21:26:24 -0800] "GET /movies/Ciliviel's%20Fourth.zip HTTP/1.1" 200 453080
81.53.22.153 - - [03/Dec/2005:21:26:30 -0800] "GET /movies2/rvr.zip HTTP/1.0" 206 2627488
67.11.201.145 - - [03/Dec/2005:21:26:45 -0800] "GET /movies2/3021.zip HTTP/1.1" 200 2969342
68.234.152.37 - - [03/Dec/2005:21:26:51 -0800] "GET /movies2/Cilivielmovie5.zip HTTP/1.1" 200 1000504
70.173.149.43 - - [03/Dec/2005:21:27:09 -0800] "GET /movies/TpPug.zip HTTP/1.1" 200 8819991
81.53.22.153 - - [03/Dec/2005:21:27:17 -0800] "GET /movies/NS.zip HTTP/1.0" 206 14053400
83.114.245.12 - - [03/Dec/2005:21:27:22 -0800] "GET /movies/Maelstrom1.zip HTTP/1.1" 200 142492
68.234.152.37 - - [03/Dec/2005:21:27:31 -0800] "GET /movies/Achtungbaby.zip HTTP/1.1" 200 1080708
81.53.22.153 - - [03/Dec/2005:21:27:36 -0800] "GET /movies/AMAYA_200605-040705_FINAL.rar HTTP/1.0" 206 14264088
68.234.152.37 - - [03/Dec/2005:21:28:04 -0800] "GET /movies/Achtungbaby.zip HTTP/1.1" 200 1852708
81.53.22.153 - - [03/Dec/2005:21:28:07 -0800] "GET /movies2/rvr.zip HTTP/1.0" 206 13873032
71.65.193.197 - - [03/Dec/2005:21:28:24 -0800] "GET /movies2/sepp_0001.zip HTTP/1.1" 200 18144822
81.53.22.153 - - [03/Dec/2005:21:30:51 -0800] "GET /movies/AMAYA_200605-040705_FINAL.rar HTTP/1.0" 206 6901384
151.42.69.138 - - [03/Dec/2005:21:31:03 -0800] "GET /movies2/Cilivielmovie5.zip HTTP/1.1" 200 280459714
68.46.214.143 - - [03/Dec/2005:21:31:35 -0800] "GET /movies/Darkness.zip HTTP/1.1" 200 153163285
67.11.201.145 - - [03/Dec/2005:21:32:03 -0800] "GET /movies2/ForHonor_CraftingWorlds.zip HTTP/1.1" 200 60314226
81.53.22.153 - - [03/Dec/2005:21:32:04 -0800] "GET /movies/AMAYA_200605-040705_FINAL.rar HTTP/1.0" 206 25935
81.53.22.153 - - [03/Dec/2005:21:33:35 -0800] "GET /movies2/rvr.zip HTTP/1.0" 206 2768888
81.53.22.153 - - [03/Dec/2005:21:34:25 -0800] "GET /movies/AMAYA_200605-040705_FINAL.rar HTTP/1.0" 206 11815616
66.60.206.149 - - [03/Dec/2005:21:34:44 -0800] "GET /movies2/sepp_0001.zip HTTP/1.1" 200 18144822
67.11.201.145 - - [03/Dec/2005:21:35:10 -0800] "GET /movies/wow_learning_to_fly.zip HTTP/1.1" 200 19889006
67.11.201.145 - - [03/Dec/2005:21:35:11 -0800] "GET /favicon.ico HTTP/1.1" 404 283
84.138.86.38 - - [03/Dec/2005:21:36:12 -0800] "GET /movies2/Camlann%20Shadow%20Zone.zip HTTP/1.1" 200 141905700
82.83.38.167 - - [03/Dec/2005:21:36:21 -0800] "GET /movies2/Cilivielmovie5.zip HTTP/1.1" 200 115856210
68.46.214.143 - - [03/Dec/2005:21:37:43 -0800] "GET /movies/DF%20Rats.zip HTTP/1.1" 200 161300127
84.134.159.52 - - [03/Dec/2005:21:37:52 -0800] "GET /movies/Folex%20Icanhandletwo.zip HTTP/1.1" 200 85158253
81.53.22.153 - - [03/Dec/2005:21:39:04 -0800] "GET /movies/NS.zip HTTP/1.0" 206 3784848
81.53.22.153 - - [03/Dec/2005:21:39:19 -0800] "GET /movies/NS.zip HTTP/1.0" 206 17197792
82.83.130.172 - - [03/Dec/2005:21:39:39 -0800] "GET /movies2/sepp_0001.zip HTTP/1.1" 200 18144822
12.217.151.90 - - [03/Dec/2005:21:41:36 -0800] "GET /movies2/Camlann%20Shadow%20Zone.zip HTTP/1.1" 200 141905700
67.11.201.145 - - [03/Dec/2005:21:42:44 -0800] "GET /movies2/wsg_20-29.zip HTTP/1.1" 200 108745637
68.46.214.143 - - [03/Dec/2005:21:43:03 -0800] "GET /movies/fotm2.zip HTTP/1.1" 200 87449468
85.112.166.111 - - [03/Dec/2005:21:43:25 -0800] "GET /movies/Brite2.zip HTTP/1.0" 200 149294215
70.25.60.157 - - [03/Dec/2005:21:43:25 -0800] "GET /movies/Argento.zip HTTP/1.1" 200 336932
81.53.22.153 - - [03/Dec/2005:21:43:44 -0800] "GET /movies2/rvr.zip HTTP/1.0" 206 3829212
81.53.22.153 - - [03/Dec/2005:21:43:52 -0800] "GET /movies2/rvr.zip HTTP/1.0" 206 7437888
68.191.25.176 - - [03/Dec/2005:21:44:25 -0800] "GET /movies2/sepp_0001.zip HTTP/1.1" 200 18144822
69.220.175.198 - - [03/Dec/2005:21:45:43 -0800] "GET /movies/Ciliviel's%20Fourth.zip HTTP/1.1" 200 320938620
81.53.22.153 - - [03/Dec/2005:21:45:55 -0800] "GET /movies/AMAYA_200605-040705_FINAL.rar HTTP/1.0" 206 5634544
82.51.5.170 - - [03/Dec/2005:21:47:01 -0800] "GET /movies/Grimwarts%20Video%20Final%20Cut.zip HTTP/1.1" 206 18637771
82.51.5.170 - - [03/Dec/2005:21:47:24 -0800] "GET /movies/Grimwarts%20Video%20Final%20Cut.zip HTTP/1.1" 206 18622886
82.51.5.170 - - [03/Dec/2005:21:47:56 -0800] "GET /movies/Grimwarts%20Video%20Final%20Cut.zip HTTP/1.1" 206 18488850
68.58.201.78 - - [03/Dec/2005:21:48:28 -0800] "GET /movies2/sepp_0001.zip HTTP/1.1" 200 18144822
82.51.5.170 - - [03/Dec/2005:21:49:14 -0800] "GET /movies/Grimwarts%20Video%20Final%20Cut.zip HTTP/1.1" 206 18650089
86.194.21.183 - - [03/Dec/2005:21:49:18 -0800] "GET /movies2/amaya2_healplz.zip HTTP/1.1" 200 371806982
70.173.149.43 - - [03/Dec/2005:21:49:20 -0800] "GET /movies/AnimusFotmAnimusFotmAnimusFotm.zip HTTP/1.1" 200 126995306
81.53.22.153 - - [03/Dec/2005:21:50:26 -0800] "GET /movies2/rvr.zip HTTP/1.0" 206 3905028
81.53.22.153 - - [03/Dec/2005:21:50:26 -0800] "GET /movies/NS.zip HTTP/1.0" 206 13126511
69.175.154.52 - - [03/Dec/2005:21:50:27 -0800] "GET /movies/Achtung%20Baby%20II%20-%20March%201.zip HTTP/1.1" 200 117307261
83.114.245.12 - - [03/Dec/2005:21:50:40 -0800] "GET /movies/Crywin.zip HTTP/1.1" 200 93276670
81.53.22.153 - - [03/Dec/2005:21:51:07 -0800] "GET /movies/NS.zip HTTP/1.0" 206 11963244
82.83.195.85 - - [03/Dec/2005:21:51:10 -0800] "GET /movies/EpicEpeenEpisode.zip HTTP/1.1" 200 155403095
68.5.138.22 - - [03/Dec/2005:21:51:22 -0800] "GET /movies2/Cilivielmovie5.zip HTTP/1.1" 200 280459714
68.5.138.22 - - [03/Dec/2005:21:51:57 -0800] "GET /movies/Ciliviel's%20Fourth.zip HTTP/1.1" 200 320938620
155.97.202.176 - - [03/Dec/2005:21:52:24 -0800] "GET /favicon.ico HTTP/1.1" 404 283
219.115.250.249 - - [03/Dec/2005:21:52:25 -0800] "GET /movies/Fuzzylumpkins%20and%20Perrln%20Magical%20Journey.zip HTTP/1.1" 200 17300678
219.115.250.249 - - [03/Dec/2005:21:52:27 -0800] "GET /movies/Daily_Routine.zip HTTP/1.1" 200 20106798
146.115.27.238 - - [03/Dec/2005:21:52:34 -0800] "GET /movies/Ciliviel's%20Fourth.zip HTTP/1.1" 200 320938620
83.177.255.110 - - [03/Dec/2005:21:52:37 -0800] "GET /movies2/ValiantGlory2.zip HTTP/1.1" 200 285631566
81.53.22.153 - - [03/Dec/2005:21:53:52 -0800] "GET /movies/AMAYA_200605-040705_FINAL.rar HTTP/1.0" 206 493135
68.235.247.70 - - [03/Dec/2005:21:54:05 -0800] "GET /movies/1NightofOdyssey.zip HTTP/1.1" 200 57228486
84.134.159.52 - - [03/Dec/2005:21:54:09 -0800] "GET /movies/Funkameleox.zip HTTP/1.1" 200 45725913
84.44.148.147 - - [03/Dec/2005:21:54:40 -0800] "GET /movies2/WaffenbundTheMovie.zip HTTP/1.1" 200 20158
70.173.149.43 - - [03/Dec/2005:21:55:02 -0800] "GET /movies/moose.zip HTTP/1.1" 200 113605177
151.42.69.138 - - [03/Dec/2005:21:55:04 -0800] "GET /movies/Ciliviel's%20Fourth.zip HTTP/1.1" 200 320938620
81.53.22.153 - - [03/Dec/2005:21:55:46 -0800] "GET /movies/NS.zip HTTP/1.0" 206 5784032
212.195.156.73 - - [03/Dec/2005:21:56:49 -0800] "GET /movies2/legio_3.zip HTTP/1.1" 200 384442071
83.240.8.131 - - [03/Dec/2005:21:57:28 -0800] "GET /movies/Ciliviel's%20Fourth.zip HTTP/1.1" 200 75676
83.240.8.131 - - [03/Dec/2005:21:57:49 -0800] "GET /movies2/Cilivielmovie5.zip HTTP/1.1" 200 25958
81.53.22.153 - - [03/Dec/2005:21:58:48 -0800] "GET /movies/AMAYA_200605-040705_FINAL.rar HTTP/1.0" 206 544235
155.97.202.176 - - [03/Dec/2005:21:59:17 -0800] "GET /movies/Etrirghell_fin.zip HTTP/1.1" 200 65835645
81.53.22.153 - - [03/Dec/2005:22:00:11 -0800] "GET /movies2/rvr.zip HTTP/1.0" 206 3411208
81.53.22.153 - - [03/Dec/2005:22:00:37 -0800] "GET /movies/AMAYA_200605-040705_FINAL.rar HTTP/1.0" 206 6796948
68.235.247.70 - - [03/Dec/2005:22:01:03 -0800] "GET /movies/Godmode3.zip HTTP/1.1" 200 94185049
84.179.227.241 - - [03/Dec/2005:22:01:05 -0800] "GET /movies2/maelstrom_cluster1.zip HTTP/1.1" 200 140108
70.25.60.157 - - [03/Dec/2005:22:01:13 -0800] "GET /movies/Krystie.zip HTTP/1.1" 200 112267188
81.53.22.153 - - [03/Dec/2005:22:01:23 -0800] "GET /movies/AMAYA_200605-040705_FINAL.rar HTTP/1.0" 206 80948
218.232.213.178 - - [03/Dec/2005:22:02:18 -0800] "GET /movies/AChampsLife3high.zip HTTP/1.1" 200 3716838
218.232.213.178 - - [03/Dec/2005:22:02:19 -0800] "GET /movies/AChampsLife2.zip HTTP/1.1" 200 4908198
218.232.213.178 - - [03/Dec/2005:22:02:26 -0800] "GET /movies/chosenguardians-01.zip HTTP/1.1" 200 255178
67.138.164.174 - - [03/Dec/2005:22:03:52 -0800] "GET /movies/Toceps%20Hizero.zip HTTP/1.1" 200 41108024
81.53.22.153 - - [03/Dec/2005:22:03:57 -0800] "GET /movies2/rvr.zip HTTP/1.0" 206 7829408
86.194.21.183 - - [03/Dec/2005:22:04:45 -0800] "GET /movies/AMAYA_200605-040705_FINAL.rar HTTP/1.1" 200 444540412
81.53.22.153 - - [03/Dec/2005:22:06:29 -0800] "GET /movies/NS.zip HTTP/1.0" 206 4470556
81.53.22.153 - - [03/Dec/2005:22:07:51 -0800] "GET /movies/AMAYA_200605-040705_FINAL.rar HTTP/1.0" 206 6097448
81.53.22.153 - - [03/Dec/2005:22:08:29 -0800] "GET /movies/AMAYA_200605-040705_FINAL.rar HTTP/1.0" 206 6165236
203.133.240.10 - - [03/Dec/2005:22:08:48 -0800] "GET /movies/StormNF.zip HTTP/1.1" 200 195180197
70.25.60.157 - - [03/Dec/2005:22:09:54 -0800] "GET /movies/Heretic%20in%20NF.zip HTTP/1.1" 200 148589455
69.242.14.28 - - [03/Dec/2005:22:10:00 -0800] "GET /movies2/WaffenbundTheMovie.zip HTTP/1.1" 200 1376452
71.107.249.111 - - [03/Dec/2005:22:10:09 -0800] "GET /movies2/Gimp_and_Run_DivX.zip HTTP/1.1" 200 120258322
81.53.22.153 - - [03/Dec/2005:22:10:29 -0800] "GET /movies/NS.zip HTTP/1.0" 206 6322772
81.53.22.153 - - [03/Dec/2005:22:12:27 -0800] "GET /movies2/rvr.zip HTTP/1.0" 206 1447972
69.242.14.28 - - [03/Dec/2005:22:12:48 -0800] "GET /movies2/WaffenbundTheMovie.zip HTTP/1.1" 200 20779396
82.83.130.172 - - [03/Dec/2005:22:13:07 -0800] "GET /movies2/Sadrac-Solo-Infi-Part1.rar HTTP/1.1" 200 93579653
68.235.247.70 - - [03/Dec/2005:22:13:23 -0800] "GET /movies/SoloZerk.zip HTTP/1.1" 200 126492107
82.83.130.172 - - [03/Dec/2005:22:13:37 -0800] "GET /favicon.ico HTTP/1.1" 404 283
68.58.201.78 - - [03/Dec/2005:22:13:40 -0800] "GET /movies2/Cilivielmovie5.zip HTTP/1.1" 200 280459714
70.25.60.157 - - [03/Dec/2005:22:13:58 -0800] "GET /movies/baldir_jiv.zip HTTP/1.1" 200 190803947
82.125.97.182 - - [03/Dec/2005:22:14:54 -0800] "GET /movies/NS.zip HTTP/1.1" 200 316884137
193.77.154.146 - - [03/Dec/2005:22:15:02 -0800] "GET /movies/EpicEpeenEpisode.zip HTTP/1.1" 200 155403095
84.44.148.147 - - [03/Dec/2005:22:16:27 -0800] "GET /movies2/WaffenbundTheMovie.zip HTTP/1.1" 200 95211520
84.44.148.147 - - [03/Dec/2005:22:17:04 -0800] "GET /movies2/WaffenbundTheMovie.zip HTTP/1.1" 206 95022336
81.53.22.153 - - [03/Dec/2005:22:17:09 -0800] "GET /movies/AMAYA_200605-040705_FINAL.rar HTTP/1.0" 206 2737836
84.44.148.147 - - [03/Dec/2005:22:17:19 -0800] "GET /movies2/WaffenbundTheMovie.zip HTTP/1.1" 206 4237127
84.44.148.147 - - [03/Dec/2005:22:17:27 -0800] "GET /movies2/WaffenbundTheMovie.zip HTTP/1.1" 206 2252544
84.44.148.147 - - [03/Dec/2005:22:17:32 -0800] "GET /movies2/WaffenbundTheMovie.zip HTTP/1.1" 206 667904
84.44.148.147 - - [03/Dec/2005:22:17:34 -0800] "GET /movies2/WaffenbundTheMovie.zip HTTP/1.1" 206 423168
84.44.148.147 - - [03/Dec/2005:22:17:36 -0800] "GET /movies2/WaffenbundTheMovie.zip HTTP/1.1" 206 92306944
84.44.148.147 - - [03/Dec/2005:22:17:37 -0800] "GET /movies2/WaffenbundTheMovie.zip HTTP/1.1" 206 90201856
82.66.110.30 - - [03/Dec/2005:22:18:12 -0800] "GET /movies/HoAAdren2.zip HTTP/1.1" 200 208452
85.101.146.242 - - [03/Dec/2005:22:18:45 -0800] "GET /movies/Gremmy2_0001.zip HTTP/1.1" 206 21214814
81.53.22.153 - - [03/Dec/2005:22:19:31 -0800] "GET /movies/NS.zip HTTP/1.0" 206 3060468
85.112.166.111 - - [03/Dec/2005:22:20:43 -0800] "GET /movies/HoA%20Adrenaline.zip HTTP/1.0" 200 254922759
81.53.22.153 - - [03/Dec/2005:22:21:17 -0800] "GET /movies/AMAYA_200605-040705_FINAL.rar HTTP/1.0" 206 15717216
83.240.8.131 - - [03/Dec/2005:22:21:31 -0800] "GET /movies2/Cilivielmovie5.zip HTTP/1.0" 206 70161876
83.240.8.131 - - [03/Dec/2005:22:21:33 -0800] "GET /movies2/Cilivielmovie5.zip HTTP/1.0" 206 70160220
81.53.22.153 - - [03/Dec/2005:22:22:13 -0800] "GET /movies/AMAYA_200605-040705_FINAL.rar HTTP/1.0" 206 3094904
83.240.8.131 - - [03/Dec/2005:22:22:16 -0800] "GET /movies2/Cilivielmovie5.zip HTTP/1.0" 206 70160464
81.53.22.153 - - [03/Dec/2005:22:22:38 -0800] "GET /movies/NS.zip HTTP/1.0" 206 23375264
83.240.8.131 - - [03/Dec/2005:22:22:59 -0800] "GET /movies2/Cilivielmovie5.zip HTTP/1.0" 206 70114930
80.134.174.44 - - [03/Dec/2005:22:23:32 -0800] "GET /movies2/WaffenbundTheMovie.zip HTTP/1.1" 200 379691340
66.27.142.74 - - [03/Dec/2005:22:24:01 -0800] "GET /movies/NS.zip HTTP/1.1" 200 316884137
83.240.8.131 - - [03/Dec/2005:22:24:14 -0800] "GET /movies/Ciliviel's%20Fourth.zip HTTP/1.0" 206 80234655
83.240.8.131 - - [03/Dec/2005:22:24:43 -0800] "GET /movies/Ciliviel's%20Fourth.zip HTTP/1.0" 206 80271140
67.43.100.110 - - [03/Dec/2005:22:25:43 -0800] "GET /movies2/sepp_0001.zip HTTP/1.1" 200 18144822
80.171.83.207 - - [03/Dec/2005:22:28:22 -0800] "GET /movies2/sepp_0001.zip HTTP/1.1" 200 18144822
209.189.245.111 - - [03/Dec/2005:22:29:16 -0800] "GET /movies2/Purified.zip HTTP/1.1" 200 160426511
84.137.121.217 - - [03/Dec/2005:22:29:44 -0800] "GET /movies2/WaffenbundTheMovie.zip HTTP/1.1" 200 379691340
83.240.8.131 - - [03/Dec/2005:22:29:48 -0800] "GET /movies/Ciliviel's%20Fourth.zip HTTP/1.0" 206 76271096
83.240.8.131 - - [03/Dec/2005:22:29:48 -0800] "GET /movies/Ciliviel's%20Fourth.zip HTTP/1.0" 206 80200680
211.31.2.90 - - [03/Dec/2005:22:31:44 -0800] "GET /movies/Indecent%20II.zip HTTP/1.1" 200 32790336
66.27.142.74 - - [03/Dec/2005:22:32:08 -0800] "GET /movies2/wsg_20-29.zip HTTP/1.1" 200 108745637
82.66.110.30 - - [03/Dec/2005:22:33:41 -0800] "GET /movies/HoAAdren2.zip HTTP/1.1" 200 83909348
82.66.110.30 - - [03/Dec/2005:22:33:54 -0800] "GET /movies/HoAAdren2.zip HTTP/1.1" 206 83875256
82.66.110.30 - - [03/Dec/2005:22:34:01 -0800] "GET /movies/HoAAdren2.zip HTTP/1.1" 206 2629355
82.66.110.30 - - [03/Dec/2005:22:34:05 -0800] "GET /movies/HoAAdren2.zip HTTP/1.1" 206 1059468
82.66.110.30 - - [03/Dec/2005:22:34:05 -0800] "GET /movies/HoAAdren2.zip HTTP/1.1" 206 590164
82.66.110.30 - - [03/Dec/2005:22:34:07 -0800] "GET /movies/HoAAdren2.zip HTTP/1.1" 206 82355156
82.66.110.30 - - [03/Dec/2005:22:34:07 -0800] "GET /movies/HoAAdren2.zip HTTP/1.1" 206 81239048
70.104.16.36 - - [03/Dec/2005:22:34:48 -0800] "GET /movies2/A_Saracen's_Tale.zip HTTP/1.1" 200 124242749
72.136.153.68 - - [03/Dec/2005:22:35:44 -0800] "GET /movies/Tjcombo.zip HTTP/1.1" 200 148781296
60.35.232.145 - - [03/Dec/2005:22:36:18 -0800] "GET /movies2/Camlann%20Shadow%20Zone.zip HTTP/1.1" 200 141905700
81.243.200.219 - - [03/Dec/2005:22:38:39 -0800] "GET /movies2/Camlann%20Shadow%20Zone.zip HTTP/1.1" 200 516352
81.53.22.153 - - [03/Dec/2005:22:39:14 -0800] "GET /movies/AMAYA_200605-040705_FINAL.rar HTTP/1.0" 206 14274075
80.171.83.207 - - [03/Dec/2005:22:39:21 -0800] "GET /movies2/Camlann%20Shadow%20Zone.zip HTTP/1.1" 200 141905700
24.41.65.185 - - [03/Dec/2005:22:39:27 -0800] "GET /movies/AmishParadise.zip HTTP/1.1" 200 43025780
84.141.120.23 - - [03/Dec/2005:22:39:50 -0800] "GET /movies2/DemonoidPhenomenon.rar HTTP/1.1" 200 122494915
12.210.116.242 - - [03/Dec/2005:22:40:11 -0800] "GET /movies/1NightofOdyssey.zip HTTP/1.1" 200 57228486
81.53.22.153 - - [03/Dec/2005:22:40:19 -0800] "GET /movies2/rvr.zip HTTP/1.0" 206 13137728
81.53.22.153 - - [03/Dec/2005:22:41:40 -0800] "GET /movies/AMAYA_200605-040705_FINAL.rar HTTP/1.0" 206 12159852
81.243.200.219 - - [03/Dec/2005:22:43:28 -0800] "GET /movies2/Camlann%20Shadow%20Zone.zip HTTP/1.1" 200 104388
216.201.32.8 - - [03/Dec/2005:22:43:32 -0800] "GET /movies/Eidleon%20RR8%25Reaver.zip HTTP/1.1" 404 301
81.243.200.219 - - [03/Dec/2005:22:43:35 -0800] "GET /movies2/Camlann%20Shadow%20Zone.zip HTTP/1.1" 200 12819
81.243.200.219 - - [03/Dec/2005:22:43:35 -0800] "GET /movies2/Camlann%20Shadow%20Zone.zip HTTP/1.1" 206 22
81.243.200.219 - - [03/Dec/2005:22:43:35 -0800] "GET /movies2/Camlann%20Shadow%20Zone.zip HTTP/1.1" 206 91
81.243.200.219 - - [03/Dec/2005:22:43:41 -0800] "GET /movies2/Camlann%20Shadow%20Zone.zip HTTP/1.1" 200 88739
85.74.138.250 - - [03/Dec/2005:22:44:23 -0800] "GET /movies/cgrvr.rar HTTP/1.1" 200 134292823
166.165.255.105 - - [03/Dec/2005:22:44:53 -0800] "GET /movies2/sepp_0001.zip HTTP/1.1" 200 18144822
81.53.22.153 - - [03/Dec/2005:22:45:50 -0800] "GET /movies/AMAYA_200605-040705_FINAL.rar HTTP/1.0" 206 4494996
81.53.22.153 - - [03/Dec/2005:22:46:06 -0800] "GET /movies/AMAYA_200605-040705_FINAL.rar HTTP/1.0" 206 5864008
81.53.22.153 - - [03/Dec/2005:22:46:08 -0800] "GET /movies2/rvr.zip HTTP/1.0" 206 12214011
81.243.200.219 - - [03/Dec/2005:22:46:30 -0800] "GET /movies2/WaffenbundTheMovie.zip HTTP/1.1" 200 93118
84.179.227.241 - - [03/Dec/2005:22:46:46 -0800] "GET /movies2/maelstrom_cluster1.zip HTTP/1.1" 200 86455592
81.243.200.219 - - [03/Dec/2005:22:46:50 -0800] "GET /movies2/Raila%20Memorial%20good.zip HTTP/1.1" 200 59540
213.212.194.183 - - [03/Dec/2005:22:46:52 -0800] "GET /movies2/WaffenbundTheMovie.zip HTTP/1.1" 206 145190
213.212.194.183 - - [03/Dec/2005:22:46:53 -0800] "GET /movies2/WaffenbundTheMovie.zip HTTP/1.1" 206 71751
213.212.194.183 - - [03/Dec/2005:22:46:53 -0800] "GET /movies2/WaffenbundTheMovie.zip HTTP/1.1" 206 71750
81.53.22.153 - - [03/Dec/2005:22:47:35 -0800] "GET /movies/AMAYA_200605-040705_FINAL.rar HTTP/1.0" 206 1393955
82.83.130.172 - - [03/Dec/2005:22:47:36 -0800] "GET /movies/PronwanIII.zip HTTP/1.1" 200 177936244
216.201.32.8 - - [03/Dec/2005:22:47:40 -0800] "GET /movies/minstreldude.zip HTTP/1.1" 200 136919
84.179.227.241 - - [03/Dec/2005:22:47:49 -0800] "GET /movies2/maelstrom_cluster1.zip HTTP/1.1" 206 86381040
84.179.227.241 - - [03/Dec/2005:22:47:59 -0800] "GET /movies2/maelstrom_cluster1.zip HTTP/1.1" 206 83967176
213.212.194.183 - - [03/Dec/2005:22:47:59 -0800] "GET /movies2/WaffenbundTheMovie.zip HTTP/1.1" 206 266231
213.212.194.183 - - [03/Dec/2005:22:47:59 -0800] "GET /movies2/WaffenbundTheMovie.zip HTTP/1.1" 206 103031
213.212.194.183 - - [03/Dec/2005:22:47:59 -0800] "GET /movies2/WaffenbundTheMovie.zip HTTP/1.1" 206 64951
213.212.194.183 - - [03/Dec/2005:22:48:00 -0800] "GET /movies2/WaffenbundTheMovie.zip HTTP/1.1" 206 237670
213.212.194.183 - - [03/Dec/2005:22:48:00 -0800] "GET /movies2/WaffenbundTheMovie.zip HTTP/1.1" 206 380470
213.212.194.183 - - [03/Dec/2005:22:48:00 -0800] "GET /movies2/WaffenbundTheMovie.zip HTTP/1.1" 206 360070
213.212.194.183 - - [03/Dec/2005:22:48:00 -0800] "GET /movies2/WaffenbundTheMovie.zip HTTP/1.1" 206 380471
213.212.194.183 - - [03/Dec/2005:22:48:00 -0800] "GET /movies2/WaffenbundTheMovie.zip HTTP/1.1" 206 263511
213.212.194.183 - - [03/Dec/2005:22:48:03 -0800] "GET /movies2/WaffenbundTheMovie.zip HTTP/1.1" 206 331511
84.179.227.241 - - [03/Dec/2005:22:48:06 -0800] "GET /movies2/maelstrom_cluster1.zip HTTP/1.1" 206 2449605
213.212.194.183 - - [03/Dec/2005:22:48:08 -0800] "GET /movies2/WaffenbundTheMovie.zip HTTP/1.1" 206 326071
213.212.194.183 - - [03/Dec/2005:22:48:12 -0800] "GET /movies2/WaffenbundTheMovie.zip HTTP/1.1" 206 78551
84.179.227.241 - - [03/Dec/2005:22:48:14 -0800] "GET /movies2/maelstrom_cluster1.zip HTTP/1.1" 206 689384
84.179.227.241 - - [03/Dec/2005:22:48:17 -0800] "GET /movies2/maelstrom_cluster1.zip HTTP/1.1" 206 85253320
84.179.227.241 - - [03/Dec/2005:22:48:19 -0800] "GET /movies2/maelstrom_cluster1.zip HTTP/1.1" 206 658068
216.201.32.8 - - [03/Dec/2005:22:48:24 -0800] "GET /movies/minstreldude.zip HTTP/1.1" 200 107719
213.212.194.183 - - [03/Dec/2005:22:48:49 -0800] "GET /movies2/WaffenbundTheMovie.zip HTTP/1.1" 206 275751
213.212.194.183 - - [03/Dec/2005:22:48:49 -0800] "GET /movies2/WaffenbundTheMovie.zip HTTP/1.1" 206 455270
213.212.194.183 - - [03/Dec/2005:22:48:50 -0800] "GET /movies2/WaffenbundTheMovie.zip HTTP/1.1" 206 505590
82.83.130.172 - - [03/Dec/2005:22:48:57 -0800] "GET /movies/Nocturne2.zip HTTP/1.1" 200 247177056
213.212.194.183 - - [03/Dec/2005:22:50:08 -0800] "GET /movies2/WaffenbundTheMovie.zip HTTP/1.1" 206 126151
81.53.22.153 - - [03/Dec/2005:22:50:10 -0800] "GET /movies2/rvr.zip HTTP/1.0" 206 1204412
213.212.194.183 - - [03/Dec/2005:22:50:15 -0800] "GET /movies2/WaffenbundTheMovie.zip HTTP/1.1" 206 214551
24.32.66.12 - - [03/Dec/2005:22:50:16 -0800] "GET /movies2/sepp_0001.zip HTTP/1.1" 200 18144822
196.218.29.66 - - [03/Dec/2005:22:50:31 -0800] "GET /movies2/WaffenbundTheMovie.zip HTTP/1.1" 206 13346744
196.218.29.66 - - [03/Dec/2005:22:50:32 -0800] "GET /movies2/WaffenbundTheMovie.zip HTTP/1.1" 206 10473632
196.218.29.66 - - [03/Dec/2005:22:50:32 -0800] "GET /movies2/WaffenbundTheMovie.zip HTTP/1.1" 206 12653056
196.218.29.66 - - [03/Dec/2005:22:50:33 -0800] "GET /movies2/WaffenbundTheMovie.zip HTTP/1.1" 206 12707511
196.218.29.66 - - [03/Dec/2005:22:50:33 -0800] "GET /movies2/WaffenbundTheMovie.zip HTTP/1.1" 206 12523148
196.218.29.66 - - [03/Dec/2005:22:50:34 -0800] "GET /movies2/WaffenbundTheMovie.zip HTTP/1.1" 206 12597528
196.218.29.66 - - [03/Dec/2005:22:50:34 -0800] "GET /movies2/WaffenbundTheMovie.zip HTTP/1.1" 206 12426228
83.240.8.131 - - [03/Dec/2005:22:50:35 -0800] "GET /movies/Ciliviel's%20Fourth.zip HTTP/1.0" 206 80056
196.218.29.66 - - [03/Dec/2005:22:50:36 -0800] "GET /movies2/WaffenbundTheMovie.zip HTTP/1.1" 206 12962608
196.218.29.66 - - [03/Dec/2005:22:50:37 -0800] "GET /movies2/WaffenbundTheMovie.zip HTTP/1.1" 206 12867628
196.218.29.66 - - [03/Dec/2005:22:50:37 -0800] "GET /movies2/WaffenbundTheMovie.zip HTTP/1.1" 206 12742224
196.218.29.66 - - [03/Dec/2005:22:50:38 -0800] "GET /movies2/WaffenbundTheMovie.zip HTTP/1.1" 206 12114268
196.218.29.66 - - [03/Dec/2005:22:50:38 -0800] "GET /movies2/WaffenbundTheMovie.zip HTTP/1.1" 206 12588516
196.218.29.66 - - [03/Dec/2005:22:50:39 -0800] "GET /movies2/WaffenbundTheMovie.zip HTTP/1.1" 206 13024660
196.218.29.66 - - [03/Dec/2005:22:50:39 -0800] "GET /movies2/WaffenbundTheMovie.zip HTTP/1.1" 206 12374148
196.218.29.66 - - [03/Dec/2005:22:50:39 -0800] "GET /movies2/WaffenbundTheMovie.zip HTTP/1.1" 206 12839064
196.218.29.66 - - [03/Dec/2005:22:50:39 -0800] "GET /movies2/WaffenbundTheMovie.zip HTTP/1.1" 206 11943931
213.212.194.183 - - [03/Dec/2005:22:50:40 -0800] "GET /movies2/WaffenbundTheMovie.zip HTTP/1.1" 206 753111
81.243.200.219 - - [03/Dec/2005:22:50:47 -0800] "GET /movies2/rvr.zip HTTP/1.1" 200 117772
213.212.194.183 - - [03/Dec/2005:22:51:23 -0800] "GET /movies2/WaffenbundTheMovie.zip HTTP/1.1" 206 754928
83.240.8.131 - - [03/Dec/2005:22:51:26 -0800] "GET /movies/Ciliviel's%20Fourth.zip HTTP/1.0" 206 4001764
213.212.194.183 - - [03/Dec/2005:22:51:45 -0800] "GET /movies2/WaffenbundTheMovie.zip HTTP/1.1" 206 293431
213.212.194.183 - - [03/Dec/2005:22:51:46 -0800] "GET /movies2/WaffenbundTheMovie.zip HTTP/1.1" 206 256710
213.212.194.183 - - [03/Dec/2005:22:52:03 -0800] "GET /movies2/WaffenbundTheMovie.zip HTTP/1.1" 206 995936
24.70.95.204 - - [03/Dec/2005:22:52:18 -0800] "GET /movies2/sepp_0001.zip HTTP/1.1" 200 18144822
83.196.216.26 - - [03/Dec/2005:22:52:29 -0800] "GET /movies2/legio_3.zip HTTP/1.1" 200 384442071
80.144.127.41 - - [03/Dec/2005:22:52:31 -0800] "GET /movies/1NightofOdyssey.zip HTTP/1.1" 200 57228486
213.212.194.183 - - [03/Dec/2005:22:52:41 -0800] "GET /movies2/WaffenbundTheMovie.zip HTTP/1.1" 206 647584
213.212.194.183 - - [03/Dec/2005:22:53:13 -0800] "GET /movies2/WaffenbundTheMovie.zip HTTP/1.1" 206 953031
213.212.194.183 - - [03/Dec/2005:22:53:15 -0800] "GET /movies2/WaffenbundTheMovie.zip HTTP/1.1" 206 697351
81.53.22.153 - - [03/Dec/2005:22:53:25 -0800] "GET /movies/NS.zip HTTP/1.0" 206 5478568
212.195.156.73 - - [03/Dec/2005:22:53:27 -0800] "GET /movies2/legio_4.zip HTTP/1.1" 200 532469697
69.220.175.198 - - [03/Dec/2005:22:53:28 -0800] "GET /movies2/Cilivielmovie5.zip HTTP/1.1" 200 280459714
213.212.194.183 - - [03/Dec/2005:22:53:48 -0800] "GET /movies2/WaffenbundTheMovie.zip HTTP/1.1" 206 1578630
81.53.22.153 - - [03/Dec/2005:22:53:50 -0800] "GET /movies/NS.zip HTTP/1.0" 206 9699752
24.14.72.186 - - [03/Dec/2005:22:54:01 -0800] "GET /movies2/sepp_0001.zip HTTP/1.1" 200 18144822
81.243.200.219 - - [03/Dec/2005:22:55:29 -0800] "GET /movies2/Camlann%20Shadow%20Zone.zip HTTP/1.1" 200 19201512
81.243.200.219 - - [03/Dec/2005:22:55:29 -0800] "GET /movies2/Camlann%20Shadow%20Zone.zip HTTP/1.1" 206 19595216
81.243.200.219 - - [03/Dec/2005:22:55:29 -0800] "GET /movies2/Camlann%20Shadow%20Zone.zip HTTP/1.1" 206 18111620
81.243.200.219 - - [03/Dec/2005:22:55:29 -0800] "GET /movies2/Camlann%20Shadow%20Zone.zip HTTP/1.1" 206 18877036
81.243.200.219 - - [03/Dec/2005:22:55:29 -0800] "GET /movies2/WaffenbundTheMovie.zip HTTP/1.1" 200 11059260
81.243.200.219 - - [03/Dec/2005:22:55:29 -0800] "GET /movies2/WaffenbundTheMovie.zip HTTP/1.1" 206 9707153
81.243.200.219 - - [03/Dec/2005:22:55:29 -0800] "GET /movies2/WaffenbundTheMovie.zip HTTP/1.1" 206 11328788
81.243.200.219 - - [03/Dec/2005:22:55:29 -0800] "GET /movies2/WaffenbundTheMovie.zip HTTP/1.1" 206 10487080
81.243.200.219 - - [03/Dec/2005:22:55:29 -0800] "GET /movies2/Raila%20Memorial%20good.zip HTTP/1.1" 200 11579904
81.243.200.219 - - [03/Dec/2005:22:55:29 -0800] "GET /movies2/Raila%20Memorial%20good.zip HTTP/1.1" 206 10841912
213.212.194.183 - - [03/Dec/2005:22:55:31 -0800] "GET /movies2/WaffenbundTheMovie.zip HTTP/1.1" 206 1347440
213.212.194.183 - - [03/Dec/2005:22:55:32 -0800] "GET /movies2/WaffenbundTheMovie.zip HTTP/1.1" 206 1917271
70.104.16.36 - - [03/Dec/2005:22:55:55 -0800] "GET /movies/Saifang2.zip HTTP/1.1" 200 190660462
153.29.160.34 - - [03/Dec/2005:22:56:22 -0800] "GET /movies/Allexiel%20-%20Solo%20Reaver.zip HTTP/1.1" 200 91168691
213.212.194.183 - - [03/Dec/2005:22:56:51 -0800] "GET /movies2/WaffenbundTheMovie.zip HTTP/1.1" 206 498791
213.212.194.183 - - [03/Dec/2005:22:57:03 -0800] "GET /movies2/WaffenbundTheMovie.zip HTTP/1.1" 206 1475680
213.212.194.183 - - [03/Dec/2005:22:58:42 -0800] "GET /movies2/WaffenbundTheMovie.zip HTTP/1.1" 206 535536
12.219.226.164 - - [03/Dec/2005:22:58:52 -0800] "GET /movies2/sepp_0001.zip HTTP/1.1" 200 18144822
213.212.194.183 - - [03/Dec/2005:22:58:55 -0800] "GET /movies2/WaffenbundTheMovie.zip HTTP/1.1" 206 2703728
213.212.194.183 - - [03/Dec/2005:22:59:07 -0800] "GET /movies2/WaffenbundTheMovie.zip HTTP/1.1" 206 2744151
217.69.242.21 - - [03/Dec/2005:22:59:47 -0800] "GET /movies/sgrvr.zip HTTP/1.1" 200 47159685
213.212.194.183 - - [03/Dec/2005:22:59:50 -0800] "GET /movies2/WaffenbundTheMovie.zip HTTP/1.1" 206 715031
82.3.32.76 - - [03/Dec/2005:23:00:06 -0800] "GET /movies/Hisoiltir.zip HTTP/1.1" 200 79631682
81.53.22.153 - - [03/Dec/2005:23:00:10 -0800] "GET /movies2/rvr.zip HTTP/1.0" 206 9952008
213.212.194.183 - - [03/Dec/2005:23:00:35 -0800] "GET /movies2/WaffenbundTheMovie.zip HTTP/1.1" 206 1497360
193.77.154.146 - - [03/Dec/2005:23:00:53 -0800] "GET /movies/Vinterz-bd-final.zip HTTP/1.1" 200 426215361
213.212.194.183 - - [03/Dec/2005:23:00:58 -0800] "GET /movies2/WaffenbundTheMovie.zip HTTP/1.1" 206 3139184
81.53.22.153 - - [03/Dec/2005:23:01:52 -0800] "GET /movies/NS.zip HTTP/1.0" 206 7254176
213.212.194.183 - - [03/Dec/2005:23:01:52 -0800] "GET /movies2/WaffenbundTheMovie.zip HTTP/1.1" 206 2318470
213.212.194.183 - - [03/Dec/2005:23:02:33 -0800] "GET /movies2/WaffenbundTheMovie.zip HTTP/1.1" 206 1188288
213.212.194.183 - - [03/Dec/2005:23:02:49 -0800] "GET /movies2/WaffenbundTheMovie.zip HTTP/1.1" 206 2017616
81.53.22.153 - - [03/Dec/2005:23:02:59 -0800] "GET /movies2/rvr.zip HTTP/1.0" 206 27275232
213.212.194.183 - - [03/Dec/2005:23:03:32 -0800] "GET /movies2/WaffenbundTheMovie.zip HTTP/1.1" 206 409031
213.212.194.183 - - [03/Dec/2005:23:03:42 -0800] "GET /movies2/WaffenbundTheMovie.zip HTTP/1.1" 206 2892391
213.212.194.183 - - [03/Dec/2005:23:03:46 -0800] "GET /movies2/WaffenbundTheMovie.zip HTTP/1.1" 206 1583104
81.53.22.153 - - [03/Dec/2005:23:03:51 -0800] "GET /movies/AMAYA_200605-040705_FINAL.rar HTTP/1.0" 206 1777935
81.53.22.153 - - [03/Dec/2005:23:03:59 -0800] "GET /movies2/rvr.zip HTTP/1.0" 206 12453196
213.212.194.183 - - [03/Dec/2005:23:04:01 -0800] "GET /movies2/WaffenbundTheMovie.zip HTTP/1.1" 206 2018672
70.156.164.164 - - [03/Dec/2005:23:04:23 -0800] "GET /movies2/Gimp_and_Run_DivX.zip HTTP/1.1" 200 120258322
213.212.194.183 - - [03/Dec/2005:23:04:37 -0800] "GET /movies2/WaffenbundTheMovie.zip HTTP/1.1" 206 1679168
81.53.22.153 - - [03/Dec/2005:23:04:39 -0800] "GET /movies2/rvr.zip HTTP/1.0" 206 63892
81.53.22.153 - - [03/Dec/2005:23:05:43 -0800] "GET /movies2/rvr.zip HTTP/1.0" 206 3373572
213.212.194.183 - - [03/Dec/2005:23:05:49 -0800] "GET /movies2/WaffenbundTheMovie.zip HTTP/1.1" 206 28231
213.212.194.183 - - [03/Dec/2005:23:05:53 -0800] "GET /movies2/WaffenbundTheMovie.zip HTTP/1.1" 206 4191216
213.212.194.183 - - [03/Dec/2005:23:05:56 -0800] "GET /movies2/WaffenbundTheMovie.zip HTTP/1.1" 206 1071408
213.212.194.183 - - [03/Dec/2005:23:07:11 -0800] "GET /movies2/WaffenbundTheMovie.zip HTTP/1.1" 206 307031
213.212.194.183 - - [03/Dec/2005:23:07:52 -0800] "GET /movies2/WaffenbundTheMovie.zip HTTP/1.1" 206 861824
12.226.85.108 - - [03/Dec/2005:23:08:05 -0800] "GET /movies2/FUN.zip HTTP/1.1" 200 412093813
64.229.221.68 - - [03/Dec/2005:23:08:15 -0800] "GET /movies/lifeinpain.rar HTTP/1.1" 200 151809888
213.212.194.183 - - [03/Dec/2005:23:08:28 -0800] "GET /movies2/WaffenbundTheMovie.zip HTTP/1.1" 206 24151
82.3.32.76 - - [03/Dec/2005:23:08:46 -0800] "GET /movies/Dhaz-MerlinsSoloSavageVid2.zip HTTP/1.1" 200 112079841
213.212.194.183 - - [03/Dec/2005:23:08:58 -0800] "GET /movies2/WaffenbundTheMovie.zip HTTP/1.1" 206 2355872
69.245.153.45 - - [03/Dec/2005:23:09:14 -0800] "GET /movies/Alcegi.zip HTTP/1.1" 200 40804936
58.93.24.139 - - [03/Dec/2005:23:09:58 -0800] "GET /movies/Only%20in%20Thidranki%203.zip HTTP/1.1" 200 183121889
213.212.194.183 - - [03/Dec/2005:23:10:05 -0800] "GET /movies2/WaffenbundTheMovie.zip HTTP/1.1" 206 3339328
68.58.151.124 - - [03/Dec/2005:23:10:11 -0800] "GET /movies2/sepp_0001.zip HTTP/1.1" 200 1643680
81.53.22.153 - - [03/Dec/2005:23:10:14 -0800] "GET /movies/NS.zip HTTP/1.0" 206 834770
213.212.194.183 - - [03/Dec/2005:23:10:30 -0800] "GET /movies2/WaffenbundTheMovie.zip HTTP/1.1" 206 2892448
81.53.22.153 - - [03/Dec/2005:23:11:05 -0800] "GET /movies2/rvr.zip HTTP/1.0" 206 2738792
81.53.22.153 - - [03/Dec/2005:23:11:22 -0800] "GET /movies/NS.zip HTTP/1.0" 206 2588088
68.58.151.124 - - [03/Dec/2005:23:11:24 -0800] "GET /movies2/sepp_0001.zip HTTP/1.1" 200 18144822
71.49.25.66 - - [03/Dec/2005:23:11:27 -0800] "GET /movies/Crossfire.rar HTTP/1.1" 200 141780
81.53.22.153 - - [03/Dec/2005:23:12:26 -0800] "GET /movies/AMAYA_200605-040705_FINAL.rar HTTP/1.0" 206 5785328
213.212.194.183 - - [03/Dec/2005:23:12:28 -0800] "GET /movies2/WaffenbundTheMovie.zip HTTP/1.1" 206 4839912
213.212.194.183 - - [03/Dec/2005:23:13:24 -0800] "GET /movies2/WaffenbundTheMovie.zip HTTP/1.1" 206 5552064
213.212.194.183 - - [03/Dec/2005:23:14:01 -0800] "GET /movies2/WaffenbundTheMovie.zip HTTP/1.1" 206 1220064
81.53.22.153 - - [03/Dec/2005:23:14:12 -0800] "GET /movies/NS.zip HTTP/1.0" 206 14417151
81.53.22.153 - - [03/Dec/2005:23:14:45 -0800] "GET /movies/AMAYA_200605-040705_FINAL.rar HTTP/1.0" 206 5728868
213.212.194.183 - - [03/Dec/2005:23:15:09 -0800] "GET /movies2/WaffenbundTheMovie.zip HTTP/1.1" 206 1462048
217.69.242.21 - - [03/Dec/2005:23:15:19 -0800] "GET /movies/FC%20Tank%20Group1.ace HTTP/1.1" 200 107592978
213.212.194.183 - - [03/Dec/2005:23:15:38 -0800] "GET /movies2/WaffenbundTheMovie.zip HTTP/1.1" 206 5915984
82.3.32.76 - - [03/Dec/2005:23:15:39 -0800] "GET /movies/Copy%20of%20DesoReloaded.zip HTTP/1.1" 200 344016129
67.160.246.179 - - [03/Dec/2005:23:16:34 -0800] "GET /movies2/sepp_0001.zip HTTP/1.1" 200 18144822
213.212.194.183 - - [03/Dec/2005:23:16:35 -0800] "GET /movies2/WaffenbundTheMovie.zip HTTP/1.1" 206 4016352
81.208.83.220 - - [03/Dec/2005:23:16:44 -0800] "GET /movies/pug_0001.zip HTTP/1.1" 200 40280180
213.212.194.183 - - [03/Dec/2005:23:16:47 -0800] "GET /movies2/WaffenbundTheMovie.zip HTTP/1.1" 206 1061952
213.212.194.183 - - [03/Dec/2005:23:16:53 -0800] "GET /movies2/WaffenbundTheMovie.zip HTTP/1.1" 206 434160
81.53.22.153 - - [03/Dec/2005:23:17:01 -0800] "GET /movies2/rvr.zip HTTP/1.0" 206 2055332
213.212.194.183 - - [03/Dec/2005:23:17:31 -0800] "GET /movies2/WaffenbundTheMovie.zip HTTP/1.1" 206 2960944
82.48.83.119 - - [03/Dec/2005:23:18:19 -0800] "GET /movies2/rvr.zip HTTP/1.1" 200 128158
82.48.83.119 - - [03/Dec/2005:23:18:20 -0800] "GET /movies2/rvr.zip HTTP/1.1" 206 18639
81.53.22.153 - - [03/Dec/2005:23:18:39 -0800] "GET /movies/NS.zip HTTP/1.0" 206 12217284
213.212.194.183 - - [03/Dec/2005:23:18:51 -0800] "GET /movies2/WaffenbundTheMovie.zip HTTP/1.1" 206 1096800
213.212.194.183 - - [03/Dec/2005:23:19:00 -0800] "GET /movies2/WaffenbundTheMovie.zip HTTP/1.1" 206 4187520
213.212.194.183 - - [03/Dec/2005:23:19:12 -0800] "GET /movies2/WaffenbundTheMovie.zip HTTP/1.1" 206 2882864
153.29.160.34 - - [03/Dec/2005:23:19:14 -0800] "GET /movies/ScoutHowToVideo.zip HTTP/1.1" 200 111388658
213.212.194.183 - - [03/Dec/2005:23:19:24 -0800] "GET /movies2/WaffenbundTheMovie.zip HTTP/1.1" 206 457296
81.53.22.153 - - [03/Dec/2005:23:19:32 -0800] "GET /movies/NS.zip HTTP/1.0" 206 22646332
213.212.194.183 - - [03/Dec/2005:23:20:13 -0800] "GET /movies2/WaffenbundTheMovie.zip HTTP/1.1" 206 2363312
81.53.22.153 - - [03/Dec/2005:23:20:21 -0800] "GET /movies/AMAYA_200605-040705_FINAL.rar HTTP/1.0" 206 2268708
213.212.194.183 - - [03/Dec/2005:23:20:31 -0800] "GET /movies2/WaffenbundTheMovie.zip HTTP/1.1" 206 2033792
81.53.22.153 - - [03/Dec/2005:23:20:36 -0800] "GET /movies/AMAYA_200605-040705_FINAL.rar HTTP/1.0" 206 11555084
69.245.153.45 - - [03/Dec/2005:23:21:09 -0800] "GET /movies2/Darkyne1.zip HTTP/1.1" 200 164145970
81.53.22.153 - - [03/Dec/2005:23:21:14 -0800] "GET /movies2/rvr.zip HTTP/1.0" 206 2222848
213.212.194.183 - - [03/Dec/2005:23:21:42 -0800] "GET /movies2/WaffenbundTheMovie.zip HTTP/1.1" 206 1279432
213.212.194.183 - - [03/Dec/2005:23:21:47 -0800] "GET /movies2/WaffenbundTheMovie.zip HTTP/1.1" 206 2265232
71.49.25.66 - - [03/Dec/2005:23:22:00 -0800] "GET /movies2/Hunters+Gimpspec+Vid.+1.zip HTTP/1.1" 200 86918883
213.212.194.183 - - [03/Dec/2005:23:22:26 -0800] "GET /movies2/WaffenbundTheMovie.zip HTTP/1.1" 206 473632
213.212.194.183 - - [03/Dec/2005:23:22:28 -0800] "GET /movies2/WaffenbundTheMovie.zip HTTP/1.1" 206 26871
213.212.194.183 - - [03/Dec/2005:23:23:09 -0800] "GET /movies2/WaffenbundTheMovie.zip HTTP/1.1" 206 2950384
81.53.22.153 - - [03/Dec/2005:23:23:15 -0800] "GET /movies/NS.zip HTTP/1.0" 206 1862472
81.53.22.153 - - [03/Dec/2005:23:23:15 -0800] "GET /movies2/Camlann%20Shadow%20Zone.zip HTTP/1.0" 206 11455136
213.212.194.183 - - [03/Dec/2005:23:24:05 -0800] "GET /movies2/WaffenbundTheMovie.zip HTTP/1.1" 206 43191
81.243.200.219 - - [03/Dec/2005:23:24:09 -0800] "GET /movies2/Camlann%20Shadow%20Zone.zip HTTP/1.1" 206 4413308
81.243.200.219 - - [03/Dec/2005:23:24:12 -0800] "GET /movies2/Camlann%20Shadow%20Zone.zip HTTP/1.1" 206 4360040
81.243.200.219 - - [03/Dec/2005:23:24:24 -0800] "GET /movies2/Camlann%20Shadow%20Zone.zip HTTP/1.1" 206 4333628
81.243.200.219 - - [03/Dec/2005:23:24:30 -0800] "GET /movies/pvpvid2_Ikaros_Nedom.zip HTTP/1.1" 200 101879
81.243.200.219 - - [03/Dec/2005:23:24:34 -0800] "GET /movies2/Camlann%20Shadow%20Zone.zip HTTP/1.1" 206 4392756
213.212.194.183 - - [03/Dec/2005:23:24:38 -0800] "GET /movies2/WaffenbundTheMovie.zip HTTP/1.1" 206 5381888
81.243.200.219 - - [03/Dec/2005:23:25:22 -0800] "GET /movies2/Camlann%20Shadow%20Zone.zip HTTP/1.1" 206 2069456
81.243.200.219 - - [03/Dec/2005:23:25:28 -0800] "GET /movies2/Camlann%20Shadow%20Zone.zip HTTP/1.1" 206 2244424
81.243.200.219 - - [03/Dec/2005:23:25:28 -0800] "GET /movies2/Camlann%20Shadow%20Zone.zip HTTP/1.1" 206 1890315
213.212.194.183 - - [03/Dec/2005:23:25:31 -0800] "GET /movies2/WaffenbundTheMovie.zip HTTP/1.1" 206 1664311
81.53.22.153 - - [03/Dec/2005:23:25:31 -0800] "GET /movies2/rvr.zip HTTP/1.0" 206 3699324
81.243.200.219 - - [03/Dec/2005:23:25:33 -0800] "GET /movies2/Camlann%20Shadow%20Zone.zip HTTP/1.1" 206 6223652
81.243.200.219 - - [03/Dec/2005:23:25:34 -0800] "GET /movies2/Camlann%20Shadow%20Zone.zip HTTP/1.1" 206 6288748
81.243.200.219 - - [03/Dec/2005:23:25:40 -0800] "GET /movies2/Camlann%20Shadow%20Zone.zip HTTP/1.1" 206 1656092
81.243.200.219 - - [03/Dec/2005:23:25:41 -0800] "GET /movies2/Camlann%20Shadow%20Zone.zip HTTP/1.1" 206 7072336
81.243.200.219 - - [03/Dec/2005:23:25:43 -0800] "GET /movies2/Camlann%20Shadow%20Zone.zip HTTP/1.1" 206 6275432
81.243.200.219 - - [03/Dec/2005:23:25:43 -0800] "GET /movies2/Camlann%20Shadow%20Zone.zip HTTP/1.1" 206 368560
12.240.23.120 - - [03/Dec/2005:23:25:45 -0800] "GET /favicon.ico HTTP/1.1" 404 283
81.243.200.219 - - [03/Dec/2005:23:25:49 -0800] "GET /movies2/Camlann%20Shadow%20Zone.zip HTTP/1.1" 206 6286516
81.243.200.219 - - [03/Dec/2005:23:25:49 -0800] "GET /movies2/Camlann%20Shadow%20Zone.zip HTTP/1.1" 206 7541304
81.243.200.219 - - [03/Dec/2005:23:25:50 -0800] "GET /movies2/Camlann%20Shadow%20Zone.zip HTTP/1.1" 206 863264
213.212.194.183 - - [03/Dec/2005:23:25:51 -0800] "GET /movies2/WaffenbundTheMovie.zip HTTP/1.1" 206 1311232
81.243.200.219 - - [03/Dec/2005:23:25:54 -0800] "GET /movies2/Camlann%20Shadow%20Zone.zip HTTP/1.1" 206 551952
81.53.22.153 - - [03/Dec/2005:23:25:58 -0800] "GET /movies2/rvr.zip HTTP/1.0" 206 2946824
81.53.22.153 - - [03/Dec/2005:23:25:58 -0800] "GET /movies/NS.zip HTTP/1.0" 206 2558536
213.212.194.183 - - [03/Dec/2005:23:26:07 -0800] "GET /movies2/WaffenbundTheMovie.zip HTTP/1.1" 206 919031
81.243.200.219 - - [03/Dec/2005:23:26:10 -0800] "GET /movies2/Raila%20Memorial%20good.zip HTTP/1.1" 206 486820
81.243.200.219 - - [03/Dec/2005:23:26:15 -0800] "GET /movies2/Raila%20Memorial%20good.zip HTTP/1.1" 206 383082
82.48.83.119 - - [03/Dec/2005:23:26:16 -0800] "GET /movies2/rvr.zip HTTP/1.1" 206 4586176
82.48.83.119 - - [03/Dec/2005:23:26:16 -0800] "GET /movies2/rvr.zip HTTP/1.1" 206 3666980
81.243.200.219 - - [03/Dec/2005:23:26:16 -0800] "GET /movies2/Raila%20Memorial%20good.zip HTTP/1.1" 206 405876
82.48.83.119 - - [03/Dec/2005:23:26:17 -0800] "GET /movies2/rvr.zip HTTP/1.1" 206 4799260
82.48.83.119 - - [03/Dec/2005:23:26:17 -0800] "GET /movies2/rvr.zip HTTP/1.1" 206 5338324
81.243.200.219 - - [03/Dec/2005:23:26:17 -0800] "GET /movies2/Raila%20Memorial%20good.zip HTTP/1.1" 206 361024
81.243.200.219 - - [03/Dec/2005:23:26:17 -0800] "GET /movies2/Raila%20Memorial%20good.zip HTTP/1.1" 206 443512
82.48.83.119 - - [03/Dec/2005:23:26:18 -0800] "GET /movies2/rvr.zip HTTP/1.1" 206 4786852
82.48.83.119 - - [03/Dec/2005:23:26:19 -0800] "GET /movies2/rvr.zip HTTP/1.1" 206 4442696
82.48.83.119 - - [03/Dec/2005:23:26:20 -0800] "GET /movies2/rvr.zip HTTP/1.1" 206 3189753
81.243.200.219 - - [03/Dec/2005:23:26:22 -0800] "GET /movies2/Raila%20Memorial%20good.zip HTTP/1.1" 206 433292
67.87.125.96 - - [03/Dec/2005:23:26:38 -0800] "GET /favicon.ico HTTP/1.1" 404 283
12.240.23.120 - - [03/Dec/2005:23:26:42 -0800] "GET /movies2/sepp_0001.zip HTTP/1.1" 200 18144822
67.160.246.179 - - [03/Dec/2005:23:27:01 -0800] "GET /movies2/Gimp_and_Run_DivX.zip HTTP/1.1" 200 120258322
209.6.80.23 - - [03/Dec/2005:23:27:09 -0800] "GET /movies2/sepp_0001.zip HTTP/1.1" 200 18144822
213.212.194.183 - - [03/Dec/2005:23:27:10 -0800] "GET /movies2/WaffenbundTheMovie.zip HTTP/1.1" 206 1730816
213.212.194.183 - - [03/Dec/2005:23:28:01 -0800] "GET /movies2/WaffenbundTheMovie.zip HTTP/1.1" 206 2443008
213.212.194.183 - - [03/Dec/2005:23:28:18 -0800] "GET /movies2/WaffenbundTheMovie.zip HTTP/1.1" 206 2504288
213.212.194.183 - - [03/Dec/2005:23:28:18 -0800] "GET /movies2/WaffenbundTheMovie.zip HTTP/1.1" 206 260791
81.53.22.153 - - [03/Dec/2005:23:28:20 -0800] "GET /movies/NS.zip HTTP/1.0" 206 58050
213.212.194.183 - - [03/Dec/2005:23:28:22 -0800] "GET /movies2/WaffenbundTheMovie.zip HTTP/1.1" 206 1159520
213.212.194.183 - - [03/Dec/2005:23:28:34 -0800] "GET /movies2/WaffenbundTheMovie.zip HTTP/1.1" 206 809952
213.212.194.183 - - [03/Dec/2005:23:29:28 -0800] "GET /movies2/WaffenbundTheMovie.zip HTTP/1.1" 206 41831
81.53.22.153 - - [03/Dec/2005:23:30:07 -0800] "GET /movies2/rvr.zip HTTP/1.0" 206 18822528
83.196.216.26 - - [03/Dec/2005:23:30:21 -0800] "GET /movies2/legio_4.zip HTTP/1.1" 200 532469697
82.121.94.247 - - [03/Dec/2005:23:30:25 -0800] "GET /movies/Cariina.zip HTTP/1.1" 200 25959
82.121.94.247 - - [03/Dec/2005:23:30:26 -0800] "GET /movies/Cariina.zip HTTP/1.1" 200 21636
69.245.137.234 - - [03/Dec/2005:23:30:27 -0800] "GET /movies2/sepp_0001.zip HTTP/1.1" 200 18144822
82.121.94.247 - - [03/Dec/2005:23:30:31 -0800] "GET /movies/Cariina.zip HTTP/1.1" 206 12821
213.212.194.183 - - [03/Dec/2005:23:30:38 -0800] "GET /movies2/WaffenbundTheMovie.zip HTTP/1.1" 206 1148544
81.53.22.153 - - [03/Dec/2005:23:30:51 -0800] "GET /movies/NS.zip HTTP/1.0" 206 6701212
82.3.32.76 - - [03/Dec/2005:23:30:53 -0800] "GET /movies/Frostbringer.zip HTTP/1.1" 200 386457226
213.212.194.183 - - [03/Dec/2005:23:30:55 -0800] "GET /movies2/WaffenbundTheMovie.zip HTTP/1.1" 206 3391520
213.212.194.183 - - [03/Dec/2005:23:30:57 -0800] "GET /movies2/WaffenbundTheMovie.zip HTTP/1.1" 206 1450016
213.212.194.183 - - [03/Dec/2005:23:31:04 -0800] "GET /movies2/WaffenbundTheMovie.zip HTTP/1.1" 206 4609152
213.212.194.183 - - [03/Dec/2005:23:31:06 -0800] "GET /movies2/WaffenbundTheMovie.zip HTTP/1.1" 206 480336
81.53.22.153 - - [03/Dec/2005:23:31:29 -0800] "GET /movies2/rvr.zip HTTP/1.0" 206 737696
213.212.194.183 - - [03/Dec/2005:23:31:55 -0800] "GET /movies2/WaffenbundTheMovie.zip HTTP/1.1" 206 977771
213.212.194.183 - - [03/Dec/2005:23:31:58 -0800] "GET /movies2/WaffenbundTheMovie.zip HTTP/1.1" 206 7607312
213.212.194.183 - - [03/Dec/2005:23:31:58 -0800] "GET /movies2/WaffenbundTheMovie.zip HTTP/1.1" 206 1591744
213.212.194.183 - - [03/Dec/2005:23:32:04 -0800] "GET /movies2/WaffenbundTheMovie.zip HTTP/1.1" 206 392712
213.212.194.183 - - [03/Dec/2005:23:32:05 -0800] "GET /movies2/WaffenbundTheMovie.zip HTTP/1.1" 206 67673
213.212.194.183 - - [03/Dec/2005:23:32:34 -0800] "GET /movies2/WaffenbundTheMovie.zip HTTP/1.1" 206 4700912
213.212.194.183 - - [03/Dec/2005:23:32:35 -0800] "GET /movies2/WaffenbundTheMovie.zip HTTP/1.1" 206 4155
213.212.194.183 - - [03/Dec/2005:23:32:37 -0800] "GET /movies2/WaffenbundTheMovie.zip HTTP/1.1" 206 224071
81.53.22.153 - - [03/Dec/2005:23:32:56 -0800] "GET /movies/AMAYA_200605-040705_FINAL.rar HTTP/1.0" 206 7540248
172.143.42.68 - - [03/Dec/2005:23:33:09 -0800] "GET /movies2/WaffenbundTheMovie.zip HTTP/1.1" 200 379691340
66.60.206.149 - - [03/Dec/2005:23:33:46 -0800] "GET /movies/A%20Life%20in%20Danger.zip HTTP/1.1" 200 91773374
213.212.194.183 - - [03/Dec/2005:23:33:55 -0800] "GET /movies2/WaffenbundTheMovie.zip HTTP/1.1" 206 742231
213.212.194.183 - - [03/Dec/2005:23:34:02 -0800] "GET /movies2/WaffenbundTheMovie.zip HTTP/1.1" 206 65159
213.212.194.183 - - [03/Dec/2005:23:34:04 -0800] "GET /movies2/WaffenbundTheMovie.zip HTTP/1.1" 206 1325760
213.212.194.183 - - [03/Dec/2005:23:34:11 -0800] "GET /movies2/WaffenbundTheMovie.zip HTTP/1.1" 206 7107488
213.212.194.183 - - [03/Dec/2005:23:34:12 -0800] "GET /movies2/WaffenbundTheMovie.zip HTTP/1.1" 206 716989
213.212.194.183 - - [03/Dec/2005:23:34:14 -0800] "GET /movies2/WaffenbundTheMovie.zip HTTP/1.1" 206 10325
213.212.194.183 - - [03/Dec/2005:23:34:17 -0800] "GET /movies2/WaffenbundTheMovie.zip HTTP/1.1" 206 5032832
213.212.194.183 - - [03/Dec/2005:23:34:22 -0800] "GET /movies2/WaffenbundTheMovie.zip HTTP/1.1" 206 538256
213.212.194.183 - - [03/Dec/2005:23:34:23 -0800] "GET /movies2/WaffenbundTheMovie.zip HTTP/1.1" 206 1577271
213.212.194.183 - - [03/Dec/2005:23:34:23 -0800] "GET /movies2/WaffenbundTheMovie.zip HTTP/1.1" 206 145396
65.6.135.58 - - [03/Dec/2005:23:34:29 -0800] "GET /movies/HoA%20Adrenaline.zip HTTP/1.1" 200 254922759
213.212.194.183 - - [03/Dec/2005:23:34:29 -0800] "GET /movies2/WaffenbundTheMovie.zip HTTP/1.1" 206 630784
213.212.194.183 - - [03/Dec/2005:23:34:29 -0800] "GET /movies2/WaffenbundTheMovie.zip HTTP/1.1" 206 2797088
213.212.194.183 - - [03/Dec/2005:23:34:30 -0800] "GET /movies2/WaffenbundTheMovie.zip HTTP/1.1" 206 158791
213.212.194.183 - - [03/Dec/2005:23:34:30 -0800] "GET /movies2/WaffenbundTheMovie.zip HTTP/1.1" 206 473552
213.212.194.183 - - [03/Dec/2005:23:34:31 -0800] "GET /movies2/WaffenbundTheMovie.zip HTTP/1.1" 206 65946
213.212.194.183 - - [03/Dec/2005:23:34:32 -0800] "GET /movies2/WaffenbundTheMovie.zip HTTP/1.1" 206 22544
213.212.194.183 - - [03/Dec/2005:23:34:32 -0800] "GET /movies2/WaffenbundTheMovie.zip HTTP/1.1" 206 429433
213.212.194.183 - - [03/Dec/2005:23:34:33 -0800] "GET /movies2/WaffenbundTheMovie.zip HTTP/1.1" 206 4420368
213.212.194.183 - - [03/Dec/2005:23:34:34 -0800] "GET /movies2/WaffenbundTheMovie.zip HTTP/1.1" 206 570871
213.212.194.183 - - [03/Dec/2005:23:34:34 -0800] "GET /movies2/WaffenbundTheMovie.zip HTTP/1.1" 206 25058
213.212.194.183 - - [03/Dec/2005:23:34:34 -0800] "GET /movies2/WaffenbundTheMovie.zip HTTP/1.1" 206 22543
213.212.194.183 - - [03/Dec/2005:23:34:35 -0800] "GET /movies2/WaffenbundTheMovie.zip HTTP/1.1" 206 177833
213.212.194.183 - - [03/Dec/2005:23:34:35 -0800] "GET /movies2/WaffenbundTheMovie.zip HTTP/1.1" 206 21389
213.212.194.183 - - [03/Dec/2005:23:34:36 -0800] "GET /movies2/WaffenbundTheMovie.zip HTTP/1.1" 206 46858
213.212.194.183 - - [03/Dec/2005:23:34:36 -0800] "GET /movies2/WaffenbundTheMovie.zip HTTP/1.1" 206 21253
213.212.194.183 - - [03/Dec/2005:23:34:36 -0800] "GET /movies2/WaffenbundTheMovie.zip HTTP/1.1" 206 39420
213.212.194.183 - - [03/Dec/2005:23:34:36 -0800] "GET /movies2/WaffenbundTheMovie.zip HTTP/1.1" 206 58154
213.212.194.183 - - [03/Dec/2005:23:34:37 -0800] "GET /movies2/WaffenbundTheMovie.zip HTTP/1.1" 206 21413
213.212.194.183 - - [03/Dec/2005:23:34:37 -0800] "GET /movies2/WaffenbundTheMovie.zip HTTP/1.1" 206 21254
213.212.194.183 - - [03/Dec/2005:23:34:37 -0800] "GET /movies2/WaffenbundTheMovie.zip HTTP/1.1" 206 19030
213.212.194.183 - - [03/Dec/2005:23:34:37 -0800] "GET /movies2/WaffenbundTheMovie.zip HTTP/1.1" 206 20219
213.212.194.183 - - [03/Dec/2005:23:34:37 -0800] "GET /movies2/WaffenbundTheMovie.zip HTTP/1.1" 206 21411
213.212.194.183 - - [03/Dec/2005:23:34:38 -0800] "GET /movies2/WaffenbundTheMovie.zip HTTP/1.1" 206 9012
213.212.194.183 - - [03/Dec/2005:23:34:38 -0800] "GET /movies2/WaffenbundTheMovie.zip HTTP/1.1" 206 15948
213.212.194.183 - - [03/Dec/2005:23:34:39 -0800] "GET /movies2/WaffenbundTheMovie.zip HTTP/1.1" 206 58153
213.212.194.183 - - [03/Dec/2005:23:34:39 -0800] "GET /movies2/WaffenbundTheMovie.zip HTTP/1.1" 206 13274
213.212.194.183 - - [03/Dec/2005:23:34:39 -0800] "GET /movies2/WaffenbundTheMovie.zip HTTP/1.1" 206 989751
213.212.194.183 - - [03/Dec/2005:23:34:40 -0800] "GET /movies2/WaffenbundTheMovie.zip HTTP/1.1" 206 28234
213.212.194.183 - - [03/Dec/2005:23:34:43 -0800] "GET /movies2/WaffenbundTheMovie.zip HTTP/1.1" 206 327433
213.212.194.183 - - [03/Dec/2005:23:34:44 -0800] "GET /movies2/WaffenbundTheMovie.zip HTTP/1.1" 206 17354
213.212.194.183 - - [03/Dec/2005:23:34:46 -0800] "GET /movies2/WaffenbundTheMovie.zip HTTP/1.1" 206 130233
81.53.22.153 - - [03/Dec/2005:23:34:50 -0800] "GET /movies/NS.zip HTTP/1.0" 206 477070
66.214.192.254 - - [03/Dec/2005:23:35:35 -0800] "GET /movies/Etrirghell_fin.zip HTTP/1.1" 200 65835645
213.212.194.183 - - [03/Dec/2005:23:35:54 -0800] "GET /movies2/WaffenbundTheMovie.zip HTTP/1.1" 206 1174128
67.87.125.96 - - [03/Dec/2005:23:36:07 -0800] "GET /movies/Etrirghell_fin.zip HTTP/1.1" 200 65835645
217.69.242.21 - - [03/Dec/2005:23:36:54 -0800] "GET /movies/HoA-Adrenaline3.zip HTTP/1.1" 200 369674825
81.53.22.153 - - [03/Dec/2005:23:37:23 -0800] "GET /movies/AMAYA_200605-040705_FINAL.rar HTTP/1.0" 206 647428
81.53.22.153 - - [03/Dec/2005:23:37:23 -0800] "GET /movies/NS.zip HTTP/1.0" 206 96116
81.53.22.153 - - [03/Dec/2005:23:38:39 -0800] "GET /movies2/rvr.zip HTTP/1.0" 206 744251
81.53.22.153 - - [03/Dec/2005:23:38:51 -0800] "GET /movies/NS.zip HTTP/1.0" 206 4959528
81.243.200.219 - - [03/Dec/2005:23:38:52 -0800] "GET /movies/pvpvid2_Ikaros_Nedom.zip HTTP/1.1" 206 19585412
81.243.200.219 - - [03/Dec/2005:23:38:53 -0800] "GET /movies/pvpvid2_Ikaros_Nedom.zip HTTP/1.1" 206 19546537
81.53.22.153 - - [03/Dec/2005:23:39:00 -0800] "GET /movies2/Camlann%20Shadow%20Zone.zip HTTP/1.0" 206 7915308
24.214.10.192 - - [03/Dec/2005:23:39:03 -0800] "GET /movies2/sepp_0001.zip HTTP/1.1" 200 18144822
81.53.22.153 - - [03/Dec/2005:23:40:07 -0800] "GET /movies2/rvr.zip HTTP/1.0" 206 2230068
209.6.80.23 - - [03/Dec/2005:23:40:16 -0800] "GET /movies2/Camlann%20Shadow%20Zone.zip HTTP/1.1" 200 141905700
24.122.117.109 - - [03/Dec/2005:23:40:31 -0800] "GET /movies/LixaMLF.v4.zip HTTP/1.1" 200 178030300
66.214.192.254 - - [03/Dec/2005:23:41:39 -0800] "GET /movies2/rylau3.zip HTTP/1.1" 200 202733626
12.210.116.242 - - [03/Dec/2005:23:42:20 -0800] "GET /movies2/FUN.zip HTTP/1.1" 200 412093813
81.243.200.219 - - [03/Dec/2005:23:43:12 -0800] "GET /movies/Paysans.zip HTTP/1.1" 200 169924
81.243.200.219 - - [03/Dec/2005:23:44:38 -0800] "GET /movies/pvpvid2_Ikaros_Nedom.zip HTTP/1.1" 200 29141120
81.243.200.219 - - [03/Dec/2005:23:44:52 -0800] "GET /movies/pvpvid2_Ikaros_Nedom.zip HTTP/1.1" 206 10075078
81.53.22.153 - - [03/Dec/2005:23:46:01 -0800] "GET /movies/NS.zip HTTP/1.0" 206 3987016
72.129.134.15 - - [03/Dec/2005:23:47:30 -0800] "GET /movies2/sepp_0001.zip HTTP/1.1" 200 18144822
81.53.22.153 - - [03/Dec/2005:23:47:55 -0800] "GET /movies/AMAYA_200605-040705_FINAL.rar HTTP/1.0" 206 18766148
82.121.94.247 - - [03/Dec/2005:23:49:41 -0800] "GET /movies/Cariina.zip HTTP/1.1" 206 68384466
81.53.22.153 - - [03/Dec/2005:23:50:07 -0800] "GET /movies/NS.zip HTTP/1.0" 206 2743392
81.53.22.153 - - [03/Dec/2005:23:50:25 -0800] "GET /movies/NS.zip HTTP/1.0" 206 1869528
24.214.10.192 - - [03/Dec/2005:23:50:31 -0800] "GET /movies/OMGOOSES!.zip HTTP/1.1" 200 149756099
82.207.253.212 - - [03/Dec/2005:23:51:01 -0800] "GET /favicon.ico HTTP/1.1" 404 283
