213.212.194.183 - - [04/Dec/2005:20:03:10 -0800] "GET /movies2/mof2.zip HTTP/1.1" 206 138391
213.212.194.183 - - [04/Dec/2005:20:03:13 -0800] "GET /movies2/mof2.zip HTTP/1.1" 206 62231
213.212.194.183 - - [04/Dec/2005:20:03:16 -0800] "GET /movies2/mof2.zip HTTP/1.1" 206 355952
213.212.194.183 - - [04/Dec/2005:20:03:19 -0800] "GET /movies2/mof2.zip HTTP/1.1" 206 326128
213.212.194.183 - - [04/Dec/2005:20:03:24 -0800] "GET /movies2/mof2.zip HTTP/1.1" 206 264871
213.212.194.183 - - [04/Dec/2005:20:03:33 -0800] "GET /movies2/mof2.zip HTTP/1.1" 206 548944
213.212.194.183 - - [04/Dec/2005:20:03:51 -0800] "GET /movies2/mof2.zip HTTP/1.1" 206 28231
213.212.194.183 - - [04/Dec/2005:20:04:07 -0800] "GET /movies2/mof2.zip HTTP/1.1" 206 616848
213.212.194.183 - - [04/Dec/2005:20:04:09 -0800] "GET /movies2/mof2.zip HTTP/1.1" 206 20073
213.212.194.183 - - [04/Dec/2005:20:04:18 -0800] "GET /movies2/mof2.zip HTTP/1.1" 206 576112
82.97.181.67 - - [04/Dec/2005:20:04:36 -0800] "GET /movies2/Camlann%20Shadow%20Zone.zip HTTP/1.1" 200 141905700
213.212.194.183 - - [04/Dec/2005:20:04:40 -0800] "GET /movies2/mof2.zip HTTP/1.1" 206 1467111
213.212.194.183 - - [04/Dec/2005:20:04:51 -0800] "GET /movies2/mof2.zip HTTP/1.1" 206 647031
213.212.194.183 - - [04/Dec/2005:20:04:58 -0800] "GET /movies2/mof2.zip HTTP/1.1" 206 380528
213.212.194.183 - - [04/Dec/2005:20:04:59 -0800] "GET /movies2/mof2.zip HTTP/1.1" 206 479328
213.212.194.183 - - [04/Dec/2005:20:05:01 -0800] "GET /movies2/mof2.zip HTTP/1.1" 206 694631
213.212.194.183 - - [04/Dec/2005:20:05:03 -0800] "GET /movies2/mof2.zip HTTP/1.1" 206 169671
69.160.83.245 - - [04/Dec/2005:20:05:34 -0800] "GET /movies/SgX%20RvR%20take%201.zip HTTP/1.1" 200 80017550
68.127.237.18 - - [04/Dec/2005:20:05:35 -0800] "GET /movies/SgX%20RvR%20take%201.zip HTTP/1.1" 200 80017550
213.212.194.183 - - [04/Dec/2005:20:05:45 -0800] "GET /movies2/mof2.zip HTTP/1.1" 206 15991
213.212.194.183 - - [04/Dec/2005:20:05:48 -0800] "GET /movies2/mof2.zip HTTP/1.1" 206 22791
213.212.194.183 - - [04/Dec/2005:20:05:49 -0800] "GET /movies2/mof2.zip HTTP/1.1" 206 256711
213.212.194.183 - - [04/Dec/2005:20:05:55 -0800] "GET /movies2/mof2.zip HTTP/1.1" 206 1234551
213.212.194.183 - - [04/Dec/2005:20:06:02 -0800] "GET /movies2/mof2.zip HTTP/1.1" 206 1443744
213.212.194.183 - - [04/Dec/2005:20:06:07 -0800] "GET /movies2/mof2.zip HTTP/1.1" 206 277113
213.212.194.183 - - [04/Dec/2005:20:06:18 -0800] "GET /movies2/mof2.zip HTTP/1.1" 206 621536
141.154.140.73 - - [04/Dec/2005:20:06:24 -0800] "GET /movies2/macathoMovie.zip HTTP/1.1" 200 237996682
82.124.181.160 - - [04/Dec/2005:20:06:25 -0800] "GET /movies2/Aedhas_SB_Ector_NF_01_01.zip HTTP/1.1" 200 110118834
213.212.194.183 - - [04/Dec/2005:20:06:39 -0800] "GET /movies2/mof2.zip HTTP/1.1" 206 25511
82.57.67.228 - - [04/Dec/2005:20:07:12 -0800] "GET /movies2/Aedhas_SB_Ector_NF_01_01.zip HTTP/1.1" 200 110118834
213.212.194.183 - - [04/Dec/2005:20:08:23 -0800] "GET /movies2/mof2.zip HTTP/1.1" 206 947591
213.212.194.183 - - [04/Dec/2005:20:08:48 -0800] "GET /movies2/mof2.zip HTTP/1.1" 206 418551
213.212.194.183 - - [04/Dec/2005:20:08:50 -0800] "GET /movies2/mof2.zip HTTP/1.1" 206 1170336
213.212.194.183 - - [04/Dec/2005:20:08:51 -0800] "GET /movies2/mof2.zip HTTP/1.1" 206 1475271
213.212.194.183 - - [04/Dec/2005:20:08:56 -0800] "GET /movies2/mof2.zip HTTP/1.1" 206 365184
213.212.194.183 - - [04/Dec/2005:20:09:06 -0800] "GET /movies2/mof2.zip HTTP/1.1" 206 460713
213.212.194.183 - - [04/Dec/2005:20:09:28 -0800] "GET /movies2/mof2.zip HTTP/1.1" 206 1900953
213.212.194.183 - - [04/Dec/2005:20:09:37 -0800] "GET /movies2/mof2.zip HTTP/1.1" 206 1259032
213.212.194.183 - - [04/Dec/2005:20:09:40 -0800] "GET /movies2/mof2.zip HTTP/1.1" 206 124048
213.212.194.183 - - [04/Dec/2005:20:09:50 -0800] "GET /movies2/mof2.zip HTTP/1.1" 206 143831
213.212.194.183 - - [04/Dec/2005:20:09:59 -0800] "GET /movies2/mof2.zip HTTP/1.1" 206 86000
213.212.194.183 - - [04/Dec/2005:20:10:01 -0800] "GET /movies2/mof2.zip HTTP/1.1" 206 85808
213.212.194.183 - - [04/Dec/2005:20:10:08 -0800] "GET /movies2/mof2.zip HTTP/1.1" 206 292071
213.212.194.183 - - [04/Dec/2005:20:10:09 -0800] "GET /movies2/mof2.zip HTTP/1.1" 206 43191
213.212.194.183 - - [04/Dec/2005:20:10:23 -0800] "GET /movies2/mof2.zip HTTP/1.1" 206 1235344
213.212.194.183 - - [04/Dec/2005:20:10:40 -0800] "GET /movies2/mof2.zip HTTP/1.1" 206 1845472
213.212.194.183 - - [04/Dec/2005:20:10:46 -0800] "GET /movies2/mof2.zip HTTP/1.1" 206 749031
213.212.194.183 - - [04/Dec/2005:20:10:47 -0800] "GET /movies2/mof2.zip HTTP/1.1" 206 2280992
213.212.194.183 - - [04/Dec/2005:20:10:58 -0800] "GET /movies2/mof2.zip HTTP/1.1" 206 104392
213.212.194.183 - - [04/Dec/2005:20:10:59 -0800] "GET /movies2/mof2.zip HTTP/1.1" 206 40471
213.212.194.183 - - [04/Dec/2005:20:11:46 -0800] "GET /movies2/mof2.zip HTTP/1.1" 206 63593
213.212.194.183 - - [04/Dec/2005:20:11:58 -0800] "GET /movies2/mof2.zip HTTP/1.1" 206 699920
213.212.194.183 - - [04/Dec/2005:20:11:59 -0800] "GET /movies2/mof2.zip HTTP/1.1" 206 48632
213.212.194.183 - - [04/Dec/2005:20:12:08 -0800] "GET /movies2/mof2.zip HTTP/1.1" 206 2045232
62.61.133.236 - - [04/Dec/2005:20:12:18 -0800] "GET /movies/Incomparable.rar HTTP/1.1" 200 175212185
213.212.194.183 - - [04/Dec/2005:20:12:38 -0800] "GET /movies2/mof2.zip HTTP/1.1" 206 220640
213.212.194.183 - - [04/Dec/2005:20:12:45 -0800] "GET /movies2/mof2.zip HTTP/1.1" 206 61296
213.212.194.183 - - [04/Dec/2005:20:12:56 -0800] "GET /movies2/mof2.zip HTTP/1.1" 206 71751
213.212.194.183 - - [04/Dec/2005:20:13:08 -0800] "GET /movies2/mof2.zip HTTP/1.1" 206 104392
213.212.194.183 - - [04/Dec/2005:20:13:13 -0800] "GET /movies2/mof2.zip HTTP/1.1" 206 344496
213.212.194.183 - - [04/Dec/2005:20:13:17 -0800] "GET /movies2/mof2.zip HTTP/1.1" 206 818784
213.212.194.183 - - [04/Dec/2005:20:13:19 -0800] "GET /movies2/mof2.zip HTTP/1.1" 206 147913
213.212.194.183 - - [04/Dec/2005:20:13:34 -0800] "GET /movies2/mof2.zip HTTP/1.1" 206 1008792
213.212.194.183 - - [04/Dec/2005:20:13:41 -0800] "GET /movies2/mof2.zip HTTP/1.1" 206 196192
213.212.194.183 - - [04/Dec/2005:20:13:45 -0800] "GET /movies2/mof2.zip HTTP/1.1" 206 1377456
24.222.62.135 - - [04/Dec/2005:20:13:54 -0800] "GET /movies/Achtungbaby.zip HTTP/1.1" 200 99112097
83.156.44.81 - - [04/Dec/2005:20:13:58 -0800] "GET /movies/Alcegi.zip HTTP/1.1" 200 94306170
213.212.194.183 - - [04/Dec/2005:20:14:38 -0800] "GET /movies2/mof2.zip HTTP/1.1" 206 426711
84.60.173.213 - - [04/Dec/2005:20:14:42 -0800] "GET /movies/FShatin05.zip HTTP/1.1" 200 155788366
213.212.194.183 - - [04/Dec/2005:20:14:43 -0800] "GET /movies2/mof2.zip HTTP/1.1" 206 215136
24.14.83.127 - - [04/Dec/2005:20:14:46 -0800] "GET /movies/hunterpullgoeswrong.zip HTTP/1.1" 404 302
24.14.83.127 - - [04/Dec/2005:20:14:46 -0800] "GET /favicon.ico HTTP/1.1" 404 283
213.212.194.183 - - [04/Dec/2005:20:14:54 -0800] "GET /movies2/mof2.zip HTTP/1.1" 206 599433
213.212.194.183 - - [04/Dec/2005:20:15:04 -0800] "GET /movies2/mof2.zip HTTP/1.1" 206 1147072
213.212.194.183 - - [04/Dec/2005:20:15:04 -0800] "GET /movies2/mof2.zip HTTP/1.1" 206 113911
213.212.194.183 - - [04/Dec/2005:20:15:06 -0800] "GET /movies2/mof2.zip HTTP/1.1" 206 237671
213.212.194.183 - - [04/Dec/2005:20:15:16 -0800] "GET /movies2/mof2.zip HTTP/1.1" 206 682391
213.212.194.183 - - [04/Dec/2005:20:15:35 -0800] "GET /movies2/mof2.zip HTTP/1.1" 206 2423024
213.212.194.183 - - [04/Dec/2005:20:15:39 -0800] "GET /movies2/mof2.zip HTTP/1.1" 206 1358784
213.212.194.183 - - [04/Dec/2005:20:15:42 -0800] "GET /movies2/mof2.zip HTTP/1.1" 206 726432
213.212.194.183 - - [04/Dec/2005:20:15:52 -0800] "GET /movies2/mof2.zip HTTP/1.1" 206 279833
213.212.194.183 - - [04/Dec/2005:20:16:04 -0800] "GET /movies2/mof2.zip HTTP/1.1" 206 256711
213.212.194.183 - - [04/Dec/2005:20:16:12 -0800] "GET /movies2/mof2.zip HTTP/1.1" 206 1149248
213.212.194.183 - - [04/Dec/2005:20:16:14 -0800] "GET /movies2/mof2.zip HTTP/1.1" 206 1756793
213.212.194.183 - - [04/Dec/2005:20:16:23 -0800] "GET /movies2/mof2.zip HTTP/1.1" 206 277111
213.212.194.183 - - [04/Dec/2005:20:16:28 -0800] "GET /movies2/mof2.zip HTTP/1.1" 206 1259952
213.212.194.183 - - [04/Dec/2005:20:16:51 -0800] "GET /movies2/mof2.zip HTTP/1.1" 206 233040
213.212.194.183 - - [04/Dec/2005:20:17:11 -0800] "GET /movies2/mof2.zip HTTP/1.1" 206 71751
213.212.194.183 - - [04/Dec/2005:20:17:12 -0800] "GET /movies2/mof2.zip HTTP/1.1" 206 387271
213.212.194.183 - - [04/Dec/2005:20:17:31 -0800] "GET /movies2/mof2.zip HTTP/1.1" 206 1253216
213.212.194.183 - - [04/Dec/2005:20:17:35 -0800] "GET /movies2/mof2.zip HTTP/1.1" 206 373856
213.212.194.183 - - [04/Dec/2005:20:17:47 -0800] "GET /movies2/mof2.zip HTTP/1.1" 206 521911
213.212.194.183 - - [04/Dec/2005:20:17:51 -0800] "GET /movies2/mof2.zip HTTP/1.1" 206 222712
24.14.83.127 - - [04/Dec/2005:20:18:07 -0800] "GET /movies/WoW_Time.zip HTTP/1.1" 200 58057348
213.212.194.183 - - [04/Dec/2005:20:18:12 -0800] "GET /movies2/mof2.zip HTTP/1.1" 206 645008
213.212.194.183 - - [04/Dec/2005:20:18:24 -0800] "GET /movies2/mof2.zip HTTP/1.1" 206 228153
213.212.194.183 - - [04/Dec/2005:20:18:24 -0800] "GET /movies2/mof2.zip HTTP/1.1" 206 255351
213.212.194.183 - - [04/Dec/2005:20:18:28 -0800] "GET /movies2/mof2.zip HTTP/1.1" 206 2623472
213.212.194.183 - - [04/Dec/2005:20:18:31 -0800] "GET /movies2/mof2.zip HTTP/1.1" 206 39111
213.212.194.183 - - [04/Dec/2005:20:19:00 -0800] "GET /movies2/mof2.zip HTTP/1.1" 206 130231
213.212.194.183 - - [04/Dec/2005:20:19:20 -0800] "GET /movies2/mof2.zip HTTP/1.1" 206 481113
213.212.194.183 - - [04/Dec/2005:20:19:23 -0800] "GET /movies2/mof2.zip HTTP/1.1" 206 360073
213.212.194.183 - - [04/Dec/2005:20:19:27 -0800] "GET /movies2/mof2.zip HTTP/1.1" 206 92151
213.212.194.183 - - [04/Dec/2005:20:19:31 -0800] "GET /movies2/mof2.zip HTTP/1.1" 206 173751
213.212.194.183 - - [04/Dec/2005:20:19:39 -0800] "GET /movies2/mof2.zip HTTP/1.1" 206 355991
213.212.194.183 - - [04/Dec/2005:20:19:49 -0800] "GET /movies2/mof2.zip HTTP/1.1" 206 1199936
213.212.194.183 - - [04/Dec/2005:20:19:58 -0800] "GET /movies2/mof2.zip HTTP/1.1" 206 86711
82.124.181.160 - - [04/Dec/2005:20:20:01 -0800] "GET /movies2/CloakedkillerTheCritblade.zip HTTP/1.1" 200 138312944
83.195.21.243 - - [04/Dec/2005:20:20:04 -0800] "GET /movies2/CloakedkillerTheCritblade.zip HTTP/1.1" 206 169865681
213.212.194.183 - - [04/Dec/2005:20:21:09 -0800] "GET /movies2/mof2.zip HTTP/1.1" 206 961120
213.212.194.183 - - [04/Dec/2005:20:21:13 -0800] "GET /movies2/mof2.zip HTTP/1.1" 206 307808
72.131.109.19 - - [04/Dec/2005:20:21:22 -0800] "GET /movies/evreka.zip HTTP/1.1" 200 50003893
84.60.173.213 - - [04/Dec/2005:20:21:26 -0800] "GET /movies2/November.zip HTTP/1.1" 200 174875294
86.134.4.253 - - [04/Dec/2005:20:21:41 -0800] "GET /movies/ScoutHowToVideo.zip HTTP/1.1" 200 111388658
213.212.194.183 - - [04/Dec/2005:20:21:42 -0800] "GET /movies2/mof2.zip HTTP/1.1" 206 745792
213.212.194.183 - - [04/Dec/2005:20:21:52 -0800] "GET /movies2/mof2.zip HTTP/1.1" 206 830656
213.212.194.183 - - [04/Dec/2005:20:21:56 -0800] "GET /movies2/mof2.zip HTTP/1.1" 206 2666144
213.212.194.183 - - [04/Dec/2005:20:22:18 -0800] "GET /movies2/mof2.zip HTTP/1.1" 206 281191
213.212.194.183 - - [04/Dec/2005:20:22:54 -0800] "GET /movies2/mof2.zip HTTP/1.1" 206 469664
213.212.194.183 - - [04/Dec/2005:20:22:59 -0800] "GET /movies2/mof2.zip HTTP/1.1" 206 1817472
213.212.194.183 - - [04/Dec/2005:20:23:04 -0800] "GET /movies2/mof2.zip HTTP/1.1" 206 1514880
213.212.194.183 - - [04/Dec/2005:20:23:10 -0800] "GET /movies2/mof2.zip HTTP/1.1" 206 776528
213.212.194.183 - - [04/Dec/2005:20:23:24 -0800] "GET /movies2/mof2.zip HTTP/1.1" 206 28233
213.212.194.183 - - [04/Dec/2005:20:23:34 -0800] "GET /movies2/mof2.zip HTTP/1.1" 206 366873
213.212.194.183 - - [04/Dec/2005:20:23:36 -0800] "GET /movies2/mof2.zip HTTP/1.1" 206 787920
80.139.235.114 - - [04/Dec/2005:20:23:38 -0800] "GET /movies2/freerps1.1.zip HTTP/1.1" 200 32285874
80.130.71.73 - - [04/Dec/2005:20:23:58 -0800] "GET /movies2/Ein%20Tag%20Dartmoor%20Hib.zip HTTP/1.1" 206 72012764
80.130.71.73 - - [04/Dec/2005:20:24:05 -0800] "GET /movies2/Ein%20Tag%20Dartmoor%20Hib.zip HTTP/1.1" 206 71991013
213.212.194.183 - - [04/Dec/2005:20:24:12 -0800] "GET /movies2/mof2.zip HTTP/1.1" 206 2775600
213.212.194.183 - - [04/Dec/2005:20:24:14 -0800] "GET /movies2/mof2.zip HTTP/1.1" 206 203024
80.130.71.73 - - [04/Dec/2005:20:24:16 -0800] "GET /movies2/Ein%20Tag%20Dartmoor%20Hib.zip HTTP/1.1" 206 795588
80.130.71.73 - - [04/Dec/2005:20:24:18 -0800] "GET /movies2/Ein%20Tag%20Dartmoor%20Hib.zip HTTP/1.1" 206 71325968
80.130.71.73 - - [04/Dec/2005:20:24:20 -0800] "GET /movies2/Ein%20Tag%20Dartmoor%20Hib.zip HTTP/1.1" 200 70728050
80.130.71.73 - - [04/Dec/2005:20:24:21 -0800] "GET /movies2/Ein%20Tag%20Dartmoor%20Hib.zip HTTP/1.1" 206 1419732
213.212.194.183 - - [04/Dec/2005:20:24:23 -0800] "GET /movies2/mof2.zip HTTP/1.1" 206 177831
213.212.194.183 - - [04/Dec/2005:20:24:38 -0800] "GET /movies2/mof2.zip HTTP/1.1" 206 652592
213.212.194.183 - - [04/Dec/2005:20:24:40 -0800] "GET /movies2/mof2.zip HTTP/1.1" 206 464128
85.224.172.221 - - [04/Dec/2005:20:24:41 -0800] "GET /movies/fotm.zip HTTP/1.1" 200 545876667
213.212.194.183 - - [04/Dec/2005:20:24:56 -0800] "GET /movies2/mof2.zip HTTP/1.1" 206 162871
213.212.194.183 - - [04/Dec/2005:20:25:07 -0800] "GET /movies2/mof2.zip HTTP/1.1" 206 1101273
213.212.194.183 - - [04/Dec/2005:20:25:17 -0800] "GET /movies2/mof2.zip HTTP/1.1" 206 819753
213.212.194.183 - - [04/Dec/2005:20:25:31 -0800] "GET /movies2/mof2.zip HTTP/1.1" 206 1910471
213.212.194.183 - - [04/Dec/2005:20:25:44 -0800] "GET /movies2/mof2.zip HTTP/1.1" 206 1803216
213.212.194.183 - - [04/Dec/2005:20:25:47 -0800] "GET /movies2/mof2.zip HTTP/1.1" 206 62232
213.212.194.183 - - [04/Dec/2005:20:25:59 -0800] "GET /movies2/mof2.zip HTTP/1.1" 206 98951
213.212.194.183 - - [04/Dec/2005:20:26:12 -0800] "GET /movies2/mof2.zip HTTP/1.1" 206 1204631
213.212.194.183 - - [04/Dec/2005:20:26:26 -0800] "GET /movies2/mof2.zip HTTP/1.1" 206 260464
24.14.83.127 - - [04/Dec/2005:20:26:33 -0800] "GET /movies/WoW_Duel...._Western_style_.zip HTTP/1.1" 200 15840033
213.212.194.183 - - [04/Dec/2005:20:26:48 -0800] "GET /movies2/mof2.zip HTTP/1.1" 206 226791
213.212.194.183 - - [04/Dec/2005:20:26:56 -0800] "GET /movies2/mof2.zip HTTP/1.1" 206 1201264
68.44.63.58 - - [04/Dec/2005:20:27:04 -0800] "GET /movies2/sepp_0001.zip HTTP/1.1" 200 20120
68.44.63.58 - - [04/Dec/2005:20:27:06 -0800] "GET /movies2/sepp_0001.zip HTTP/1.1" 206 76892
212.143.22.168 - - [04/Dec/2005:20:27:08 -0800] "GET /movies2/sepp_0001.zip HTTP/1.1" 206 18643
213.212.194.183 - - [04/Dec/2005:20:27:15 -0800] "GET /movies2/mof2.zip HTTP/1.1" 206 997936
153.29.160.34 - - [04/Dec/2005:20:27:16 -0800] "GET /movies/ScoutHowToVideo.zip HTTP/1.1" 200 111388658
83.236.20.67 - - [04/Dec/2005:20:27:19 -0800] "GET /movies/Zeltax.zip HTTP/1.1" 200 98146138
213.212.194.183 - - [04/Dec/2005:20:27:20 -0800] "GET /movies2/mof2.zip HTTP/1.1" 206 459216
213.212.194.183 - - [04/Dec/2005:20:27:20 -0800] "GET /movies2/mof2.zip HTTP/1.1" 206 88071
213.212.194.183 - - [04/Dec/2005:20:27:40 -0800] "GET /movies2/mof2.zip HTTP/1.1" 206 116633
68.44.63.58 - - [04/Dec/2005:20:27:44 -0800] "GET /movies2/sepp_0001.zip HTTP/1.1" 206 3628965
68.44.63.58 - - [04/Dec/2005:20:27:48 -0800] "GET /movies2/sepp_0001.zip HTTP/1.1" 206 3628965
68.44.63.58 - - [04/Dec/2005:20:27:48 -0800] "GET /movies2/sepp_0001.zip HTTP/1.1" 206 3628965
213.212.194.183 - - [04/Dec/2005:20:27:52 -0800] "GET /movies2/mof2.zip HTTP/1.1" 206 1009056
68.44.63.58 - - [04/Dec/2005:20:27:55 -0800] "GET /movies2/sepp_0001.zip HTTP/1.1" 206 3628965
68.44.63.58 - - [04/Dec/2005:20:27:57 -0800] "GET /movies2/sepp_0001.zip HTTP/1.1" 206 3628966
213.212.194.183 - - [04/Dec/2005:20:27:59 -0800] "GET /movies2/mof2.zip HTTP/1.1" 206 262151
172.177.219.20 - - [04/Dec/2005:20:28:04 -0800] "GET /movies2/rvr.zip HTTP/1.1" 200 327301124
84.222.176.248 - - [04/Dec/2005:20:28:12 -0800] "GET /movies/Frozensolid%20The%20Movie.zip HTTP/1.1" 200 211139327
213.212.194.183 - - [04/Dec/2005:20:28:25 -0800] "GET /movies2/mof2.zip HTTP/1.1" 206 335593
213.212.194.183 - - [04/Dec/2005:20:28:37 -0800] "GET /movies2/mof2.zip HTTP/1.1" 206 335593
213.212.194.183 - - [04/Dec/2005:20:28:46 -0800] "GET /movies2/mof2.zip HTTP/1.1" 206 79911
213.212.194.183 - - [04/Dec/2005:20:28:57 -0800] "GET /movies2/mof2.zip HTTP/1.1" 206 265328
67.184.38.234 - - [04/Dec/2005:20:29:18 -0800] "GET /movies2/A_Saracen's_Tale.zip HTTP/1.1" 200 124242749
213.212.194.183 - - [04/Dec/2005:20:29:21 -0800] "GET /movies2/mof2.zip HTTP/1.1" 206 1654720
213.212.194.183 - - [04/Dec/2005:20:29:39 -0800] "GET /movies2/mof2.zip HTTP/1.1" 206 1065072
213.212.194.183 - - [04/Dec/2005:20:29:40 -0800] "GET /movies2/mof2.zip HTTP/1.1" 206 78553
213.212.194.183 - - [04/Dec/2005:20:29:43 -0800] "GET /movies2/mof2.zip HTTP/1.1" 206 612128
213.212.194.183 - - [04/Dec/2005:20:29:51 -0800] "GET /movies2/mof2.zip HTTP/1.1" 206 1374631
213.212.194.183 - - [04/Dec/2005:20:29:54 -0800] "GET /movies2/mof2.zip HTTP/1.1" 206 58151
213.212.194.183 - - [04/Dec/2005:20:30:06 -0800] "GET /movies2/mof2.zip HTTP/1.1" 206 685120
213.212.194.183 - - [04/Dec/2005:20:30:16 -0800] "GET /movies2/mof2.zip HTTP/1.1" 206 3079376
217.9.20.133 - - [04/Dec/2005:20:30:37 -0800] "GET /movies2/renamed_daoc.TR.tape-2.ausschnitte.ace HTTP/1.1" 200 86895906
213.212.194.183 - - [04/Dec/2005:20:30:42 -0800] "GET /movies2/mof2.zip HTTP/1.1" 206 740873
213.212.194.183 - - [04/Dec/2005:20:30:42 -0800] "GET /movies2/mof2.zip HTTP/1.1" 206 117993
213.212.194.183 - - [04/Dec/2005:20:30:56 -0800] "GET /movies2/mof2.zip HTTP/1.1" 206 459352
213.212.194.183 - - [04/Dec/2005:20:30:57 -0800] "GET /movies2/mof2.zip HTTP/1.1" 206 588551
213.212.194.183 - - [04/Dec/2005:20:30:58 -0800] "GET /movies2/mof2.zip HTTP/1.1" 206 2503040
213.212.194.183 - - [04/Dec/2005:20:31:13 -0800] "GET /movies2/mof2.zip HTTP/1.1" 206 352848
213.212.194.183 - - [04/Dec/2005:20:31:13 -0800] "GET /movies2/mof2.zip HTTP/1.1" 206 1332848
213.212.194.183 - - [04/Dec/2005:20:31:25 -0800] "GET /movies2/mof2.zip HTTP/1.1" 206 15991
213.212.194.183 - - [04/Dec/2005:20:31:25 -0800] "GET /movies2/mof2.zip HTTP/1.1" 206 86711
213.212.194.183 - - [04/Dec/2005:20:31:29 -0800] "GET /movies2/mof2.zip HTTP/1.1" 206 1037856
213.212.194.183 - - [04/Dec/2005:20:31:32 -0800] "GET /movies2/mof2.zip HTTP/1.1" 206 51351
213.212.194.183 - - [04/Dec/2005:20:31:45 -0800] "GET /movies2/mof2.zip HTTP/1.1" 206 1484816
213.212.194.183 - - [04/Dec/2005:20:31:51 -0800] "GET /movies2/mof2.zip HTTP/1.1" 206 139751
213.212.194.183 - - [04/Dec/2005:20:32:10 -0800] "GET /movies2/mof2.zip HTTP/1.1" 206 33671
213.212.194.183 - - [04/Dec/2005:20:32:14 -0800] "GET /movies2/mof2.zip HTTP/1.1" 206 256711
62.146.145.126 - - [04/Dec/2005:20:32:25 -0800] "GET /movies2/Sadrac-Solo-Infi-Part1.rar HTTP/1.0" 200 93579653
213.212.194.183 - - [04/Dec/2005:20:32:36 -0800] "GET /movies2/mof2.zip HTTP/1.1" 206 1578631
213.212.194.183 - - [04/Dec/2005:20:32:42 -0800] "GET /movies2/mof2.zip HTTP/1.1" 206 103031
213.212.194.183 - - [04/Dec/2005:20:32:43 -0800] "GET /movies2/mof2.zip HTTP/1.1" 206 1956713
213.212.194.183 - - [04/Dec/2005:20:32:49 -0800] "GET /movies2/mof2.zip HTTP/1.1" 206 48633
213.212.194.183 - - [04/Dec/2005:20:32:53 -0800] "GET /movies2/mof2.zip HTTP/1.1" 206 51351
213.212.194.183 - - [04/Dec/2005:20:32:58 -0800] "GET /movies2/mof2.zip HTTP/1.1" 206 449831
213.212.194.183 - - [04/Dec/2005:20:33:07 -0800] "GET /movies2/mof2.zip HTTP/1.1" 206 565431
213.212.194.183 - - [04/Dec/2005:20:33:09 -0800] "GET /movies2/mof2.zip HTTP/1.1" 206 93511
213.212.194.183 - - [04/Dec/2005:20:33:17 -0800] "GET /movies2/mof2.zip HTTP/1.1" 206 241296
81.53.192.144 - - [04/Dec/2005:20:33:29 -0800] "GET /movies2/CloakedkillerTheCritblade.zip HTTP/1.1" 200 172368713
70.33.12.144 - - [04/Dec/2005:20:33:47 -0800] "GET /movies/Heretic%20in%20NF.zip HTTP/1.1" 200 148589455
213.212.194.183 - - [04/Dec/2005:20:33:52 -0800] "GET /movies2/mof2.zip HTTP/1.1" 206 15991
213.212.194.183 - - [04/Dec/2005:20:34:00 -0800] "GET /movies2/mof2.zip HTTP/1.1" 206 439856
213.212.194.183 - - [04/Dec/2005:20:34:07 -0800] "GET /movies2/mof2.zip HTTP/1.1" 206 458304
213.212.194.183 - - [04/Dec/2005:20:34:13 -0800] "GET /movies2/mof2.zip HTTP/1.1" 206 1616192
213.212.194.183 - - [04/Dec/2005:20:34:14 -0800] "GET /movies2/mof2.zip HTTP/1.1" 206 411616
213.212.194.183 - - [04/Dec/2005:20:34:17 -0800] "GET /movies2/mof2.zip HTTP/1.1" 206 559991
213.212.194.183 - - [04/Dec/2005:20:34:18 -0800] "GET /movies2/mof2.zip HTTP/1.1" 206 287991
144.122.155.55 - - [04/Dec/2005:20:34:24 -0800] "GET /movies/HowToPwn.rar HTTP/1.1" 206 60073156
144.122.155.55 - - [04/Dec/2005:20:34:37 -0800] "GET /movies/HowToPwn.rar HTTP/1.1" 206 60073156
86.134.4.253 - - [04/Dec/2005:20:34:38 -0800] "GET /movies/Part%202%20-%20Fear%20Of%20The%20Dark.zip HTTP/1.1" 200 139364158
213.212.194.183 - - [04/Dec/2005:20:34:49 -0800] "GET /movies2/mof2.zip HTTP/1.1" 206 282224
144.122.155.55 - - [04/Dec/2005:20:34:56 -0800] "GET /movies/HowToPwn.rar HTTP/1.1" 206 60094648
213.212.194.183 - - [04/Dec/2005:20:34:58 -0800] "GET /movies2/mof2.zip HTTP/1.1" 206 384553
213.212.194.183 - - [04/Dec/2005:20:35:01 -0800] "GET /movies2/mof2.zip HTTP/1.1" 206 315191
213.212.194.183 - - [04/Dec/2005:20:35:05 -0800] "GET /movies2/mof2.zip HTTP/1.1" 206 522720
213.212.194.183 - - [04/Dec/2005:20:35:06 -0800] "GET /movies2/mof2.zip HTTP/1.1" 206 634793
213.212.194.183 - - [04/Dec/2005:20:35:21 -0800] "GET /movies2/mof2.zip HTTP/1.1" 206 2905872
144.122.155.55 - - [04/Dec/2005:20:35:26 -0800] "GET /movies/HowToPwn.rar HTTP/1.1" 206 60073159
213.212.194.183 - - [04/Dec/2005:20:35:34 -0800] "GET /movies2/mof2.zip HTTP/1.1" 206 4444576
213.212.194.183 - - [04/Dec/2005:20:35:40 -0800] "GET /movies2/mof2.zip HTTP/1.1" 206 1539936
213.212.194.183 - - [04/Dec/2005:20:35:46 -0800] "GET /movies2/mof2.zip HTTP/1.1" 206 1184233
213.212.194.183 - - [04/Dec/2005:20:36:01 -0800] "GET /movies2/mof2.zip HTTP/1.1" 206 59513
144.122.155.55 - - [04/Dec/2005:20:36:12 -0800] "GET /movies/RvRwithRush.zip HTTP/1.1" 206 41401053
213.212.194.183 - - [04/Dec/2005:20:36:25 -0800] "GET /movies2/mof2.zip HTTP/1.1" 206 579031
144.122.155.55 - - [04/Dec/2005:20:36:29 -0800] "GET /movies/RvRwithRush.zip HTTP/1.1" 206 41401053
144.122.155.55 - - [04/Dec/2005:20:36:29 -0800] "GET /movies/HowToPwn.rar HTTP/1.1" 206 60073156
213.212.194.183 - - [04/Dec/2005:20:36:46 -0800] "GET /movies2/mof2.zip HTTP/1.1" 206 154711
213.212.194.183 - - [04/Dec/2005:20:36:54 -0800] "GET /movies2/mof2.zip HTTP/1.1" 206 100311
213.212.194.183 - - [04/Dec/2005:20:36:58 -0800] "GET /movies2/mof2.zip HTTP/1.1" 206 49992
213.212.194.183 - - [04/Dec/2005:20:36:58 -0800] "GET /movies2/mof2.zip HTTP/1.1" 206 48631
213.212.194.183 - - [04/Dec/2005:20:37:01 -0800] "GET /movies2/mof2.zip HTTP/1.1" 206 490632
213.212.194.183 - - [04/Dec/2005:20:37:03 -0800] "GET /movies2/mof2.zip HTTP/1.1" 206 212448
213.212.194.183 - - [04/Dec/2005:20:37:04 -0800] "GET /movies2/mof2.zip HTTP/1.1" 206 1120311
144.122.155.55 - - [04/Dec/2005:20:37:04 -0800] "GET /movies/RvRwithRush.zip HTTP/1.1" 206 41433116
213.212.194.183 - - [04/Dec/2005:20:37:10 -0800] "GET /movies2/mof2.zip HTTP/1.1" 206 305671
213.212.194.183 - - [04/Dec/2005:20:37:11 -0800] "GET /movies2/mof2.zip HTTP/1.1" 206 339056
144.122.155.55 - - [04/Dec/2005:20:37:27 -0800] "GET /movies/RvRwithRush.zip HTTP/1.1" 206 41401053
144.122.155.55 - - [04/Dec/2005:20:37:33 -0800] "GET /movies/RvRwithRush.zip HTTP/1.1" 206 41401053
83.236.20.67 - - [04/Dec/2005:20:37:41 -0800] "GET /movies/Nukey_v1.zip HTTP/1.1" 200 164036993
213.212.194.183 - - [04/Dec/2005:20:37:45 -0800] "GET /movies2/mof2.zip HTTP/1.1" 206 30951
213.212.194.183 - - [04/Dec/2005:20:37:46 -0800] "GET /movies2/mof2.zip HTTP/1.1" 206 47273
213.212.194.183 - - [04/Dec/2005:20:37:49 -0800] "GET /movies2/mof2.zip HTTP/1.1" 206 369593
213.212.194.183 - - [04/Dec/2005:20:37:56 -0800] "GET /movies2/mof2.zip HTTP/1.1" 206 190073
213.212.194.183 - - [04/Dec/2005:20:38:10 -0800] "GET /movies2/mof2.zip HTTP/1.1" 206 713344
213.212.194.183 - - [04/Dec/2005:20:38:15 -0800] "GET /movies2/mof2.zip HTTP/1.1" 206 630711
213.212.194.183 - - [04/Dec/2005:20:38:21 -0800] "GET /movies2/mof2.zip HTTP/1.1" 206 2120224
213.212.194.183 - - [04/Dec/2005:20:38:26 -0800] "GET /movies2/mof2.zip HTTP/1.1" 206 14632
213.212.194.183 - - [04/Dec/2005:20:38:35 -0800] "GET /movies2/mof2.zip HTTP/1.1" 206 691840
213.212.194.183 - - [04/Dec/2005:20:38:46 -0800] "GET /movies2/mof2.zip HTTP/1.1" 206 169671
213.212.194.183 - - [04/Dec/2005:20:38:49 -0800] "GET /movies2/mof2.zip HTTP/1.1" 206 49991
213.212.194.183 - - [04/Dec/2005:20:38:49 -0800] "GET /movies2/mof2.zip HTTP/1.1" 206 717856
213.212.194.183 - - [04/Dec/2005:20:38:52 -0800] "GET /movies2/mof2.zip HTTP/1.1" 206 825193
213.212.194.183 - - [04/Dec/2005:20:38:56 -0800] "GET /movies2/mof2.zip HTTP/1.1" 206 741600
213.212.194.183 - - [04/Dec/2005:20:38:58 -0800] "GET /movies2/mof2.zip HTTP/1.1" 206 715031
213.212.194.183 - - [04/Dec/2005:20:39:23 -0800] "GET /movies2/mof2.zip HTTP/1.1" 206 362464
213.212.194.183 - - [04/Dec/2005:20:39:38 -0800] "GET /movies2/mof2.zip HTTP/1.1" 206 271024
72.131.109.19 - - [04/Dec/2005:20:39:45 -0800] "GET /movies/AstinusSoloMovie2.zip HTTP/1.1" 200 184522444
213.212.194.183 - - [04/Dec/2005:20:39:52 -0800] "GET /movies2/mof2.zip HTTP/1.1" 206 342160
84.141.199.165 - - [04/Dec/2005:20:40:05 -0800] "GET /movies/bizaflare_ow_mar.zip HTTP/1.1" 200 20888
213.212.194.183 - - [04/Dec/2005:20:40:11 -0800] "GET /movies2/mof2.zip HTTP/1.1" 206 151992
213.212.194.183 - - [04/Dec/2005:20:40:30 -0800] "GET /movies2/mof2.zip HTTP/1.1" 206 743591
213.212.194.183 - - [04/Dec/2005:20:40:39 -0800] "GET /movies2/mof2.zip HTTP/1.1" 206 516656
213.212.194.183 - - [04/Dec/2005:20:40:44 -0800] "GET /movies2/mof2.zip HTTP/1.1" 206 350976
72.131.109.19 - - [04/Dec/2005:20:40:50 -0800] "GET /movies/southern%20comfort%20final.zip HTTP/1.1" 200 152738131
213.212.194.183 - - [04/Dec/2005:20:41:09 -0800] "GET /movies2/mof2.zip HTTP/1.1" 206 725913
213.212.194.183 - - [04/Dec/2005:20:41:20 -0800] "GET /movies2/mof2.zip HTTP/1.1" 206 570112
213.212.194.183 - - [04/Dec/2005:20:41:44 -0800] "GET /movies2/mof2.zip HTTP/1.1" 206 206391
213.212.194.183 - - [04/Dec/2005:20:41:46 -0800] "GET /movies2/mof2.zip HTTP/1.1" 206 413111
213.212.194.183 - - [04/Dec/2005:20:42:01 -0800] "GET /movies2/mof2.zip HTTP/1.1" 206 1405888
213.212.194.183 - - [04/Dec/2005:20:42:01 -0800] "GET /movies2/mof2.zip HTTP/1.1" 206 24151
213.212.194.183 - - [04/Dec/2005:20:42:06 -0800] "GET /movies2/mof2.zip HTTP/1.1" 206 2312320
213.212.194.183 - - [04/Dec/2005:20:42:07 -0800] "GET /movies2/mof2.zip HTTP/1.1" 206 355991
213.212.194.183 - - [04/Dec/2005:20:42:13 -0800] "GET /movies2/mof2.zip HTTP/1.1" 206 812951
84.59.5.188 - - [04/Dec/2005:20:42:15 -0800] "GET /movies/NS.zip HTTP/1.1" 200 24502004
24.14.83.127 - - [04/Dec/2005:20:42:31 -0800] "GET /movies2/Mafia_MC_Project_Tralier.zip HTTP/1.1" 200 89249533
213.212.194.183 - - [04/Dec/2005:20:42:44 -0800] "GET /movies2/mof2.zip HTTP/1.1" 206 420720
213.212.194.183 - - [04/Dec/2005:20:42:51 -0800] "GET /movies2/mof2.zip HTTP/1.1" 206 891831
213.212.194.183 - - [04/Dec/2005:20:43:13 -0800] "GET /movies2/mof2.zip HTTP/1.1" 206 88072
213.212.194.183 - - [04/Dec/2005:20:43:24 -0800] "GET /movies2/mof2.zip HTTP/1.1" 206 26871
213.212.194.183 - - [04/Dec/2005:20:43:26 -0800] "GET /movies2/mof2.zip HTTP/1.1" 206 948016
213.212.194.183 - - [04/Dec/2005:20:43:38 -0800] "GET /movies2/mof2.zip HTTP/1.1" 206 362656
213.212.194.183 - - [04/Dec/2005:20:43:40 -0800] "GET /movies2/mof2.zip HTTP/1.1" 206 564071
213.212.194.183 - - [04/Dec/2005:20:43:43 -0800] "GET /movies2/mof2.zip HTTP/1.1" 206 574951
213.212.194.183 - - [04/Dec/2005:20:43:53 -0800] "GET /movies2/mof2.zip HTTP/1.1" 206 1368912
213.212.194.183 - - [04/Dec/2005:20:44:13 -0800] "GET /movies2/mof2.zip HTTP/1.1" 206 616240
213.212.194.183 - - [04/Dec/2005:20:44:15 -0800] "GET /movies2/mof2.zip HTTP/1.1" 206 175112
213.212.194.183 - - [04/Dec/2005:20:44:20 -0800] "GET /movies2/mof2.zip HTTP/1.1" 206 193344
213.212.194.183 - - [04/Dec/2005:20:44:31 -0800] "GET /movies2/mof2.zip HTTP/1.1" 206 24152
213.212.194.183 - - [04/Dec/2005:20:44:33 -0800] "GET /movies2/mof2.zip HTTP/1.1" 206 320631
213.212.194.183 - - [04/Dec/2005:20:44:40 -0800] "GET /movies2/mof2.zip HTTP/1.1" 206 52711
70.173.89.168 - - [04/Dec/2005:20:44:42 -0800] "GET /movies/FeaturingAE.zip HTTP/1.1" 200 281457581
213.212.194.183 - - [04/Dec/2005:20:44:42 -0800] "GET /movies2/mof2.zip HTTP/1.1" 206 750528
213.212.194.183 - - [04/Dec/2005:20:44:43 -0800] "GET /movies2/mof2.zip HTTP/1.1" 206 746832
213.212.194.183 - - [04/Dec/2005:20:44:55 -0800] "GET /movies2/mof2.zip HTTP/1.1" 206 407673
213.212.194.183 - - [04/Dec/2005:20:45:02 -0800] "GET /movies2/mof2.zip HTTP/1.1" 206 253991
213.212.194.183 - - [04/Dec/2005:20:45:04 -0800] "GET /movies2/mof2.zip HTTP/1.1" 206 173751
213.212.194.183 - - [04/Dec/2005:20:45:06 -0800] "GET /movies2/mof2.zip HTTP/1.1" 206 146553
213.212.194.183 - - [04/Dec/2005:20:45:08 -0800] "GET /movies2/mof2.zip HTTP/1.1" 206 1016953
84.141.199.165 - - [04/Dec/2005:20:45:11 -0800] "GET /movies/bizaflare_ow_mar.zip HTTP/1.1" 206 20882
84.141.199.165 - - [04/Dec/2005:20:45:11 -0800] "GET /movies/bizaflare_ow_mar.zip HTTP/1.1" 206 20882
84.141.199.165 - - [04/Dec/2005:20:45:11 -0800] "GET /movies/bizaflare_ow_mar.zip HTTP/1.1" 206 30786
213.212.194.183 - - [04/Dec/2005:20:45:40 -0800] "GET /movies2/mof2.zip HTTP/1.1" 206 271696
81.19.254.83 - - [04/Dec/2005:20:45:43 -0800] "GET /movies2/maelstrom_cluster1.zip HTTP/1.1" 200 345369905
213.212.194.183 - - [04/Dec/2005:20:45:48 -0800] "GET /movies2/mof2.zip HTTP/1.1" 206 657911
213.212.194.183 - - [04/Dec/2005:20:46:05 -0800] "GET /movies2/mof2.zip HTTP/1.1" 206 1554128
213.212.194.183 - - [04/Dec/2005:20:46:11 -0800] "GET /movies2/mof2.zip HTTP/1.1" 206 122072
152.163.100.198 - - [04/Dec/2005:20:46:21 -0800] "GET /movies/RvRwithRush.zip HTTP/1.0" 200 207005265
213.212.194.183 - - [04/Dec/2005:20:46:24 -0800] "GET /movies2/mof2.zip HTTP/1.1" 206 283911
213.212.194.183 - - [04/Dec/2005:20:46:31 -0800] "GET /movies2/mof2.zip HTTP/1.1" 206 610313
213.212.194.183 - - [04/Dec/2005:20:46:43 -0800] "GET /movies2/mof2.zip HTTP/1.1" 206 3003872
213.212.194.183 - - [04/Dec/2005:20:46:56 -0800] "GET /movies2/mof2.zip HTTP/1.1" 206 1115024
213.212.194.183 - - [04/Dec/2005:20:46:58 -0800] "GET /movies2/mof2.zip HTTP/1.1" 206 430791
213.212.194.183 - - [04/Dec/2005:20:47:00 -0800] "GET /movies2/mof2.zip HTTP/1.1" 206 286688
213.212.194.183 - - [04/Dec/2005:20:47:15 -0800] "GET /movies2/mof2.zip HTTP/1.1" 206 173751
213.212.194.183 - - [04/Dec/2005:20:47:17 -0800] "GET /movies2/mof2.zip HTTP/1.1" 206 158791
213.212.194.183 - - [04/Dec/2005:20:47:18 -0800] "GET /movies2/mof2.zip HTTP/1.1" 206 86713
213.212.194.183 - - [04/Dec/2005:20:47:21 -0800] "GET /movies2/mof2.zip HTTP/1.1" 206 59512
86.192.235.140 - - [04/Dec/2005:20:47:24 -0800] "GET /movies2/Illusb2k.zip HTTP/1.1" 200 246543263
213.212.194.183 - - [04/Dec/2005:20:47:29 -0800] "GET /movies2/mof2.zip HTTP/1.1" 206 528336
213.212.194.183 - - [04/Dec/2005:20:47:37 -0800] "GET /movies2/mof2.zip HTTP/1.1" 206 332873
213.212.194.183 - - [04/Dec/2005:20:47:41 -0800] "GET /movies2/mof2.zip HTTP/1.1" 206 1981664
213.212.194.183 - - [04/Dec/2005:20:47:43 -0800] "GET /movies2/mof2.zip HTTP/1.1" 206 246352
213.212.194.183 - - [04/Dec/2005:20:47:50 -0800] "GET /movies2/mof2.zip HTTP/1.1" 206 950311
213.212.194.183 - - [04/Dec/2005:20:48:13 -0800] "GET /movies2/mof2.zip HTTP/1.1" 206 2339056
213.212.194.183 - - [04/Dec/2005:20:48:16 -0800] "GET /movies2/mof2.zip HTTP/1.1" 206 33671
70.152.173.17 - - [04/Dec/2005:20:48:20 -0800] "GET /movies2/sepp_0001.zip HTTP/1.1" 200 18144822
213.212.194.183 - - [04/Dec/2005:20:48:23 -0800] "GET /movies2/mof2.zip HTTP/1.1" 206 360320
213.212.194.183 - - [04/Dec/2005:20:48:33 -0800] "GET /movies2/mof2.zip HTTP/1.1" 206 75833
213.212.194.183 - - [04/Dec/2005:20:48:34 -0800] "GET /movies2/mof2.zip HTTP/1.1" 206 137808
213.212.194.183 - - [04/Dec/2005:20:48:45 -0800] "GET /movies2/mof2.zip HTTP/1.1" 206 622551
213.212.194.183 - - [04/Dec/2005:20:48:57 -0800] "GET /movies2/mof2.zip HTTP/1.1" 206 754471
213.212.194.183 - - [04/Dec/2005:20:49:01 -0800] "GET /movies2/mof2.zip HTTP/1.1" 206 35031
213.212.194.183 - - [04/Dec/2005:20:49:09 -0800] "GET /movies2/mof2.zip HTTP/1.1" 206 2393856
213.212.194.183 - - [04/Dec/2005:20:49:22 -0800] "GET /movies2/mof2.zip HTTP/1.1" 206 1546752
213.212.194.183 - - [04/Dec/2005:20:49:28 -0800] "GET /movies2/mof2.zip HTTP/1.1" 206 575504
213.212.194.183 - - [04/Dec/2005:20:49:29 -0800] "GET /movies2/mof2.zip HTTP/1.1" 206 225432
213.212.194.183 - - [04/Dec/2005:20:49:32 -0800] "GET /movies2/mof2.zip HTTP/1.1" 206 1533472
213.212.194.183 - - [04/Dec/2005:20:49:48 -0800] "GET /movies2/mof2.zip HTTP/1.1" 206 112553
213.212.194.183 - - [04/Dec/2005:20:49:50 -0800] "GET /movies2/mof2.zip HTTP/1.1" 206 684208
213.212.194.183 - - [04/Dec/2005:20:50:08 -0800] "GET /movies2/mof2.zip HTTP/1.1" 206 273031
213.212.194.183 - - [04/Dec/2005:20:50:13 -0800] "GET /movies2/mof2.zip HTTP/1.1" 206 453776
213.212.194.183 - - [04/Dec/2005:20:50:18 -0800] "GET /movies2/mof2.zip HTTP/1.1" 206 687872
213.212.194.183 - - [04/Dec/2005:20:50:20 -0800] "GET /movies2/mof2.zip HTTP/1.1" 206 434352
213.212.194.183 - - [04/Dec/2005:20:50:29 -0800] "GET /movies2/mof2.zip HTTP/1.1" 206 225431
213.212.194.183 - - [04/Dec/2005:20:50:38 -0800] "GET /movies2/mof2.zip HTTP/1.1" 206 324711
213.212.194.183 - - [04/Dec/2005:20:50:43 -0800] "GET /movies2/mof2.zip HTTP/1.1" 206 384552
213.212.194.183 - - [04/Dec/2005:20:50:44 -0800] "GET /movies2/mof2.zip HTTP/1.1" 206 356416
70.240.73.114 - - [04/Dec/2005:20:51:01 -0800] "GET /movies/RvRwithRush.zip HTTP/1.1" 200 207005265
213.212.194.183 - - [04/Dec/2005:20:51:03 -0800] "GET /movies2/mof2.zip HTTP/1.1" 206 215913
213.212.194.183 - - [04/Dec/2005:20:51:05 -0800] "GET /movies2/mof2.zip HTTP/1.1" 206 268951
213.212.194.183 - - [04/Dec/2005:20:51:06 -0800] "GET /movies2/mof2.zip HTTP/1.1" 206 26871
213.212.194.183 - - [04/Dec/2005:20:51:11 -0800] "GET /movies2/mof2.zip HTTP/1.1" 206 928656
213.212.194.183 - - [04/Dec/2005:20:51:18 -0800] "GET /movies2/mof2.zip HTTP/1.1" 206 245831
213.212.194.183 - - [04/Dec/2005:20:51:25 -0800] "GET /movies2/mof2.zip HTTP/1.1" 206 29591
213.212.194.183 - - [04/Dec/2005:20:51:43 -0800] "GET /movies2/mof2.zip HTTP/1.1" 206 164231
213.212.194.183 - - [04/Dec/2005:20:51:47 -0800] "GET /movies2/mof2.zip HTTP/1.1" 206 233592
129.118.205.238 - - [04/Dec/2005:20:51:58 -0800] "GET /movies2/sepp_0001.zip HTTP/1.1" 200 18144822
70.177.13.236 - - [04/Dec/2005:20:51:58 -0800] "GET /movies/Masque-Ipvp.zip HTTP/1.1" 200 86810180
213.212.194.183 - - [04/Dec/2005:20:52:15 -0800] "GET /movies2/mof2.zip HTTP/1.1" 206 171031
213.212.194.183 - - [04/Dec/2005:20:52:17 -0800] "GET /movies2/mof2.zip HTTP/1.1" 206 92151
213.212.194.183 - - [04/Dec/2005:20:52:17 -0800] "GET /movies2/mof2.zip HTTP/1.1" 206 139751
213.212.194.183 - - [04/Dec/2005:20:52:37 -0800] "GET /movies2/mof2.zip HTTP/1.1" 206 385911
213.212.194.183 - - [04/Dec/2005:20:52:41 -0800] "GET /movies2/mof2.zip HTTP/1.1" 206 168311
213.212.194.183 - - [04/Dec/2005:20:52:50 -0800] "GET /movies2/mof2.zip HTTP/1.1" 206 393776
213.212.194.183 - - [04/Dec/2005:20:52:50 -0800] "GET /movies2/mof2.zip HTTP/1.1" 206 69031
213.212.194.183 - - [04/Dec/2005:20:53:07 -0800] "GET /movies2/mof2.zip HTTP/1.1" 206 396791
213.212.194.183 - - [04/Dec/2005:20:53:20 -0800] "GET /movies2/mof2.zip HTTP/1.1" 206 587712
213.212.194.183 - - [04/Dec/2005:20:53:28 -0800] "GET /movies2/mof2.zip HTTP/1.1" 206 466153
213.212.194.183 - - [04/Dec/2005:20:53:30 -0800] "GET /movies2/mof2.zip HTTP/1.1" 206 81271
213.212.194.183 - - [04/Dec/2005:20:53:30 -0800] "GET /movies2/mof2.zip HTTP/1.1" 206 455273
213.212.194.183 - - [04/Dec/2005:20:53:33 -0800] "GET /movies2/mof2.zip HTTP/1.1" 206 1513353
213.212.194.183 - - [04/Dec/2005:20:53:38 -0800] "GET /movies2/mof2.zip HTTP/1.1" 206 1773328
213.212.194.183 - - [04/Dec/2005:20:53:39 -0800] "GET /movies2/mof2.zip HTTP/1.1" 206 535072
69.217.90.187 - - [04/Dec/2005:20:53:50 -0800] "GET /movies/Cariina.zip HTTP/1.1" 200 10191224
213.212.194.183 - - [04/Dec/2005:20:54:11 -0800] "GET /movies2/mof2.zip HTTP/1.1" 206 35031
70.177.13.236 - - [04/Dec/2005:20:54:20 -0800] "GET /movies/IPvPFriar.2.zip HTTP/1.1" 200 102437462
213.212.194.183 - - [04/Dec/2005:20:54:22 -0800] "GET /movies2/mof2.zip HTTP/1.1" 206 342391
213.212.194.183 - - [04/Dec/2005:20:54:23 -0800] "GET /movies2/mof2.zip HTTP/1.1" 206 286631
213.212.194.183 - - [04/Dec/2005:20:54:33 -0800] "GET /movies2/mof2.zip HTTP/1.1" 206 531432
213.212.194.183 - - [04/Dec/2005:20:54:36 -0800] "GET /movies2/mof2.zip HTTP/1.1" 206 40473
213.212.194.183 - - [04/Dec/2005:20:54:38 -0800] "GET /movies2/mof2.zip HTTP/1.1" 206 30953
213.212.194.183 - - [04/Dec/2005:20:54:39 -0800] "GET /movies2/mof2.zip HTTP/1.1" 206 180551
213.212.194.183 - - [04/Dec/2005:20:54:42 -0800] "GET /movies2/mof2.zip HTTP/1.1" 206 467511
213.212.194.183 - - [04/Dec/2005:20:54:44 -0800] "GET /movies2/mof2.zip HTTP/1.1" 206 45913
213.212.194.183 - - [04/Dec/2005:20:54:44 -0800] "GET /movies2/mof2.zip HTTP/1.1" 206 55433
213.212.194.183 - - [04/Dec/2005:20:54:53 -0800] "GET /movies2/mof2.zip HTTP/1.1" 206 336953
213.212.194.183 - - [04/Dec/2005:20:54:59 -0800] "GET /movies2/mof2.zip HTTP/1.1" 206 1033136
213.212.194.183 - - [04/Dec/2005:20:55:07 -0800] "GET /movies2/mof2.zip HTTP/1.1" 206 151088
213.212.194.183 - - [04/Dec/2005:20:55:10 -0800] "GET /movies2/mof2.zip HTTP/1.1" 206 713671
213.212.194.183 - - [04/Dec/2005:20:55:11 -0800] "GET /movies2/mof2.zip HTTP/1.1" 206 352096
213.212.194.183 - - [04/Dec/2005:20:55:12 -0800] "GET /movies2/mof2.zip HTTP/1.1" 206 893191
213.212.194.183 - - [04/Dec/2005:20:55:20 -0800] "GET /movies2/mof2.zip HTTP/1.1" 206 180551
213.212.194.183 - - [04/Dec/2005:20:55:21 -0800] "GET /movies2/mof2.zip HTTP/1.1" 206 750272
213.212.194.183 - - [04/Dec/2005:20:55:22 -0800] "GET /movies2/mof2.zip HTTP/1.1" 206 16011
213.212.194.183 - - [04/Dec/2005:20:55:22 -0800] "GET /movies2/mof2.zip HTTP/1.1" 206 26873
213.212.194.183 - - [04/Dec/2005:20:55:28 -0800] "GET /movies2/mof2.zip HTTP/1.1" 206 11912
213.212.194.183 - - [04/Dec/2005:20:55:28 -0800] "GET /movies2/mof2.zip HTTP/1.1" 206 265520
213.212.194.183 - - [04/Dec/2005:20:55:29 -0800] "GET /movies2/mof2.zip HTTP/1.1" 206 226496
213.212.194.183 - - [04/Dec/2005:20:55:36 -0800] "GET /movies2/mof2.zip HTTP/1.1" 206 1110880
213.212.194.183 - - [04/Dec/2005:20:55:36 -0800] "GET /movies2/mof2.zip HTTP/1.1" 206 262151
213.212.194.183 - - [04/Dec/2005:20:55:37 -0800] "GET /movies2/mof2.zip HTTP/1.1" 206 109831
213.212.194.183 - - [04/Dec/2005:20:55:39 -0800] "GET /movies2/mof2.zip HTTP/1.1" 206 564071
213.212.194.183 - - [04/Dec/2005:20:55:48 -0800] "GET /movies2/mof2.zip HTTP/1.1" 206 86713
213.212.194.183 - - [04/Dec/2005:20:55:48 -0800] "GET /movies2/mof2.zip HTTP/1.1" 206 27925
213.212.194.183 - - [04/Dec/2005:20:55:51 -0800] "GET /movies2/mof2.zip HTTP/1.1" 206 89431
213.212.194.183 - - [04/Dec/2005:20:55:58 -0800] "GET /movies2/mof2.zip HTTP/1.1" 206 62232
144.122.155.55 - - [04/Dec/2005:20:56:02 -0800] "GET /movies/Swiftdeathz_v1.zip HTTP/1.1" 206 14404650
213.212.194.183 - - [04/Dec/2005:20:56:05 -0800] "GET /movies2/mof2.zip HTTP/1.1" 206 272256
213.212.194.183 - - [04/Dec/2005:20:56:10 -0800] "GET /movies2/mof2.zip HTTP/1.1" 206 177831
144.122.155.55 - - [04/Dec/2005:20:56:16 -0800] "GET /movies/Swiftdeathz_v1.zip HTTP/1.1" 206 14404652
213.212.194.183 - - [04/Dec/2005:20:56:18 -0800] "GET /movies2/mof2.zip HTTP/1.1" 206 24153
144.122.155.55 - - [04/Dec/2005:20:56:28 -0800] "GET /movies/Swiftdeathz_v1.zip HTTP/1.1" 206 14404650
213.212.194.183 - - [04/Dec/2005:20:56:34 -0800] "GET /movies2/mof2.zip HTTP/1.1" 206 1712272
213.212.194.183 - - [04/Dec/2005:20:56:34 -0800] "GET /movies2/mof2.zip HTTP/1.1" 206 317296
144.122.155.55 - - [04/Dec/2005:20:56:37 -0800] "GET /movies/Swiftdeathz_v1.zip HTTP/1.1" 206 14435424
67.184.38.234 - - [04/Dec/2005:20:56:37 -0800] "GET /movies2/Hotel%20California.zip HTTP/1.1" 200 69014593
144.122.155.55 - - [04/Dec/2005:20:56:38 -0800] "GET /movies/Swiftdeathz_v1.zip HTTP/1.1" 206 14404650
213.212.194.183 - - [04/Dec/2005:20:56:38 -0800] "GET /movies2/mof2.zip HTTP/1.1" 206 146551
213.212.194.183 - - [04/Dec/2005:20:56:39 -0800] "GET /movies2/mof2.zip HTTP/1.1" 206 1590160
213.212.194.183 - - [04/Dec/2005:20:56:46 -0800] "GET /movies2/mof2.zip HTTP/1.1" 206 1682016
213.212.194.183 - - [04/Dec/2005:20:56:48 -0800] "GET /movies2/mof2.zip HTTP/1.1" 206 59512
213.212.194.183 - - [04/Dec/2005:20:56:59 -0800] "GET /movies2/mof2.zip HTTP/1.1" 206 176472
213.212.194.183 - - [04/Dec/2005:20:57:02 -0800] "GET /movies2/mof2.zip HTTP/1.1" 206 165104
213.212.194.183 - - [04/Dec/2005:20:57:02 -0800] "GET /movies2/mof2.zip HTTP/1.1" 206 311111
213.212.194.183 - - [04/Dec/2005:20:57:04 -0800] "GET /movies2/mof2.zip HTTP/1.1" 206 90793
213.212.194.183 - - [04/Dec/2005:20:57:06 -0800] "GET /movies2/mof2.zip HTTP/1.1" 206 82632
213.212.194.183 - - [04/Dec/2005:20:57:12 -0800] "GET /movies2/mof2.zip HTTP/1.1" 206 618688
213.212.194.183 - - [04/Dec/2005:20:57:16 -0800] "GET /movies2/mof2.zip HTTP/1.1" 206 214553
213.212.194.183 - - [04/Dec/2005:20:57:22 -0800] "GET /movies2/mof2.zip HTTP/1.1" 206 112552
213.212.194.183 - - [04/Dec/2005:20:57:22 -0800] "GET /movies2/mof2.zip HTTP/1.1" 206 237673
213.212.194.183 - - [04/Dec/2005:20:57:22 -0800] "GET /movies2/mof2.zip HTTP/1.1" 206 51351
213.212.194.183 - - [04/Dec/2005:20:57:41 -0800] "GET /movies2/mof2.zip HTTP/1.1" 206 184631
213.212.194.183 - - [04/Dec/2005:20:57:42 -0800] "GET /movies2/mof2.zip HTTP/1.1" 206 37755
213.212.194.183 - - [04/Dec/2005:20:57:48 -0800] "GET /movies2/mof2.zip HTTP/1.1" 206 92153
213.212.194.183 - - [04/Dec/2005:20:57:48 -0800] "GET /movies2/mof2.zip HTTP/1.1" 206 1818864
213.212.194.183 - - [04/Dec/2005:20:57:51 -0800] "GET /movies2/mof2.zip HTTP/1.1" 206 698144
213.212.194.183 - - [04/Dec/2005:20:58:06 -0800] "GET /movies2/mof2.zip HTTP/1.1" 206 783264
213.212.194.183 - - [04/Dec/2005:20:58:26 -0800] "GET /movies2/mof2.zip HTTP/1.1" 206 233232
80.139.235.114 - - [04/Dec/2005:20:58:27 -0800] "GET /movies/Frozensolid%20The%20Movie.zip HTTP/1.1" 200 211139327
213.212.194.183 - - [04/Dec/2005:20:58:37 -0800] "GET /movies2/mof2.zip HTTP/1.1" 206 36391
213.212.194.183 - - [04/Dec/2005:20:58:40 -0800] "GET /movies2/mof2.zip HTTP/1.1" 206 78553
213.212.194.183 - - [04/Dec/2005:20:58:43 -0800] "GET /movies2/mof2.zip HTTP/1.1" 206 305568
213.212.194.183 - - [04/Dec/2005:20:58:54 -0800] "GET /movies2/mof2.zip HTTP/1.1" 206 173753
213.212.194.183 - - [04/Dec/2005:20:58:56 -0800] "GET /movies2/mof2.zip HTTP/1.1" 206 57248
213.212.194.183 - - [04/Dec/2005:20:58:58 -0800] "GET /movies2/mof2.zip HTTP/1.1" 206 9250
213.212.194.183 - - [04/Dec/2005:20:59:01 -0800] "GET /movies2/mof2.zip HTTP/1.1" 206 562240
213.212.194.183 - - [04/Dec/2005:20:59:02 -0800] "GET /movies2/mof2.zip HTTP/1.1" 206 122073
213.212.194.183 - - [04/Dec/2005:20:59:04 -0800] "GET /movies2/mof2.zip HTTP/1.1" 206 11913
213.212.194.183 - - [04/Dec/2005:20:59:06 -0800] "GET /movies2/mof2.zip HTTP/1.1" 206 30951
213.212.194.183 - - [04/Dec/2005:20:59:10 -0800] "GET /movies2/mof2.zip HTTP/1.1" 206 127512
213.212.194.183 - - [04/Dec/2005:20:59:11 -0800] "GET /movies2/mof2.zip HTTP/1.1" 206 36393
213.212.194.183 - - [04/Dec/2005:20:59:18 -0800] "GET /movies2/mof2.zip HTTP/1.1" 206 29592
64.228.81.66 - - [04/Dec/2005:20:59:18 -0800] "GET /movies2/3021.zip HTTP/1.1" 200 2969342
213.212.194.183 - - [04/Dec/2005:20:59:19 -0800] "GET /movies2/mof2.zip HTTP/1.1" 206 131593
213.212.194.183 - - [04/Dec/2005:20:59:22 -0800] "GET /movies2/mof2.zip HTTP/1.1" 206 444391
213.212.194.183 - - [04/Dec/2005:20:59:27 -0800] "GET /movies2/mof2.zip HTTP/1.1" 206 83993
88.137.106.235 - - [04/Dec/2005:20:59:30 -0800] "HEAD /movies/CelticFistHQ.zip HTTP/1.1" 200 0
88.137.106.235 - - [04/Dec/2005:20:59:32 -0800] "GET /movies/CelticFistHQ.zip HTTP/1.1" 206 23361
213.212.194.183 - - [04/Dec/2005:20:59:36 -0800] "GET /movies2/mof2.zip HTTP/1.1" 206 73112
213.212.194.183 - - [04/Dec/2005:20:59:48 -0800] "GET /movies2/mof2.zip HTTP/1.1" 206 134311
213.212.194.183 - - [04/Dec/2005:20:59:53 -0800] "GET /movies2/mof2.zip HTTP/1.1" 206 570514
213.212.194.183 - - [04/Dec/2005:20:59:54 -0800] "GET /movies2/mof2.zip HTTP/1.1" 206 2709968
213.212.194.183 - - [04/Dec/2005:20:59:59 -0800] "GET /movies2/mof2.zip HTTP/1.1" 206 1399168
213.212.194.183 - - [04/Dec/2005:21:00:01 -0800] "GET /movies2/mof2.zip HTTP/1.1" 206 344528
213.212.194.183 - - [04/Dec/2005:21:00:03 -0800] "GET /movies2/mof2.zip HTTP/1.1" 206 940793
213.212.194.183 - - [04/Dec/2005:21:00:09 -0800] "GET /movies2/mof2.zip HTTP/1.1" 206 273035
213.212.194.183 - - [04/Dec/2005:21:00:13 -0800] "GET /movies2/mof2.zip HTTP/1.1" 206 39114
213.212.194.183 - - [04/Dec/2005:21:00:22 -0800] "GET /movies2/mof2.zip HTTP/1.1" 206 785472
64.228.81.66 - - [04/Dec/2005:21:00:29 -0800] "GET /movies2/Amuny3.zip HTTP/1.1" 200 100276
213.212.194.183 - - [04/Dec/2005:21:00:33 -0800] "GET /movies2/mof2.zip HTTP/1.1" 206 613184
213.212.194.183 - - [04/Dec/2005:21:00:34 -0800] "GET /movies2/mof2.zip HTTP/1.1" 206 285888
213.212.194.183 - - [04/Dec/2005:21:00:39 -0800] "GET /movies2/mof2.zip HTTP/1.1" 206 438952
213.212.194.183 - - [04/Dec/2005:21:00:47 -0800] "GET /movies2/mof2.zip HTTP/1.1" 206 58153
213.212.194.183 - - [04/Dec/2005:21:00:48 -0800] "GET /movies2/mof2.zip HTTP/1.1" 206 157072
213.212.194.183 - - [04/Dec/2005:21:00:51 -0800] "GET /movies2/mof2.zip HTTP/1.1" 206 341032
213.212.194.183 - - [04/Dec/2005:21:00:54 -0800] "GET /movies2/mof2.zip HTTP/1.1" 206 234953
213.212.194.183 - - [04/Dec/2005:21:01:02 -0800] "GET /movies2/mof2.zip HTTP/1.1" 206 60874
213.212.194.183 - - [04/Dec/2005:21:01:15 -0800] "GET /movies2/mof2.zip HTTP/1.1" 206 670096
213.212.194.183 - - [04/Dec/2005:21:01:18 -0800] "GET /movies2/mof2.zip HTTP/1.1" 206 28234
213.212.194.183 - - [04/Dec/2005:21:01:18 -0800] "GET /movies2/mof2.zip HTTP/1.1" 206 330832
84.222.176.248 - - [04/Dec/2005:21:01:21 -0800] "GET /movies/Drakzon_Rev1.0.zip HTTP/1.1" 200 310798071
213.212.194.183 - - [04/Dec/2005:21:01:24 -0800] "GET /movies2/mof2.zip HTTP/1.1" 206 565120
213.212.194.183 - - [04/Dec/2005:21:01:29 -0800] "GET /movies2/mof2.zip HTTP/1.1" 206 165593
213.212.194.183 - - [04/Dec/2005:21:01:35 -0800] "GET /movies2/mof2.zip HTTP/1.1" 206 371902
213.212.194.183 - - [04/Dec/2005:21:01:36 -0800] "GET /movies2/mof2.zip HTTP/1.1" 206 386160
213.212.194.183 - - [04/Dec/2005:21:01:37 -0800] "GET /movies2/mof2.zip HTTP/1.1" 206 11913
213.212.194.183 - - [04/Dec/2005:21:01:46 -0800] "GET /movies2/mof2.zip HTTP/1.1" 206 1610224
213.212.194.183 - - [04/Dec/2005:21:01:46 -0800] "GET /movies2/mof2.zip HTTP/1.1" 206 149274
213.212.194.183 - - [04/Dec/2005:21:01:48 -0800] "GET /movies2/mof2.zip HTTP/1.1" 206 97137
213.212.194.183 - - [04/Dec/2005:21:01:51 -0800] "GET /movies2/mof2.zip HTTP/1.1" 206 15993
213.212.194.183 - - [04/Dec/2005:21:01:58 -0800] "GET /movies2/mof2.zip HTTP/1.1" 206 51355
213.212.194.183 - - [04/Dec/2005:21:02:00 -0800] "GET /movies2/mof2.zip HTTP/1.1" 206 79915
213.212.194.183 - - [04/Dec/2005:21:02:01 -0800] "GET /movies2/mof2.zip HTTP/1.1" 206 615751
213.212.194.183 - - [04/Dec/2005:21:02:07 -0800] "GET /movies2/mof2.zip HTTP/1.1" 206 260793
213.212.194.183 - - [04/Dec/2005:21:02:07 -0800] "GET /movies2/mof2.zip HTTP/1.1" 206 128875
213.212.194.183 - - [04/Dec/2005:21:02:08 -0800] "GET /movies2/mof2.zip HTTP/1.1" 206 175113
213.212.194.183 - - [04/Dec/2005:21:02:09 -0800] "GET /movies2/mof2.zip HTTP/1.1" 206 205033
213.212.194.183 - - [04/Dec/2005:21:02:09 -0800] "GET /movies2/mof2.zip HTTP/1.1" 206 693273
213.212.194.183 - - [04/Dec/2005:21:02:11 -0800] "GET /movies2/mof2.zip HTTP/1.1" 206 47273
213.212.194.183 - - [04/Dec/2005:21:02:12 -0800] "GET /movies2/mof2.zip HTTP/1.1" 206 317913
213.212.194.183 - - [04/Dec/2005:21:02:16 -0800] "GET /movies2/mof2.zip HTTP/1.1" 206 37753
213.212.194.183 - - [04/Dec/2005:21:02:16 -0800] "GET /movies2/mof2.zip HTTP/1.1" 206 523272
213.212.194.183 - - [04/Dec/2005:21:02:19 -0800] "GET /movies2/mof2.zip HTTP/1.1" 206 316553
213.212.194.183 - - [04/Dec/2005:21:02:19 -0800] "GET /movies2/mof2.zip HTTP/1.1" 206 879536
213.212.194.183 - - [04/Dec/2005:21:02:19 -0800] "GET /movies2/mof2.zip HTTP/1.1" 206 265328
213.212.194.183 - - [04/Dec/2005:21:02:19 -0800] "GET /movies2/mof2.zip HTTP/1.1" 206 69871
213.212.194.183 - - [04/Dec/2005:21:02:23 -0800] "GET /movies2/mof2.zip HTTP/1.1" 206 255353
213.212.194.183 - - [04/Dec/2005:21:02:24 -0800] "GET /movies2/mof2.zip HTTP/1.1" 206 325968
213.212.194.183 - - [04/Dec/2005:21:02:25 -0800] "GET /movies2/mof2.zip HTTP/1.1" 206 123952
213.212.194.183 - - [04/Dec/2005:21:02:26 -0800] "GET /movies2/mof2.zip HTTP/1.1" 206 738736
213.212.194.183 - - [04/Dec/2005:21:02:28 -0800] "GET /movies2/mof2.zip HTTP/1.1" 206 141934
213.212.194.183 - - [04/Dec/2005:21:02:29 -0800] "GET /movies2/mof2.zip HTTP/1.1" 206 27840
213.212.194.183 - - [04/Dec/2005:21:02:29 -0800] "GET /movies2/mof2.zip HTTP/1.1" 206 105753
213.212.194.183 - - [04/Dec/2005:21:02:31 -0800] "GET /movies2/mof2.zip HTTP/1.1" 206 191964
213.212.194.183 - - [04/Dec/2005:21:02:32 -0800] "GET /movies2/mof2.zip HTTP/1.1" 206 122073
213.212.194.183 - - [04/Dec/2005:21:02:33 -0800] "GET /movies2/mof2.zip HTTP/1.1" 206 52666
213.212.194.183 - - [04/Dec/2005:21:02:33 -0800] "GET /movies2/mof2.zip HTTP/1.1" 206 14792
213.212.194.183 - - [04/Dec/2005:21:02:33 -0800] "GET /movies2/mof2.zip HTTP/1.1" 206 139755
213.212.194.183 - - [04/Dec/2005:21:02:34 -0800] "GET /movies2/mof2.zip HTTP/1.1" 206 82635
213.212.194.183 - - [04/Dec/2005:21:02:34 -0800] "GET /movies2/mof2.zip HTTP/1.1" 206 39551
